[INFO] cloning repository https://github.com/media-io/timed-text-wasm
[INFO] running `Command { std: "git" "-c" "credential.helper=" "-c" "credential.helper=/workspace/cargo-home/bin/git-credential-null" "clone" "--bare" "https://github.com/media-io/timed-text-wasm" "/workspace/cache/git-repos/https%3A%2F%2Fgithub.com%2Fmedia-io%2Ftimed-text-wasm", kill_on_drop: false }`
[INFO] [stderr] Cloning into bare repository '/workspace/cache/git-repos/https%3A%2F%2Fgithub.com%2Fmedia-io%2Ftimed-text-wasm'...
[INFO] running `Command { std: "git" "rev-parse" "HEAD", kill_on_drop: false }`
[INFO] [stdout] 23b0093a4918595e9594704428786cf21a752639
[INFO] documenting media-io/timed-text-wasm against beta-2023-04-20 for beta-1.70-rustdoc-1
[INFO] running `Command { std: "git" "clone" "/workspace/cache/git-repos/https%3A%2F%2Fgithub.com%2Fmedia-io%2Ftimed-text-wasm" "/workspace/builds/worker-5-tc2/source", kill_on_drop: false }`
[INFO] [stderr] Cloning into '/workspace/builds/worker-5-tc2/source'...
[INFO] [stderr] done.
[INFO] validating manifest of git repo https://github.com/media-io/timed-text-wasm on toolchain beta-2023-04-20
[INFO] running `Command { std: CARGO_HOME="/workspace/cargo-home" RUSTUP_HOME="/workspace/rustup-home" "/workspace/cargo-home/bin/cargo" "+beta-2023-04-20" "metadata" "--manifest-path" "Cargo.toml" "--no-deps", kill_on_drop: false }`
[INFO] started tweaking git repo https://github.com/media-io/timed-text-wasm
[INFO] finished tweaking git repo https://github.com/media-io/timed-text-wasm
[INFO] tweaked toml for git repo https://github.com/media-io/timed-text-wasm written to /workspace/builds/worker-5-tc2/source/Cargo.toml
[INFO] crate git repo https://github.com/media-io/timed-text-wasm already has a lockfile, it will not be regenerated
[INFO] running `Command { std: CARGO_HOME="/workspace/cargo-home" RUSTUP_HOME="/workspace/rustup-home" "/workspace/cargo-home/bin/cargo" "+beta-2023-04-20" "fetch" "--manifest-path" "Cargo.toml", kill_on_drop: false }`
[INFO] [stderr] warning: `default-features = [".."]` was found in [features]. Did you mean to use `default = [".."]`?
[INFO] [stderr]  Downloading crates ...
[INFO] [stderr]   Downloaded wee_alloc v0.4.2
[INFO] [stderr]   Downloaded quote v0.6.6
[INFO] [stderr]   Downloaded proc-macro2 v0.4.12
[INFO] [stderr]   Downloaded syn v0.14.8
[INFO] [stderr]   Downloaded ryu v0.2.3
[INFO] [stderr]   Downloaded wasm-bindgen-shared v0.2.16
[INFO] [stderr]   Downloaded wasm-bindgen-macro-support v0.2.16
[INFO] [stderr]   Downloaded wasm-bindgen-macro v0.2.16
[INFO] [stderr]   Downloaded wasm-bindgen v0.2.16
[INFO] [stderr]   Downloaded console_error_panic_hook v0.1.4
[INFO] [stderr]   Downloaded wasm-bindgen-backend v0.2.16
[INFO] running `Command { std: "docker" "create" "-v" "/var/lib/crater-agent-workspace/builds/worker-5-tc2/target:/opt/rustwide/target:rw,Z" "-v" "/var/lib/crater-agent-workspace/builds/worker-5-tc2/source:/opt/rustwide/workdir:ro,Z" "-v" "/var/lib/crater-agent-workspace/cargo-home:/opt/rustwide/cargo-home:ro,Z" "-v" "/var/lib/crater-agent-workspace/rustup-home:/opt/rustwide/rustup-home:ro,Z" "-e" "SOURCE_DIR=/opt/rustwide/workdir" "-e" "CARGO_TARGET_DIR=/opt/rustwide/target" "-e" "CARGO_HOME=/opt/rustwide/cargo-home" "-e" "RUSTUP_HOME=/opt/rustwide/rustup-home" "-w" "/opt/rustwide/workdir" "-m" "1610612736" "--user" "0:0" "--network" "none" "ghcr.io/rust-lang/crates-build-env/linux@sha256:5ff2268d62e97bff2cde7d5815dd6ed5b47097566f13b8d0ca110b04b60e07ed" "/opt/rustwide/cargo-home/bin/cargo" "+beta-2023-04-20" "metadata" "--no-deps" "--format-version=1", kill_on_drop: false }`
[INFO] [stdout] fa49e45b5d046e43606b3805c656cea496649ffa8a210b7e68717341f9b3cffe
[INFO] running `Command { std: "docker" "start" "-a" "fa49e45b5d046e43606b3805c656cea496649ffa8a210b7e68717341f9b3cffe", kill_on_drop: false }`
[INFO] running `Command { std: "docker" "inspect" "fa49e45b5d046e43606b3805c656cea496649ffa8a210b7e68717341f9b3cffe", kill_on_drop: false }`
[INFO] running `Command { std: "docker" "rm" "-f" "fa49e45b5d046e43606b3805c656cea496649ffa8a210b7e68717341f9b3cffe", kill_on_drop: false }`
[INFO] [stdout] fa49e45b5d046e43606b3805c656cea496649ffa8a210b7e68717341f9b3cffe
[INFO] running `Command { std: "docker" "create" "-v" "/var/lib/crater-agent-workspace/builds/worker-5-tc2/target:/opt/rustwide/target:rw,Z" "-v" "/var/lib/crater-agent-workspace/builds/worker-5-tc2/source:/opt/rustwide/workdir:ro,Z" "-v" "/var/lib/crater-agent-workspace/cargo-home:/opt/rustwide/cargo-home:ro,Z" "-v" "/var/lib/crater-agent-workspace/rustup-home:/opt/rustwide/rustup-home:ro,Z" "-e" "SOURCE_DIR=/opt/rustwide/workdir" "-e" "CARGO_TARGET_DIR=/opt/rustwide/target" "-e" "CARGO_INCREMENTAL=0" "-e" "RUST_BACKTRACE=full" "-e" "RUSTFLAGS=--cap-lints=warn" "-e" "RUSTDOCFLAGS=--cap-lints=warn" "-e" "CARGO_HOME=/opt/rustwide/cargo-home" "-e" "RUSTUP_HOME=/opt/rustwide/rustup-home" "-w" "/opt/rustwide/workdir" "-m" "1610612736" "--user" "0:0" "--network" "none" "ghcr.io/rust-lang/crates-build-env/linux@sha256:5ff2268d62e97bff2cde7d5815dd6ed5b47097566f13b8d0ca110b04b60e07ed" "/opt/rustwide/cargo-home/bin/cargo" "+beta-2023-04-20" "doc" "--frozen" "--no-deps" "--document-private-items" "--message-format=json", kill_on_drop: false }`
[INFO] [stdout] 9f6114ffdd5fbfcd4bc0fdd79d9e11674cf49b9b3b7ebe043c3c56d86201e0d9
[INFO] running `Command { std: "docker" "start" "-a" "9f6114ffdd5fbfcd4bc0fdd79d9e11674cf49b9b3b7ebe043c3c56d86201e0d9", kill_on_drop: false }`
[INFO] [stderr] warning: `default-features = [".."]` was found in [features]. Did you mean to use `default = [".."]`?
[INFO] [stderr]    Compiling proc-macro2 v0.4.12
[INFO] [stderr]    Compiling unicode-xid v0.1.0
[INFO] [stderr]    Compiling serde v1.0.71
[INFO] [stderr]    Compiling ryu v0.2.3
[INFO] [stderr]    Compiling version_check v0.1.4
[INFO] [stderr]    Compiling wasm-bindgen-shared v0.2.16
[INFO] [stderr]    Compiling cfg-if v0.1.5
[INFO] [stderr]    Compiling itoa v0.4.2
[INFO] [stderr]    Compiling log v0.4.3
[INFO] [stderr]    Compiling lazy_static v1.1.0
[INFO] [stdout] error[E0554]: `#![feature]` may not be used on the beta release channel
[INFO] [stdout]   --> /opt/rustwide/cargo-home/registry/src/index.crates.io-6f17d22bba15001f/proc-macro2-0.4.12/src/lib.rs:49:13
[INFO] [stdout]    |
[INFO] [stdout] 49 |     feature(proc_macro_raw_ident, proc_macro_span)
[INFO] [stdout]    |             ^^^^^^^^^^^^^^^^^^^^
[INFO] [stdout] 
[INFO] [stdout] 
[INFO] [stdout] error[E0554]: `#![feature]` may not be used on the beta release channel
[INFO] [stdout]   --> /opt/rustwide/cargo-home/registry/src/index.crates.io-6f17d22bba15001f/proc-macro2-0.4.12/src/lib.rs:49:35
[INFO] [stdout]    |
[INFO] [stdout] 49 |     feature(proc_macro_raw_ident, proc_macro_span)
[INFO] [stdout]    |                                   ^^^^^^^^^^^^^^^
[INFO] [stdout] 
[INFO] [stdout] 
[INFO] [stdout] error[E0658]: use of unstable library feature 'proc_macro_def_site'
[INFO] [stdout]    --> /opt/rustwide/cargo-home/registry/src/index.crates.io-6f17d22bba15001f/proc-macro2-0.4.12/src/unstable.rs:346:27
[INFO] [stdout]     |
[INFO] [stdout] 346 |             Span::Nightly(proc_macro::Span::def_site())
[INFO] [stdout]     |                           ^^^^^^^^^^^^^^^^^^^^^^^^^^
[INFO] [stdout]     |
[INFO] [stdout]     = note: see issue #54724 <https://github.com/rust-lang/rust/issues/54724> for more information
[INFO] [stdout] 
[INFO] [stdout] 
[INFO] [stdout] error: aborting due to 3 previous errors
[INFO] [stdout] 
[INFO] [stdout] 
[INFO] [stdout] Some errors have detailed explanations: E0554, E0658.
[INFO] [stdout] 
[INFO] [stdout] For more information about an error, try `rustc --explain E0554`.
[INFO] [stdout] 
[INFO] [stderr] error: could not compile `proc-macro2` (lib) due to 4 previous errors
[INFO] [stderr] warning: build failed, waiting for other jobs to finish...
[INFO] running `Command { std: "docker" "inspect" "9f6114ffdd5fbfcd4bc0fdd79d9e11674cf49b9b3b7ebe043c3c56d86201e0d9", kill_on_drop: false }`
[INFO] running `Command { std: "docker" "rm" "-f" "9f6114ffdd5fbfcd4bc0fdd79d9e11674cf49b9b3b7ebe043c3c56d86201e0d9", kill_on_drop: false }`
[INFO] [stdout] 9f6114ffdd5fbfcd4bc0fdd79d9e11674cf49b9b3b7ebe043c3c56d86201e0d9
