[INFO] cloning repository https://github.com/mcountryman/fun
[INFO] running `Command { std: "git" "-c" "credential.helper=" "-c" "credential.helper=/workspace/cargo-home/bin/git-credential-null" "clone" "--bare" "https://github.com/mcountryman/fun" "/workspace/cache/git-repos/https%3A%2F%2Fgithub.com%2Fmcountryman%2Ffun", kill_on_drop: false }`
[INFO] [stderr] Cloning into bare repository '/workspace/cache/git-repos/https%3A%2F%2Fgithub.com%2Fmcountryman%2Ffun'...
[INFO] running `Command { std: "git" "rev-parse" "HEAD", kill_on_drop: false }`
[INFO] [stdout] 10ed51b7836955c39678961ac9ebfd193bd29537
[INFO] documenting mcountryman/fun against beta-2023-04-20 for beta-1.70-rustdoc-1
[INFO] running `Command { std: "git" "clone" "/workspace/cache/git-repos/https%3A%2F%2Fgithub.com%2Fmcountryman%2Ffun" "/workspace/builds/worker-4-tc2/source", kill_on_drop: false }`
[INFO] [stderr] Cloning into '/workspace/builds/worker-4-tc2/source'...
[INFO] [stderr] done.
[INFO] validating manifest of git repo https://github.com/mcountryman/fun on toolchain beta-2023-04-20
[INFO] running `Command { std: CARGO_HOME="/workspace/cargo-home" RUSTUP_HOME="/workspace/rustup-home" "/workspace/cargo-home/bin/cargo" "+beta-2023-04-20" "metadata" "--manifest-path" "Cargo.toml" "--no-deps", kill_on_drop: false }`
[INFO] started tweaking git repo https://github.com/mcountryman/fun
[INFO] finished tweaking git repo https://github.com/mcountryman/fun
[INFO] tweaked toml for git repo https://github.com/mcountryman/fun written to /workspace/builds/worker-4-tc2/source/Cargo.toml
[INFO] crate git repo https://github.com/mcountryman/fun already has a lockfile, it will not be regenerated
[INFO] running `Command { std: CARGO_HOME="/workspace/cargo-home" RUSTUP_HOME="/workspace/rustup-home" "/workspace/cargo-home/bin/cargo" "+beta-2023-04-20" "fetch" "--manifest-path" "Cargo.toml", kill_on_drop: false }`
[INFO] [stderr] warning: profiles for the non root package will be ignored, specify profiles at the workspace root:
[INFO] [stderr] package:   /workspace/builds/worker-4-tc2/source/fun_capture/Cargo.toml
[INFO] [stderr] workspace: /workspace/builds/worker-4-tc2/source/Cargo.toml
[INFO] [stderr]     Updating crates.io index
[INFO] [stderr]  Downloading crates ...
[INFO] [stderr]   Downloaded imgui-glium-renderer v0.5.0
[INFO] [stderr]   Downloaded imgui-winit-support v0.5.0
[INFO] [stderr]   Downloaded imgui v0.5.0
[INFO] [stderr]   Downloaded imgui-sys v0.5.0
[INFO] running `Command { std: "docker" "create" "-v" "/var/lib/crater-agent-workspace/builds/worker-4-tc2/target:/opt/rustwide/target:rw,Z" "-v" "/var/lib/crater-agent-workspace/builds/worker-4-tc2/source:/opt/rustwide/workdir:ro,Z" "-v" "/var/lib/crater-agent-workspace/cargo-home:/opt/rustwide/cargo-home:ro,Z" "-v" "/var/lib/crater-agent-workspace/rustup-home:/opt/rustwide/rustup-home:ro,Z" "-e" "SOURCE_DIR=/opt/rustwide/workdir" "-e" "CARGO_TARGET_DIR=/opt/rustwide/target" "-e" "CARGO_HOME=/opt/rustwide/cargo-home" "-e" "RUSTUP_HOME=/opt/rustwide/rustup-home" "-w" "/opt/rustwide/workdir" "-m" "1610612736" "--user" "0:0" "--network" "none" "ghcr.io/rust-lang/crates-build-env/linux@sha256:5ff2268d62e97bff2cde7d5815dd6ed5b47097566f13b8d0ca110b04b60e07ed" "/opt/rustwide/cargo-home/bin/cargo" "+beta-2023-04-20" "metadata" "--no-deps" "--format-version=1", kill_on_drop: false }`
[INFO] [stdout] 8d9cf3b3e514cce894d2cb6fdc49796177e7e8372f5167fb2467ffc692d1948a
[INFO] running `Command { std: "docker" "start" "-a" "8d9cf3b3e514cce894d2cb6fdc49796177e7e8372f5167fb2467ffc692d1948a", kill_on_drop: false }`
[INFO] running `Command { std: "docker" "inspect" "8d9cf3b3e514cce894d2cb6fdc49796177e7e8372f5167fb2467ffc692d1948a", kill_on_drop: false }`
[INFO] running `Command { std: "docker" "rm" "-f" "8d9cf3b3e514cce894d2cb6fdc49796177e7e8372f5167fb2467ffc692d1948a", kill_on_drop: false }`
[INFO] [stdout] 8d9cf3b3e514cce894d2cb6fdc49796177e7e8372f5167fb2467ffc692d1948a
[INFO] running `Command { std: "docker" "create" "-v" "/var/lib/crater-agent-workspace/builds/worker-4-tc2/target:/opt/rustwide/target:rw,Z" "-v" "/var/lib/crater-agent-workspace/builds/worker-4-tc2/source:/opt/rustwide/workdir:ro,Z" "-v" "/var/lib/crater-agent-workspace/cargo-home:/opt/rustwide/cargo-home:ro,Z" "-v" "/var/lib/crater-agent-workspace/rustup-home:/opt/rustwide/rustup-home:ro,Z" "-e" "SOURCE_DIR=/opt/rustwide/workdir" "-e" "CARGO_TARGET_DIR=/opt/rustwide/target" "-e" "CARGO_INCREMENTAL=0" "-e" "RUST_BACKTRACE=full" "-e" "RUSTFLAGS=--cap-lints=warn" "-e" "RUSTDOCFLAGS=--cap-lints=warn" "-e" "CARGO_HOME=/opt/rustwide/cargo-home" "-e" "RUSTUP_HOME=/opt/rustwide/rustup-home" "-w" "/opt/rustwide/workdir" "-m" "1610612736" "--user" "0:0" "--network" "none" "ghcr.io/rust-lang/crates-build-env/linux@sha256:5ff2268d62e97bff2cde7d5815dd6ed5b47097566f13b8d0ca110b04b60e07ed" "/opt/rustwide/cargo-home/bin/cargo" "+beta-2023-04-20" "doc" "--frozen" "--no-deps" "--document-private-items" "--message-format=json", kill_on_drop: false }`
[INFO] [stdout] 0c69d6673ae5689860d346ca6146fe018f04e3152651bf4ec50860605c7323de
[INFO] running `Command { std: "docker" "start" "-a" "0c69d6673ae5689860d346ca6146fe018f04e3152651bf4ec50860605c7323de", kill_on_drop: false }`
[INFO] [stderr] warning: profiles for the non root package will be ignored, specify profiles at the workspace root:
[INFO] [stderr] package:   /opt/rustwide/workdir/fun_capture/Cargo.toml
[INFO] [stderr] workspace: /opt/rustwide/workdir/Cargo.toml
[INFO] [stderr]    Compiling autocfg v1.0.1
[INFO] [stderr]    Compiling libc v0.2.80
[INFO] [stderr]    Compiling log v0.4.11
[INFO] [stderr]    Compiling xml-rs v0.8.3
[INFO] [stderr]     Checking cfg-if v1.0.0
[INFO] [stderr]     Checking lazy_static v1.4.0
[INFO] [stderr]     Checking cfg-if v0.1.10
[INFO] [stderr]    Compiling bitflags v1.2.1
[INFO] [stderr]    Compiling proc-macro2 v0.4.30
[INFO] [stderr]    Compiling khronos_api v3.1.0
[INFO] [stderr]    Compiling unicode-xid v0.1.0
[INFO] [stderr]    Compiling nix v0.14.1
[INFO] [stderr]    Compiling byteorder v1.3.4
[INFO] [stderr]     Checking slab v0.4.2
[INFO] [stderr]     Checking void v1.0.2
[INFO] [stderr]     Checking libloading v0.6.5
[INFO] [stderr]     Checking lazycell v1.3.0
[INFO] [stderr]    Compiling cc v1.0.62
[INFO] [stderr]     Checking scopeguard v1.1.0
[INFO] [stderr]     Checking smallvec v1.4.2
[INFO] [stderr]    Compiling version_check v0.9.2
[INFO] [stderr]    Compiling maybe-uninit v2.0.0
[INFO] [stderr]    Compiling pkg-config v0.3.19
[INFO] [stderr]    Compiling proc-macro2 v1.0.24
[INFO] [stderr]     Checking dlib v0.4.2
[INFO] [stderr]    Compiling unicode-xid v0.2.1
[INFO] [stderr]     Checking wayland-sys v0.23.6
[INFO] [stderr]     Checking same-file v1.0.6
[INFO] [stderr]    Compiling num-traits v0.2.14
[INFO] [stderr]     Checking downcast-rs v1.2.0
[INFO] [stderr]     Checking walkdir v2.3.1
[INFO] [stderr]     Checking instant v0.1.8
[INFO] [stderr]     Checking xdg v2.2.0
[INFO] [stderr]    Compiling gl_generator v0.14.0
[INFO] [stderr]    Compiling proc-macro-error-attr v1.0.4
[INFO] [stderr]    Compiling miniz_oxide v0.4.3
[INFO] [stderr]     Checking lock_api v0.3.4
[INFO] [stderr]    Compiling syn v1.0.48
[INFO] [stderr]    Compiling proc-macro-error v1.0.4
[INFO] [stderr]     Checking stb_truetype v0.3.1
[INFO] [stderr]    Compiling memoffset v0.5.6
[INFO] [stderr]     Checking gimli v0.23.0
[INFO] [stderr]    Compiling x11-dl v2.18.5
[INFO] [stderr]    Compiling const_fn v0.4.2
[INFO] [stderr]     Checking adler v0.2.3
[INFO] [stderr]     Checking percent-encoding v2.1.0
[INFO] [stderr]    Compiling quote v0.6.13
[INFO] [stderr]     Checking net2 v0.2.35
[INFO] [stderr]     Checking iovec v0.1.4
[INFO] [stderr]     Checking parking_lot_core v0.7.2
[INFO] [stderr]     Checking memmap v0.7.0
[INFO] [stderr]    Compiling quote v1.0.7
[INFO] [stderr]    Compiling wayland-scanner v0.23.6
[INFO] [stderr]     Checking raw-window-handle v0.3.3
[INFO] [stderr]     Checking shared_library v0.1.9
[INFO] [stderr]     Checking mio v0.6.22
[INFO] [stderr]     Checking parking_lot v0.10.2
[INFO] [stderr]    Compiling crossbeam-utils v0.8.0
[INFO] [stderr]     Checking osmesa-sys v0.1.2
[INFO] [stderr]    Compiling libloading v0.5.2
[INFO] [stderr]    Compiling imgui-sys v0.5.0
[INFO] [stderr]    Compiling indexmap v1.6.0
[INFO] [stderr]     Checking rustc-demangle v0.1.18
[INFO] [stderr]    Compiling unicode-segmentation v1.6.0
[INFO] [stderr]     Checking object v0.22.0
[INFO] [stderr]    Compiling glutin_egl_sys v0.1.5
[INFO] [stderr]    Compiling glutin_glx_sys v0.1.7
[INFO] [stderr]    Compiling glium v0.27.0
[INFO] [stderr]     Checking mio-extras v2.0.6
[INFO] [stderr]     Checking approx v0.3.2
[INFO] [stderr]     Checking ordered-float v1.1.0
[INFO] [stderr]     Checking line_drawing v0.7.0
[INFO] [stderr]    Compiling heck v0.3.1
[INFO] [stderr]     Checking rusttype v0.8.3
[INFO] [stderr]     Checking parking_lot_core v0.8.0
[INFO] [stderr]     Checking lock_api v0.4.1
[INFO] [stderr]     Checking fnv v1.0.7
[INFO] [stderr]     Checking unicode-width v0.1.8
[INFO] [stderr]     Checking takeable-option v0.5.0
[INFO] [stderr]     Checking hashbrown v0.9.1
[INFO] [stderr]     Checking rusttype v0.7.9
[INFO] [stderr]     Checking textwrap v0.12.1
[INFO] [stderr]     Checking parking_lot v0.11.0
[INFO] [stderr]     Checking andrew v0.2.1
[INFO] [stderr]     Checking atty v0.2.14
[INFO] [stderr]     Checking strsim v0.10.0
[INFO] [stderr]     Checking os_str_bytes v2.3.2
[INFO] [stderr]     Checking termcolor v1.1.0
[INFO] [stderr]     Checking vec_map v0.8.2
[INFO] [stderr]     Checking block v0.1.6
[INFO] [stderr]     Checking addr2line v0.14.0
[INFO] [stderr]    Compiling wayland-client v0.23.6
[INFO] [stderr]    Compiling wayland-protocols v0.23.6
[INFO] [stderr]     Checking crossbeam-channel v0.5.0
[INFO] [stderr]     Checking calloop v0.4.4
[INFO] [stderr]     Checking wayland-commons v0.23.6
[INFO] [stderr]     Checking backtrace v0.3.54
[INFO] [stderr]    Compiling clap_derive v3.0.0-beta.2
[INFO] [stderr]     Checking clap v3.0.0-beta.2
[INFO] [stderr]     Checking fun_capture v0.1.0 (/opt/rustwide/workdir/fun_capture)
[INFO] [stderr]  Documenting fun_capture v0.1.0 (/opt/rustwide/workdir/fun_capture)
[INFO] [stdout] error[E0412]: cannot find type `Display` in module `imp`
[INFO] [stdout]   --> fun_capture/src/display/mod.rs:22:25
[INFO] [stdout]    |
[INFO] [stdout] 22 | pub struct Display(imp::Display);
[INFO] [stdout]    |                         ^^^^^^^ not found in `imp`
[INFO] [stdout]    |
[INFO] [stdout] help: consider importing one of these items
[INFO] [stdout]    |
[INFO] [stdout] 1  + use core::fmt::Display;
[INFO] [stdout]    |
[INFO] [stdout] 1  + use std::fmt::Display;
[INFO] [stdout]    |
[INFO] [stdout] 1  + use std::path::Display;
[INFO] [stdout]    |
[INFO] [stdout] help: if you import `Display`, refer to it directly
[INFO] [stdout]    |
[INFO] [stdout] 22 - pub struct Display(imp::Display);
[INFO] [stdout] 22 + pub struct Display(Display);
[INFO] [stdout]    |
[INFO] [stdout] 
[INFO] [stdout] 
[INFO] [stdout] error[E0412]: cannot find type `Display` in module `imp`
[INFO] [stdout]   --> fun_capture/src/display/mod.rs:33:22
[INFO] [stdout]    |
[INFO] [stdout] 33 |   type Target = imp::Display;
[INFO] [stdout]    |                      ^^^^^^^ not found in `imp`
[INFO] [stdout]    |
[INFO] [stdout] help: consider importing one of these items
[INFO] [stdout]    |
[INFO] [stdout] 1  + use core::fmt::Display;
[INFO] [stdout]    |
[INFO] [stdout] 1  + use std::fmt::Display;
[INFO] [stdout]    |
[INFO] [stdout] 1  + use std::path::Display;
[INFO] [stdout]    |
[INFO] [stdout] help: if you import `Display`, refer to it directly
[INFO] [stdout]    |
[INFO] [stdout] 33 -   type Target = imp::Display;
[INFO] [stdout] 33 +   type Target = Display;
[INFO] [stdout]    |
[INFO] [stdout] 
[INFO] [stdout] 
[INFO] [stdout] error[E0412]: cannot find type `Display` in module `imp`
[INFO] [stdout]   --> fun_capture/src/display/mod.rs:22:25
[INFO] [stdout]    |
[INFO] [stdout] 22 | pub struct Display(imp::Display);
[INFO] [stdout]    |                         ^^^^^^^ not found in `imp`
[INFO] [stdout]    |
[INFO] [stdout] help: consider importing one of these items
[INFO] [stdout]    |
[INFO] [stdout] 1  + use core::fmt::Display;
[INFO] [stdout]    |
[INFO] [stdout] 1  + use std::fmt::Display;
[INFO] [stdout]    |
[INFO] [stdout] 1  + use std::path::Display;
[INFO] [stdout]    |
[INFO] [stdout] help: if you import `Display`, refer to it directly
[INFO] [stdout]    |
[INFO] [stdout] 22 - pub struct Display(imp::Display);
[INFO] [stdout] 22 + pub struct Display(Display);
[INFO] [stdout]    |
[INFO] [stdout] 
[INFO] [stdout] 
[INFO] [stdout] error[E0425]: cannot find function `get_primary` in module `imp`
[INFO] [stdout]   --> fun_capture/src/display/mod.rs:25:8
[INFO] [stdout]    |
[INFO] [stdout] 25 |   imp::get_primary().map(Display)
[INFO] [stdout]    |        ^^^^^^^^^^^ not found in `imp`
[INFO] [stdout] 
[INFO] [stdout] 
[INFO] [stdout] error[E0425]: cannot find function `get_displays` in module `imp`
[INFO] [stdout]   --> fun_capture/src/display/mod.rs:29:8
[INFO] [stdout]    |
[INFO] [stdout] 29 |   imp::get_displays().map(|inner| inner.map(Display).collect())
[INFO] [stdout]    |        ^^^^^^^^^^^^ not found in `imp`
[INFO] [stdout] 
[INFO] [stdout] 
[INFO] [stdout] error[E0412]: cannot find type `Display` in module `imp`
[INFO] [stdout]   --> fun_capture/src/display/mod.rs:33:22
[INFO] [stdout]    |
[INFO] [stdout] 33 |   type Target = imp::Display;
[INFO] [stdout]    |                      ^^^^^^^ not found in `imp`
[INFO] [stdout]    |
[INFO] [stdout] help: consider importing one of these items
[INFO] [stdout]    |
[INFO] [stdout] 1  + use core::fmt::Display;
[INFO] [stdout]    |
[INFO] [stdout] 1  + use std::fmt::Display;
[INFO] [stdout]    |
[INFO] [stdout] 1  + use std::path::Display;
[INFO] [stdout]    |
[INFO] [stdout] help: if you import `Display`, refer to it directly
[INFO] [stdout]    |
[INFO] [stdout] 33 -   type Target = imp::Display;
[INFO] [stdout] 33 +   type Target = Display;
[INFO] [stdout]    |
[INFO] [stdout] 
[INFO] [stdout] 
[INFO] [stdout] error: aborting due to 2 previous errors
[INFO] [stdout] 
[INFO] [stdout] 
[INFO] [stdout] For more information about this error, try `rustc --explain E0412`.
[INFO] [stdout] 
[INFO] [stdout] error: aborting due to 4 previous errors
[INFO] [stdout] 
[INFO] [stdout] 
[INFO] [stdout] Some errors have detailed explanations: E0412, E0425.
[INFO] [stdout] 
[INFO] [stdout] For more information about an error, try `rustc --explain E0412`.
[INFO] [stdout] 
[INFO] [stderr] error: could not document `fun_capture`
[INFO] [stderr] 
[INFO] [stderr] Caused by:
[INFO] [stderr]   process didn't exit successfully: `rustdoc --edition=2018 --crate-type lib --crate-name fun_capture fun_capture/src/lib.rs -o /opt/rustwide/target/doc --error-format=json --json=diagnostic-rendered-ansi,artifacts,future-incompat --document-private-items -C metadata=fdd9bc8a16f906d0 -L dependency=/opt/rustwide/target/debug/deps --extern block=/opt/rustwide/target/debug/deps/libblock-142fd8678e5219b7.rmeta --extern clap=/opt/rustwide/target/debug/deps/libclap-a2b09cc71e22994a.rmeta --extern crossbeam_channel=/opt/rustwide/target/debug/deps/libcrossbeam_channel-7af631aae26e3857.rmeta --cap-lints=warn --crate-version 0.1.0` (exit status: 1)
[INFO] [stderr] warning: build failed, waiting for other jobs to finish...
[INFO] [stderr] error: could not compile `fun_capture` (lib) due to 5 previous errors
[INFO] running `Command { std: "docker" "inspect" "0c69d6673ae5689860d346ca6146fe018f04e3152651bf4ec50860605c7323de", kill_on_drop: false }`
[INFO] running `Command { std: "docker" "rm" "-f" "0c69d6673ae5689860d346ca6146fe018f04e3152651bf4ec50860605c7323de", kill_on_drop: false }`
[INFO] [stdout] 0c69d6673ae5689860d346ca6146fe018f04e3152651bf4ec50860605c7323de
