[INFO] cloning repository https://github.com/mboogerd/hyparview
[INFO] running `Command { std: "git" "-c" "credential.helper=" "-c" "credential.helper=/workspace/cargo-home/bin/git-credential-null" "clone" "--bare" "https://github.com/mboogerd/hyparview" "/workspace/cache/git-repos/https%3A%2F%2Fgithub.com%2Fmboogerd%2Fhyparview", kill_on_drop: false }`
[INFO] [stderr] Cloning into bare repository '/workspace/cache/git-repos/https%3A%2F%2Fgithub.com%2Fmboogerd%2Fhyparview'...
[INFO] running `Command { std: "git" "rev-parse" "HEAD", kill_on_drop: false }`
[INFO] [stdout] 4c50e97515f71a81f1395e4ffbf1865b7baaefdd
[INFO] documenting mboogerd/hyparview against beta-2023-04-20 for beta-1.70-rustdoc-1
[INFO] running `Command { std: "git" "clone" "/workspace/cache/git-repos/https%3A%2F%2Fgithub.com%2Fmboogerd%2Fhyparview" "/workspace/builds/worker-4-tc2/source", kill_on_drop: false }`
[INFO] [stderr] Cloning into '/workspace/builds/worker-4-tc2/source'...
[INFO] [stderr] done.
[INFO] validating manifest of git repo https://github.com/mboogerd/hyparview on toolchain beta-2023-04-20
[INFO] running `Command { std: CARGO_HOME="/workspace/cargo-home" RUSTUP_HOME="/workspace/rustup-home" "/workspace/cargo-home/bin/cargo" "+beta-2023-04-20" "metadata" "--manifest-path" "Cargo.toml" "--no-deps", kill_on_drop: false }`
[INFO] started tweaking git repo https://github.com/mboogerd/hyparview
[INFO] finished tweaking git repo https://github.com/mboogerd/hyparview
[INFO] tweaked toml for git repo https://github.com/mboogerd/hyparview written to /workspace/builds/worker-4-tc2/source/Cargo.toml
[INFO] crate git repo https://github.com/mboogerd/hyparview already has a lockfile, it will not be regenerated
[INFO] running `Command { std: CARGO_HOME="/workspace/cargo-home" RUSTUP_HOME="/workspace/rustup-home" "/workspace/cargo-home/bin/cargo" "+beta-2023-04-20" "fetch" "--manifest-path" "Cargo.toml", kill_on_drop: false }`
[INFO] [stderr]     Updating crates.io index
[INFO] [stderr]  Downloading crates ...
[INFO] [stderr]   Downloaded base64 v0.7.0
[INFO] [stderr]   Downloaded unsigned-varint v0.2.1
[INFO] [stderr]   Downloaded etrace v1.1.0
[INFO] [stderr]   Downloaded tk-listen v0.2.0
[INFO] [stderr]   Downloaded cc v1.0.23
[INFO] [stderr]   Downloaded asn1_der v0.5.8
[INFO] [stderr]   Downloaded serde_derive v1.0.78
[INFO] [stderr]   Downloaded integer-encoding v1.0.5
[INFO] [stderr]   Downloaded tokio-signal v0.2.5
[INFO] [stderr]   Downloaded serde v1.0.78
[INFO] [stderr]   Downloaded futures-channel v0.2.1
[INFO] [stderr]   Downloaded syn v0.15.3
[INFO] [stderr]   Downloaded futures-core v0.2.1
[INFO] [stderr]   Downloaded bs58 v0.2.1
[INFO] [stderr]   Downloaded sha1 v0.5.0
[INFO] [stderr]   Downloaded digest v0.7.5
[INFO] [stderr]   Downloaded tokio-dns-unofficial v0.3.1
[INFO] [stderr]   Downloaded smallvec v0.5.1
[INFO] running `Command { std: "docker" "create" "-v" "/var/lib/crater-agent-workspace/builds/worker-4-tc2/target:/opt/rustwide/target:rw,Z" "-v" "/var/lib/crater-agent-workspace/builds/worker-4-tc2/source:/opt/rustwide/workdir:ro,Z" "-v" "/var/lib/crater-agent-workspace/cargo-home:/opt/rustwide/cargo-home:ro,Z" "-v" "/var/lib/crater-agent-workspace/rustup-home:/opt/rustwide/rustup-home:ro,Z" "-e" "SOURCE_DIR=/opt/rustwide/workdir" "-e" "CARGO_TARGET_DIR=/opt/rustwide/target" "-e" "CARGO_HOME=/opt/rustwide/cargo-home" "-e" "RUSTUP_HOME=/opt/rustwide/rustup-home" "-w" "/opt/rustwide/workdir" "-m" "1610612736" "--user" "0:0" "--network" "none" "ghcr.io/rust-lang/crates-build-env/linux@sha256:5ff2268d62e97bff2cde7d5815dd6ed5b47097566f13b8d0ca110b04b60e07ed" "/opt/rustwide/cargo-home/bin/cargo" "+beta-2023-04-20" "metadata" "--no-deps" "--format-version=1", kill_on_drop: false }`
[INFO] [stdout] 38f589502bbb37e2150dca1278e9fce1a9f241ed25f9e1d295d4c6733aff034c
[INFO] running `Command { std: "docker" "start" "-a" "38f589502bbb37e2150dca1278e9fce1a9f241ed25f9e1d295d4c6733aff034c", kill_on_drop: false }`
[INFO] running `Command { std: "docker" "inspect" "38f589502bbb37e2150dca1278e9fce1a9f241ed25f9e1d295d4c6733aff034c", kill_on_drop: false }`
[INFO] running `Command { std: "docker" "rm" "-f" "38f589502bbb37e2150dca1278e9fce1a9f241ed25f9e1d295d4c6733aff034c", kill_on_drop: false }`
[INFO] [stdout] 38f589502bbb37e2150dca1278e9fce1a9f241ed25f9e1d295d4c6733aff034c
[INFO] running `Command { std: "docker" "create" "-v" "/var/lib/crater-agent-workspace/builds/worker-4-tc2/target:/opt/rustwide/target:rw,Z" "-v" "/var/lib/crater-agent-workspace/builds/worker-4-tc2/source:/opt/rustwide/workdir:ro,Z" "-v" "/var/lib/crater-agent-workspace/cargo-home:/opt/rustwide/cargo-home:ro,Z" "-v" "/var/lib/crater-agent-workspace/rustup-home:/opt/rustwide/rustup-home:ro,Z" "-e" "SOURCE_DIR=/opt/rustwide/workdir" "-e" "CARGO_TARGET_DIR=/opt/rustwide/target" "-e" "CARGO_INCREMENTAL=0" "-e" "RUST_BACKTRACE=full" "-e" "RUSTFLAGS=--cap-lints=warn" "-e" "RUSTDOCFLAGS=--cap-lints=warn" "-e" "CARGO_HOME=/opt/rustwide/cargo-home" "-e" "RUSTUP_HOME=/opt/rustwide/rustup-home" "-w" "/opt/rustwide/workdir" "-m" "1610612736" "--user" "0:0" "--network" "none" "ghcr.io/rust-lang/crates-build-env/linux@sha256:5ff2268d62e97bff2cde7d5815dd6ed5b47097566f13b8d0ca110b04b60e07ed" "/opt/rustwide/cargo-home/bin/cargo" "+beta-2023-04-20" "doc" "--frozen" "--no-deps" "--document-private-items" "--message-format=json", kill_on_drop: false }`
[INFO] [stdout] 7a16be84aab30a4c0f71322d5fa2d85d577cb5dda8e1464eb40799cdd2322cb6
[INFO] running `Command { std: "docker" "start" "-a" "7a16be84aab30a4c0f71322d5fa2d85d577cb5dda8e1464eb40799cdd2322cb6", kill_on_drop: false }`
[INFO] [stderr]     Checking libc v0.2.43
[INFO] [stderr]     Checking cfg-if v0.1.5
[INFO] [stderr]     Checking byteorder v1.2.6
[INFO] [stderr]     Checking futures v0.1.24
[INFO] [stderr]     Checking void v1.0.2
[INFO] [stderr]    Compiling version_check v0.1.4
[INFO] [stderr]     Checking stable_deref_trait v1.1.1
[INFO] [stderr]     Checking rand_core v0.2.1
[INFO] [stderr]     Checking log v0.4.4
[INFO] [stderr]     Checking owning_ref v0.3.3
[INFO] [stderr]     Checking unreachable v1.0.0
[INFO] [stderr]     Checking smallvec v0.6.5
[INFO] [stderr]     Checking scopeguard v0.3.3
[INFO] [stderr]     Checking crossbeam-utils v0.5.0
[INFO] [stderr]     Checking slab v0.4.1
[INFO] [stderr]    Compiling typenum v1.10.0
[INFO] [stderr]     Checking lock_api v0.1.3
[INFO] [stderr]    Compiling cc v1.0.23
[INFO] [stderr]    Compiling lazy_static v1.1.0
[INFO] [stderr]    Compiling crunchy v0.1.6
[INFO] [stderr]    Compiling serde v1.0.78
[INFO] [stderr]     Checking iovec v0.1.2
[INFO] [stderr]     Checking rand v0.5.5
[INFO] [stderr]     Checking bytes v0.4.9
[INFO] [stderr]     Checking num_cpus v1.8.0
[INFO] [stderr]     Checking rand v0.4.3
[INFO] [stderr]     Checking net2 v0.2.33
[INFO] [stderr]     Checking quick-error v1.2.2
[INFO] [stderr]     Checking arrayref v0.3.5
[INFO] [stderr]     Checking nodrop v0.1.12
[INFO] [stderr]     Checking lazycell v0.6.0
[INFO] [stderr]     Checking byte-tools v0.2.0
[INFO] [stderr]     Checking arrayvec v0.4.7
[INFO] [stderr]     Checking tokio-io v0.1.8
[INFO] [stderr]     Checking tokio-executor v0.1.4
[INFO] [stderr]     Checking block-buffer v0.3.3
[INFO] [stderr]     Checking mio v0.6.15
[INFO] [stderr]     Checking parking_lot_core v0.3.0
[INFO] [stderr]     Checking generic-array v0.9.0
[INFO] [stderr]     Checking fake-simd v0.1.2
[INFO] [stderr]     Checking tiny-keccak v1.4.2
[INFO] [stderr]    Compiling protobuf v2.0.4
[INFO] [stderr]     Checking tokio-codec v0.1.0
[INFO] [stderr]     Checking sha1 v0.5.0
[INFO] [stderr]     Checking digest v0.7.5
[INFO] [stderr]     Checking parking_lot v0.6.4
[INFO] [stderr]     Checking bs58 v0.2.1
[INFO] [stderr]     Checking fnv v1.0.6
[INFO] [stderr]     Checking unsigned-varint v0.2.1
[INFO] [stderr]     Checking sha2 v0.7.1
[INFO] [stderr]     Checking integer-encoding v1.0.5
[INFO] [stderr]     Checking byteorder v0.4.2
[INFO] [stderr]     Checking smallvec v0.5.1
[INFO] [stderr]     Checking rw-stream-sink v0.1.0 (https://github.com/libp2p/rust-libp2p#5ecdb71c)
[INFO] [stderr]     Checking multihash v0.8.1-pre (https://github.com/libp2p/rust-libp2p#5ecdb71c)
[INFO] [stderr]     Checking tokio-reactor v0.1.5
[INFO] [stderr]     Checking tokio-timer v0.2.6
[INFO] [stderr]     Checking memoffset v0.2.1
[INFO] [stderr]    Compiling proc-macro2 v0.4.15
[INFO] [stderr]     Checking crossbeam-epoch v0.5.2
[INFO] [stderr]     Checking multistream-select v0.1.0 (https://github.com/libp2p/rust-libp2p#5ecdb71c)
[INFO] [stderr]     Checking mio-uds v0.6.6
[INFO] [stderr]    Compiling unicode-xid v0.1.0
[INFO] [stderr]     Checking tokio-uds v0.2.1
[INFO] [stderr]     Checking tokio-udp v0.1.2
[INFO] [stderr]     Checking crossbeam-deque v0.6.1
[INFO] [stderr]     Checking tokio-tcp v0.1.1
[INFO] [stderr]     Checking tokio-current-thread v0.1.1
[INFO] [stderr]    Compiling winapi-build v0.1.1
[INFO] [stderr]     Checking parking_lot_core v0.2.14
[INFO] [stderr]     Checking tokio-threadpool v0.1.6
[INFO] [stderr]     Checking safemem v0.2.0
[INFO] [stderr]    Compiling pkg-config v0.3.14
[INFO] [stderr]     Checking matches v0.1.8
[INFO] [stderr]    Compiling crossbeam-utils v0.2.2
[INFO] [stderr]     Checking unicode-bidi v0.3.4
[INFO] [stderr]    Compiling quote v0.6.8
[INFO] [stderr]     Checking tokio-fs v0.1.3
[INFO] [stderr]    Compiling backtrace-sys v0.1.24
[INFO] [stderr]     Checking tokio v0.1.8
[INFO] [stderr]    Compiling ryu v0.2.6
[INFO] [stderr]    Compiling openssl-sys v0.9.35
[INFO] [stderr]     Checking unicode-normalization v0.1.7
[INFO] [stderr]    Compiling dbghelp-sys v0.2.0
[INFO] [stderr]    Compiling crossbeam-epoch v0.3.1
[INFO] [stderr]    Compiling gcc v0.3.54
[INFO] [stderr] The following warnings were emitted during compilation:
[INFO] [stderr] 
[INFO] [stderr] warning: /opt/rustwide/target/debug/build/openssl-sys-e24c374a89a9778c/out/expando.c:4:24: error: pasting "RUST_VERSION_OPENSSL_" and "(" does not give a valid preprocessing token
[INFO] [stderr] warning:     4 | #define VERSION2(n, v) RUST_VERSION_ ## n ## _ ## v
[INFO] [stderr] warning:       |                        ^~~~~~~~~~~~~
[INFO] [stderr] warning: /opt/rustwide/target/debug/build/openssl-sys-e24c374a89a9778c/out/expando.c:5:23: note: in expansion of macro 'VERSION2'
[INFO] [stderr] warning:     5 | #define VERSION(n, v) VERSION2(n, v)
[INFO] [stderr] warning:       |                       ^~~~~~~~
[INFO] [stderr] warning: /opt/rustwide/target/debug/build/openssl-sys-e24c374a89a9778c/out/expando.c:7:1: note: in expansion of macro 'VERSION'
[INFO] [stderr] warning:     7 | VERSION(OPENSSL, OPENSSL_VERSION_NUMBER)
[INFO] [stderr] warning:       | ^~~~~~~
[INFO] [stderr] 
[INFO] [stderr] error: failed to run custom build command for `openssl-sys v0.9.35`
[INFO] [stderr] note: To improve backtraces for build dependencies, set the CARGO_PROFILE_DEV_BUILD_OVERRIDE_DEBUG=true environment variable to enable debug information generation.
[INFO] [stderr] 
[INFO] [stderr] Caused by:
[INFO] [stderr]   process didn't exit successfully: `/opt/rustwide/target/debug/build/openssl-sys-57bd3ae73c615c6e/build-script-main` (exit status: 101)
[INFO] [stderr]   --- stdout
[INFO] [stderr]   cargo:rerun-if-env-changed=X86_64_UNKNOWN_LINUX_GNU_OPENSSL_LIB_DIR
[INFO] [stderr]   cargo:rerun-if-env-changed=OPENSSL_LIB_DIR
[INFO] [stderr]   cargo:rerun-if-env-changed=X86_64_UNKNOWN_LINUX_GNU_OPENSSL_INCLUDE_DIR
[INFO] [stderr]   cargo:rerun-if-env-changed=OPENSSL_INCLUDE_DIR
[INFO] [stderr]   cargo:rerun-if-env-changed=X86_64_UNKNOWN_LINUX_GNU_OPENSSL_DIR
[INFO] [stderr]   cargo:rerun-if-env-changed=OPENSSL_DIR
[INFO] [stderr]   cargo:rustc-link-lib=ssl
[INFO] [stderr]   cargo:rustc-link-lib=crypto
[INFO] [stderr]   OPT_LEVEL = Some("0")
[INFO] [stderr]   TARGET = Some("x86_64-unknown-linux-gnu")
[INFO] [stderr]   HOST = Some("x86_64-unknown-linux-gnu")
[INFO] [stderr]   TARGET = Some("x86_64-unknown-linux-gnu")
[INFO] [stderr]   TARGET = Some("x86_64-unknown-linux-gnu")
[INFO] [stderr]   HOST = Some("x86_64-unknown-linux-gnu")
[INFO] [stderr]   CC_x86_64-unknown-linux-gnu = None
[INFO] [stderr]   CC_x86_64_unknown_linux_gnu = None
[INFO] [stderr]   HOST_CC = None
[INFO] [stderr]   CC = None
[INFO] [stderr]   HOST = Some("x86_64-unknown-linux-gnu")
[INFO] [stderr]   TARGET = Some("x86_64-unknown-linux-gnu")
[INFO] [stderr]   HOST = Some("x86_64-unknown-linux-gnu")
[INFO] [stderr]   CFLAGS_x86_64-unknown-linux-gnu = None
[INFO] [stderr]   CFLAGS_x86_64_unknown_linux_gnu = None
[INFO] [stderr]   HOST_CFLAGS = None
[INFO] [stderr]   CFLAGS = None
[INFO] [stderr]   DEBUG = Some("true")
[INFO] [stderr]   TARGET = Some("x86_64-unknown-linux-gnu")
[INFO] [stderr]   HOST = Some("x86_64-unknown-linux-gnu")
[INFO] [stderr]   CFLAGS_x86_64-unknown-linux-gnu = None
[INFO] [stderr]   CFLAGS_x86_64_unknown_linux_gnu = None
[INFO] [stderr]   HOST_CFLAGS = None
[INFO] [stderr]   CFLAGS = None
[INFO] [stderr]   TARGET = Some("x86_64-unknown-linux-gnu")
[INFO] [stderr]   HOST = Some("x86_64-unknown-linux-gnu")
[INFO] [stderr]   CFLAGS_x86_64-unknown-linux-gnu = None
[INFO] [stderr]   CFLAGS_x86_64_unknown_linux_gnu = None
[INFO] [stderr]   HOST_CFLAGS = None
[INFO] [stderr]   CFLAGS = None
[INFO] [stderr]   running: "cc" "-O0" "-ffunction-sections" "-fdata-sections" "-fPIC" "-g" "-fno-omit-frame-pointer" "-m64" "-Wall" "-Wextra" "-E" "/opt/rustwide/target/debug/build/openssl-sys-e24c374a89a9778c/out/expando.c"
[INFO] [stderr]   cargo:warning=/opt/rustwide/target/debug/build/openssl-sys-e24c374a89a9778c/out/expando.c:4:24: error: pasting "RUST_VERSION_OPENSSL_" and "(" does not give a valid preprocessing token
[INFO] [stderr]   cargo:warning=    4 | #define VERSION2(n, v) RUST_VERSION_ ## n ## _ ## v
[INFO] [stderr]   cargo:warning=      |                        ^~~~~~~~~~~~~
[INFO] [stderr]   cargo:warning=/opt/rustwide/target/debug/build/openssl-sys-e24c374a89a9778c/out/expando.c:5:23: note: in expansion of macro 'VERSION2'
[INFO] [stderr]   cargo:warning=    5 | #define VERSION(n, v) VERSION2(n, v)
[INFO] [stderr]   cargo:warning=      |                       ^~~~~~~~
[INFO] [stderr]   cargo:warning=/opt/rustwide/target/debug/build/openssl-sys-e24c374a89a9778c/out/expando.c:7:1: note: in expansion of macro 'VERSION'
[INFO] [stderr]   cargo:warning=    7 | VERSION(OPENSSL, OPENSSL_VERSION_NUMBER)
[INFO] [stderr]   cargo:warning=      | ^~~~~~~
[INFO] [stderr]   exit status: 1
[INFO] [stderr] 
[INFO] [stderr]   --- stderr
[INFO] [stderr]   thread 'main' panicked at '
[INFO] [stderr]   Header expansion error:
[INFO] [stderr]   Error { kind: ToolExecError, message: "Command \"cc\" \"-O0\" \"-ffunction-sections\" \"-fdata-sections\" \"-fPIC\" \"-g\" \"-fno-omit-frame-pointer\" \"-m64\" \"-Wall\" \"-Wextra\" \"-E\" \"/opt/rustwide/target/debug/build/openssl-sys-e24c374a89a9778c/out/expando.c\" with args \"cc\" did not execute successfully (status code exit status: 1)." }
[INFO] [stderr] 
[INFO] [stderr]   Failed to find OpenSSL development headers.
[INFO] [stderr] 
[INFO] [stderr]   You can try fixing this setting the `OPENSSL_DIR` environment variable
[INFO] [stderr]   pointing to your OpenSSL installation or installing OpenSSL headers package
[INFO] [stderr]   specific to your distribution:
[INFO] [stderr] 
[INFO] [stderr]       # On Ubuntu
[INFO] [stderr]       sudo apt-get install libssl-dev
[INFO] [stderr]       # On Arch Linux
[INFO] [stderr]       sudo pacman -S openssl
[INFO] [stderr]       # On Fedora
[INFO] [stderr]       sudo dnf install openssl-devel
[INFO] [stderr] 
[INFO] [stderr]   See rust-openssl README for more information:
[INFO] [stderr] 
[INFO] [stderr]       https://github.com/sfackler/rust-openssl#linux
[INFO] [stderr]   ', /opt/rustwide/cargo-home/registry/src/index.crates.io-6f17d22bba15001f/openssl-sys-0.9.35/build/main.rs:428:13
[INFO] [stderr]   stack backtrace:
[INFO] [stderr]      0:     0x5608cd26975a - std::backtrace_rs::backtrace::libunwind::trace::h2f05d0192276a8f6
[INFO] [stderr]                                  at /rustc/1b7dd2252b99671ce5d1cb9664c5f8636329436d/library/std/src/../../backtrace/src/backtrace/libunwind.rs:93:5
[INFO] [stderr]      1:     0x5608cd26975a - std::backtrace_rs::backtrace::trace_unsynchronized::hedc23dff7a1af150
[INFO] [stderr]                                  at /rustc/1b7dd2252b99671ce5d1cb9664c5f8636329436d/library/std/src/../../backtrace/src/backtrace/mod.rs:66:5
[INFO] [stderr]      2:     0x5608cd26975a - std::sys_common::backtrace::_print_fmt::h17541ef7592f3ce2
[INFO] [stderr]                                  at /rustc/1b7dd2252b99671ce5d1cb9664c5f8636329436d/library/std/src/sys_common/backtrace.rs:65:5
[INFO] [stderr]      3:     0x5608cd26975a - <std::sys_common::backtrace::_print::DisplayBacktrace as core::fmt::Display>::fmt::h20f75df5ab0c0792
[INFO] [stderr]                                  at /rustc/1b7dd2252b99671ce5d1cb9664c5f8636329436d/library/std/src/sys_common/backtrace.rs:44:22
[INFO] [stderr]      4:     0x5608cd289eaf - core::fmt::write::h78109e6f466b3af6
[INFO] [stderr]                                  at /rustc/1b7dd2252b99671ce5d1cb9664c5f8636329436d/library/core/src/fmt/mod.rs:1254:17
[INFO] [stderr]      5:     0x5608cd266965 - std::io::Write::write_fmt::hc59e1b02dd273c8a
[INFO] [stderr]                                  at /rustc/1b7dd2252b99671ce5d1cb9664c5f8636329436d/library/std/src/io/mod.rs:1698:15
[INFO] [stderr]      6:     0x5608cd269525 - std::sys_common::backtrace::_print::h8dac57a9f8fbf9a5
[INFO] [stderr]                                  at /rustc/1b7dd2252b99671ce5d1cb9664c5f8636329436d/library/std/src/sys_common/backtrace.rs:47:5
[INFO] [stderr]      7:     0x5608cd269525 - std::sys_common::backtrace::print::hf9ecbf41d1aa712f
[INFO] [stderr]                                  at /rustc/1b7dd2252b99671ce5d1cb9664c5f8636329436d/library/std/src/sys_common/backtrace.rs:34:9
[INFO] [stderr]      8:     0x5608cd26adee - std::panicking::default_hook::{{closure}}::h04c07acfc84ca028
[INFO] [stderr]                                  at /rustc/1b7dd2252b99671ce5d1cb9664c5f8636329436d/library/std/src/panicking.rs:269:22
[INFO] [stderr]      9:     0x5608cd26ab95 - std::panicking::default_hook::h01f6bb23e1eceb2c
[INFO] [stderr]                                  at /rustc/1b7dd2252b99671ce5d1cb9664c5f8636329436d/library/std/src/panicking.rs:288:9
[INFO] [stderr]     10:     0x5608cd26b34e - std::panicking::rust_panic_with_hook::h2bb3722bbaf2f6df
[INFO] [stderr]                                  at /rustc/1b7dd2252b99671ce5d1cb9664c5f8636329436d/library/std/src/panicking.rs:691:13
[INFO] [stderr]     11:     0x5608cd26b249 - std::panicking::begin_panic_handler::{{closure}}::h91bc7f36a4be011b
[INFO] [stderr]                                  at /rustc/1b7dd2252b99671ce5d1cb9664c5f8636329436d/library/std/src/panicking.rs:582:13
[INFO] [stderr]     12:     0x5608cd269bc6 - std::sys_common::backtrace::__rust_end_short_backtrace::h8b3d3717114f9e59
[INFO] [stderr]                                  at /rustc/1b7dd2252b99671ce5d1cb9664c5f8636329436d/library/std/src/sys_common/backtrace.rs:150:18
[INFO] [stderr]     13:     0x5608cd26afa2 - rust_begin_unwind
[INFO] [stderr]                                  at /rustc/1b7dd2252b99671ce5d1cb9664c5f8636329436d/library/std/src/panicking.rs:578:5
[INFO] [stderr]     14:     0x5608cd1ec7f3 - core::panicking::panic_fmt::hfd368e3fbdabea26
[INFO] [stderr]                                  at /rustc/1b7dd2252b99671ce5d1cb9664c5f8636329436d/library/core/src/panicking.rs:67:14
[INFO] [stderr]     15:     0x5608cd1efc93 - build_script_main::validate_headers::h5afbc5bd125b6111
[INFO] [stderr]     16:     0x5608cd1f3050 - build_script_main::imp::try_pkg_config::h72ab9f8eccc3e4bc
[INFO] [stderr]     17:     0x5608cd1f1e26 - build_script_main::imp::find_openssl_dir::h0068d368580c3938
[INFO] [stderr]     18:     0x5608cd1f1c72 - build_script_main::imp::get_openssl::{{closure}}::h2d8ec4a6b3a85d2d
[INFO] [stderr]     19:     0x5608cd1fa7ba - core::option::Option<T>::unwrap_or_else::h76380861016b17a5
[INFO] [stderr]     20:     0x5608cd1f1970 - build_script_main::imp::get_openssl::h5b602b66c078e369
[INFO] [stderr]     21:     0x5608cd1ee680 - build_script_main::main::h54a92335523d04bc
[INFO] [stderr]     22:     0x5608cd1fa093 - core::ops::function::FnOnce::call_once::h08c08bf2da466677
[INFO] [stderr]     23:     0x5608cd1f3686 - std::sys_common::backtrace::__rust_begin_short_backtrace::h4ead34b9ba63fac5
[INFO] [stderr]     24:     0x5608cd1f9fe9 - std::rt::lang_start::{{closure}}::hcecc8ed9cefdcd68
[INFO] [stderr]     25:     0x5608cd26377e - core::ops::function::impls::<impl core::ops::function::FnOnce<A> for &F>::call_once::h2eb19b8ce4148df4
[INFO] [stderr]                                  at /rustc/1b7dd2252b99671ce5d1cb9664c5f8636329436d/library/core/src/ops/function.rs:287:13
[INFO] [stderr]     26:     0x5608cd26377e - std::panicking::try::do_call::h2e900feff5d504c5
[INFO] [stderr]                                  at /rustc/1b7dd2252b99671ce5d1cb9664c5f8636329436d/library/std/src/panicking.rs:485:40
[INFO] [stderr]     27:     0x5608cd26377e - std::panicking::try::h8854836cb85aa9f2
[INFO] [stderr]                                  at /rustc/1b7dd2252b99671ce5d1cb9664c5f8636329436d/library/std/src/panicking.rs:449:19
[INFO] [stderr]     28:     0x5608cd26377e - std::panic::catch_unwind::h706025dd4c48f64b
[INFO] [stderr]                                  at /rustc/1b7dd2252b99671ce5d1cb9664c5f8636329436d/library/std/src/panic.rs:140:14
[INFO] [stderr]     29:     0x5608cd26377e - std::rt::lang_start_internal::{{closure}}::h7be5b97f4a07a91a
[INFO] [stderr]                                  at /rustc/1b7dd2252b99671ce5d1cb9664c5f8636329436d/library/std/src/rt.rs:148:48
[INFO] [stderr]     30:     0x5608cd26377e - std::panicking::try::do_call::h59847e9d0a176965
[INFO] [stderr]                                  at /rustc/1b7dd2252b99671ce5d1cb9664c5f8636329436d/library/std/src/panicking.rs:485:40
[INFO] [stderr]     31:     0x5608cd26377e - std::panicking::try::h399a918ba8522823
[INFO] [stderr]                                  at /rustc/1b7dd2252b99671ce5d1cb9664c5f8636329436d/library/std/src/panicking.rs:449:19
[INFO] [stderr]     32:     0x5608cd26377e - std::panic::catch_unwind::hca7ca6c55b2a2e26
[INFO] [stderr]                                  at /rustc/1b7dd2252b99671ce5d1cb9664c5f8636329436d/library/std/src/panic.rs:140:14
[INFO] [stderr]     33:     0x5608cd26377e - std::rt::lang_start_internal::h2c807a81560459eb
[INFO] [stderr]                                  at /rustc/1b7dd2252b99671ce5d1cb9664c5f8636329436d/library/std/src/rt.rs:148:20
[INFO] [stderr]     34:     0x5608cd1f9fc7 - std::rt::lang_start::hb7e76bc167fd44db
[INFO] [stderr]     35:     0x5608cd1f17a5 - main
[INFO] [stderr]     36:     0x7f90b4338d90 - <unknown>
[INFO] [stderr]     37:     0x7f90b4338e40 - __libc_start_main
[INFO] [stderr]     38:     0x5608cd1ece65 - _start
[INFO] [stderr]     39:                0x0 - <unknown>
[INFO] [stderr] warning: build failed, waiting for other jobs to finish...
[INFO] running `Command { std: "docker" "inspect" "7a16be84aab30a4c0f71322d5fa2d85d577cb5dda8e1464eb40799cdd2322cb6", kill_on_drop: false }`
[INFO] running `Command { std: "docker" "rm" "-f" "7a16be84aab30a4c0f71322d5fa2d85d577cb5dda8e1464eb40799cdd2322cb6", kill_on_drop: false }`
[INFO] [stdout] 7a16be84aab30a4c0f71322d5fa2d85d577cb5dda8e1464eb40799cdd2322cb6
