[INFO] cloning repository https://github.com/maximilienandile/rust_api_poc
[INFO] running `Command { std: "git" "-c" "credential.helper=" "-c" "credential.helper=/workspace/cargo-home/bin/git-credential-null" "clone" "--bare" "https://github.com/maximilienandile/rust_api_poc" "/workspace/cache/git-repos/https%3A%2F%2Fgithub.com%2Fmaximilienandile%2Frust_api_poc", kill_on_drop: false }`
[INFO] [stderr] Cloning into bare repository '/workspace/cache/git-repos/https%3A%2F%2Fgithub.com%2Fmaximilienandile%2Frust_api_poc'...
[INFO] running `Command { std: "git" "rev-parse" "HEAD", kill_on_drop: false }`
[INFO] [stdout] b8e92a3aece2f186c6d5c321891ebfcdb6bcc076
[INFO] documenting maximilienandile/rust_api_poc against 1.69.0 for beta-1.70-rustdoc-1
[INFO] running `Command { std: "git" "clone" "/workspace/cache/git-repos/https%3A%2F%2Fgithub.com%2Fmaximilienandile%2Frust_api_poc" "/workspace/builds/worker-3-tc1/source", kill_on_drop: false }`
[INFO] [stderr] Cloning into '/workspace/builds/worker-3-tc1/source'...
[INFO] [stderr] done.
[INFO] validating manifest of git repo https://github.com/maximilienandile/rust_api_poc on toolchain 1.69.0
[INFO] running `Command { std: CARGO_HOME="/workspace/cargo-home" RUSTUP_HOME="/workspace/rustup-home" "/workspace/cargo-home/bin/cargo" "+1.69.0" "metadata" "--manifest-path" "Cargo.toml" "--no-deps", kill_on_drop: false }`
[INFO] started tweaking git repo https://github.com/maximilienandile/rust_api_poc
[INFO] finished tweaking git repo https://github.com/maximilienandile/rust_api_poc
[INFO] tweaked toml for git repo https://github.com/maximilienandile/rust_api_poc written to /workspace/builds/worker-3-tc1/source/Cargo.toml
[INFO] crate git repo https://github.com/maximilienandile/rust_api_poc already has a lockfile, it will not be regenerated
[INFO] running `Command { std: CARGO_HOME="/workspace/cargo-home" RUSTUP_HOME="/workspace/rustup-home" "/workspace/cargo-home/bin/cargo" "+1.69.0" "fetch" "--manifest-path" "Cargo.toml", kill_on_drop: false }`
[INFO] [stderr] warning: An explicit [[bin]] section is specified in Cargo.toml which currently
[INFO] [stderr] disables Cargo from automatically inferring other binary targets.
[INFO] [stderr] This inference behavior will change in the Rust 2018 edition and the following
[INFO] [stderr] files will be included as a binary target:
[INFO] [stderr] 
[INFO] [stderr] * /workspace/builds/worker-3-tc1/source/src/main.rs
[INFO] [stderr] 
[INFO] [stderr] This is likely to break cargo build or cargo test as these files may not be
[INFO] [stderr] ready to be compiled as a binary target today. You can future-proof yourself
[INFO] [stderr] and disable this warning by adding `autobins = false` to your [package]
[INFO] [stderr] section. You may also move the files to a location where Cargo would not
[INFO] [stderr] automatically infer them to be a target, such as in subfolders.
[INFO] [stderr] 
[INFO] [stderr] For more information on this warning you can consult
[INFO] [stderr] https://github.com/rust-lang/cargo/issues/5330
[INFO] [stderr] warning: path `/workspace/builds/worker-3-tc1/source/src/main.rs` was erroneously implicitly accepted for binary `hello`,
[INFO] [stderr] please set bin.path in Cargo.toml
[INFO] [stderr]  Downloading crates ...
[INFO] [stderr]   Downloaded serde v1.0.19
[INFO] [stderr]   Downloaded atoi v0.2.2
[INFO] [stderr]   Downloaded named_pipe v0.2.4
[INFO] [stderr]   Downloaded mysql_common v0.2.0
[INFO] [stderr]   Downloaded twox-hash v1.1.0
[INFO] [stderr]   Downloaded mysql v12.0.3
[INFO] [stderr]   Downloaded serde_json v1.0.5
[INFO] running `Command { std: "docker" "create" "-v" "/var/lib/crater-agent-workspace/builds/worker-3-tc1/target:/opt/rustwide/target:rw,Z" "-v" "/var/lib/crater-agent-workspace/builds/worker-3-tc1/source:/opt/rustwide/workdir:ro,Z" "-v" "/var/lib/crater-agent-workspace/cargo-home:/opt/rustwide/cargo-home:ro,Z" "-v" "/var/lib/crater-agent-workspace/rustup-home:/opt/rustwide/rustup-home:ro,Z" "-e" "SOURCE_DIR=/opt/rustwide/workdir" "-e" "CARGO_TARGET_DIR=/opt/rustwide/target" "-e" "CARGO_HOME=/opt/rustwide/cargo-home" "-e" "RUSTUP_HOME=/opt/rustwide/rustup-home" "-w" "/opt/rustwide/workdir" "-m" "1610612736" "--user" "0:0" "--network" "none" "ghcr.io/rust-lang/crates-build-env/linux@sha256:5ff2268d62e97bff2cde7d5815dd6ed5b47097566f13b8d0ca110b04b60e07ed" "/opt/rustwide/cargo-home/bin/cargo" "+1.69.0" "metadata" "--no-deps" "--format-version=1", kill_on_drop: false }`
[INFO] [stdout] d42bec33a5835eb0235772b18387a74c08e0e815be0ab1e7d88dd0fc9c01c385
[INFO] running `Command { std: "docker" "start" "-a" "d42bec33a5835eb0235772b18387a74c08e0e815be0ab1e7d88dd0fc9c01c385", kill_on_drop: false }`
[INFO] running `Command { std: "docker" "inspect" "d42bec33a5835eb0235772b18387a74c08e0e815be0ab1e7d88dd0fc9c01c385", kill_on_drop: false }`
[INFO] running `Command { std: "docker" "rm" "-f" "d42bec33a5835eb0235772b18387a74c08e0e815be0ab1e7d88dd0fc9c01c385", kill_on_drop: false }`
[INFO] [stdout] d42bec33a5835eb0235772b18387a74c08e0e815be0ab1e7d88dd0fc9c01c385
[INFO] running `Command { std: "docker" "create" "-v" "/var/lib/crater-agent-workspace/builds/worker-3-tc1/target:/opt/rustwide/target:rw,Z" "-v" "/var/lib/crater-agent-workspace/builds/worker-3-tc1/source:/opt/rustwide/workdir:ro,Z" "-v" "/var/lib/crater-agent-workspace/cargo-home:/opt/rustwide/cargo-home:ro,Z" "-v" "/var/lib/crater-agent-workspace/rustup-home:/opt/rustwide/rustup-home:ro,Z" "-e" "SOURCE_DIR=/opt/rustwide/workdir" "-e" "CARGO_TARGET_DIR=/opt/rustwide/target" "-e" "CARGO_INCREMENTAL=0" "-e" "RUST_BACKTRACE=full" "-e" "RUSTFLAGS=--cap-lints=warn" "-e" "RUSTDOCFLAGS=--cap-lints=warn" "-e" "CARGO_HOME=/opt/rustwide/cargo-home" "-e" "RUSTUP_HOME=/opt/rustwide/rustup-home" "-w" "/opt/rustwide/workdir" "-m" "1610612736" "--user" "0:0" "--network" "none" "ghcr.io/rust-lang/crates-build-env/linux@sha256:5ff2268d62e97bff2cde7d5815dd6ed5b47097566f13b8d0ca110b04b60e07ed" "/opt/rustwide/cargo-home/bin/cargo" "+1.69.0" "doc" "--frozen" "--no-deps" "--document-private-items" "--message-format=json", kill_on_drop: false }`
[INFO] [stdout] 94512a41f3e6f79d0cef36b3133b70a015602b0abd026600f3c763b308336d8a
[INFO] running `Command { std: "docker" "start" "-a" "94512a41f3e6f79d0cef36b3133b70a015602b0abd026600f3c763b308336d8a", kill_on_drop: false }`
[INFO] [stderr] warning: An explicit [[bin]] section is specified in Cargo.toml which currently
[INFO] [stderr] disables Cargo from automatically inferring other binary targets.
[INFO] [stderr] This inference behavior will change in the Rust 2018 edition and the following
[INFO] [stderr] files will be included as a binary target:
[INFO] [stderr] 
[INFO] [stderr] * /opt/rustwide/workdir/src/main.rs
[INFO] [stderr] 
[INFO] [stderr] This is likely to break cargo build or cargo test as these files may not be
[INFO] [stderr] ready to be compiled as a binary target today. You can future-proof yourself
[INFO] [stderr] and disable this warning by adding `autobins = false` to your [package]
[INFO] [stderr] section. You may also move the files to a location where Cargo would not
[INFO] [stderr] automatically infer them to be a target, such as in subfolders.
[INFO] [stderr] 
[INFO] [stderr] For more information on this warning you can consult
[INFO] [stderr] https://github.com/rust-lang/cargo/issues/5330
[INFO] [stderr] warning: path `/opt/rustwide/workdir/src/main.rs` was erroneously implicitly accepted for binary `hello`,
[INFO] [stderr] please set bin.path in Cargo.toml
[INFO] [stderr]     Checking libc v0.2.33
[INFO] [stderr]     Checking num-traits v0.1.40
[INFO] [stderr]     Checking matches v0.1.6
[INFO] [stderr]     Checking traitobject v0.1.0
[INFO] [stderr]     Checking byteorder v1.1.0
[INFO] [stderr]     Checking lazy_static v0.2.9
[INFO] [stderr]    Compiling version_check v0.1.3
[INFO] [stderr]     Checking unicode-normalization v0.1.5
[INFO] [stderr]     Checking void v1.0.2
[INFO] [stderr]     Checking percent-encoding v1.0.0
[INFO] [stderr]     Checking safemem v0.2.0
[INFO] [stderr]     Checking log v0.3.8
[INFO] [stderr]     Checking typeable v0.1.2
[INFO] [stderr]     Checking language-tags v0.2.2
[INFO] [stderr]     Checking regex-syntax v0.4.1
[INFO] [stderr]     Checking httparse v1.2.3
[INFO] [stderr]     Checking unicode-bidi v0.3.4
[INFO] [stderr]     Checking utf8-ranges v1.0.0
[INFO] [stderr]     Checking bitflags v0.9.1
[INFO] [stderr]     Checking unsafe-any v0.4.2
[INFO] [stderr]     Checking serde v1.0.19
[INFO] [stderr]     Checking dtoa v0.4.2
[INFO] [stderr]     Checking unreachable v1.0.0
[INFO] [stderr]     Checking base64 v0.6.0
[INFO] [stderr]     Checking mime v0.2.6
[INFO] [stderr]     Checking cfg-if v0.1.2
[INFO] [stderr]     Checking itoa v0.3.4
[INFO] [stderr]     Checking thread_local v0.3.4
[INFO] [stderr]     Checking typemap v0.3.3
[INFO] [stderr]     Checking rustc-serialize v0.3.24
[INFO] [stderr]     Checking error v0.1.9
[INFO] [stderr]     Checking idna v0.1.4
[INFO] [stderr]     Checking bit-vec v0.4.4
[INFO] [stderr]     Checking uuid v0.5.1
[INFO] [stderr]     Checking modifier v0.1.0
[INFO] [stderr]     Checking smallvec v0.4.4
[INFO] [stderr]     Checking time v0.1.38
[INFO] [stderr]     Checking memchr v1.0.2
[INFO] [stderr]     Checking num_cpus v1.7.0
[INFO] [stderr]     Checking rand v0.3.18
[INFO] [stderr]     Checking nix v0.9.0
[INFO] [stderr]    Compiling unicase v1.4.2
[INFO] [stderr]     Checking net2 v0.2.31
[INFO] [stderr]     Checking plugin v0.2.6
[INFO] [stderr]     Checking fnv v1.0.5
[INFO] [stderr]     Checking num-integer v0.1.35
[INFO] [stderr]     Checking atoi v0.2.2
[INFO] [stderr]     Checking bufstream v0.1.3
[INFO] [stderr]     Checking aho-corasick v0.6.3
[INFO] [stderr]     Checking route-recognizer v0.1.12
[INFO] [stderr]     Checking num-iter v0.1.34
[INFO] [stderr]     Checking num v0.1.40
[INFO] [stderr]     Checking regex v0.2.2
[INFO] [stderr]     Checking chrono v0.4.0
[INFO] [stderr]     Checking url v1.6.0
[INFO] [stderr]     Checking twox-hash v1.1.0
[INFO] [stdout] error[E0214]: parenthesized type parameters may only be used with a `Fn` trait
[INFO] [stdout]   --> /opt/rustwide/cargo-home/registry/src/github.com-1ecc6299db9ec823/twox-hash-1.1.0/src/number_streams.rs:67:23
[INFO] [stdout]    |
[INFO] [stdout] 67 |     fn count(self) -> usize() {
[INFO] [stdout]    |                       ^^^^^^^ only `Fn` traits may use parentheses
[INFO] [stdout] ...
[INFO] [stdout] 74 | number_stream!(U32FromBytes, u32, U32_BYTES);
[INFO] [stdout]    | -------------------------------------------- in this macro invocation
[INFO] [stdout]    |
[INFO] [stdout]    = note: this error originates in the macro `number_stream` (in Nightly builds, run with -Z macro-backtrace for more info)
[INFO] [stdout] 
[INFO] [stdout] 
[INFO] [stdout] error[E0214]: parenthesized type parameters may only be used with a `Fn` trait
[INFO] [stdout]   --> /opt/rustwide/cargo-home/registry/src/github.com-1ecc6299db9ec823/twox-hash-1.1.0/src/number_streams.rs:67:23
[INFO] [stdout]    |
[INFO] [stdout] 67 |     fn count(self) -> usize() {
[INFO] [stdout]    |                       ^^^^^^^ only `Fn` traits may use parentheses
[INFO] [stdout] ...
[INFO] [stdout] 75 | number_stream!(U64FromBytes, u64, U64_BYTES);
[INFO] [stdout]    | -------------------------------------------- in this macro invocation
[INFO] [stdout]    |
[INFO] [stdout]    = note: this error originates in the macro `number_stream` (in Nightly builds, run with -Z macro-backtrace for more info)
[INFO] [stdout] 
[INFO] [stdout] 
[INFO] [stdout] error: aborting due to 2 previous errors
[INFO] [stdout] 
[INFO] [stdout] 
[INFO] [stdout] For more information about this error, try `rustc --explain E0214`.
[INFO] [stdout] 
[INFO] [stderr] error: could not compile `twox-hash` due to 3 previous errors
[INFO] [stderr] warning: build failed, waiting for other jobs to finish...
[INFO] [stdout] error[E0713]: borrow may still be in use when destructor runs
[INFO] [stdout]    --> /opt/rustwide/cargo-home/registry/src/github.com-1ecc6299db9ec823/url-1.6.0/src/form_urlencoded.rs:261:40
[INFO] [stdout]     |
[INFO] [stdout] 259 | impl<'a> Target for ::UrlQuery<'a> {
[INFO] [stdout]     |      -- lifetime `'a` defined here
[INFO] [stdout] 260 |     fn as_mut_string(&mut self) -> &mut String { &mut self.url.serialization }
[INFO] [stdout] 261 |     fn finish(self) -> &'a mut ::Url { self.url }
[INFO] [stdout]     |                                        ^^^^^^^^ - here, drop of `self` needs exclusive access to `*self.url`, because the type `UrlQuery<'_>` implements the `Drop` trait
[INFO] [stdout]     |                                        |
[INFO] [stdout]     |                                        returning this value requires that `*self.url` is borrowed for `'a`
[INFO] [stdout] 
[INFO] [stdout] 
[INFO] [stdout] error: aborting due to previous error
[INFO] [stdout] 
[INFO] [stdout] 
[INFO] [stdout] For more information about this error, try `rustc --explain E0713`.
[INFO] [stdout] 
[INFO] [stderr] error: could not compile `url` due to 2 previous errors
[INFO] running `Command { std: "docker" "inspect" "94512a41f3e6f79d0cef36b3133b70a015602b0abd026600f3c763b308336d8a", kill_on_drop: false }`
[INFO] running `Command { std: "docker" "rm" "-f" "94512a41f3e6f79d0cef36b3133b70a015602b0abd026600f3c763b308336d8a", kill_on_drop: false }`
[INFO] [stdout] 94512a41f3e6f79d0cef36b3133b70a015602b0abd026600f3c763b308336d8a
