[INFO] cloning repository https://github.com/mattmac4241/po-tweet
[INFO] running `Command { std: "git" "-c" "credential.helper=" "-c" "credential.helper=/workspace/cargo-home/bin/git-credential-null" "clone" "--bare" "https://github.com/mattmac4241/po-tweet" "/workspace/cache/git-repos/https%3A%2F%2Fgithub.com%2Fmattmac4241%2Fpo-tweet", kill_on_drop: false }`
[INFO] [stderr] Cloning into bare repository '/workspace/cache/git-repos/https%3A%2F%2Fgithub.com%2Fmattmac4241%2Fpo-tweet'...
[INFO] running `Command { std: "git" "rev-parse" "HEAD", kill_on_drop: false }`
[INFO] [stdout] 217cd5c078fc4a761c64183b5380513aa4e6d69e
[INFO] documenting mattmac4241/po-tweet against beta-2023-04-20 for beta-1.70-rustdoc-1
[INFO] running `Command { std: "git" "clone" "/workspace/cache/git-repos/https%3A%2F%2Fgithub.com%2Fmattmac4241%2Fpo-tweet" "/workspace/builds/worker-3-tc2/source", kill_on_drop: false }`
[INFO] [stderr] Cloning into '/workspace/builds/worker-3-tc2/source'...
[INFO] [stderr] done.
[INFO] validating manifest of git repo https://github.com/mattmac4241/po-tweet on toolchain beta-2023-04-20
[INFO] running `Command { std: CARGO_HOME="/workspace/cargo-home" RUSTUP_HOME="/workspace/rustup-home" "/workspace/cargo-home/bin/cargo" "+beta-2023-04-20" "metadata" "--manifest-path" "Cargo.toml" "--no-deps", kill_on_drop: false }`
[INFO] started tweaking git repo https://github.com/mattmac4241/po-tweet
[INFO] finished tweaking git repo https://github.com/mattmac4241/po-tweet
[INFO] tweaked toml for git repo https://github.com/mattmac4241/po-tweet written to /workspace/builds/worker-3-tc2/source/Cargo.toml
[INFO] crate git repo https://github.com/mattmac4241/po-tweet already has a lockfile, it will not be regenerated
[INFO] running `Command { std: CARGO_HOME="/workspace/cargo-home" RUSTUP_HOME="/workspace/rustup-home" "/workspace/cargo-home/bin/cargo" "+beta-2023-04-20" "fetch" "--manifest-path" "Cargo.toml", kill_on_drop: false }`
[INFO] [stderr] warning: dependency (rocket_contrib) specified without providing a local path, Git repository, or version to use. This will be considered an error in future versions
[INFO] [stderr]     Updating crates.io index
[INFO] [stderr]  Downloading crates ...
[INFO] [stderr]   Downloaded syn v0.10.6
[INFO] [stderr]   Downloaded jsonwebtoken v1.1.5
[INFO] [stderr]   Downloaded diesel_codegen v0.9.0
[INFO] [stderr]   Downloaded serde_derive v0.8.22
[INFO] [stderr]   Downloaded serde_codegen v0.8.22
[INFO] [stderr]   Downloaded rocket_contrib v0.1.5
[INFO] [stderr]   Downloaded diesel_codegen_shared v0.9.0
[INFO] [stderr]   Downloaded pq-sys v0.2.7
[INFO] [stderr]   Downloaded serde v0.8.22
[INFO] [stderr]   Downloaded url v1.3.0
[INFO] [stderr]   Downloaded diesel v0.9.1
[INFO] [stderr]   Downloaded ring v0.3.1
[INFO] running `Command { std: "docker" "create" "-v" "/var/lib/crater-agent-workspace/builds/worker-3-tc2/target:/opt/rustwide/target:rw,Z" "-v" "/var/lib/crater-agent-workspace/builds/worker-3-tc2/source:/opt/rustwide/workdir:ro,Z" "-v" "/var/lib/crater-agent-workspace/cargo-home:/opt/rustwide/cargo-home:ro,Z" "-v" "/var/lib/crater-agent-workspace/rustup-home:/opt/rustwide/rustup-home:ro,Z" "-e" "SOURCE_DIR=/opt/rustwide/workdir" "-e" "CARGO_TARGET_DIR=/opt/rustwide/target" "-e" "CARGO_HOME=/opt/rustwide/cargo-home" "-e" "RUSTUP_HOME=/opt/rustwide/rustup-home" "-w" "/opt/rustwide/workdir" "-m" "1610612736" "--user" "0:0" "--network" "none" "ghcr.io/rust-lang/crates-build-env/linux@sha256:5ff2268d62e97bff2cde7d5815dd6ed5b47097566f13b8d0ca110b04b60e07ed" "/opt/rustwide/cargo-home/bin/cargo" "+beta-2023-04-20" "metadata" "--no-deps" "--format-version=1", kill_on_drop: false }`
[INFO] [stdout] 8e362898ed784362516a22158c989bbcf75f15393171b027f8694caafb944973
[INFO] running `Command { std: "docker" "start" "-a" "8e362898ed784362516a22158c989bbcf75f15393171b027f8694caafb944973", kill_on_drop: false }`
[INFO] running `Command { std: "docker" "inspect" "8e362898ed784362516a22158c989bbcf75f15393171b027f8694caafb944973", kill_on_drop: false }`
[INFO] running `Command { std: "docker" "rm" "-f" "8e362898ed784362516a22158c989bbcf75f15393171b027f8694caafb944973", kill_on_drop: false }`
[INFO] [stdout] 8e362898ed784362516a22158c989bbcf75f15393171b027f8694caafb944973
[INFO] running `Command { std: "docker" "create" "-v" "/var/lib/crater-agent-workspace/builds/worker-3-tc2/target:/opt/rustwide/target:rw,Z" "-v" "/var/lib/crater-agent-workspace/builds/worker-3-tc2/source:/opt/rustwide/workdir:ro,Z" "-v" "/var/lib/crater-agent-workspace/cargo-home:/opt/rustwide/cargo-home:ro,Z" "-v" "/var/lib/crater-agent-workspace/rustup-home:/opt/rustwide/rustup-home:ro,Z" "-e" "SOURCE_DIR=/opt/rustwide/workdir" "-e" "CARGO_TARGET_DIR=/opt/rustwide/target" "-e" "CARGO_INCREMENTAL=0" "-e" "RUST_BACKTRACE=full" "-e" "RUSTFLAGS=--cap-lints=warn" "-e" "RUSTDOCFLAGS=--cap-lints=warn" "-e" "CARGO_HOME=/opt/rustwide/cargo-home" "-e" "RUSTUP_HOME=/opt/rustwide/rustup-home" "-w" "/opt/rustwide/workdir" "-m" "1610612736" "--user" "0:0" "--network" "none" "ghcr.io/rust-lang/crates-build-env/linux@sha256:5ff2268d62e97bff2cde7d5815dd6ed5b47097566f13b8d0ca110b04b60e07ed" "/opt/rustwide/cargo-home/bin/cargo" "+beta-2023-04-20" "doc" "--frozen" "--no-deps" "--document-private-items" "--message-format=json", kill_on_drop: false }`
[INFO] [stdout] e92c9bb18014e1fab9f109a00016870012234a798f1bf8baf4f14f2d96c03578
[INFO] running `Command { std: "docker" "start" "-a" "e92c9bb18014e1fab9f109a00016870012234a798f1bf8baf4f14f2d96c03578", kill_on_drop: false }`
[INFO] [stderr] warning: dependency (rocket_contrib) specified without providing a local path, Git repository, or version to use. This will be considered an error in future versions
[INFO] [stderr]    Compiling winapi-build v0.1.1
[INFO] [stderr]     Checking libc v0.2.20
[INFO] [stderr]    Compiling winapi v0.2.8
[INFO] [stderr]    Compiling semver v0.1.20
[INFO] [stderr]    Compiling matches v0.1.4
[INFO] [stderr]     Checking rustc-serialize v0.3.22
[INFO] [stderr]     Checking num-traits v0.1.36
[INFO] [stderr]    Compiling pq-sys v0.2.7
[INFO] [stderr]    Compiling log v0.3.6
[INFO] [stderr]    Compiling unicode-normalization v0.1.3
[INFO] [stderr]    Compiling quote v0.3.10
[INFO] [stderr]    Compiling unicode-bidi v0.2.4
[INFO] [stderr]    Compiling unicode-xid v0.0.3
[INFO] [stderr]     Checking hpack v0.2.0
[INFO] [stderr]    Compiling kernel32-sys v0.2.2
[INFO] [stderr]    Compiling rustc_version v0.1.7
[INFO] [stderr]    Compiling time v0.1.36
[INFO] [stderr]    Compiling memchr v0.1.11
[INFO] [stderr]    Compiling syn v0.10.6
[INFO] [stderr]    Compiling utf8-ranges v0.1.3
[INFO] [stderr]     Checking num-integer v0.1.32
[INFO] [stderr]    Compiling regex-syntax v0.3.9
[INFO] [stderr]    Compiling unicase v1.4.0
[INFO] [stderr]    Compiling thread-id v2.0.0
[INFO] [stderr]    Compiling aho-corasick v0.5.3
[INFO] [stderr]    Compiling serde v0.8.22
[INFO] [stderr]    Compiling gcc v0.3.41
[INFO] [stderr]    Compiling thread_local v0.2.7
[INFO] [stderr]     Checking term v0.4.4
[INFO] [stderr]    Compiling idna v0.1.0
[INFO] [stderr]    Compiling num-iter v0.1.32
[INFO] [stderr]    Compiling num v0.1.36
[INFO] [stderr]    Compiling solicit v0.4.4
[INFO] [stderr]     Checking num_cpus v1.2.1
[INFO] [stderr]    Compiling mime v0.2.2
[INFO] [stderr]     Checking httparse v1.2.1
[INFO] [stderr]    Compiling byteorder v0.3.13
[INFO] [stderr]     Checking url v1.3.0
[INFO] [stderr]    Compiling rust-crypto v0.2.36
[INFO] [stderr]    Compiling regex v0.1.80
[INFO] [stderr]     Checking typeable v0.1.2
[INFO] [stderr]    Compiling ring v0.3.1
[INFO] [stderr]    Compiling language-tags v0.2.2
[INFO] [stdout] error[E0277]: `&&Vec<String>` is not an iterator
[INFO] [stdout]    --> /opt/rustwide/cargo-home/registry/src/index.crates.io-6f17d22bba15001f/ring-0.3.1/build.rs:206:19
[INFO] [stdout]     |
[INFO] [stdout] 206 |             .args(&args)
[INFO] [stdout]     |              ---- ^^^^^ `&&Vec<String>` is not an iterator
[INFO] [stdout]     |              |
[INFO] [stdout]     |              required by a bound introduced by this call
[INFO] [stdout]     |
[INFO] [stdout]     = help: the trait `Iterator` is not implemented for `&&Vec<String>`
[INFO] [stdout]     = note: required for `&&Vec<String>` to implement `IntoIterator`
[INFO] [stdout] note: required by a bound in `Command::args`
[INFO] [stdout]    --> /rustc/1b7dd2252b99671ce5d1cb9664c5f8636329436d/library/std/src/process.rs:644:5
[INFO] [stdout] help: consider dereferencing here
[INFO] [stdout]     |
[INFO] [stdout] 206 |             .args(&*args)
[INFO] [stdout]     |                    +
[INFO] [stdout] 
[INFO] [stdout] 
[INFO] [stdout] error: aborting due to previous error
[INFO] [stdout] 
[INFO] [stdout] 
[INFO] [stdout] For more information about this error, try `rustc --explain E0277`.
[INFO] [stdout] 
[INFO] [stderr]     Checking lazy_static v0.2.2
[INFO] [stderr] error: could not compile `ring` (build script) due to 2 previous errors
[INFO] [stderr] warning: build failed, waiting for other jobs to finish...
[INFO] [stdout] error[E0713]: borrow may still be in use when destructor runs
[INFO] [stdout]    --> /opt/rustwide/cargo-home/registry/src/index.crates.io-6f17d22bba15001f/url-1.3.0/src/form_urlencoded.rs:246:40
[INFO] [stdout]     |
[INFO] [stdout] 244 | impl<'a> Target for ::UrlQuery<'a> {
[INFO] [stdout]     |      -- lifetime `'a` defined here
[INFO] [stdout] 245 |     fn as_mut_string(&mut self) -> &mut String { &mut self.url.serialization }
[INFO] [stdout] 246 |     fn finish(self) -> &'a mut ::Url { self.url }
[INFO] [stdout]     |                                        ^^^^^^^^ - here, drop of `self` needs exclusive access to `*self.url`, because the type `UrlQuery<'_>` implements the `Drop` trait
[INFO] [stdout]     |                                        |
[INFO] [stdout]     |                                        returning this value requires that `*self.url` is borrowed for `'a`
[INFO] [stdout] 
[INFO] [stdout] 
[INFO] [stdout] error: aborting due to previous error
[INFO] [stdout] 
[INFO] [stdout] 
[INFO] [stdout] For more information about this error, try `rustc --explain E0713`.
[INFO] [stdout] 
[INFO] [stderr] error: could not compile `url` (lib) due to 2 previous errors
[INFO] [stdout] error[E0713]: borrow may still be in use when destructor runs
[INFO] [stdout]    --> /opt/rustwide/cargo-home/registry/src/index.crates.io-6f17d22bba15001f/url-1.3.0/src/form_urlencoded.rs:246:40
[INFO] [stdout]     |
[INFO] [stdout] 244 | impl<'a> Target for ::UrlQuery<'a> {
[INFO] [stdout]     |      -- lifetime `'a` defined here
[INFO] [stdout] 245 |     fn as_mut_string(&mut self) -> &mut String { &mut self.url.serialization }
[INFO] [stdout] 246 |     fn finish(self) -> &'a mut ::Url { self.url }
[INFO] [stdout]     |                                        ^^^^^^^^ - here, drop of `self` needs exclusive access to `*self.url`, because the type `UrlQuery<'_>` implements the `Drop` trait
[INFO] [stdout]     |                                        |
[INFO] [stdout]     |                                        returning this value requires that `*self.url` is borrowed for `'a`
[INFO] [stdout] 
[INFO] [stdout] 
[INFO] [stdout] error: aborting due to previous error
[INFO] [stdout] 
[INFO] [stdout] 
[INFO] [stdout] For more information about this error, try `rustc --explain E0713`.
[INFO] [stdout] 
[INFO] [stderr] error: could not compile `url` (lib) due to 2 previous errors
[INFO] running `Command { std: "docker" "inspect" "e92c9bb18014e1fab9f109a00016870012234a798f1bf8baf4f14f2d96c03578", kill_on_drop: false }`
[INFO] running `Command { std: "docker" "rm" "-f" "e92c9bb18014e1fab9f109a00016870012234a798f1bf8baf4f14f2d96c03578", kill_on_drop: false }`
[INFO] [stdout] e92c9bb18014e1fab9f109a00016870012234a798f1bf8baf4f14f2d96c03578
