[INFO] cloning repository https://github.com/matklad/auchat
[INFO] running `Command { std: "git" "-c" "credential.helper=" "-c" "credential.helper=/workspace/cargo-home/bin/git-credential-null" "clone" "--bare" "https://github.com/matklad/auchat" "/workspace/cache/git-repos/https%3A%2F%2Fgithub.com%2Fmatklad%2Fauchat", kill_on_drop: false }`
[INFO] [stderr] Cloning into bare repository '/workspace/cache/git-repos/https%3A%2F%2Fgithub.com%2Fmatklad%2Fauchat'...
[INFO] running `Command { std: "git" "rev-parse" "HEAD", kill_on_drop: false }`
[INFO] [stdout] 389a9eff6425086690e3e4705f631486b5bb0ed4
[INFO] documenting matklad/auchat against 1.69.0 for beta-1.70-rustdoc-1
[INFO] running `Command { std: "git" "clone" "/workspace/cache/git-repos/https%3A%2F%2Fgithub.com%2Fmatklad%2Fauchat" "/workspace/builds/worker-3-tc1/source", kill_on_drop: false }`
[INFO] [stderr] Cloning into '/workspace/builds/worker-3-tc1/source'...
[INFO] [stderr] done.
[INFO] validating manifest of git repo https://github.com/matklad/auchat on toolchain 1.69.0
[INFO] running `Command { std: CARGO_HOME="/workspace/cargo-home" RUSTUP_HOME="/workspace/rustup-home" "/workspace/cargo-home/bin/cargo" "+1.69.0" "metadata" "--manifest-path" "Cargo.toml" "--no-deps", kill_on_drop: false }`
[INFO] started tweaking git repo https://github.com/matklad/auchat
[INFO] finished tweaking git repo https://github.com/matklad/auchat
[INFO] tweaked toml for git repo https://github.com/matklad/auchat written to /workspace/builds/worker-3-tc1/source/Cargo.toml
[INFO] crate git repo https://github.com/matklad/auchat already has a lockfile, it will not be regenerated
[INFO] running `Command { std: CARGO_HOME="/workspace/cargo-home" RUSTUP_HOME="/workspace/rustup-home" "/workspace/cargo-home/bin/cargo" "+1.69.0" "fetch" "--manifest-path" "Cargo.toml", kill_on_drop: false }`
[INFO] [stderr]     Updating git repository `https://github.com/stepancheg/rust-protobuf.git`
[INFO] [stderr]  Downloading crates ...
[INFO] [stderr]   Downloaded crossbeam v0.1.6
[INFO] [stderr]   Downloaded slab v0.1.2
[INFO] [stderr]   Downloaded log v0.3.3
[INFO] [stderr]   Downloaded mio v0.4.4
[INFO] [stderr]   Downloaded memchr v0.1.7
[INFO] [stderr]   Downloaded env_logger v0.3.2
[INFO] [stderr]   Downloaded bytes v0.2.11
[INFO] [stderr]   Downloaded aho-corasick v0.3.4
[INFO] [stderr]   Downloaded docopt v0.6.76
[INFO] [stderr]   Downloaded libc v0.2.2
[INFO] [stderr]   Downloaded simple_parallel v0.3.0
[INFO] [stderr]   Downloaded regex-syntax v0.2.2
[INFO] [stderr]   Downloaded winapi v0.1.23
[INFO] running `Command { std: "docker" "create" "-v" "/var/lib/crater-agent-workspace/builds/worker-3-tc1/target:/opt/rustwide/target:rw,Z" "-v" "/var/lib/crater-agent-workspace/builds/worker-3-tc1/source:/opt/rustwide/workdir:ro,Z" "-v" "/var/lib/crater-agent-workspace/cargo-home:/opt/rustwide/cargo-home:ro,Z" "-v" "/var/lib/crater-agent-workspace/rustup-home:/opt/rustwide/rustup-home:ro,Z" "-e" "SOURCE_DIR=/opt/rustwide/workdir" "-e" "CARGO_TARGET_DIR=/opt/rustwide/target" "-e" "CARGO_HOME=/opt/rustwide/cargo-home" "-e" "RUSTUP_HOME=/opt/rustwide/rustup-home" "-w" "/opt/rustwide/workdir" "-m" "1610612736" "--user" "0:0" "--network" "none" "ghcr.io/rust-lang/crates-build-env/linux@sha256:5ff2268d62e97bff2cde7d5815dd6ed5b47097566f13b8d0ca110b04b60e07ed" "/opt/rustwide/cargo-home/bin/cargo" "+1.69.0" "metadata" "--no-deps" "--format-version=1", kill_on_drop: false }`
[INFO] [stdout] d91403861d3fda3547b8fd695ad4649cbb9dccb2f4a00ba5fba5dd41f53c7b47
[INFO] running `Command { std: "docker" "start" "-a" "d91403861d3fda3547b8fd695ad4649cbb9dccb2f4a00ba5fba5dd41f53c7b47", kill_on_drop: false }`
[INFO] running `Command { std: "docker" "inspect" "d91403861d3fda3547b8fd695ad4649cbb9dccb2f4a00ba5fba5dd41f53c7b47", kill_on_drop: false }`
[INFO] running `Command { std: "docker" "rm" "-f" "d91403861d3fda3547b8fd695ad4649cbb9dccb2f4a00ba5fba5dd41f53c7b47", kill_on_drop: false }`
[INFO] [stdout] d91403861d3fda3547b8fd695ad4649cbb9dccb2f4a00ba5fba5dd41f53c7b47
[INFO] running `Command { std: "docker" "create" "-v" "/var/lib/crater-agent-workspace/builds/worker-3-tc1/target:/opt/rustwide/target:rw,Z" "-v" "/var/lib/crater-agent-workspace/builds/worker-3-tc1/source:/opt/rustwide/workdir:ro,Z" "-v" "/var/lib/crater-agent-workspace/cargo-home:/opt/rustwide/cargo-home:ro,Z" "-v" "/var/lib/crater-agent-workspace/rustup-home:/opt/rustwide/rustup-home:ro,Z" "-e" "SOURCE_DIR=/opt/rustwide/workdir" "-e" "CARGO_TARGET_DIR=/opt/rustwide/target" "-e" "CARGO_INCREMENTAL=0" "-e" "RUST_BACKTRACE=full" "-e" "RUSTFLAGS=--cap-lints=warn" "-e" "RUSTDOCFLAGS=--cap-lints=warn" "-e" "CARGO_HOME=/opt/rustwide/cargo-home" "-e" "RUSTUP_HOME=/opt/rustwide/rustup-home" "-w" "/opt/rustwide/workdir" "-m" "1610612736" "--user" "0:0" "--network" "none" "ghcr.io/rust-lang/crates-build-env/linux@sha256:5ff2268d62e97bff2cde7d5815dd6ed5b47097566f13b8d0ca110b04b60e07ed" "/opt/rustwide/cargo-home/bin/cargo" "+1.69.0" "doc" "--frozen" "--no-deps" "--document-private-items" "--message-format=json", kill_on_drop: false }`
[INFO] [stdout] 378bf167e5f3a40dad2b178fa5eb7a2a9a75e814b591d729faa17ac79c2d9928
[INFO] running `Command { std: "docker" "start" "-a" "378bf167e5f3a40dad2b178fa5eb7a2a9a75e814b591d729faa17ac79c2d9928", kill_on_drop: false }`
[INFO] [stderr]     Checking libc v0.2.2
[INFO] [stderr]    Compiling winapi-build v0.1.1
[INFO] [stderr]     Checking libc v0.1.12
[INFO] [stderr]     Checking winapi v0.2.5
[INFO] [stderr]     Checking regex-syntax v0.2.2
[INFO] [stderr]     Checking bitflags v0.1.1
[INFO] [stderr]     Checking strsim v0.3.0
[INFO] [stderr]     Checking bytes v0.2.11
[INFO] [stderr]     Checking crossbeam v0.1.6
[INFO] [stderr]     Checking slab v0.1.2
[INFO] [stderr]     Checking rustc-serialize v0.3.16
[INFO] [stderr]     Checking byteorder v0.4.2
[INFO] [stderr]     Checking protobuf v1.0.4 (https://github.com/stepancheg/rust-protobuf.git#6e6fff16)
[INFO] [stderr]    Compiling kernel32-sys v0.2.1
[INFO] [stdout] error[E0512]: cannot transmute between types of different sizes, or dependently-sized types
[INFO] [stdout]   --> /opt/rustwide/cargo-home/registry/src/github.com-1ecc6299db9ec823/crossbeam-0.1.6/src/sync/seg_queue.rs:34:29
[INFO] [stdout]    |
[INFO] [stdout] 34 |             ready: unsafe { mem::transmute([0usize; SEG_SIZE]) },
[INFO] [stdout]    |                             ^^^^^^^^^^^^^^
[INFO] [stdout]    |
[INFO] [stdout]    = note: source type: `[usize; 32]` (2048 bits)
[INFO] [stdout]    = note: target type: `[AtomicBool; 32]` (256 bits)
[INFO] [stdout] 
[INFO] [stdout] 
[INFO] [stdout] error[E0642]: patterns aren't allowed in functions without bodies
[INFO] [stdout]    --> /opt/rustwide/cargo-home/registry/src/github.com-1ecc6299db9ec823/rustc-serialize-0.3.16/src/serialize.rs:145:45
[INFO] [stdout]     |
[INFO] [stdout] 145 | ...                   &f_name: &str,
[INFO] [stdout]     |                       ^^^^^^^ pattern not allowed in function without body
[INFO] [stdout] 
[INFO] [stdout] 
[INFO] [stdout] error: aborting due to previous error
[INFO] [stdout] 
[INFO] [stdout] 
[INFO] [stdout] For more information about this error, try `rustc --explain E0512`.
[INFO] [stdout] 
[INFO] [stderr] error: could not compile `crossbeam` due to 2 previous errors
[INFO] [stderr] warning: build failed, waiting for other jobs to finish...
[INFO] [stdout] error[E0532]: expected tuple struct or tuple variant, found unit variant `RustType::Bool`
[INFO] [stdout]    --> /opt/rustwide/cargo-home/git/checkouts/rust-protobuf-c5cebfff504ea45b/6e6fff1/src/lib/codegen.rs:164:13
[INFO] [stdout]     |
[INFO] [stdout] 33  |     Bool,
[INFO] [stdout]     |     ---- `RustType::Bool` defined here
[INFO] [stdout] ...
[INFO] [stdout] 164 |             RustType::Bool(..)                       => "false".to_string(),
[INFO] [stdout]     |             ^^^^^^^^^^^^^^^^^^ help: use this syntax instead: `RustType::Bool`
[INFO] [stdout]     |
[INFO] [stdout] note: these tuple variants exist but are inaccessible
[INFO] [stdout]    --> /opt/rustwide/cargo-home/git/checkouts/rust-protobuf-c5cebfff504ea45b/6e6fff1/src/lib/reflect/accessor.rs:114:5
[INFO] [stdout]     |
[INFO] [stdout] 114 |     Bool(fn(&M) -> bool),
[INFO] [stdout]     |     ^^^^^^^^^^^^^^^^^^^^ `reflect::accessor::SingularGet::Bool`: not accessible
[INFO] [stdout] ...
[INFO] [stdout] 128 |     Bool(for<'a> fn(&'a M) -> &'a [bool]),
[INFO] [stdout]     |     ^^^^^^^^^^^^^^^^^^^^^^^^^^^^^^^^^^^^^ `reflect::accessor::RepeatedGet::Bool`: not accessible
[INFO] [stdout] 
[INFO] [stdout] 
[INFO] [stdout] error[E0034]: multiple applicable items in scope
[INFO] [stdout]    --> /opt/rustwide/cargo-home/git/checkouts/rust-protobuf-c5cebfff504ea45b/6e6fff1/src/lib/core.rs:135:28
[INFO] [stdout]     |
[INFO] [stdout] 135 |     TypeId::of::<M>() == m.type_id()
[INFO] [stdout]     |                            ^^^^^^^ multiple `type_id` found
[INFO] [stdout]     |
[INFO] [stdout] note: candidate #1 is defined in the trait `core::Message`
[INFO] [stdout]    --> /opt/rustwide/cargo-home/git/checkouts/rust-protobuf-c5cebfff504ea45b/6e6fff1/src/lib/core.rs:125:5
[INFO] [stdout]     |
[INFO] [stdout] 125 |     fn type_id(&self) -> TypeId;
[INFO] [stdout]     |     ^^^^^^^^^^^^^^^^^^^^^^^^^^^^
[INFO] [stdout] note: candidate #2 is defined in the trait `Any`
[INFO] [stdout]    --> /rustc/84c898d65adf2f39a5a98507f1fe0ce10a2b8dbc/library/core/src/any.rs:196:5
[INFO] [stdout] help: disambiguate the method for candidate #1
[INFO] [stdout]     |
[INFO] [stdout] 135 |     TypeId::of::<M>() == core::Message::type_id(&m)
[INFO] [stdout]     |                          ~~~~~~~~~~~~~~~~~~~~~~~~~~
[INFO] [stdout] help: disambiguate the method for candidate #2
[INFO] [stdout]     |
[INFO] [stdout] 135 |     TypeId::of::<M>() == Any::type_id(&m)
[INFO] [stdout]     |                          ~~~~~~~~~~~~~~~~
[INFO] [stdout] 
[INFO] [stdout] 
[INFO] [stdout] error: aborting due to 2 previous errors
[INFO] [stdout] 
[INFO] [stdout] 
[INFO] [stdout] Some errors have detailed explanations: E0034, E0532.
[INFO] [stdout] 
[INFO] [stdout] For more information about an error, try `rustc --explain E0034`.
[INFO] [stdout] 
[INFO] [stderr] error: could not compile `protobuf` due to 3 previous errors
[INFO] [stdout] error: aborting due to previous error
[INFO] [stdout] 
[INFO] [stdout] 
[INFO] [stdout] For more information about this error, try `rustc --explain E0642`.
[INFO] [stdout] 
[INFO] [stderr] error: could not compile `rustc-serialize` due to 2 previous errors; 1 warning emitted
[INFO] running `Command { std: "docker" "inspect" "378bf167e5f3a40dad2b178fa5eb7a2a9a75e814b591d729faa17ac79c2d9928", kill_on_drop: false }`
[INFO] running `Command { std: "docker" "rm" "-f" "378bf167e5f3a40dad2b178fa5eb7a2a9a75e814b591d729faa17ac79c2d9928", kill_on_drop: false }`
[INFO] [stdout] 378bf167e5f3a40dad2b178fa5eb7a2a9a75e814b591d729faa17ac79c2d9928
