[INFO] cloning repository https://github.com/martiansoup/gamepie
[INFO] running `Command { std: "git" "-c" "credential.helper=" "-c" "credential.helper=/workspace/cargo-home/bin/git-credential-null" "clone" "--bare" "https://github.com/martiansoup/gamepie" "/workspace/cache/git-repos/https%3A%2F%2Fgithub.com%2Fmartiansoup%2Fgamepie", kill_on_drop: false }`
[INFO] [stderr] Cloning into bare repository '/workspace/cache/git-repos/https%3A%2F%2Fgithub.com%2Fmartiansoup%2Fgamepie'...
[INFO] running `Command { std: "git" "rev-parse" "HEAD", kill_on_drop: false }`
[INFO] [stdout] 904c27ded16d723ddef3b46e38fa0f52a3a61f08
[INFO] documenting martiansoup/gamepie against 1.69.0 for beta-1.70-rustdoc-1
[INFO] running `Command { std: "git" "clone" "/workspace/cache/git-repos/https%3A%2F%2Fgithub.com%2Fmartiansoup%2Fgamepie" "/workspace/builds/worker-6-tc1/source", kill_on_drop: false }`
[INFO] [stderr] Cloning into '/workspace/builds/worker-6-tc1/source'...
[INFO] [stderr] done.
[INFO] validating manifest of git repo https://github.com/martiansoup/gamepie on toolchain 1.69.0
[INFO] running `Command { std: CARGO_HOME="/workspace/cargo-home" RUSTUP_HOME="/workspace/rustup-home" "/workspace/cargo-home/bin/cargo" "+1.69.0" "metadata" "--manifest-path" "Cargo.toml" "--no-deps", kill_on_drop: false }`
[INFO] started tweaking git repo https://github.com/martiansoup/gamepie
[INFO] finished tweaking git repo https://github.com/martiansoup/gamepie
[INFO] tweaked toml for git repo https://github.com/martiansoup/gamepie written to /workspace/builds/worker-6-tc1/source/Cargo.toml
[INFO] crate git repo https://github.com/martiansoup/gamepie already has a lockfile, it will not be regenerated
[INFO] running `Command { std: CARGO_HOME="/workspace/cargo-home" RUSTUP_HOME="/workspace/rustup-home" "/workspace/cargo-home/bin/cargo" "+1.69.0" "fetch" "--manifest-path" "Cargo.toml", kill_on_drop: false }`
[INFO] [stderr]  Downloading crates ...
[INFO] [stderr]   Downloaded embedded-graphics-core v0.3.3
[INFO] [stderr]   Downloaded profont v0.5.0
[INFO] [stderr]   Downloaded tinybmp v0.3.1
[INFO] running `Command { std: "docker" "create" "-v" "/var/lib/crater-agent-workspace/builds/worker-6-tc1/target:/opt/rustwide/target:rw,Z" "-v" "/var/lib/crater-agent-workspace/builds/worker-6-tc1/source:/opt/rustwide/workdir:ro,Z" "-v" "/var/lib/crater-agent-workspace/cargo-home:/opt/rustwide/cargo-home:ro,Z" "-v" "/var/lib/crater-agent-workspace/rustup-home:/opt/rustwide/rustup-home:ro,Z" "-e" "SOURCE_DIR=/opt/rustwide/workdir" "-e" "CARGO_TARGET_DIR=/opt/rustwide/target" "-e" "CARGO_HOME=/opt/rustwide/cargo-home" "-e" "RUSTUP_HOME=/opt/rustwide/rustup-home" "-w" "/opt/rustwide/workdir" "-m" "1610612736" "--user" "0:0" "--network" "none" "ghcr.io/rust-lang/crates-build-env/linux@sha256:97d61d7686bf65f8ecb15491ab51835e82dc9176a96a831f143a431b191fc501" "/opt/rustwide/cargo-home/bin/cargo" "+1.69.0" "metadata" "--no-deps" "--format-version=1", kill_on_drop: false }`
[INFO] [stdout] 2116560483c29b683db902c44897615707a62189e30d955b50a77ceac50b4095
[INFO] running `Command { std: "docker" "start" "-a" "2116560483c29b683db902c44897615707a62189e30d955b50a77ceac50b4095", kill_on_drop: false }`
[INFO] running `Command { std: "docker" "inspect" "2116560483c29b683db902c44897615707a62189e30d955b50a77ceac50b4095", kill_on_drop: false }`
[INFO] running `Command { std: "docker" "rm" "-f" "2116560483c29b683db902c44897615707a62189e30d955b50a77ceac50b4095", kill_on_drop: false }`
[INFO] [stdout] 2116560483c29b683db902c44897615707a62189e30d955b50a77ceac50b4095
[INFO] running `Command { std: "docker" "create" "-v" "/var/lib/crater-agent-workspace/builds/worker-6-tc1/target:/opt/rustwide/target:rw,Z" "-v" "/var/lib/crater-agent-workspace/builds/worker-6-tc1/source:/opt/rustwide/workdir:ro,Z" "-v" "/var/lib/crater-agent-workspace/cargo-home:/opt/rustwide/cargo-home:ro,Z" "-v" "/var/lib/crater-agent-workspace/rustup-home:/opt/rustwide/rustup-home:ro,Z" "-e" "SOURCE_DIR=/opt/rustwide/workdir" "-e" "CARGO_TARGET_DIR=/opt/rustwide/target" "-e" "CARGO_INCREMENTAL=0" "-e" "RUST_BACKTRACE=full" "-e" "RUSTFLAGS=--cap-lints=warn" "-e" "RUSTDOCFLAGS=--cap-lints=warn" "-e" "CARGO_HOME=/opt/rustwide/cargo-home" "-e" "RUSTUP_HOME=/opt/rustwide/rustup-home" "-w" "/opt/rustwide/workdir" "-m" "1610612736" "--user" "0:0" "--network" "none" "ghcr.io/rust-lang/crates-build-env/linux@sha256:97d61d7686bf65f8ecb15491ab51835e82dc9176a96a831f143a431b191fc501" "/opt/rustwide/cargo-home/bin/cargo" "+1.69.0" "doc" "--frozen" "--no-deps" "--document-private-items" "--message-format=json", kill_on_drop: false }`
[INFO] [stdout] 9b73fdad521a8da561fc9c6583aebeb74577e72a14c601142ca8ffbeb9a2116f
[INFO] running `Command { std: "docker" "start" "-a" "9b73fdad521a8da561fc9c6583aebeb74577e72a14c601142ca8ffbeb9a2116f", kill_on_drop: false }`
[INFO] [stderr]    Compiling autocfg v1.1.0
[INFO] [stderr]    Compiling libc v0.2.121
[INFO] [stderr]    Compiling memchr v2.4.1
[INFO] [stderr]    Compiling proc-macro2 v1.0.36
[INFO] [stderr]    Compiling cfg-if v1.0.0
[INFO] [stderr]    Compiling unicode-xid v0.2.2
[INFO] [stderr]    Compiling log v0.4.16
[INFO] [stderr]    Compiling glob v0.3.0
[INFO] [stderr]    Compiling cc v1.0.73
[INFO] [stderr]    Compiling minimal-lexical v0.2.1
[INFO] [stderr]    Compiling unicode-width v0.1.9
[INFO] [stderr]    Compiling regex-syntax v0.6.25
[INFO] [stderr]    Compiling num-traits v0.2.14
[INFO] [stderr]    Compiling textwrap v0.11.0
[INFO] [stderr]    Compiling clang-sys v1.3.1
[INFO] [stderr]    Compiling aho-corasick v0.7.15
[INFO] [stderr]    Compiling quote v1.0.17
[INFO] [stderr]    Compiling nom v7.1.1
[INFO] [stderr]    Compiling libloading v0.7.3
[INFO] [stderr]    Compiling humantime v2.1.0
[INFO] [stderr]    Compiling vec_map v0.8.2
[INFO] [stderr]    Compiling termcolor v1.1.3
[INFO] [stderr]    Compiling bindgen v0.59.2
[INFO] [stderr]    Compiling either v1.6.1
[INFO] [stderr]    Compiling atty v0.2.14
[INFO] [stderr]    Compiling strsim v0.8.0
[INFO] [stderr]    Compiling ansi_term v0.12.1
[INFO] [stderr]    Compiling bitflags v1.3.2
[INFO] [stderr]    Compiling which v4.2.5
[INFO] [stderr]    Compiling lazy_static v1.4.0
[INFO] [stderr]    Compiling clap v2.34.0
[INFO] [stderr]    Compiling rustc-hash v1.1.0
[INFO] [stderr]    Compiling peeking_take_while v0.1.2
[INFO] [stderr]    Compiling shlex v1.1.0
[INFO] [stderr]    Compiling lazycell v1.3.0
[INFO] [stderr]    Compiling regex v1.4.6
[INFO] [stderr]    Compiling az v1.2.0
[INFO] [stderr]    Compiling syn v1.0.90
[INFO] [stderr]    Compiling cexpr v0.6.0
[INFO] [stderr]    Compiling env_logger v0.9.0
[INFO] [stderr]     Checking byteorder v1.4.3
[INFO] [stderr]    Compiling version_check v0.9.4
[INFO] [stderr]     Checking embedded-graphics-core v0.3.3
[INFO] [stderr]     Checking float-cmp v0.8.0
[INFO] [stderr]     Checking micromath v1.1.1
[INFO] [stderr]    Compiling num-integer v0.1.44
[INFO] [stderr]    Compiling num-bigint v0.4.3
[INFO] [stderr]    Compiling num-iter v0.1.42
[INFO] [stderr]     Checking embedded-graphics v0.7.1
[INFO] [stderr]    Compiling num-rational v0.4.0
[INFO] [stderr]    Compiling cmake v0.1.48
[INFO] [stderr]    Compiling pkg-config v0.3.25
[INFO] [stderr]    Compiling nom v6.1.2
[INFO] [stderr]     Checking num-complex v0.4.0
[INFO] [stderr]    Compiling serde v1.0.136
[INFO] [stderr]    Compiling evdev-sys v0.2.4
[INFO] [stderr]    Compiling version-compare v0.1.0
[INFO] [stderr]     Checking num v0.4.0
[INFO] [stderr]    Compiling sdl2-sys v0.35.2
[INFO] [stderr]     Checking profont v0.5.0
[INFO] [stderr]     Checking evdev-rs v0.5.0
[INFO] [stderr]    Compiling memoffset v0.6.5
[INFO] [stderr]    Compiling sdl2 v0.35.2
[INFO] [stderr]     Checking colored v2.0.0
[INFO] [stderr]    Compiling proc-macro-error-attr v1.0.4
[INFO] [stderr]    Compiling proc-macro-error v1.0.4
[INFO] [stderr]     Checking nix v0.23.1
[INFO] [stderr]    Compiling indexmap v1.8.1
[INFO] [stderr]    Compiling num-derive v0.3.3
[INFO] [stderr]     Checking tinybmp v0.3.1
[INFO] [stderr]     Checking rppal v0.13.1
[INFO] [stderr]    Compiling time-macros v0.2.4
[INFO] [stderr]     Checking itoa v1.0.1
[INFO] [stderr]     Checking num_threads v0.1.5
[INFO] [stderr]    Compiling heck v0.4.0
[INFO] [stderr]     Checking hashbrown v0.11.2
[INFO] [stderr]    Compiling clap_derive v3.1.7
[INFO] [stderr]     Checking os_str_bytes v6.0.0
[INFO] [stderr]     Checking textwrap v0.15.0
[INFO] [stderr]     Checking strsim v0.10.0
[INFO] [stderr]     Checking toml v0.5.8
[INFO] [stderr]     Checking time v0.3.9
[INFO] [stderr]    Compiling gamepie-core v0.1.0 (/opt/rustwide/workdir/gamepie-core)
[INFO] [stderr]    Compiling gamepie-screenbind v0.1.0 (/opt/rustwide/workdir/gamepie-screenbind)
[INFO] [stderr]    Compiling gamepie-libretrobind v0.1.0 (/opt/rustwide/workdir/gamepie-libretrobind)
[INFO] [stderr]     Checking ctrlc v3.2.1
[INFO] [stderr]     Checking simple_logger v2.1.0
[INFO] [stderr]     Checking clap v3.1.8
[INFO] [stderr] error: failed to run custom build command for `gamepie-screenbind v0.1.0 (/opt/rustwide/workdir/gamepie-screenbind)`
[INFO] [stderr] note: To improve backtraces for build dependencies, set the CARGO_PROFILE_DEV_BUILD_OVERRIDE_DEBUG=true environment variable to enable debug information generation.
[INFO] [stderr] 
[INFO] [stderr] Caused by:
[INFO] [stderr]   process didn't exit successfully: `/opt/rustwide/target/debug/build/gamepie-screenbind-2c88d143dc23a434/build-script-build` (exit status: 101)
[INFO] [stderr]   --- stdout
[INFO] [stderr]   cargo:rerun-if-changed=screen
[INFO] [stderr]   CMAKE_TOOLCHAIN_FILE_x86_64-unknown-linux-gnu = None
[INFO] [stderr]   CMAKE_TOOLCHAIN_FILE_x86_64_unknown_linux_gnu = None
[INFO] [stderr]   HOST_CMAKE_TOOLCHAIN_FILE = None
[INFO] [stderr]   CMAKE_TOOLCHAIN_FILE = None
[INFO] [stderr]   CMAKE_GENERATOR_x86_64-unknown-linux-gnu = None
[INFO] [stderr]   CMAKE_GENERATOR_x86_64_unknown_linux_gnu = None
[INFO] [stderr]   HOST_CMAKE_GENERATOR = None
[INFO] [stderr]   CMAKE_GENERATOR = None
[INFO] [stderr]   CMAKE_PREFIX_PATH_x86_64-unknown-linux-gnu = None
[INFO] [stderr]   CMAKE_PREFIX_PATH_x86_64_unknown_linux_gnu = None
[INFO] [stderr]   HOST_CMAKE_PREFIX_PATH = None
[INFO] [stderr]   CMAKE_PREFIX_PATH = None
[INFO] [stderr]   CMAKE_x86_64-unknown-linux-gnu = None
[INFO] [stderr]   CMAKE_x86_64_unknown_linux_gnu = None
[INFO] [stderr]   HOST_CMAKE = None
[INFO] [stderr]   CMAKE = None
[INFO] [stderr]   running: cd "/opt/rustwide/target/debug/build/gamepie-screenbind-6cf0a2c7c21765f5/out/build" && CMAKE_PREFIX_PATH="" "cmake" "/opt/rustwide/workdir/gamepie-screenbind/screen" "-DPIRATE_AUDIO_ST7789_HAT=ON" "-DSPI_BUS_CLOCK_DIVISOR=8" "-DDISPLAY_BREAK_ASPECT_RATIO_WHEN_SCALING=ON" "-DSTATISTICS=0" "-DLOW_BATTERY_PIN=26" "-DCMAKE_INSTALL_PREFIX=/opt/rustwide/target/debug/build/gamepie-screenbind-6cf0a2c7c21765f5/out" "-DCMAKE_C_FLAGS= -ffunction-sections -fdata-sections -fPIC -m64" "-DCMAKE_C_COMPILER=/usr/bin/cc" "-DCMAKE_CXX_FLAGS= -ffunction-sections -fdata-sections -fPIC -m64" "-DCMAKE_CXX_COMPILER=/usr/bin/c++" "-DCMAKE_ASM_FLAGS= -ffunction-sections -fdata-sections -fPIC -m64" "-DCMAKE_ASM_COMPILER=/usr/bin/cc" "-DCMAKE_BUILD_TYPE=Debug"
[INFO] [stderr]   -- The C compiler identification is GNU 11.3.0
[INFO] [stderr]   -- The CXX compiler identification is GNU 11.3.0
[INFO] [stderr]   -- Detecting C compiler ABI info
[INFO] [stderr]   -- Detecting C compiler ABI info - done
[INFO] [stderr]   -- Check for working C compiler: /usr/bin/cc - skipped
[INFO] [stderr]   -- Detecting C compile features
[INFO] [stderr]   -- Detecting C compile features - done
[INFO] [stderr]   -- Detecting CXX compiler ABI info
[INFO] [stderr]   -- Detecting CXX compiler ABI info - done
[INFO] [stderr]   -- Check for working CXX compiler: /usr/bin/c++ - skipped
[INFO] [stderr]   -- Detecting CXX compile features
[INFO] [stderr]   -- Detecting CXX compile features - done
[INFO] [stderr]   -- Doing a Debug build
[INFO] [stderr]   -- Pass -DCMAKE_BUILD_TYPE=Release to do a fast optimized build.
[INFO] [stderr]   -- Board revision: 
[INFO] [stderr]   -- Using GPIO pin 26 for low battery status
[INFO] [stderr]   -- Scaling source image to view. If the HDMI resolution does not match the SPI display resolution, this will produce blurriness. Match the HDMI display resolution with the SPI resolution in /boot/config.txt to get crisp pixel perfect rendering, or alternatively pass -DDISPLAY_CROPPED_INSTEAD_OF_SCALING=ON to crop instead of scale if you want to view the center of the screen pixel perfect when HDMI and SPI resolutions do not match.
[INFO] [stderr]   -- Ignoring aspect ratio when scaling source image to the SPI display (Pass -DDISPLAY_BREAK_ASPECT_RATIO_WHEN_SCALING=OFF to preserve aspect ratio)
[INFO] [stderr]   -- SPI_BUS_CLOCK_DIVISOR set to 8. Try setting this to a higher value (must be an even number) if this causes problems. Display update speed = core_freq/divisor. (on Pi3B, by default core_freq=400). A safe starting default value may be -DSPI_BUS_CLOCK_DIVISOR=40
[INFO] [stderr]   -- USE_DMA_TRANSFERS enabled, this improves performance. Try running CMake with -DUSE_DMA_TRANSFERS=OFF it this causes problems, or try adjusting the DMA channels to use with -DDMA_TX_CHANNEL=<num> -DDMA_RX_CHANNEL=<num>.
[INFO] [stderr]   -- Targeting Pirate Audio 240x240 1.3inch IPS LCD Hat with ST7789 controller
[INFO] [stderr]   -- Configuring done
[INFO] [stderr]   -- Generating done
[INFO] [stderr]   -- Build files have been written to: /opt/rustwide/target/debug/build/gamepie-screenbind-6cf0a2c7c21765f5/out/build
[INFO] [stderr]   running: cd "/opt/rustwide/target/debug/build/gamepie-screenbind-6cf0a2c7c21765f5/out/build" && MAKEFLAGS="-j --jobserver-fds=19,20 --jobserver-auth=19,20" "cmake" "--build" "." "--target" "install" "--config" "Debug" "--parallel" "8"
[INFO] [stderr]   [  7%] Building CXX object CMakeFiles/screen.dir/display.cpp.o
[INFO] [stderr]   [ 15%] Building CXX object CMakeFiles/screen.dir/dma.cpp.o
[INFO] [stderr]   [ 30%] Building CXX object CMakeFiles/screen.dir/gpu.cpp.o
[INFO] [stderr]   [ 38%] Building CXX object CMakeFiles/screen.dir/fbcp-ili9341.cpp.o
[INFO] [stderr]   [ 38%] Building CXX object CMakeFiles/screen.dir/mailbox.cpp.o
[INFO] [stderr]   [ 46%] Building CXX object CMakeFiles/screen.dir/diff.cpp.o
[INFO] [stderr]   [ 53%] Building CXX object CMakeFiles/screen.dir/low_battery.cpp.o
[INFO] [stderr]   [ 61%] Building CXX object CMakeFiles/screen.dir/mem_alloc.cpp.o
[INFO] [stderr] 
[INFO] [stderr]   --- stderr
[INFO] [stderr]   CMake Warning (dev) in CMakeLists.txt:
[INFO] [stderr]     No project() command is present.  The top-level CMakeLists.txt file must
[INFO] [stderr]     contain a literal, direct call to the project() command.  Add a line of
[INFO] [stderr]     code such as
[INFO] [stderr] 
[INFO] [stderr]       project(ProjectName)
[INFO] [stderr] 
[INFO] [stderr]     near the top of the file, but after cmake_minimum_required().
[INFO] [stderr] 
[INFO] [stderr]     CMake is pretending there is a "project(Project)" command on the first
[INFO] [stderr]     line.
[INFO] [stderr]   This warning is for project developers.  Use -Wno-dev to suppress it.
[INFO] [stderr] 
[INFO] [stderr]   CMake Deprecation Warning at CMakeLists.txt:1 (cmake_minimum_required):
[INFO] [stderr]     Compatibility with CMake < 2.8.12 will be removed from a future version of
[INFO] [stderr]     CMake.
[INFO] [stderr] 
[INFO] [stderr]     Update the VERSION argument <min> value or use a ...<max> suffix to tell
[INFO] [stderr]     CMake that the project does not need compatibility with older versions.
[INFO] [stderr] 
[INFO] [stderr] 
[INFO] [stderr]   CMake Warning at CMakeLists.txt:44 (message):
[INFO] [stderr]     The board revision of this hardware is not known.  Please add detection to
[INFO] [stderr]     this board in CMakeLists.txt.  (proceeding to compile against a generic
[INFO] [stderr]     multicore CPU)
[INFO] [stderr] 
[INFO] [stderr] 
[INFO] [stderr]   CMake Warning:
[INFO] [stderr]     Manually-specified variables were not used by the project:
[INFO] [stderr] 
[INFO] [stderr]       CMAKE_ASM_COMPILER
[INFO] [stderr]       CMAKE_ASM_FLAGS
[INFO] [stderr] 
[INFO] [stderr] 
[INFO] [stderr]   gmake: warning: -j8 forced in submake: resetting jobserver mode.
[INFO] [stderr]   c++: error: unrecognized command-line option '-mlittle-endian'
[INFO] [stderr]   c++: error: unrecognized command-line option '-mlittle-endian'
[INFO] [stderr]   c++: error: unrecognized command-line option '-mlittle-endian'
[INFO] [stderr]   gmake[2]: *** [CMakeFiles/screen.dir/build.make:90: CMakeFiles/screen.dir/display.cpp.o] Error 1
[INFO] [stderr]   gmake[2]: *** Waiting for unfinished jobs....
[INFO] [stderr]   gmake[2]: *** [CMakeFiles/screen.dir/build.make:104: CMakeFiles/screen.dir/dma.cpp.o] Error 1
[INFO] [stderr]   gmake[2]: *** [CMakeFiles/screen.dir/build.make:118: CMakeFiles/screen.dir/fbcp-ili9341.cpp.o] Error 1
[INFO] [stderr]   c++: error: unrecognized command-line option '-mlittle-endian'
[INFO] [stderr]   gmake[2]: *** [CMakeFiles/screen.dir/build.make:132: CMakeFiles/screen.dir/gpu.cpp.o] Error 1
[INFO] [stderr]   c++: error: unrecognized command-line option '-mlittle-endian'
[INFO] [stderr]   gmake[2]: *** [CMakeFiles/screen.dir/build.make:76: CMakeFiles/screen.dir/diff.cpp.o] Error 1
[INFO] [stderr]   c++: error: unrecognized command-line option '-mlittle-endian'
[INFO] [stderr]   c++: error: unrecognized command-line option '-mlittle-endian'
[INFO] [stderr]   gmake[2]: *** [CMakeFiles/screen.dir/build.make:160: CMakeFiles/screen.dir/mailbox.cpp.o] Error 1
[INFO] [stderr]   gmake[2]: *** [CMakeFiles/screen.dir/build.make:146: CMakeFiles/screen.dir/low_battery.cpp.o] Error 1
[INFO] [stderr]   c++: error: unrecognized command-line option '-mlittle-endian'
[INFO] [stderr]   gmake[2]: *** [CMakeFiles/screen.dir/build.make:174: CMakeFiles/screen.dir/mem_alloc.cpp.o] Error 1
[INFO] [stderr]   gmake[1]: *** [CMakeFiles/Makefile2:83: CMakeFiles/screen.dir/all] Error 2
[INFO] [stderr]   gmake: *** [Makefile:136: all] Error 2
[INFO] [stderr]   thread 'main' panicked at '
[INFO] [stderr]   command did not execute successfully, got: exit status: 2
[INFO] [stderr] 
[INFO] [stderr]   build script failed, must exit now', /opt/rustwide/cargo-home/registry/src/github.com-1ecc6299db9ec823/cmake-0.1.48/src/lib.rs:975:5
[INFO] [stderr]   stack backtrace:
[INFO] [stderr]      0:     0x5586903de52a - std::backtrace_rs::backtrace::libunwind::trace::ha9053a9a07ca49cb
[INFO] [stderr]                                  at /rustc/84c898d65adf2f39a5a98507f1fe0ce10a2b8dbc/library/std/src/../../backtrace/src/backtrace/libunwind.rs:93:5
[INFO] [stderr]      1:     0x5586903de52a - std::backtrace_rs::backtrace::trace_unsynchronized::h9c2852a457ad564e
[INFO] [stderr]                                  at /rustc/84c898d65adf2f39a5a98507f1fe0ce10a2b8dbc/library/std/src/../../backtrace/src/backtrace/mod.rs:66:5
[INFO] [stderr]      2:     0x5586903de52a - std::sys_common::backtrace::_print_fmt::h457936fbfaa0070f
[INFO] [stderr]                                  at /rustc/84c898d65adf2f39a5a98507f1fe0ce10a2b8dbc/library/std/src/sys_common/backtrace.rs:65:5
[INFO] [stderr]      3:     0x5586903de52a - <std::sys_common::backtrace::_print::DisplayBacktrace as core::fmt::Display>::fmt::h5779d7bf7f70cb0c
[INFO] [stderr]                                  at /rustc/84c898d65adf2f39a5a98507f1fe0ce10a2b8dbc/library/std/src/sys_common/backtrace.rs:44:22
[INFO] [stderr]      4:     0x55869040454e - core::fmt::write::h5a4baaff1bcd3eb5
[INFO] [stderr]                                  at /rustc/84c898d65adf2f39a5a98507f1fe0ce10a2b8dbc/library/core/src/fmt/mod.rs:1232:17
[INFO] [stderr]      5:     0x5586903db365 - std::io::Write::write_fmt::h4bc1f301cb9e9cce
[INFO] [stderr]                                  at /rustc/84c898d65adf2f39a5a98507f1fe0ce10a2b8dbc/library/std/src/io/mod.rs:1684:15
[INFO] [stderr]      6:     0x5586903de2f5 - std::sys_common::backtrace::_print::h5fcdc36060f177e8
[INFO] [stderr]                                  at /rustc/84c898d65adf2f39a5a98507f1fe0ce10a2b8dbc/library/std/src/sys_common/backtrace.rs:47:5
[INFO] [stderr]      7:     0x5586903de2f5 - std::sys_common::backtrace::print::h54ca9458b876c8bf
[INFO] [stderr]                                  at /rustc/84c898d65adf2f39a5a98507f1fe0ce10a2b8dbc/library/std/src/sys_common/backtrace.rs:34:9
[INFO] [stderr]      8:     0x5586903dfccf - std::panicking::default_hook::{{closure}}::hbe471161c7664ed6
[INFO] [stderr]                                  at /rustc/84c898d65adf2f39a5a98507f1fe0ce10a2b8dbc/library/std/src/panicking.rs:271:22
[INFO] [stderr]      9:     0x5586903dfa0b - std::panicking::default_hook::ha3500da57aa4ac4f
[INFO] [stderr]                                  at /rustc/84c898d65adf2f39a5a98507f1fe0ce10a2b8dbc/library/std/src/panicking.rs:290:9
[INFO] [stderr]     10:     0x5586903e0278 - std::panicking::rust_panic_with_hook::h50c09d000dc561d2
[INFO] [stderr]                                  at /rustc/84c898d65adf2f39a5a98507f1fe0ce10a2b8dbc/library/std/src/panicking.rs:692:13
[INFO] [stderr]     11:     0x5586903e0179 - std::panicking::begin_panic_handler::{{closure}}::h9e2b2176e00e0d9c
[INFO] [stderr]                                  at /rustc/84c898d65adf2f39a5a98507f1fe0ce10a2b8dbc/library/std/src/panicking.rs:583:13
[INFO] [stderr]     12:     0x5586903de996 - std::sys_common::backtrace::__rust_end_short_backtrace::h5739b8e512c09d02
[INFO] [stderr]                                  at /rustc/84c898d65adf2f39a5a98507f1fe0ce10a2b8dbc/library/std/src/sys_common/backtrace.rs:150:18
[INFO] [stderr]     13:     0x5586903dfe82 - rust_begin_unwind
[INFO] [stderr]                                  at /rustc/84c898d65adf2f39a5a98507f1fe0ce10a2b8dbc/library/std/src/panicking.rs:579:5
[INFO] [stderr]     14:     0x55868ff787d3 - core::panicking::panic_fmt::hf33a1475b4dc5c3e
[INFO] [stderr]                                  at /rustc/84c898d65adf2f39a5a98507f1fe0ce10a2b8dbc/library/core/src/panicking.rs:64:14
[INFO] [stderr]     15:     0x55868ff8314f - cmake::fail::h00aca0d84517c318
[INFO] [stderr]     16:     0x55868ff82bb3 - cmake::run::h90a7542d53f4c0ad
[INFO] [stderr]     17:     0x55868ff7fff9 - cmake::Config::build::haa4b16a04dd484ab
[INFO] [stderr]     18:     0x55868ff7a211 - build_script_build::main::hc6a264aa32f800a5
[INFO] [stderr]     19:     0x55868ff7b3f3 - core::ops::function::FnOnce::call_once::hf3b2c69f7db4d8bc
[INFO] [stderr]     20:     0x55868ff79919 - std::sys_common::backtrace::__rust_begin_short_backtrace::hed14615474e46a1c
[INFO] [stderr]     21:     0x55868ff79b89 - std::rt::lang_start::{{closure}}::ha050ad323af520d4
[INFO] [stderr]     22:     0x5586903d6f0c - core::ops::function::impls::<impl core::ops::function::FnOnce<A> for &F>::call_once::hd6efcd3bec896f2c
[INFO] [stderr]                                  at /rustc/84c898d65adf2f39a5a98507f1fe0ce10a2b8dbc/library/core/src/ops/function.rs:287:13
[INFO] [stderr]     23:     0x5586903d6f0c - std::panicking::try::do_call::hce04e543bb1f4cbb
[INFO] [stderr]                                  at /rustc/84c898d65adf2f39a5a98507f1fe0ce10a2b8dbc/library/std/src/panicking.rs:487:40
[INFO] [stderr]     24:     0x5586903d6f0c - std::panicking::try::h3342dd4e1f680968
[INFO] [stderr]                                  at /rustc/84c898d65adf2f39a5a98507f1fe0ce10a2b8dbc/library/std/src/panicking.rs:451:19
[INFO] [stderr]     25:     0x5586903d6f0c - std::panic::catch_unwind::h148ce1e59ac0cee7
[INFO] [stderr]                                  at /rustc/84c898d65adf2f39a5a98507f1fe0ce10a2b8dbc/library/std/src/panic.rs:140:14
[INFO] [stderr]     26:     0x5586903d6f0c - std::rt::lang_start_internal::{{closure}}::h25f9dda2057a67fe
[INFO] [stderr]                                  at /rustc/84c898d65adf2f39a5a98507f1fe0ce10a2b8dbc/library/std/src/rt.rs:148:48
[INFO] [stderr]     27:     0x5586903d6f0c - std::panicking::try::do_call::h7caaaeaf9401650b
[INFO] [stderr]                                  at /rustc/84c898d65adf2f39a5a98507f1fe0ce10a2b8dbc/library/std/src/panicking.rs:487:40
[INFO] [stderr]     28:     0x5586903d6f0c - std::panicking::try::he7d15285746cbbc2
[INFO] [stderr]                                  at /rustc/84c898d65adf2f39a5a98507f1fe0ce10a2b8dbc/library/std/src/panicking.rs:451:19
[INFO] [stderr]     29:     0x5586903d6f0c - std::panic::catch_unwind::h89fb4f50c0301fe0
[INFO] [stderr]                                  at /rustc/84c898d65adf2f39a5a98507f1fe0ce10a2b8dbc/library/std/src/panic.rs:140:14
[INFO] [stderr]     30:     0x5586903d6f0c - std::rt::lang_start_internal::h078acd489417d3c1
[INFO] [stderr]                                  at /rustc/84c898d65adf2f39a5a98507f1fe0ce10a2b8dbc/library/std/src/rt.rs:148:20
[INFO] [stderr]     31:     0x55868ff79b67 - std::rt::lang_start::h58c583466b25d55e
[INFO] [stderr]     32:     0x55868ff7a5e5 - main
[INFO] [stderr]     33:     0x7f196d914d90 - <unknown>
[INFO] [stderr]     34:     0x7f196d914e40 - __libc_start_main
[INFO] [stderr]     35:     0x55868ff78e65 - _start
[INFO] [stderr]     36:                0x0 - <unknown>
[INFO] [stderr] warning: build failed, waiting for other jobs to finish...
[INFO] running `Command { std: "docker" "inspect" "9b73fdad521a8da561fc9c6583aebeb74577e72a14c601142ca8ffbeb9a2116f", kill_on_drop: false }`
[INFO] running `Command { std: "docker" "rm" "-f" "9b73fdad521a8da561fc9c6583aebeb74577e72a14c601142ca8ffbeb9a2116f", kill_on_drop: false }`
[INFO] [stdout] 9b73fdad521a8da561fc9c6583aebeb74577e72a14c601142ca8ffbeb9a2116f
