[INFO] cloning repository https://github.com/marmistrz/randmockery
[INFO] running `Command { std: "git" "-c" "credential.helper=" "-c" "credential.helper=/workspace/cargo-home/bin/git-credential-null" "clone" "--bare" "https://github.com/marmistrz/randmockery" "/workspace/cache/git-repos/https%3A%2F%2Fgithub.com%2Fmarmistrz%2Frandmockery", kill_on_drop: false }`
[INFO] [stderr] Cloning into bare repository '/workspace/cache/git-repos/https%3A%2F%2Fgithub.com%2Fmarmistrz%2Frandmockery'...
[INFO] running `Command { std: "git" "rev-parse" "HEAD", kill_on_drop: false }`
[INFO] [stdout] ee6fe462eb379b7814fddcd9ea649f60b96f78ef
[INFO] documenting marmistrz/randmockery against beta-2023-04-20 for beta-1.70-rustdoc-1
[INFO] running `Command { std: "git" "clone" "/workspace/cache/git-repos/https%3A%2F%2Fgithub.com%2Fmarmistrz%2Frandmockery" "/workspace/builds/worker-1-tc2/source", kill_on_drop: false }`
[INFO] [stderr] Cloning into '/workspace/builds/worker-1-tc2/source'...
[INFO] [stderr] done.
[INFO] validating manifest of git repo https://github.com/marmistrz/randmockery on toolchain beta-2023-04-20
[INFO] running `Command { std: CARGO_HOME="/workspace/cargo-home" RUSTUP_HOME="/workspace/rustup-home" "/workspace/cargo-home/bin/cargo" "+beta-2023-04-20" "metadata" "--manifest-path" "Cargo.toml" "--no-deps", kill_on_drop: false }`
[INFO] started tweaking git repo https://github.com/marmistrz/randmockery
[INFO] finished tweaking git repo https://github.com/marmistrz/randmockery
[INFO] tweaked toml for git repo https://github.com/marmistrz/randmockery written to /workspace/builds/worker-1-tc2/source/Cargo.toml
[INFO] crate git repo https://github.com/marmistrz/randmockery already has a lockfile, it will not be regenerated
[INFO] running `Command { std: CARGO_HOME="/workspace/cargo-home" RUSTUP_HOME="/workspace/rustup-home" "/workspace/cargo-home/bin/cargo" "+beta-2023-04-20" "fetch" "--manifest-path" "Cargo.toml", kill_on_drop: false }`
[INFO] [stderr]     Updating crates.io index
[INFO] [stderr]  Downloading crates ...
[INFO] [stderr]   Downloaded enum_extract v0.1.1
[INFO] [stderr]   Downloaded libloading v0.4.0
[INFO] [stderr]   Downloaded unicode-segmentation v1.2.0
[INFO] [stderr]   Downloaded prctl v1.0.0
[INFO] [stderr]   Downloaded textwrap v0.7.0
[INFO] [stderr]   Downloaded clap v2.26.0
[INFO] running `Command { std: "docker" "create" "-v" "/var/lib/crater-agent-workspace/builds/worker-1-tc2/target:/opt/rustwide/target:rw,Z" "-v" "/var/lib/crater-agent-workspace/builds/worker-1-tc2/source:/opt/rustwide/workdir:ro,Z" "-v" "/var/lib/crater-agent-workspace/cargo-home:/opt/rustwide/cargo-home:ro,Z" "-v" "/var/lib/crater-agent-workspace/rustup-home:/opt/rustwide/rustup-home:ro,Z" "-e" "SOURCE_DIR=/opt/rustwide/workdir" "-e" "CARGO_TARGET_DIR=/opt/rustwide/target" "-e" "CARGO_HOME=/opt/rustwide/cargo-home" "-e" "RUSTUP_HOME=/opt/rustwide/rustup-home" "-w" "/opt/rustwide/workdir" "-m" "1610612736" "--user" "0:0" "--network" "none" "ghcr.io/rust-lang/crates-build-env/linux@sha256:5ff2268d62e97bff2cde7d5815dd6ed5b47097566f13b8d0ca110b04b60e07ed" "/opt/rustwide/cargo-home/bin/cargo" "+beta-2023-04-20" "metadata" "--no-deps" "--format-version=1", kill_on_drop: false }`
[INFO] [stdout] c53f28a7c807b9a6aff87fed5799c45c92f6931dd3e0cf4699aad8ba7de91b54
[INFO] running `Command { std: "docker" "start" "-a" "c53f28a7c807b9a6aff87fed5799c45c92f6931dd3e0cf4699aad8ba7de91b54", kill_on_drop: false }`
[INFO] running `Command { std: "docker" "inspect" "c53f28a7c807b9a6aff87fed5799c45c92f6931dd3e0cf4699aad8ba7de91b54", kill_on_drop: false }`
[INFO] running `Command { std: "docker" "rm" "-f" "c53f28a7c807b9a6aff87fed5799c45c92f6931dd3e0cf4699aad8ba7de91b54", kill_on_drop: false }`
[INFO] [stdout] c53f28a7c807b9a6aff87fed5799c45c92f6931dd3e0cf4699aad8ba7de91b54
[INFO] running `Command { std: "docker" "create" "-v" "/var/lib/crater-agent-workspace/builds/worker-1-tc2/target:/opt/rustwide/target:rw,Z" "-v" "/var/lib/crater-agent-workspace/builds/worker-1-tc2/source:/opt/rustwide/workdir:ro,Z" "-v" "/var/lib/crater-agent-workspace/cargo-home:/opt/rustwide/cargo-home:ro,Z" "-v" "/var/lib/crater-agent-workspace/rustup-home:/opt/rustwide/rustup-home:ro,Z" "-e" "SOURCE_DIR=/opt/rustwide/workdir" "-e" "CARGO_TARGET_DIR=/opt/rustwide/target" "-e" "CARGO_INCREMENTAL=0" "-e" "RUST_BACKTRACE=full" "-e" "RUSTFLAGS=--cap-lints=warn" "-e" "RUSTDOCFLAGS=--cap-lints=warn" "-e" "CARGO_HOME=/opt/rustwide/cargo-home" "-e" "RUSTUP_HOME=/opt/rustwide/rustup-home" "-w" "/opt/rustwide/workdir" "-m" "1610612736" "--user" "0:0" "--network" "none" "ghcr.io/rust-lang/crates-build-env/linux@sha256:5ff2268d62e97bff2cde7d5815dd6ed5b47097566f13b8d0ca110b04b60e07ed" "/opt/rustwide/cargo-home/bin/cargo" "+beta-2023-04-20" "doc" "--frozen" "--no-deps" "--document-private-items" "--message-format=json", kill_on_drop: false }`
[INFO] [stdout] 57a371473dd5c652f9167136c5a625d18d72ca3923f7093708be406159b753e0
[INFO] running `Command { std: "docker" "start" "-a" "57a371473dd5c652f9167136c5a625d18d72ca3923f7093708be406159b753e0", kill_on_drop: false }`
[INFO] [stderr]     Checking libc v0.2.29
[INFO] [stderr]     Checking bitflags v0.9.1
[INFO] [stderr]     Checking void v1.0.2
[INFO] [stderr]     Checking cfg-if v0.1.2
[INFO] [stderr]     Checking unicode-width v0.1.4
[INFO] [stderr]    Compiling libloading v0.4.0
[INFO] [stderr]     Checking lazy_static v0.2.8
[INFO] [stderr]     Checking strsim v0.6.0
[INFO] [stderr]     Checking unicode-segmentation v1.2.0
[INFO] [stderr]    Compiling randmockery v0.1.0 (/opt/rustwide/workdir)
[INFO] [stderr]     Checking ansi_term v0.9.0
[INFO] [stderr]     Checking vec_map v0.8.0
[INFO] [stderr]     Checking libc v0.2.29 (https://github.com/rust-lang/libc#10af28f4)
[INFO] [stderr]     Checking enum_extract v0.1.1
[INFO] [stderr]     Checking nix v0.10.0-pre (https://github.com/nix-rust/nix#6334f556)
[INFO] [stderr]     Checking term_size v0.3.0
[INFO] [stderr]     Checking nix v0.9.0
[INFO] [stderr]     Checking atty v0.2.2
[INFO] [stderr]     Checking rand v0.3.16
[INFO] [stderr] error: failed to run custom build command for `randmockery v0.1.0 (/opt/rustwide/workdir)`
[INFO] [stderr] note: To improve backtraces for build dependencies, set the CARGO_PROFILE_DEV_BUILD_OVERRIDE_DEBUG=true environment variable to enable debug information generation.
[INFO] [stderr] 
[INFO] [stderr] Caused by:
[INFO] [stderr]   process didn't exit successfully: `/opt/rustwide/target/debug/build/randmockery-36209e0439ee2069/build-script-build` (exit status: 101)
[INFO] [stderr]   --- stdout
[INFO] [stderr]   make: Entering directory '/opt/rustwide/workdir/tests'
[INFO] [stderr]   rm -f getrandom-test getrandom-test-mocked time-test time-test-vdso clock_gettime-test getrandom-fork-test getrandom-thread-test gettimeofday-test crash-test
[INFO] [stderr]   make: Leaving directory '/opt/rustwide/workdir/tests'
[INFO] [stderr]   make: Entering directory '/opt/rustwide/workdir/tests'
[INFO] [stderr]   cc -Wall -Wextra -Werror -Wconversion -O2 -g -fopenmp    getrandom-test.c   -o getrandom-test
[INFO] [stderr]   make: Leaving directory '/opt/rustwide/workdir/tests'
[INFO] [stderr] 
[INFO] [stderr]   --- stderr
[INFO] [stderr]   /usr/bin/ld: cannot open output file getrandom-test: Read-only file system
[INFO] [stderr]   collect2: error: ld returned 1 exit status
[INFO] [stderr]   make: *** [<builtin>: getrandom-test] Error 1
[INFO] [stderr]   thread 'main' panicked at 'assertion failed: status.success()', build.rs:15:5
[INFO] [stderr]   stack backtrace:
[INFO] [stderr]      0:     0x565124a0793a - std::backtrace_rs::backtrace::libunwind::trace::h2f05d0192276a8f6
[INFO] [stderr]                                  at /rustc/1b7dd2252b99671ce5d1cb9664c5f8636329436d/library/std/src/../../backtrace/src/backtrace/libunwind.rs:93:5
[INFO] [stderr]      1:     0x565124a0793a - std::backtrace_rs::backtrace::trace_unsynchronized::hedc23dff7a1af150
[INFO] [stderr]                                  at /rustc/1b7dd2252b99671ce5d1cb9664c5f8636329436d/library/std/src/../../backtrace/src/backtrace/mod.rs:66:5
[INFO] [stderr]      2:     0x565124a0793a - std::sys_common::backtrace::_print_fmt::h17541ef7592f3ce2
[INFO] [stderr]                                  at /rustc/1b7dd2252b99671ce5d1cb9664c5f8636329436d/library/std/src/sys_common/backtrace.rs:65:5
[INFO] [stderr]      3:     0x565124a0793a - <std::sys_common::backtrace::_print::DisplayBacktrace as core::fmt::Display>::fmt::h20f75df5ab0c0792
[INFO] [stderr]                                  at /rustc/1b7dd2252b99671ce5d1cb9664c5f8636329436d/library/std/src/sys_common/backtrace.rs:44:22
[INFO] [stderr]      4:     0x565124a249ff - core::fmt::write::h78109e6f466b3af6
[INFO] [stderr]                                  at /rustc/1b7dd2252b99671ce5d1cb9664c5f8636329436d/library/core/src/fmt/mod.rs:1254:17
[INFO] [stderr]      5:     0x565124a05645 - std::io::Write::write_fmt::hc59e1b02dd273c8a
[INFO] [stderr]                                  at /rustc/1b7dd2252b99671ce5d1cb9664c5f8636329436d/library/std/src/io/mod.rs:1698:15
[INFO] [stderr]      6:     0x565124a07705 - std::sys_common::backtrace::_print::h8dac57a9f8fbf9a5
[INFO] [stderr]                                  at /rustc/1b7dd2252b99671ce5d1cb9664c5f8636329436d/library/std/src/sys_common/backtrace.rs:47:5
[INFO] [stderr]      7:     0x565124a07705 - std::sys_common::backtrace::print::hf9ecbf41d1aa712f
[INFO] [stderr]                                  at /rustc/1b7dd2252b99671ce5d1cb9664c5f8636329436d/library/std/src/sys_common/backtrace.rs:34:9
[INFO] [stderr]      8:     0x565124a08c8e - std::panicking::default_hook::{{closure}}::h04c07acfc84ca028
[INFO] [stderr]                                  at /rustc/1b7dd2252b99671ce5d1cb9664c5f8636329436d/library/std/src/panicking.rs:269:22
[INFO] [stderr]      9:     0x565124a08a35 - std::panicking::default_hook::h01f6bb23e1eceb2c
[INFO] [stderr]                                  at /rustc/1b7dd2252b99671ce5d1cb9664c5f8636329436d/library/std/src/panicking.rs:288:9
[INFO] [stderr]     10:     0x565124a091ee - std::panicking::rust_panic_with_hook::h2bb3722bbaf2f6df
[INFO] [stderr]                                  at /rustc/1b7dd2252b99671ce5d1cb9664c5f8636329436d/library/std/src/panicking.rs:691:13
[INFO] [stderr]     11:     0x565124a090a2 - std::panicking::begin_panic_handler::{{closure}}::h91bc7f36a4be011b
[INFO] [stderr]                                  at /rustc/1b7dd2252b99671ce5d1cb9664c5f8636329436d/library/std/src/panicking.rs:580:13
[INFO] [stderr]     12:     0x565124a07da6 - std::sys_common::backtrace::__rust_end_short_backtrace::h8b3d3717114f9e59
[INFO] [stderr]                                  at /rustc/1b7dd2252b99671ce5d1cb9664c5f8636329436d/library/std/src/sys_common/backtrace.rs:150:18
[INFO] [stderr]     13:     0x565124a08e42 - rust_begin_unwind
[INFO] [stderr]                                  at /rustc/1b7dd2252b99671ce5d1cb9664c5f8636329436d/library/std/src/panicking.rs:578:5
[INFO] [stderr]     14:     0x5651249e8f93 - core::panicking::panic_fmt::hfd368e3fbdabea26
[INFO] [stderr]                                  at /rustc/1b7dd2252b99671ce5d1cb9664c5f8636329436d/library/core/src/panicking.rs:67:14
[INFO] [stderr]     15:     0x5651249e902d - core::panicking::panic::h3f9042d09bd0bf2e
[INFO] [stderr]                                  at /rustc/1b7dd2252b99671ce5d1cb9664c5f8636329436d/library/core/src/panicking.rs:117:5
[INFO] [stderr]     16:     0x5651249ead62 - build_script_build::main::h52dc542f04d21b38
[INFO] [stderr]     17:     0x5651249eb723 - core::ops::function::FnOnce::call_once::h560595046417f6af
[INFO] [stderr]     18:     0x5651249eaab6 - std::sys_common::backtrace::__rust_begin_short_backtrace::hc317a35a7eebe49f
[INFO] [stderr]     19:     0x5651249eab89 - std::rt::lang_start::{{closure}}::h4802a26aee8cf26a
[INFO] [stderr]     20:     0x565124a035ce - core::ops::function::impls::<impl core::ops::function::FnOnce<A> for &F>::call_once::h2eb19b8ce4148df4
[INFO] [stderr]                                  at /rustc/1b7dd2252b99671ce5d1cb9664c5f8636329436d/library/core/src/ops/function.rs:287:13
[INFO] [stderr]     21:     0x565124a035ce - std::panicking::try::do_call::h2e900feff5d504c5
[INFO] [stderr]                                  at /rustc/1b7dd2252b99671ce5d1cb9664c5f8636329436d/library/std/src/panicking.rs:485:40
[INFO] [stderr]     22:     0x565124a035ce - std::panicking::try::h8854836cb85aa9f2
[INFO] [stderr]                                  at /rustc/1b7dd2252b99671ce5d1cb9664c5f8636329436d/library/std/src/panicking.rs:449:19
[INFO] [stderr]     23:     0x565124a035ce - std::panic::catch_unwind::h706025dd4c48f64b
[INFO] [stderr]                                  at /rustc/1b7dd2252b99671ce5d1cb9664c5f8636329436d/library/std/src/panic.rs:140:14
[INFO] [stderr]     24:     0x565124a035ce - std::rt::lang_start_internal::{{closure}}::h7be5b97f4a07a91a
[INFO] [stderr]                                  at /rustc/1b7dd2252b99671ce5d1cb9664c5f8636329436d/library/std/src/rt.rs:148:48
[INFO] [stderr]     25:     0x565124a035ce - std::panicking::try::do_call::h59847e9d0a176965
[INFO] [stderr]                                  at /rustc/1b7dd2252b99671ce5d1cb9664c5f8636329436d/library/std/src/panicking.rs:485:40
[INFO] [stderr]     26:     0x565124a035ce - std::panicking::try::h399a918ba8522823
[INFO] [stderr]                                  at /rustc/1b7dd2252b99671ce5d1cb9664c5f8636329436d/library/std/src/panicking.rs:449:19
[INFO] [stderr]     27:     0x565124a035ce - std::panic::catch_unwind::hca7ca6c55b2a2e26
[INFO] [stderr]                                  at /rustc/1b7dd2252b99671ce5d1cb9664c5f8636329436d/library/std/src/panic.rs:140:14
[INFO] [stderr]     28:     0x565124a035ce - std::rt::lang_start_internal::h2c807a81560459eb
[INFO] [stderr]                                  at /rustc/1b7dd2252b99671ce5d1cb9664c5f8636329436d/library/std/src/rt.rs:148:20
[INFO] [stderr]     29:     0x5651249eab67 - std::rt::lang_start::h81f9534b2e3df842
[INFO] [stderr]     30:     0x5651249ead85 - main
[INFO] [stderr]     31:     0x7f46ec22ed90 - <unknown>
[INFO] [stderr]     32:     0x7f46ec22ee40 - __libc_start_main
[INFO] [stderr]     33:     0x5651249e94c5 - _start
[INFO] [stderr]     34:                0x0 - <unknown>
[INFO] [stderr] warning: build failed, waiting for other jobs to finish...
[INFO] running `Command { std: "docker" "inspect" "57a371473dd5c652f9167136c5a625d18d72ca3923f7093708be406159b753e0", kill_on_drop: false }`
[INFO] running `Command { std: "docker" "rm" "-f" "57a371473dd5c652f9167136c5a625d18d72ca3923f7093708be406159b753e0", kill_on_drop: false }`
[INFO] [stdout] 57a371473dd5c652f9167136c5a625d18d72ca3923f7093708be406159b753e0
