[INFO] cloning repository https://github.com/markfrodriguez/quotes
[INFO] running `Command { std: "git" "-c" "credential.helper=" "-c" "credential.helper=/workspace/cargo-home/bin/git-credential-null" "clone" "--bare" "https://github.com/markfrodriguez/quotes" "/workspace/cache/git-repos/https%3A%2F%2Fgithub.com%2Fmarkfrodriguez%2Fquotes", kill_on_drop: false }`
[INFO] [stderr] Cloning into bare repository '/workspace/cache/git-repos/https%3A%2F%2Fgithub.com%2Fmarkfrodriguez%2Fquotes'...
[INFO] running `Command { std: "git" "rev-parse" "HEAD", kill_on_drop: false }`
[INFO] [stdout] f9faf9bc4513f4fe51b818e4ad8a74941ea58cde
[INFO] documenting markfrodriguez/quotes against 1.69.0 for beta-1.70-rustdoc-1
[INFO] running `Command { std: "git" "clone" "/workspace/cache/git-repos/https%3A%2F%2Fgithub.com%2Fmarkfrodriguez%2Fquotes" "/workspace/builds/worker-0-tc1/source", kill_on_drop: false }`
[INFO] [stderr] Cloning into '/workspace/builds/worker-0-tc1/source'...
[INFO] [stderr] done.
[INFO] validating manifest of git repo https://github.com/markfrodriguez/quotes on toolchain 1.69.0
[INFO] running `Command { std: CARGO_HOME="/workspace/cargo-home" RUSTUP_HOME="/workspace/rustup-home" "/workspace/cargo-home/bin/cargo" "+1.69.0" "metadata" "--manifest-path" "Cargo.toml" "--no-deps", kill_on_drop: false }`
[INFO] started tweaking git repo https://github.com/markfrodriguez/quotes
[INFO] finished tweaking git repo https://github.com/markfrodriguez/quotes
[INFO] tweaked toml for git repo https://github.com/markfrodriguez/quotes written to /workspace/builds/worker-0-tc1/source/Cargo.toml
[INFO] crate git repo https://github.com/markfrodriguez/quotes already has a lockfile, it will not be regenerated
[INFO] running `Command { std: CARGO_HOME="/workspace/cargo-home" RUSTUP_HOME="/workspace/rustup-home" "/workspace/cargo-home/bin/cargo" "+1.69.0" "fetch" "--manifest-path" "Cargo.toml", kill_on_drop: false }`
[INFO] [stderr]  Downloading crates ...
[INFO] [stderr]   Downloaded soup v0.5.0
[INFO] running `Command { std: "docker" "create" "-v" "/var/lib/crater-agent-workspace/builds/worker-0-tc1/target:/opt/rustwide/target:rw,Z" "-v" "/var/lib/crater-agent-workspace/builds/worker-0-tc1/source:/opt/rustwide/workdir:ro,Z" "-v" "/var/lib/crater-agent-workspace/cargo-home:/opt/rustwide/cargo-home:ro,Z" "-v" "/var/lib/crater-agent-workspace/rustup-home:/opt/rustwide/rustup-home:ro,Z" "-e" "SOURCE_DIR=/opt/rustwide/workdir" "-e" "CARGO_TARGET_DIR=/opt/rustwide/target" "-e" "CARGO_HOME=/opt/rustwide/cargo-home" "-e" "RUSTUP_HOME=/opt/rustwide/rustup-home" "-w" "/opt/rustwide/workdir" "-m" "1610612736" "--user" "0:0" "--network" "none" "ghcr.io/rust-lang/crates-build-env/linux@sha256:5ff2268d62e97bff2cde7d5815dd6ed5b47097566f13b8d0ca110b04b60e07ed" "/opt/rustwide/cargo-home/bin/cargo" "+1.69.0" "metadata" "--no-deps" "--format-version=1", kill_on_drop: false }`
[INFO] [stdout] cef5606cb8ff1c669d06610faa83d2b5cf3a9c25e420724d61eed1aa6f90e36d
[INFO] running `Command { std: "docker" "start" "-a" "cef5606cb8ff1c669d06610faa83d2b5cf3a9c25e420724d61eed1aa6f90e36d", kill_on_drop: false }`
[INFO] running `Command { std: "docker" "inspect" "cef5606cb8ff1c669d06610faa83d2b5cf3a9c25e420724d61eed1aa6f90e36d", kill_on_drop: false }`
[INFO] running `Command { std: "docker" "rm" "-f" "cef5606cb8ff1c669d06610faa83d2b5cf3a9c25e420724d61eed1aa6f90e36d", kill_on_drop: false }`
[INFO] [stdout] cef5606cb8ff1c669d06610faa83d2b5cf3a9c25e420724d61eed1aa6f90e36d
[INFO] running `Command { std: "docker" "create" "-v" "/var/lib/crater-agent-workspace/builds/worker-0-tc1/target:/opt/rustwide/target:rw,Z" "-v" "/var/lib/crater-agent-workspace/builds/worker-0-tc1/source:/opt/rustwide/workdir:ro,Z" "-v" "/var/lib/crater-agent-workspace/cargo-home:/opt/rustwide/cargo-home:ro,Z" "-v" "/var/lib/crater-agent-workspace/rustup-home:/opt/rustwide/rustup-home:ro,Z" "-e" "SOURCE_DIR=/opt/rustwide/workdir" "-e" "CARGO_TARGET_DIR=/opt/rustwide/target" "-e" "CARGO_INCREMENTAL=0" "-e" "RUST_BACKTRACE=full" "-e" "RUSTFLAGS=--cap-lints=warn" "-e" "RUSTDOCFLAGS=--cap-lints=warn" "-e" "CARGO_HOME=/opt/rustwide/cargo-home" "-e" "RUSTUP_HOME=/opt/rustwide/rustup-home" "-w" "/opt/rustwide/workdir" "-m" "1610612736" "--user" "0:0" "--network" "none" "ghcr.io/rust-lang/crates-build-env/linux@sha256:5ff2268d62e97bff2cde7d5815dd6ed5b47097566f13b8d0ca110b04b60e07ed" "/opt/rustwide/cargo-home/bin/cargo" "+1.69.0" "doc" "--frozen" "--no-deps" "--document-private-items" "--message-format=json", kill_on_drop: false }`
[INFO] [stdout] 413b0747596ff45ddf4fe6619026c650e7397b7c266d9d1195732ffdfcc64ac4
[INFO] running `Command { std: "docker" "start" "-a" "413b0747596ff45ddf4fe6619026c650e7397b7c266d9d1195732ffdfcc64ac4", kill_on_drop: false }`
[INFO] [stderr]    Compiling libc v0.2.72
[INFO] [stderr]    Compiling proc-macro2 v1.0.18
[INFO] [stderr]    Compiling rand_core v0.4.2
[INFO] [stderr]    Compiling syn v1.0.34
[INFO] [stderr]    Compiling serde v1.0.114
[INFO] [stderr]    Compiling log v0.4.8
[INFO] [stderr]    Compiling autocfg v1.0.0
[INFO] [stderr]    Compiling ryu v1.0.5
[INFO] [stderr]    Compiling siphasher v0.2.3
[INFO] [stderr]     Checking itoa v0.4.6
[INFO] [stderr]    Compiling cc v1.0.58
[INFO] [stderr]    Compiling pkg-config v0.3.18
[INFO] [stderr]    Compiling rand_pcg v0.1.2
[INFO] [stderr]    Compiling rand_chacha v0.1.1
[INFO] [stderr]    Compiling rand v0.6.5
[INFO] [stderr]    Compiling serde_json v1.0.56
[INFO] [stderr]     Checking bytes v0.5.6
[INFO] [stderr]    Compiling rand_core v0.3.1
[INFO] [stderr]    Compiling rand_jitter v0.1.4
[INFO] [stderr]    Compiling phf_shared v0.7.24
[INFO] [stderr]     Checking fnv v1.0.7
[INFO] [stderr]    Compiling rand_hc v0.1.0
[INFO] [stderr]    Compiling rand_xorshift v0.1.1
[INFO] [stderr]    Compiling rand_isaac v0.1.1
[INFO] [stderr]     Checking futures-core v0.3.5
[INFO] [stderr]    Compiling string_cache_shared v0.3.0
[INFO] [stderr]    Compiling pin-project-internal v0.4.22
[INFO] [stderr]     Checking arc-swap v0.4.7
[INFO] [stderr]    Compiling version_check v0.9.2
[INFO] [stderr]    Compiling serde_derive v1.0.114
[INFO] [stderr]     Checking pin-project-lite v0.1.7
[INFO] [stderr]    Compiling indexmap v1.4.0
[INFO] [stderr]     Checking foreign-types-shared v0.1.1
[INFO] [stderr]    Compiling openssl v0.10.30
[INFO] [stderr]     Checking new_debug_unreachable v1.0.4
[INFO] [stderr]    Compiling syn v0.15.44
[INFO] [stderr]     Checking foreign-types v0.3.2
[INFO] [stderr]     Checking http v0.2.1
[INFO] [stderr]     Checking tracing-core v0.1.11
[INFO] [stderr]    Compiling httparse v1.3.4
[INFO] [stderr]    Compiling unicase v2.6.0
[INFO] [stderr]     Checking matches v0.1.8
[INFO] [stderr]     Checking futures-task v0.3.5
[INFO] [stderr]     Checking mac v0.1.1
[INFO] [stderr]    Compiling quote v1.0.7
[INFO] [stderr]    Compiling native-tls v0.2.4
[INFO] [stderr]     Checking tinyvec v0.3.3
[INFO] [stderr]     Checking net2 v0.2.34
[INFO] [stderr]    Compiling rand_os v0.1.3
[INFO] [stderr]     Checking iovec v0.1.4
[INFO] [stderr]     Checking num_cpus v1.13.0
[INFO] [stderr]     Checking signal-hook-registry v1.2.0
[INFO] [stderr]     Checking futures-sink v0.3.5
[INFO] [stderr]    Compiling openssl-sys v0.9.58
[INFO] [stderr]     Checking mio v0.6.22
[INFO] [stderr]     Checking tracing v0.1.16
[INFO] [stderr]     Checking unicode-normalization v0.1.13
[INFO] [stderr]     Checking futf v0.1.4
[INFO] [stderr]     Checking unicode-bidi v0.3.4
[INFO] [stderr]     Checking precomputed-hash v0.1.1
[INFO] [stderr]     Checking openssl-probe v0.1.2
[INFO] [stderr]     Checking try-lock v0.2.3
[INFO] [stderr]     Checking utf-8 v0.7.5
[INFO] [stderr]     Checking want v0.3.0
[INFO] [stderr]     Checking time v0.1.43
[INFO] [stderr]     Checking socket2 v0.3.12
[INFO] [stderr]    Compiling mime_guess v2.0.3
[INFO] [stderr]     Checking phf v0.7.24
[INFO] [stderr]     Checking tendril v0.4.1
[INFO] [stderr]     Checking regex-automata v0.1.9
[INFO] [stdout] error[E0512]: cannot transmute between types of different sizes, or dependently-sized types
[INFO] [stdout]    --> /opt/rustwide/cargo-home/registry/src/github.com-1ecc6299db9ec823/socket2-0.3.12/src/sockaddr.rs:176:9
[INFO] [stdout]     |
[INFO] [stdout] 176 |         mem::transmute::<SocketAddrV4, sockaddr_in>(v4);
[INFO] [stdout]     |         ^^^^^^^^^^^^^^^^^^^^^^^^^^^^^^^^^^^^^^^^^^^
[INFO] [stdout]     |
[INFO] [stdout]     = note: source type: `SocketAddrV4` (48 bits)
[INFO] [stdout]     = note: target type: `sockaddr_in` (128 bits)
[INFO] [stdout] 
[INFO] [stdout] 
[INFO] [stderr]     Checking mio-uds v0.6.8
[INFO] [stdout] error: aborting due to previous error
[INFO] [stdout] 
[INFO] [stdout] 
[INFO] [stdout] For more information about this error, try `rustc --explain E0512`.
[INFO] [stdout] 
[INFO] [stderr] error: could not compile `socket2` due to 2 previous errors
[INFO] [stderr] warning: build failed, waiting for other jobs to finish...
[INFO] [stdout] error[E0793]: reference to packed field is unaligned
[INFO] [stdout]    --> /opt/rustwide/cargo-home/registry/src/github.com-1ecc6299db9ec823/tendril-0.4.1/src/tendril.rs:241:20
[INFO] [stdout]     |
[INFO] [stdout] 241 |                 if (*header).refcount.decrement() == 1 {
[INFO] [stdout]     |                    ^^^^^^^^^^^^^^^^^^^^^^^^^^^^^^
[INFO] [stdout]     |
[INFO] [stdout]     = note: fields of packed structs are not properly aligned, and creating a misaligned reference is undefined behavior (even if that reference is never dereferenced)
[INFO] [stdout]     = help: copy the field contents to a local variable, or replace the reference with a raw pointer and use `read_unaligned`/`write_unaligned` (loads and stores via `*p` must be properly aligned even when using raw pointers)
[INFO] [stdout] 
[INFO] [stdout] 
[INFO] [stdout] error[E0793]: reference to packed field is unaligned
[INFO] [stdout]    --> /opt/rustwide/cargo-home/registry/src/github.com-1ecc6299db9ec823/tendril-0.4.1/src/tendril.rs:958:9
[INFO] [stdout]     |
[INFO] [stdout] 958 |         (*self.header()).refcount.increment();
[INFO] [stdout]     |         ^^^^^^^^^^^^^^^^^^^^^^^^^^^^^^^^^^^^^
[INFO] [stdout]     |
[INFO] [stdout]     = note: fields of packed structs are not properly aligned, and creating a misaligned reference is undefined behavior (even if that reference is never dereferenced)
[INFO] [stdout]     = help: copy the field contents to a local variable, or replace the reference with a raw pointer and use `read_unaligned`/`write_unaligned` (loads and stores via `*p` must be properly aligned even when using raw pointers)
[INFO] [stdout] 
[INFO] [stdout] 
[INFO] [stdout] error: aborting due to 2 previous errors
[INFO] [stdout] 
[INFO] [stdout] 
[INFO] [stdout] For more information about this error, try `rustc --explain E0793`.
[INFO] [stdout] 
[INFO] [stderr] error: could not compile `tendril` due to 3 previous errors
[INFO] running `Command { std: "docker" "inspect" "413b0747596ff45ddf4fe6619026c650e7397b7c266d9d1195732ffdfcc64ac4", kill_on_drop: false }`
[INFO] running `Command { std: "docker" "rm" "-f" "413b0747596ff45ddf4fe6619026c650e7397b7c266d9d1195732ffdfcc64ac4", kill_on_drop: false }`
[INFO] [stdout] 413b0747596ff45ddf4fe6619026c650e7397b7c266d9d1195732ffdfcc64ac4
