[INFO] cloning repository https://github.com/makepad/makepad
[INFO] running `Command { std: "git" "-c" "credential.helper=" "-c" "credential.helper=/workspace/cargo-home/bin/git-credential-null" "clone" "--bare" "https://github.com/makepad/makepad" "/workspace/cache/git-repos/https%3A%2F%2Fgithub.com%2Fmakepad%2Fmakepad", kill_on_drop: false }`
[INFO] [stderr] Cloning into bare repository '/workspace/cache/git-repos/https%3A%2F%2Fgithub.com%2Fmakepad%2Fmakepad'...
[INFO] running `Command { std: "git" "rev-parse" "HEAD", kill_on_drop: false }`
[INFO] [stdout] ef0c6c9213d1e6b05d7254d24f05a59f43a51ab1
[INFO] documenting makepad/makepad against 1.69.0 for beta-1.70-rustdoc-1
[INFO] running `Command { std: "git" "clone" "/workspace/cache/git-repos/https%3A%2F%2Fgithub.com%2Fmakepad%2Fmakepad" "/workspace/builds/worker-3-tc1/source", kill_on_drop: false }`
[INFO] [stderr] Cloning into '/workspace/builds/worker-3-tc1/source'...
[INFO] [stderr] done.
[INFO] validating manifest of git repo https://github.com/makepad/makepad on toolchain 1.69.0
[INFO] running `Command { std: CARGO_HOME="/workspace/cargo-home" RUSTUP_HOME="/workspace/rustup-home" "/workspace/cargo-home/bin/cargo" "+1.69.0" "metadata" "--manifest-path" "Cargo.toml" "--no-deps", kill_on_drop: false }`
[INFO] started tweaking git repo https://github.com/makepad/makepad
[INFO] finished tweaking git repo https://github.com/makepad/makepad
[INFO] tweaked toml for git repo https://github.com/makepad/makepad written to /workspace/builds/worker-3-tc1/source/Cargo.toml
[INFO] running `Command { std: CARGO_HOME="/workspace/cargo-home" RUSTUP_HOME="/workspace/rustup-home" __CARGO_TEST_CHANNEL_OVERRIDE_DO_NOT_USE_THIS="nightly" "/workspace/cargo-home/bin/cargo" "+1.69.0" "generate-lockfile" "--manifest-path" "Cargo.toml" "-Zno-index-update", kill_on_drop: false }`
[INFO] running `Command { std: CARGO_HOME="/workspace/cargo-home" RUSTUP_HOME="/workspace/rustup-home" "/workspace/cargo-home/bin/cargo" "+1.69.0" "fetch" "--manifest-path" "Cargo.toml", kill_on_drop: false }`
[INFO] running `Command { std: "docker" "create" "-v" "/var/lib/crater-agent-workspace/builds/worker-3-tc1/target:/opt/rustwide/target:rw,Z" "-v" "/var/lib/crater-agent-workspace/builds/worker-3-tc1/source:/opt/rustwide/workdir:ro,Z" "-v" "/var/lib/crater-agent-workspace/cargo-home:/opt/rustwide/cargo-home:ro,Z" "-v" "/var/lib/crater-agent-workspace/rustup-home:/opt/rustwide/rustup-home:ro,Z" "-e" "SOURCE_DIR=/opt/rustwide/workdir" "-e" "CARGO_TARGET_DIR=/opt/rustwide/target" "-e" "CARGO_HOME=/opt/rustwide/cargo-home" "-e" "RUSTUP_HOME=/opt/rustwide/rustup-home" "-w" "/opt/rustwide/workdir" "-m" "1610612736" "--user" "0:0" "--network" "none" "ghcr.io/rust-lang/crates-build-env/linux@sha256:5ff2268d62e97bff2cde7d5815dd6ed5b47097566f13b8d0ca110b04b60e07ed" "/opt/rustwide/cargo-home/bin/cargo" "+1.69.0" "metadata" "--no-deps" "--format-version=1", kill_on_drop: false }`
[INFO] [stdout] 94a3273dc216a5539b33bc3d7ecdc514351ec74503db86cc2fcb0f2033baa2c5
[INFO] running `Command { std: "docker" "start" "-a" "94a3273dc216a5539b33bc3d7ecdc514351ec74503db86cc2fcb0f2033baa2c5", kill_on_drop: false }`
[INFO] running `Command { std: "docker" "inspect" "94a3273dc216a5539b33bc3d7ecdc514351ec74503db86cc2fcb0f2033baa2c5", kill_on_drop: false }`
[INFO] running `Command { std: "docker" "rm" "-f" "94a3273dc216a5539b33bc3d7ecdc514351ec74503db86cc2fcb0f2033baa2c5", kill_on_drop: false }`
[INFO] [stdout] 94a3273dc216a5539b33bc3d7ecdc514351ec74503db86cc2fcb0f2033baa2c5
[INFO] running `Command { std: "docker" "create" "-v" "/var/lib/crater-agent-workspace/builds/worker-3-tc1/target:/opt/rustwide/target:rw,Z" "-v" "/var/lib/crater-agent-workspace/builds/worker-3-tc1/source:/opt/rustwide/workdir:ro,Z" "-v" "/var/lib/crater-agent-workspace/cargo-home:/opt/rustwide/cargo-home:ro,Z" "-v" "/var/lib/crater-agent-workspace/rustup-home:/opt/rustwide/rustup-home:ro,Z" "-e" "SOURCE_DIR=/opt/rustwide/workdir" "-e" "CARGO_TARGET_DIR=/opt/rustwide/target" "-e" "CARGO_INCREMENTAL=0" "-e" "RUST_BACKTRACE=full" "-e" "RUSTFLAGS=--cap-lints=warn" "-e" "RUSTDOCFLAGS=--cap-lints=warn" "-e" "CARGO_HOME=/opt/rustwide/cargo-home" "-e" "RUSTUP_HOME=/opt/rustwide/rustup-home" "-w" "/opt/rustwide/workdir" "-m" "1610612736" "--user" "0:0" "--network" "none" "ghcr.io/rust-lang/crates-build-env/linux@sha256:5ff2268d62e97bff2cde7d5815dd6ed5b47097566f13b8d0ca110b04b60e07ed" "/opt/rustwide/cargo-home/bin/cargo" "+1.69.0" "doc" "--frozen" "--no-deps" "--document-private-items" "--message-format=json", kill_on_drop: false }`
[INFO] [stdout] 06848a1d4e358883ce162cfc7872f8dce141a3ac4b468e7c2bfffa7d64d3147c
[INFO] running `Command { std: "docker" "start" "-a" "06848a1d4e358883ce162cfc7872f8dce141a3ac4b468e7c2bfffa7d64d3147c", kill_on_drop: false }`
[INFO] [stderr]    Compiling makepad-micro-proc-macro v0.3.0 (/opt/rustwide/workdir/libs/micro_proc_macro)
[INFO] [stderr]     Checking makepad-error-log v0.3.0 (/opt/rustwide/workdir/libs/error_log)
[INFO] [stderr]     Checking makepad-math v0.3.0 (/opt/rustwide/workdir/libs/math)
[INFO] [stderr]    Compiling makepad-platform v0.3.0 (/opt/rustwide/workdir/platform)
[INFO] [stderr]     Checking makepad-vector v0.3.0 (/opt/rustwide/workdir/draw_2d/vector)
[INFO] [stderr]     Checking makepad-image-formats v0.3.0 (/opt/rustwide/workdir/draw_2d/image_formats)
[INFO] [stderr]     Checking makepad-digest v0.3.0 (/opt/rustwide/workdir/libs/digest)
[INFO] [stderr]     Checking makepad-http v0.3.0 (/opt/rustwide/workdir/tools/web_server/http)
[INFO] [stderr]     Checking makepad-base64 v0.3.0 (/opt/rustwide/workdir/libs/base64)
[INFO] [stderr]     Checking makepad-toml-parser v0.3.0 (/opt/rustwide/workdir/libs/toml_parser)
[INFO] [stderr]  Documenting makepad-error-log v0.3.0 (/opt/rustwide/workdir/libs/error_log)
[INFO] [stderr]  Documenting wasm_strip v0.1.0 (/opt/rustwide/workdir/tools/wasm_strip)
[INFO] [stderr]  Documenting makepad-image-formats v0.3.0 (/opt/rustwide/workdir/draw_2d/image_formats)
[INFO] [stderr]  Documenting makepad-math v0.3.0 (/opt/rustwide/workdir/libs/math)
[INFO] [stderr]  Documenting makepad-example-cmdline v0.3.0 (/opt/rustwide/workdir/examples/cmdline_example)
[INFO] [stderr]  Documenting makepad-vector v0.3.0 (/opt/rustwide/workdir/draw_2d/vector)
[INFO] [stderr]  Documenting makepad-base64 v0.3.0 (/opt/rustwide/workdir/libs/base64)
[INFO] [stderr]  Documenting makepad-auto-version v0.3.0 (/opt/rustwide/workdir/tools/auto_version)
[INFO] [stderr]  Documenting makepad-live-id-macros v0.3.0 (/opt/rustwide/workdir/libs/live_id/id_macros)
[INFO] [stderr]  Documenting makepad-micro-serde-derive v0.3.0 (/opt/rustwide/workdir/libs/micro_serde/derive)
[INFO] [stderr]  Documenting makepad-derive-wasm-bridge v0.3.0 (/opt/rustwide/workdir/libs/wasm_bridge/derive)
[INFO] [stderr]  Documenting makepad-micro-proc-macro v0.3.0 (/opt/rustwide/workdir/libs/micro_proc_macro)
[INFO] [stderr]  Documenting makepad-http v0.3.0 (/opt/rustwide/workdir/tools/web_server/http)
[INFO] [stderr]    Compiling makepad-live-id-macros v0.3.0 (/opt/rustwide/workdir/libs/live_id/id_macros)
[INFO] [stderr]    Compiling makepad-micro-serde-derive v0.3.0 (/opt/rustwide/workdir/libs/micro_serde/derive)
[INFO] [stderr]    Compiling makepad-derive-wasm-bridge v0.3.0 (/opt/rustwide/workdir/libs/wasm_bridge/derive)
[INFO] [stderr]  Documenting makepad-objc-sys v0.3.0 (/opt/rustwide/workdir/platform/bind/objc-sys)
[INFO] [stderr]  Documenting makepad-digest v0.3.0 (/opt/rustwide/workdir/libs/digest)
[INFO] [stderr]  Documenting makepad-toml-parser v0.3.0 (/opt/rustwide/workdir/libs/toml_parser)
[INFO] [stderr]     Checking makepad-live-id v0.3.0 (/opt/rustwide/workdir/libs/live_id)
[INFO] [stderr]  Documenting makepad-live-id v0.3.0 (/opt/rustwide/workdir/libs/live_id)
[INFO] [stderr]     Checking makepad-micro-serde v0.3.0 (/opt/rustwide/workdir/libs/micro_serde)
[INFO] [stderr]  Documenting makepad-micro-serde v0.3.0 (/opt/rustwide/workdir/libs/micro_serde)
[INFO] [stderr]     Checking makepad-wasm-bridge v0.3.0 (/opt/rustwide/workdir/libs/wasm_bridge)
[INFO] [stderr]  Documenting makepad-wasm-bridge v0.3.0 (/opt/rustwide/workdir/libs/wasm_bridge)
[INFO] [stderr]  Documenting makepad-derive-widget v0.3.0 (/opt/rustwide/workdir/widgets/derive_widget)
[INFO] [stderr]  Documenting makepad-derive-live v0.3.0 (/opt/rustwide/workdir/platform/derive_live)
[INFO] [stderr]    Compiling makepad-derive-live v0.3.0 (/opt/rustwide/workdir/platform/derive_live)
[INFO] [stderr]    Compiling makepad-derive-widget v0.3.0 (/opt/rustwide/workdir/widgets/derive_widget)
[INFO] [stderr]  Documenting makepad-wasm-bridge-test v0.3.0 (/opt/rustwide/workdir/libs/wasm_bridge/test)
[INFO] [stderr]     Checking makepad-live-tokenizer v0.3.0 (/opt/rustwide/workdir/platform/live_tokenizer)
[INFO] [stderr]     Checking makepad-editor-core v0.3.0 (/opt/rustwide/workdir/studio/editor_core)
[INFO] [stderr]  Documenting makepad-live-tokenizer v0.3.0 (/opt/rustwide/workdir/platform/live_tokenizer)
[INFO] [stderr]  Documenting makepad-editor-core v0.3.0 (/opt/rustwide/workdir/studio/editor_core)
[INFO] [stderr]     Checking makepad-collab-protocol v0.3.0 (/opt/rustwide/workdir/studio/collab_protocol)
[INFO] [stderr]  Documenting makepad-collab-protocol v0.3.0 (/opt/rustwide/workdir/studio/collab_protocol)
[INFO] [stderr]     Checking makepad-live-compiler v0.3.0 (/opt/rustwide/workdir/platform/live_compiler)
[INFO] [stderr]  Documenting makepad-live-compiler v0.3.0 (/opt/rustwide/workdir/platform/live_compiler)
[INFO] [stderr]     Checking makepad-collab-server v0.3.0 (/opt/rustwide/workdir/studio/collab_server)
[INFO] [stderr]  Documenting makepad-collab-server v0.3.0 (/opt/rustwide/workdir/studio/collab_server)
[INFO] [stderr]  Documenting makepad-web-server v0.3.0 (/opt/rustwide/workdir/tools/web_server)
[INFO] [stderr]     Checking makepad-shader-compiler v0.3.0 (/opt/rustwide/workdir/platform/shader_compiler)
[INFO] [stderr]  Documenting makepad-shader-compiler v0.3.0 (/opt/rustwide/workdir/platform/shader_compiler)
[INFO] [stderr]  Documenting makepad-platform v0.3.0 (/opt/rustwide/workdir/platform)
[INFO] [stdout] error[E0432]: unresolved import `crate::os::CxOs`
[INFO] [stdout]   --> platform/src/cx.rs:23:13
[INFO] [stdout]    |
[INFO] [stdout] 23 |             CxOs,
[INFO] [stdout]    |             ^^^^ no `CxOs` in `os`
[INFO] [stdout] 
[INFO] [stdout] 
[INFO] [stdout] error[E0432]: unresolved import `crate::os::CxOs`
[INFO] [stdout]   --> platform/src/cx.rs:23:13
[INFO] [stdout]    |
[INFO] [stdout] 23 |             CxOs,
[INFO] [stdout]    |             ^^^^ no `CxOs` in `os`
[INFO] [stdout] 
[INFO] [stdout] 
[INFO] [stdout] error[E0432]: unresolved import `crate::os::CxOsDrawShader`
[INFO] [stdout]   --> platform/src/cx_draw_shaders.rs:19:13
[INFO] [stdout]    |
[INFO] [stdout] 19 |             CxOsDrawShader,
[INFO] [stdout]    |             ^^^^^^^^^^^^^^ no `CxOsDrawShader` in `os`
[INFO] [stdout] 
[INFO] [stdout] 
[INFO] [stdout] error[E0432]: unresolved import `crate::os::CxOsDrawShader`
[INFO] [stdout]   --> platform/src/cx_draw_shaders.rs:19:13
[INFO] [stdout]    |
[INFO] [stdout] 19 |             CxOsDrawShader,
[INFO] [stdout]    |             ^^^^^^^^^^^^^^ no `CxOsDrawShader` in `os`
[INFO] [stdout] 
[INFO] [stdout] 
[INFO] [stdout] error[E0432]: unresolved import `crate::os::CxOsPass`
[INFO] [stdout]   --> platform/src/pass.rs:20:13
[INFO] [stdout]    |
[INFO] [stdout] 20 |             CxOsPass,
[INFO] [stdout]    |             ^^^^^^^^ no `CxOsPass` in `os`
[INFO] [stdout] 
[INFO] [stdout] 
[INFO] [stdout] error[E0432]: unresolved import `crate::os::CxOsPass`
[INFO] [stdout]   --> platform/src/pass.rs:20:13
[INFO] [stdout]    |
[INFO] [stdout] 20 |             CxOsPass,
[INFO] [stdout]    |             ^^^^^^^^ no `CxOsPass` in `os`
[INFO] [stdout] 
[INFO] [stdout] 
[INFO] [stdout] error[E0432]: unresolved import `crate::os::CxOsTexture`
[INFO] [stdout]   --> platform/src/texture.rs:17:14
[INFO] [stdout]    |
[INFO] [stdout] 17 |         os::{CxOsTexture},
[INFO] [stdout]    |              ^^^^^^^^^^^ no `CxOsTexture` in `os`
[INFO] [stdout] 
[INFO] [stdout] 
[INFO] [stdout] error[E0432]: unresolved import `crate::os::CxOsTexture`
[INFO] [stdout]   --> platform/src/texture.rs:17:14
[INFO] [stdout]    |
[INFO] [stdout] 17 |         os::{CxOsTexture},
[INFO] [stdout]    |              ^^^^^^^^^^^ no `CxOsTexture` in `os`
[INFO] [stdout] 
[INFO] [stdout] 
[INFO] [stdout] error[E0432]: unresolved import `crate::os::CxOsGeometry`
[INFO] [stdout]   --> platform/src/geometry.rs:14:9
[INFO] [stdout]    |
[INFO] [stdout] 14 |         os::CxOsGeometry,
[INFO] [stdout]    |         ^^^^^^^^^^^^^^^^ no `CxOsGeometry` in `os`
[INFO] [stdout] 
[INFO] [stdout] 
[INFO] [stdout] error[E0432]: unresolved import `crate::os::CxOsGeometry`
[INFO] [stdout]   --> platform/src/geometry.rs:14:9
[INFO] [stdout]    |
[INFO] [stdout] 14 |         os::CxOsGeometry,
[INFO] [stdout]    |         ^^^^^^^^^^^^^^^^ no `CxOsGeometry` in `os`
[INFO] [stdout] 
[INFO] [stdout] 
[INFO] [stdout] error[E0432]: unresolved imports `crate::os::CxOsDrawCall`, `crate::os::CxOsView`
[INFO] [stdout]   --> platform/src/draw_list.rs:9:13
[INFO] [stdout]    |
[INFO] [stdout] 9  |             CxOsDrawCall,
[INFO] [stdout]    |             ^^^^^^^^^^^^ no `CxOsDrawCall` in `os`
[INFO] [stdout] 10 |             CxOsView,
[INFO] [stdout]    |             ^^^^^^^^ no `CxOsView` in `os`
[INFO] [stdout] 
[INFO] [stdout] 
[INFO] [stdout] error[E0432]: unresolved imports `crate::os::CxOsDrawCall`, `crate::os::CxOsView`
[INFO] [stdout]   --> platform/src/draw_list.rs:9:13
[INFO] [stdout]    |
[INFO] [stdout] 9  |             CxOsDrawCall,
[INFO] [stdout]    |             ^^^^^^^^^^^^ no `CxOsDrawCall` in `os`
[INFO] [stdout] 10 |             CxOsView,
[INFO] [stdout]    |             ^^^^^^^^ no `CxOsView` in `os`
[INFO] [stdout] 
[INFO] [stdout] 
[INFO] [stdout] error: aborting due to 6 previous errors
[INFO] [stdout] 
[INFO] [stdout] 
[INFO] [stdout] For more information about this error, try `rustc --explain E0432`.
[INFO] [stdout] 
[INFO] [stderr] error: could not document `makepad-platform`
[INFO] [stderr] 
[INFO] [stderr] Caused by:
[INFO] [stderr]   process didn't exit successfully: `rustdoc --edition=2018 --crate-type lib --crate-name makepad_platform platform/src/lib.rs -o /opt/rustwide/target/doc --error-format=json --json=diagnostic-rendered-ansi,artifacts,future-incompat --document-private-items -C metadata=6a5a0d6fcfc2b2d6 -L dependency=/opt/rustwide/target/debug/deps --extern makepad_shader_compiler=/opt/rustwide/target/debug/deps/libmakepad_shader_compiler-c761aaa8e1032d8c.rmeta --cap-lints=warn --crate-version 0.3.0` (exit status: 1)
[INFO] [stderr] warning: build failed, waiting for other jobs to finish...
[INFO] [stdout] error[E0599]: no function or associated item named `post_signal` found for struct `Cx` in the current scope
[INFO] [stdout]   --> platform/src/thread.rs:74:13
[INFO] [stdout]    |
[INFO] [stdout] 74 |         Cx::post_signal(self.signal);
[INFO] [stdout]    |             ^^^^^^^^^^^ function or associated item not found in `Cx`
[INFO] [stdout]    |
[INFO] [stdout]   ::: platform/src/cx.rs:68:1
[INFO] [stdout]    |
[INFO] [stdout] 68 | pub struct Cx {
[INFO] [stdout]    | ------------- function or associated item `post_signal` not found for this struct
[INFO] [stdout]    |
[INFO] [stdout]    = help: items from traits can only be used if the trait is implemented and in scope
[INFO] [stdout] note: `cx_api::CxOsApi` defines an item `post_signal`, perhaps you need to implement it
[INFO] [stdout]   --> platform/src/cx_api.rs:42:1
[INFO] [stdout]    |
[INFO] [stdout] 42 | pub trait CxOsApi {
[INFO] [stdout]    | ^^^^^^^^^^^^^^^^^
[INFO] [stdout] 
[INFO] [stdout] 
[INFO] [stdout] error[E0599]: no method named `spawn_thread` found for mutable reference `&mut Cx` in the current scope
[INFO] [stdout]    --> platform/src/thread.rs:149:16
[INFO] [stdout]     |
[INFO] [stdout] 149 |             cx.spawn_thread(move || loop {
[INFO] [stdout]     |             ---^^^^^^^^^^^^ method not found in `&mut Cx`
[INFO] [stdout]     |
[INFO] [stdout]     = help: items from traits can only be used if the trait is implemented and in scope
[INFO] [stdout] note: `cx_api::CxOsApi` defines an item `spawn_thread`, perhaps you need to implement it
[INFO] [stdout]    --> platform/src/cx_api.rs:42:1
[INFO] [stdout]     |
[INFO] [stdout] 42  | pub trait CxOsApi {
[INFO] [stdout]     | ^^^^^^^^^^^^^^^^^
[INFO] [stdout] 
[INFO] [stdout] 
[INFO] [stdout] warning: unused import: `cx_api`
[INFO] [stdout]   --> platform/src/thread.rs:17:9
[INFO] [stdout]    |
[INFO] [stdout] 17 |         cx_api::*,
[INFO] [stdout]    |         ^^^^^^
[INFO] [stdout]    |
[INFO] [stdout]    = note: `#[warn(unused_imports)]` on by default
[INFO] [stdout] 
[INFO] [stdout] 
[INFO] [stdout] error: aborting due to 8 previous errors; 1 warning emitted
[INFO] [stdout] 
[INFO] [stdout] 
[INFO] [stdout] Some errors have detailed explanations: E0432, E0599.
[INFO] [stdout] 
[INFO] [stdout] For more information about an error, try `rustc --explain E0432`.
[INFO] [stdout] 
[INFO] [stderr] error: could not compile `makepad-platform` due to 9 previous errors; 1 warning emitted
[INFO] running `Command { std: "docker" "inspect" "06848a1d4e358883ce162cfc7872f8dce141a3ac4b468e7c2bfffa7d64d3147c", kill_on_drop: false }`
[INFO] running `Command { std: "docker" "rm" "-f" "06848a1d4e358883ce162cfc7872f8dce141a3ac4b468e7c2bfffa7d64d3147c", kill_on_drop: false }`
[INFO] [stdout] 06848a1d4e358883ce162cfc7872f8dce141a3ac4b468e7c2bfffa7d64d3147c
