[INFO] cloning repository https://github.com/make-a-demo-tool-in-rust/fish-in-a-jit
[INFO] running `Command { std: "git" "-c" "credential.helper=" "-c" "credential.helper=/workspace/cargo-home/bin/git-credential-null" "clone" "--bare" "https://github.com/make-a-demo-tool-in-rust/fish-in-a-jit" "/workspace/cache/git-repos/https%3A%2F%2Fgithub.com%2Fmake-a-demo-tool-in-rust%2Ffish-in-a-jit", kill_on_drop: false }`
[INFO] [stderr] Cloning into bare repository '/workspace/cache/git-repos/https%3A%2F%2Fgithub.com%2Fmake-a-demo-tool-in-rust%2Ffish-in-a-jit'...
[INFO] running `Command { std: "git" "rev-parse" "HEAD", kill_on_drop: false }`
[INFO] [stdout] 5b402fca6a28123e0506286903b0c874ba190052
[INFO] documenting make-a-demo-tool-in-rust/fish-in-a-jit against 1.69.0 for beta-1.70-rustdoc-1
[INFO] running `Command { std: "git" "clone" "/workspace/cache/git-repos/https%3A%2F%2Fgithub.com%2Fmake-a-demo-tool-in-rust%2Ffish-in-a-jit" "/workspace/builds/worker-5-tc1/source", kill_on_drop: false }`
[INFO] [stderr] Cloning into '/workspace/builds/worker-5-tc1/source'...
[INFO] [stderr] done.
[INFO] validating manifest of git repo https://github.com/make-a-demo-tool-in-rust/fish-in-a-jit on toolchain 1.69.0
[INFO] running `Command { std: CARGO_HOME="/workspace/cargo-home" RUSTUP_HOME="/workspace/rustup-home" "/workspace/cargo-home/bin/cargo" "+1.69.0" "metadata" "--manifest-path" "Cargo.toml" "--no-deps", kill_on_drop: false }`
[INFO] started tweaking git repo https://github.com/make-a-demo-tool-in-rust/fish-in-a-jit
[INFO] finished tweaking git repo https://github.com/make-a-demo-tool-in-rust/fish-in-a-jit
[INFO] tweaked toml for git repo https://github.com/make-a-demo-tool-in-rust/fish-in-a-jit written to /workspace/builds/worker-5-tc1/source/Cargo.toml
[INFO] crate git repo https://github.com/make-a-demo-tool-in-rust/fish-in-a-jit already has a lockfile, it will not be regenerated
[INFO] running `Command { std: CARGO_HOME="/workspace/cargo-home" RUSTUP_HOME="/workspace/rustup-home" "/workspace/cargo-home/bin/cargo" "+1.69.0" "fetch" "--manifest-path" "Cargo.toml", kill_on_drop: false }`
[INFO] [stderr]  Downloading crates ...
[INFO] [stderr]   Downloaded serde_yaml v0.6.2
[INFO] running `Command { std: "docker" "create" "-v" "/var/lib/crater-agent-workspace/builds/worker-5-tc1/target:/opt/rustwide/target:rw,Z" "-v" "/var/lib/crater-agent-workspace/builds/worker-5-tc1/source:/opt/rustwide/workdir:ro,Z" "-v" "/var/lib/crater-agent-workspace/cargo-home:/opt/rustwide/cargo-home:ro,Z" "-v" "/var/lib/crater-agent-workspace/rustup-home:/opt/rustwide/rustup-home:ro,Z" "-e" "SOURCE_DIR=/opt/rustwide/workdir" "-e" "CARGO_TARGET_DIR=/opt/rustwide/target" "-e" "CARGO_HOME=/opt/rustwide/cargo-home" "-e" "RUSTUP_HOME=/opt/rustwide/rustup-home" "-w" "/opt/rustwide/workdir" "-m" "1610612736" "--user" "0:0" "--network" "none" "ghcr.io/rust-lang/crates-build-env/linux@sha256:5ff2268d62e97bff2cde7d5815dd6ed5b47097566f13b8d0ca110b04b60e07ed" "/opt/rustwide/cargo-home/bin/cargo" "+1.69.0" "metadata" "--no-deps" "--format-version=1", kill_on_drop: false }`
[INFO] [stdout] 626a1c2c68d00767a94e1d173a65f489824350cb40a9583d329bf82127a2b83e
[INFO] running `Command { std: "docker" "start" "-a" "626a1c2c68d00767a94e1d173a65f489824350cb40a9583d329bf82127a2b83e", kill_on_drop: false }`
[INFO] running `Command { std: "docker" "inspect" "626a1c2c68d00767a94e1d173a65f489824350cb40a9583d329bf82127a2b83e", kill_on_drop: false }`
[INFO] running `Command { std: "docker" "rm" "-f" "626a1c2c68d00767a94e1d173a65f489824350cb40a9583d329bf82127a2b83e", kill_on_drop: false }`
[INFO] [stdout] 626a1c2c68d00767a94e1d173a65f489824350cb40a9583d329bf82127a2b83e
[INFO] running `Command { std: "docker" "create" "-v" "/var/lib/crater-agent-workspace/builds/worker-5-tc1/target:/opt/rustwide/target:rw,Z" "-v" "/var/lib/crater-agent-workspace/builds/worker-5-tc1/source:/opt/rustwide/workdir:ro,Z" "-v" "/var/lib/crater-agent-workspace/cargo-home:/opt/rustwide/cargo-home:ro,Z" "-v" "/var/lib/crater-agent-workspace/rustup-home:/opt/rustwide/rustup-home:ro,Z" "-e" "SOURCE_DIR=/opt/rustwide/workdir" "-e" "CARGO_TARGET_DIR=/opt/rustwide/target" "-e" "CARGO_INCREMENTAL=0" "-e" "RUST_BACKTRACE=full" "-e" "RUSTFLAGS=--cap-lints=warn" "-e" "RUSTDOCFLAGS=--cap-lints=warn" "-e" "CARGO_HOME=/opt/rustwide/cargo-home" "-e" "RUSTUP_HOME=/opt/rustwide/rustup-home" "-w" "/opt/rustwide/workdir" "-m" "1610612736" "--user" "0:0" "--network" "none" "ghcr.io/rust-lang/crates-build-env/linux@sha256:5ff2268d62e97bff2cde7d5815dd6ed5b47097566f13b8d0ca110b04b60e07ed" "/opt/rustwide/cargo-home/bin/cargo" "+1.69.0" "doc" "--frozen" "--no-deps" "--document-private-items" "--message-format=json", kill_on_drop: false }`
[INFO] [stdout] 89fad026a28b9dcc00fc5bca7c427748fe039fbda0e0faab5643d4529ec1e4c9
[INFO] running `Command { std: "docker" "start" "-a" "89fad026a28b9dcc00fc5bca7c427748fe039fbda0e0faab5643d4529ec1e4c9", kill_on_drop: false }`
[INFO] [stderr]    Compiling winapi-build v0.1.1
[INFO] [stderr]     Checking libc v0.2.21
[INFO] [stderr]     Checking winapi v0.2.8
[INFO] [stderr]    Compiling unicode-xid v0.0.4
[INFO] [stderr]    Compiling quote v0.3.15
[INFO] [stderr]     Checking utf8-ranges v0.1.3
[INFO] [stderr]     Checking linked-hash-map v0.3.0
[INFO] [stderr]     Checking regex-syntax v0.3.9
[INFO] [stderr]     Checking log v0.3.7
[INFO] [stderr]    Compiling synom v0.11.3
[INFO] [stderr]     Checking serde v0.9.12
[INFO] [stderr]    Compiling kernel32-sys v0.2.2
[INFO] [stderr]     Checking yaml-rust v0.3.5
[INFO] [stderr]    Compiling syn v0.11.9
[INFO] [stderr]     Checking memchr v0.1.11
[INFO] [stderr]     Checking time v0.1.36
[INFO] [stderr]     Checking aho-corasick v0.5.3
[INFO] [stderr]     Checking thread-id v2.0.0
[INFO] [stderr]     Checking thread_local v0.2.7
[INFO] [stderr]     Checking regex v0.1.80
[INFO] [stderr]    Compiling serde_codegen_internals v0.14.2
[INFO] [stderr]     Checking env_logger v0.3.5
[INFO] [stderr]    Compiling serde_derive v0.9.12
[INFO] [stderr]     Checking serde_yaml v0.6.2
[INFO] [stderr]  Documenting fish_in_a_jit v0.1.0 (/opt/rustwide/workdir)
[INFO] [stderr]     Checking fish_in_a_jit v0.1.0 (/opt/rustwide/workdir)
[INFO] [stdout] error[E0554]: `#![feature]` may not be used on the stable release channel
[INFO] [stdout]  --> src/lib.rs:1:1
[INFO] [stdout]   |
[INFO] [stdout] 1 | #![feature(link_llvm_intrinsics)]
[INFO] [stdout]   | ^^^^^^^^^^^^^^^^^^^^^^^^^^^^^^^^^
[INFO] [stdout] 
[INFO] [stdout] 
[INFO] [stdout] error[E0554]: `#![feature]` may not be used on the stable release channel
[INFO] [stdout]  --> src/lib.rs:1:1
[INFO] [stdout]   |
[INFO] [stdout] 1 | #![feature(link_llvm_intrinsics)]
[INFO] [stdout]   | ^^^^^^^^^^^^^^^^^^^^^^^^^^^^^^^^^
[INFO] [stdout] 
[INFO] [stdout] 
[INFO] [stdout] error[E0554]: `#![feature]` may not be used on the stable release channel
[INFO] [stdout]  --> src/lib.rs:2:1
[INFO] [stdout]   |
[INFO] [stdout] 2 | #![feature(abi_sysv64)]
[INFO] [stdout]   | ^^^^^^^^^^^^^^^^^^^^^^^ help: remove the attribute
[INFO] [stdout]   |
[INFO] [stdout]   = help: the feature `abi_sysv64` has been stable since `1.24.0` and no longer requires an attribute to enable
[INFO] [stdout] 
[INFO] [stdout] 
[INFO] [stdout] error[E0554]: `#![feature]` may not be used on the stable release channel
[INFO] [stdout]  --> src/lib.rs:2:1
[INFO] [stdout]   |
[INFO] [stdout] 2 | #![feature(abi_sysv64)]
[INFO] [stdout]   | ^^^^^^^^^^^^^^^^^^^^^^^ help: remove the attribute
[INFO] [stdout]   |
[INFO] [stdout]   = help: the feature `abi_sysv64` has been stable since `1.24.0` and no longer requires an attribute to enable
[INFO] [stdout] 
[INFO] [stdout] 
[INFO] [stdout] error[E0554]: `#![feature]` may not be used on the stable release channel
[INFO] [stdout]  --> src/lib.rs:3:1
[INFO] [stdout]   |
[INFO] [stdout] 3 | #![feature(try_from)]
[INFO] [stdout]   | ^^^^^^^^^^^^^^^^^^^^^
[INFO] [stdout] 
[INFO] [stdout] 
[INFO] [stdout] error[E0554]: `#![feature]` may not be used on the stable release channel
[INFO] [stdout]  --> src/lib.rs:3:1
[INFO] [stdout]   |
[INFO] [stdout] 3 | #![feature(try_from)]
[INFO] [stdout]   | ^^^^^^^^^^^^^^^^^^^^^
[INFO] [stdout] 
[INFO] [stdout] 
[INFO] [stdout] warning: use of deprecated macro `try`: use the `?` operator instead
[INFO] [stdout]    --> src/dmo.rs:146:24
[INFO] [stdout]     |
[INFO] [stdout] 146 |         let dmo: Dmo = try!(serde_yaml::from_str(text));
[INFO] [stdout]     |                        ^^^
[INFO] [stdout]     |
[INFO] [stdout]     = note: `#[warn(deprecated)]` on by default
[INFO] [stdout] 
[INFO] [stdout] 
[INFO] [stdout] warning: use of deprecated macro `try`: use the `?` operator instead
[INFO] [stdout]    --> src/dmo.rs:151:27
[INFO] [stdout]     |
[INFO] [stdout] 151 |         let mut f: File = try!(File::create(&path));
[INFO] [stdout]     |                           ^^^
[INFO] [stdout] 
[INFO] [stdout] 
[INFO] [stdout] warning: use of deprecated function `std::mem::uninitialized`: use `mem::MaybeUninit` instead
[INFO] [stdout]    --> src/jit/mod.rs:117:56
[INFO] [stdout]     |
[INFO] [stdout] 117 |             let mut raw_addr: *mut libc::c_void = mem::uninitialized();
[INFO] [stdout]     |                                                        ^^^^^^^^^^^^^
[INFO] [stdout] 
[INFO] [stdout] 
[INFO] [stdout] warning: the feature `abi_sysv64` has been stable since 1.24.0 and no longer requires an attribute to enable
[INFO] [stdout]  --> src/lib.rs:2:12
[INFO] [stdout]   |
[INFO] [stdout] 2 | #![feature(abi_sysv64)]
[INFO] [stdout]   |            ^^^^^^^^^^
[INFO] [stdout]   |
[INFO] [stdout]   = note: `#[warn(stable_features)]` on by default
[INFO] [stdout] 
[INFO] [stdout] 
[INFO] [stdout] error[E0554]: `#![feature]` may not be used on the stable release channel
[INFO] [stdout]  --> src/lib.rs:3:12
[INFO] [stdout]   |
[INFO] [stdout] 3 | #![feature(try_from)]
[INFO] [stdout]   |            ^^^^^^^^
[INFO] [stdout] 
[INFO] [stdout] 
[INFO] [stdout] warning: the feature `try_from` has been stable since 1.34.0 and no longer requires an attribute to enable
[INFO] [stdout]  --> src/lib.rs:3:12
[INFO] [stdout]   |
[INFO] [stdout] 3 | #![feature(try_from)]
[INFO] [stdout]   |            ^^^^^^^^
[INFO] [stdout] 
[INFO] [stdout] 
[INFO] [stdout] error: aborting due to 3 previous errors
[INFO] [stdout] 
[INFO] [stdout] 
[INFO] [stdout] warning: trait objects without an explicit `dyn` are deprecated
[INFO] [stdout]    --> src/dmo.rs:145:60
[INFO] [stdout]     |
[INFO] [stdout] 145 |     pub fn new_from_yml_str(text: &str) -> Result<Dmo, Box<Error>> {
[INFO] [stdout]     |                                                            ^^^^^
[INFO] [stdout]     |
[INFO] [stdout]     = warning: this is accepted in the current edition (Rust 2015) but is a hard error in Rust 2021!
[INFO] [stdout]     = note: for more information, see <https://doc.rust-lang.org/nightly/edition-guide/rust-2021/warnings-promoted-to-error.html>
[INFO] [stdout]     = note: `#[warn(bare_trait_objects)]` on by default
[INFO] [stdout] help: use `dyn`
[INFO] [stdout]     |
[INFO] [stdout] 145 |     pub fn new_from_yml_str(text: &str) -> Result<Dmo, Box<dyn Error>> {
[INFO] [stdout]     |                                                            +++
[INFO] [stdout] 
[INFO] [stdout] 
[INFO] [stdout] For more information about this error, try `rustc --explain E0554`.
[INFO] [stdout] 
[INFO] [stdout] warning: trait objects without an explicit `dyn` are deprecated
[INFO] [stdout]    --> src/dmo.rs:150:67
[INFO] [stdout]     |
[INFO] [stdout] 150 |     pub fn write_to_blob(&self, path: &PathBuf) -> Result<(), Box<Error>> {
[INFO] [stdout]     |                                                                   ^^^^^
[INFO] [stdout]     |
[INFO] [stdout]     = warning: this is accepted in the current edition (Rust 2015) but is a hard error in Rust 2021!
[INFO] [stdout]     = note: for more information, see <https://doc.rust-lang.org/nightly/edition-guide/rust-2021/warnings-promoted-to-error.html>
[INFO] [stdout] help: use `dyn`
[INFO] [stdout]     |
[INFO] [stdout] 150 |     pub fn write_to_blob(&self, path: &PathBuf) -> Result<(), Box<dyn Error>> {
[INFO] [stdout]     |                                                                   +++
[INFO] [stdout] 
[INFO] [stdout] 
[INFO] [stdout] warning: trait objects without an explicit `dyn` are deprecated
[INFO] [stdout]  --> src/utils.rs:7:61
[INFO] [stdout]   |
[INFO] [stdout] 7 | pub fn file_to_string(path: &PathBuf) -> Result<String, Box<Error>> {
[INFO] [stdout]   |                                                             ^^^^^
[INFO] [stdout]   |
[INFO] [stdout]   = warning: this is accepted in the current edition (Rust 2015) but is a hard error in Rust 2021!
[INFO] [stdout]   = note: for more information, see <https://doc.rust-lang.org/nightly/edition-guide/rust-2021/warnings-promoted-to-error.html>
[INFO] [stdout] help: use `dyn`
[INFO] [stdout]   |
[INFO] [stdout] 7 | pub fn file_to_string(path: &PathBuf) -> Result<String, Box<dyn Error>> {
[INFO] [stdout]   |                                                             +++
[INFO] [stdout] 
[INFO] [stdout] 
[INFO] [stderr] error: could not document `fish_in_a_jit`
[INFO] [stderr] 
[INFO] [stderr] Caused by:
[INFO] [stderr]   process didn't exit successfully: `rustdoc --crate-type lib --crate-name fish_in_a_jit src/lib.rs -o /opt/rustwide/target/doc --error-format=json --json=diagnostic-rendered-ansi,artifacts,future-incompat --document-private-items -C metadata=47f0907593adc933 -L dependency=/opt/rustwide/target/debug/deps --extern env_logger=/opt/rustwide/target/debug/deps/libenv_logger-a1f74a9fbfe6a085.rmeta --extern libc=/opt/rustwide/target/debug/deps/liblibc-07469cae85b4f7a7.rmeta --extern log=/opt/rustwide/target/debug/deps/liblog-997b55dfec4759fa.rmeta --extern serde=/opt/rustwide/target/debug/deps/libserde-620cde743acec634.rmeta --extern serde_derive=/opt/rustwide/target/debug/deps/libserde_derive-a5af4ac4f6a2a325.so --extern serde_yaml=/opt/rustwide/target/debug/deps/libserde_yaml-61bc17e9754ab336.rmeta --extern time=/opt/rustwide/target/debug/deps/libtime-adf9aad488b03c40.rmeta --cap-lints=warn --crate-version 0.1.0` (exit status: 1)
[INFO] [stderr] warning: build failed, waiting for other jobs to finish...
[INFO] [stdout] warning: type annotations needed
[INFO] [stdout]    --> src/jit/mod.rs:200:68
[INFO] [stdout]     |
[INFO] [stdout] 200 |             clear_cache(self.addr as *mut _, (self.addr as *mut _).offset(self.size as _));
[INFO] [stdout]     |                                                                    ^^^^^^
[INFO] [stdout]     |
[INFO] [stdout]     = warning: this is accepted in the current edition (Rust 2015) but is a hard error in Rust 2018!
[INFO] [stdout]     = note: for more information, see issue #46906 <https://github.com/rust-lang/rust/issues/46906>
[INFO] [stdout]     = note: `#[warn(tyvar_behind_raw_pointer)]` on by default
[INFO] [stdout] 
[INFO] [stdout] 
[INFO] [stdout] error: aborting due to 4 previous errors; 9 warnings emitted
[INFO] [stdout] 
[INFO] [stdout] 
[INFO] [stdout] For more information about this error, try `rustc --explain E0554`.
[INFO] [stdout] 
[INFO] [stderr] error: could not compile `fish_in_a_jit` due to 5 previous errors; 9 warnings emitted
[INFO] running `Command { std: "docker" "inspect" "89fad026a28b9dcc00fc5bca7c427748fe039fbda0e0faab5643d4529ec1e4c9", kill_on_drop: false }`
[INFO] running `Command { std: "docker" "rm" "-f" "89fad026a28b9dcc00fc5bca7c427748fe039fbda0e0faab5643d4529ec1e4c9", kill_on_drop: false }`
[INFO] [stdout] 89fad026a28b9dcc00fc5bca7c427748fe039fbda0e0faab5643d4529ec1e4c9
