[INFO] cloning repository https://github.com/majorz/nginx-rs
[INFO] running `Command { std: "git" "-c" "credential.helper=" "-c" "credential.helper=/workspace/cargo-home/bin/git-credential-null" "clone" "--bare" "https://github.com/majorz/nginx-rs" "/workspace/cache/git-repos/https%3A%2F%2Fgithub.com%2Fmajorz%2Fnginx-rs", kill_on_drop: false }`
[INFO] [stderr] Cloning into bare repository '/workspace/cache/git-repos/https%3A%2F%2Fgithub.com%2Fmajorz%2Fnginx-rs'...
[INFO] running `Command { std: "git" "rev-parse" "HEAD", kill_on_drop: false }`
[INFO] [stdout] 14425331c4d1debd5f033e8c4bdca2ede21bd43c
[INFO] documenting majorz/nginx-rs against 1.69.0 for beta-1.70-rustdoc-1
[INFO] running `Command { std: "git" "clone" "/workspace/cache/git-repos/https%3A%2F%2Fgithub.com%2Fmajorz%2Fnginx-rs" "/workspace/builds/worker-7-tc1/source", kill_on_drop: false }`
[INFO] [stderr] Cloning into '/workspace/builds/worker-7-tc1/source'...
[INFO] [stderr] done.
[INFO] validating manifest of git repo https://github.com/majorz/nginx-rs on toolchain 1.69.0
[INFO] running `Command { std: CARGO_HOME="/workspace/cargo-home" RUSTUP_HOME="/workspace/rustup-home" "/workspace/cargo-home/bin/cargo" "+1.69.0" "metadata" "--manifest-path" "Cargo.toml" "--no-deps", kill_on_drop: false }`
[INFO] started tweaking git repo https://github.com/majorz/nginx-rs
[INFO] finished tweaking git repo https://github.com/majorz/nginx-rs
[INFO] tweaked toml for git repo https://github.com/majorz/nginx-rs written to /workspace/builds/worker-7-tc1/source/Cargo.toml
[INFO] crate git repo https://github.com/majorz/nginx-rs already has a lockfile, it will not be regenerated
[INFO] running `Command { std: CARGO_HOME="/workspace/cargo-home" RUSTUP_HOME="/workspace/rustup-home" "/workspace/cargo-home/bin/cargo" "+1.69.0" "fetch" "--manifest-path" "Cargo.toml", kill_on_drop: false }`
[INFO] [stderr] warning: An explicit [[bin]] section is specified in Cargo.toml which currently
[INFO] [stderr] disables Cargo from automatically inferring other binary targets.
[INFO] [stderr] This inference behavior will change in the Rust 2018 edition and the following
[INFO] [stderr] files will be included as a binary target:
[INFO] [stderr] 
[INFO] [stderr] * /workspace/builds/worker-7-tc1/source/src/bin/paths.rs
[INFO] [stderr] * /workspace/builds/worker-7-tc1/source/src/bin/version.rs
[INFO] [stderr] * /workspace/builds/worker-7-tc1/source/src/bin/builder.rs
[INFO] [stderr] * /workspace/builds/worker-7-tc1/source/src/bin/downloader.rs
[INFO] [stderr] * /workspace/builds/worker-7-tc1/source/src/bin/main.rs
[INFO] [stderr] * /workspace/builds/worker-7-tc1/source/src/bin/reporter.rs
[INFO] [stderr] 
[INFO] [stderr] This is likely to break cargo build or cargo test as these files may not be
[INFO] [stderr] ready to be compiled as a binary target today. You can future-proof yourself
[INFO] [stderr] and disable this warning by adding `autobins = false` to your [package]
[INFO] [stderr] section. You may also move the files to a location where Cargo would not
[INFO] [stderr] automatically infer them to be a target, such as in subfolders.
[INFO] [stderr] 
[INFO] [stderr] For more information on this warning you can consult
[INFO] [stderr] https://github.com/rust-lang/cargo/issues/5330
[INFO] [stderr] warning: path `/workspace/builds/worker-7-tc1/source/src/bin/main.rs` was erroneously implicitly accepted for binary `nginx-make`,
[INFO] [stderr] please set bin.path in Cargo.toml
[INFO] [stderr]  Downloading crates ...
[INFO] [stderr]   Downloaded libc v0.1.3
[INFO] [stderr]   Downloaded itertools v0.1.10
[INFO] [stderr]   Downloaded winapi v0.1.15
[INFO] [stderr]   Downloaded kernel32-sys v0.0.11
[INFO] [stderr]   Downloaded term v0.2.3
[INFO] running `Command { std: "docker" "create" "-v" "/var/lib/crater-agent-workspace/builds/worker-7-tc1/target:/opt/rustwide/target:rw,Z" "-v" "/var/lib/crater-agent-workspace/builds/worker-7-tc1/source:/opt/rustwide/workdir:ro,Z" "-v" "/var/lib/crater-agent-workspace/cargo-home:/opt/rustwide/cargo-home:ro,Z" "-v" "/var/lib/crater-agent-workspace/rustup-home:/opt/rustwide/rustup-home:ro,Z" "-e" "SOURCE_DIR=/opt/rustwide/workdir" "-e" "CARGO_TARGET_DIR=/opt/rustwide/target" "-e" "CARGO_HOME=/opt/rustwide/cargo-home" "-e" "RUSTUP_HOME=/opt/rustwide/rustup-home" "-w" "/opt/rustwide/workdir" "-m" "1610612736" "--user" "0:0" "--network" "none" "ghcr.io/rust-lang/crates-build-env/linux@sha256:5ff2268d62e97bff2cde7d5815dd6ed5b47097566f13b8d0ca110b04b60e07ed" "/opt/rustwide/cargo-home/bin/cargo" "+1.69.0" "metadata" "--no-deps" "--format-version=1", kill_on_drop: false }`
[INFO] [stdout] 185720526dcc4197be1a89cac8d13e8794729d94bafc09bfb492f15a3b7750b9
[INFO] running `Command { std: "docker" "start" "-a" "185720526dcc4197be1a89cac8d13e8794729d94bafc09bfb492f15a3b7750b9", kill_on_drop: false }`
[INFO] running `Command { std: "docker" "inspect" "185720526dcc4197be1a89cac8d13e8794729d94bafc09bfb492f15a3b7750b9", kill_on_drop: false }`
[INFO] running `Command { std: "docker" "rm" "-f" "185720526dcc4197be1a89cac8d13e8794729d94bafc09bfb492f15a3b7750b9", kill_on_drop: false }`
[INFO] [stdout] 185720526dcc4197be1a89cac8d13e8794729d94bafc09bfb492f15a3b7750b9
[INFO] running `Command { std: "docker" "create" "-v" "/var/lib/crater-agent-workspace/builds/worker-7-tc1/target:/opt/rustwide/target:rw,Z" "-v" "/var/lib/crater-agent-workspace/builds/worker-7-tc1/source:/opt/rustwide/workdir:ro,Z" "-v" "/var/lib/crater-agent-workspace/cargo-home:/opt/rustwide/cargo-home:ro,Z" "-v" "/var/lib/crater-agent-workspace/rustup-home:/opt/rustwide/rustup-home:ro,Z" "-e" "SOURCE_DIR=/opt/rustwide/workdir" "-e" "CARGO_TARGET_DIR=/opt/rustwide/target" "-e" "CARGO_INCREMENTAL=0" "-e" "RUST_BACKTRACE=full" "-e" "RUSTFLAGS=--cap-lints=warn" "-e" "RUSTDOCFLAGS=--cap-lints=warn" "-e" "CARGO_HOME=/opt/rustwide/cargo-home" "-e" "RUSTUP_HOME=/opt/rustwide/rustup-home" "-w" "/opt/rustwide/workdir" "-m" "1610612736" "--user" "0:0" "--network" "none" "ghcr.io/rust-lang/crates-build-env/linux@sha256:5ff2268d62e97bff2cde7d5815dd6ed5b47097566f13b8d0ca110b04b60e07ed" "/opt/rustwide/cargo-home/bin/cargo" "+1.69.0" "doc" "--frozen" "--no-deps" "--document-private-items" "--message-format=json", kill_on_drop: false }`
[INFO] [stdout] 727522f04bcaa323901e6cb97a32a7f0c009a83dcf41efc9035d22a378125305
[INFO] running `Command { std: "docker" "start" "-a" "727522f04bcaa323901e6cb97a32a7f0c009a83dcf41efc9035d22a378125305", kill_on_drop: false }`
[INFO] [stderr] warning: An explicit [[bin]] section is specified in Cargo.toml which currently
[INFO] [stderr] disables Cargo from automatically inferring other binary targets.
[INFO] [stderr] This inference behavior will change in the Rust 2018 edition and the following
[INFO] [stderr] files will be included as a binary target:
[INFO] [stderr] 
[INFO] [stderr] * /opt/rustwide/workdir/src/bin/paths.rs
[INFO] [stderr] * /opt/rustwide/workdir/src/bin/version.rs
[INFO] [stderr] * /opt/rustwide/workdir/src/bin/builder.rs
[INFO] [stderr] * /opt/rustwide/workdir/src/bin/downloader.rs
[INFO] [stderr] * /opt/rustwide/workdir/src/bin/main.rs
[INFO] [stderr] * /opt/rustwide/workdir/src/bin/reporter.rs
[INFO] [stderr] 
[INFO] [stderr] This is likely to break cargo build or cargo test as these files may not be
[INFO] [stderr] ready to be compiled as a binary target today. You can future-proof yourself
[INFO] [stderr] and disable this warning by adding `autobins = false` to your [package]
[INFO] [stderr] section. You may also move the files to a location where Cargo would not
[INFO] [stderr] automatically infer them to be a target, such as in subfolders.
[INFO] [stderr] 
[INFO] [stderr] For more information on this warning you can consult
[INFO] [stderr] https://github.com/rust-lang/cargo/issues/5330
[INFO] [stderr] warning: path `/opt/rustwide/workdir/src/bin/main.rs` was erroneously implicitly accepted for binary `nginx-make`,
[INFO] [stderr] please set bin.path in Cargo.toml
[INFO] [stderr]     Checking itertools v0.1.10
[INFO] [stderr]     Checking term v0.2.3
[INFO] [stdout] error[E0432]: unresolved import `std::num::Int`
[INFO] [stdout]   --> /opt/rustwide/cargo-home/registry/src/github.com-1ecc6299db9ec823/term-0.2.3/src/terminfo/parm.rs:21:5
[INFO] [stdout]    |
[INFO] [stdout] 21 | use std::num::Int;
[INFO] [stdout]    |     ^^^^^^^^^^^^^ no `Int` in `num`
[INFO] [stdout] 
[INFO] [stdout] 
[INFO] [stdout] error[E0432]: unresolved import `std::num::Int`
[INFO] [stdout]  --> /opt/rustwide/cargo-home/registry/src/github.com-1ecc6299db9ec823/itertools-0.1.10/src/adaptors.rs:8:5
[INFO] [stdout]   |
[INFO] [stdout] 8 | use std::num::Int;
[INFO] [stdout]   |     ^^^^^^^^^^^^^ no `Int` in `num`
[INFO] [stdout] 
[INFO] [stdout] 
[INFO] [stdout] error[E0432]: unresolved import `std::num::Int`
[INFO] [stdout]  --> /opt/rustwide/cargo-home/registry/src/github.com-1ecc6299db9ec823/itertools-0.1.10/src/intersperse.rs:1:5
[INFO] [stdout]   |
[INFO] [stdout] 1 | use std::num::Int;
[INFO] [stdout]   |     ^^^^^^^^^^^^^ no `Int` in `num`
[INFO] [stdout] 
[INFO] [stdout] 
[INFO] [stdout] error[E0432]: unresolved imports `std::num::Float`, `std::num::NumCast`
[INFO] [stdout]  --> /opt/rustwide/cargo-home/registry/src/github.com-1ecc6299db9ec823/itertools-0.1.10/src/linspace.rs:4:16
[INFO] [stdout]   |
[INFO] [stdout] 4 | use std::num::{Float, NumCast};
[INFO] [stdout]   |                ^^^^^  ^^^^^^^ no `NumCast` in `num`
[INFO] [stdout]   |                |
[INFO] [stdout]   |                no `Float` in `num`
[INFO] [stdout] 
[INFO] [stdout] 
[INFO] [stdout] error[E0432]: unresolved import `std::num::Int`
[INFO] [stdout]  --> /opt/rustwide/cargo-home/registry/src/github.com-1ecc6299db9ec823/itertools-0.1.10/src/tee.rs:4:5
[INFO] [stdout]   |
[INFO] [stdout] 4 | use std::num::Int;
[INFO] [stdout]   |     ^^^^^^^^^^^^^ no `Int` in `num`
[INFO] [stdout] 
[INFO] [stdout] 
[INFO] [stdout] error[E0432]: unresolved import `std::iter::RandomAccessIterator`
[INFO] [stdout]  --> /opt/rustwide/cargo-home/registry/src/github.com-1ecc6299db9ec823/itertools-0.1.10/src/zip.rs:2:5
[INFO] [stdout]   |
[INFO] [stdout] 2 | use std::iter::RandomAccessIterator;
[INFO] [stdout]   |     ^^^^^^^^^^^^^^^^^^^^^^^^^^^^^^^ no `RandomAccessIterator` in `iter`
[INFO] [stdout] 
[INFO] [stdout] 
[INFO] [stdout] error[E0554]: `#![feature]` may not be used on the stable release channel
[INFO] [stdout]   --> /opt/rustwide/cargo-home/registry/src/github.com-1ecc6299db9ec823/term-0.2.3/src/lib.rs:46:12
[INFO] [stdout]    |
[INFO] [stdout] 46 | #![feature(core, io, convert)]
[INFO] [stdout]    |            ^^^^
[INFO] [stdout] 
[INFO] [stdout] 
[INFO] [stdout] error[E0554]: `#![feature]` may not be used on the stable release channel
[INFO] [stdout]   --> /opt/rustwide/cargo-home/registry/src/github.com-1ecc6299db9ec823/term-0.2.3/src/lib.rs:46:18
[INFO] [stdout]    |
[INFO] [stdout] 46 | #![feature(core, io, convert)]
[INFO] [stdout]    |                  ^^
[INFO] [stdout] 
[INFO] [stdout] 
[INFO] [stdout] error[E0554]: `#![feature]` may not be used on the stable release channel
[INFO] [stdout]   --> /opt/rustwide/cargo-home/registry/src/github.com-1ecc6299db9ec823/term-0.2.3/src/lib.rs:46:22
[INFO] [stdout]    |
[INFO] [stdout] 46 | #![feature(core, io, convert)]
[INFO] [stdout]    |                      ^^^^^^^
[INFO] [stdout] 
[INFO] [stdout] 
[INFO] [stdout] error[E0635]: unknown feature `convert`
[INFO] [stdout]   --> /opt/rustwide/cargo-home/registry/src/github.com-1ecc6299db9ec823/term-0.2.3/src/lib.rs:46:22
[INFO] [stdout]    |
[INFO] [stdout] 46 | #![feature(core, io, convert)]
[INFO] [stdout]    |                      ^^^^^^^
[INFO] [stdout] 
[INFO] [stdout] 
[INFO] [stdout] error[E0635]: unknown feature `io`
[INFO] [stdout]   --> /opt/rustwide/cargo-home/registry/src/github.com-1ecc6299db9ec823/term-0.2.3/src/lib.rs:46:18
[INFO] [stdout]    |
[INFO] [stdout] 46 | #![feature(core, io, convert)]
[INFO] [stdout]    |                  ^^
[INFO] [stdout] 
[INFO] [stdout] 
[INFO] [stdout] error[E0658]: use of unstable library feature 'core_intrinsics': intrinsics are unlikely to ever be stabilized, instead they should be used through stabilized interfaces in the rest of the standard library
[INFO] [stdout]    --> /opt/rustwide/cargo-home/registry/src/github.com-1ecc6299db9ec823/itertools-0.1.10/src/ziptuple.rs:223:25
[INFO] [stdout]     |
[INFO] [stdout] 223 |                         ::std::intrinsics::assume(match next_opt {
[INFO] [stdout]     |                         ^^^^^^^^^^^^^^^^^^^^^^^^^
[INFO] [stdout] ...
[INFO] [stdout] 245 | impl_zip_trusted!(A);
[INFO] [stdout]     | -------------------- in this macro invocation
[INFO] [stdout]     |
[INFO] [stdout]     = note: this error originates in the macro `impl_zip_trusted` (in Nightly builds, run with -Z macro-backtrace for more info)
[INFO] [stdout] 
[INFO] [stdout] 
[INFO] [stdout] error[E0658]: use of unstable library feature 'core_intrinsics': intrinsics are unlikely to ever be stabilized, instead they should be used through stabilized interfaces in the rest of the standard library
[INFO] [stdout]    --> /opt/rustwide/cargo-home/registry/src/github.com-1ecc6299db9ec823/itertools-0.1.10/src/ziptuple.rs:223:25
[INFO] [stdout]     |
[INFO] [stdout] 223 |                         ::std::intrinsics::assume(match next_opt {
[INFO] [stdout]     |                         ^^^^^^^^^^^^^^^^^^^^^^^^^
[INFO] [stdout] ...
[INFO] [stdout] 246 | impl_zip_trusted!(A, B);
[INFO] [stdout]     | ----------------------- in this macro invocation
[INFO] [stdout]     |
[INFO] [stdout]     = note: this error originates in the macro `impl_zip_trusted` (in Nightly builds, run with -Z macro-backtrace for more info)
[INFO] [stdout] 
[INFO] [stdout] 
[INFO] [stdout] error[E0658]: use of unstable library feature 'core_intrinsics': intrinsics are unlikely to ever be stabilized, instead they should be used through stabilized interfaces in the rest of the standard library
[INFO] [stdout]    --> /opt/rustwide/cargo-home/registry/src/github.com-1ecc6299db9ec823/itertools-0.1.10/src/ziptuple.rs:223:25
[INFO] [stdout]     |
[INFO] [stdout] 223 |                         ::std::intrinsics::assume(match next_opt {
[INFO] [stdout]     |                         ^^^^^^^^^^^^^^^^^^^^^^^^^
[INFO] [stdout] ...
[INFO] [stdout] 247 | impl_zip_trusted!(A, B, C);
[INFO] [stdout]     | -------------------------- in this macro invocation
[INFO] [stdout]     |
[INFO] [stdout]     = note: this error originates in the macro `impl_zip_trusted` (in Nightly builds, run with -Z macro-backtrace for more info)
[INFO] [stdout] 
[INFO] [stdout] 
[INFO] [stdout] error[E0658]: use of unstable library feature 'core_intrinsics': intrinsics are unlikely to ever be stabilized, instead they should be used through stabilized interfaces in the rest of the standard library
[INFO] [stdout]    --> /opt/rustwide/cargo-home/registry/src/github.com-1ecc6299db9ec823/itertools-0.1.10/src/ziptuple.rs:223:25
[INFO] [stdout]     |
[INFO] [stdout] 223 |                         ::std::intrinsics::assume(match next_opt {
[INFO] [stdout]     |                         ^^^^^^^^^^^^^^^^^^^^^^^^^
[INFO] [stdout] ...
[INFO] [stdout] 248 | impl_zip_trusted!(A, B, C, D);
[INFO] [stdout]     | ----------------------------- in this macro invocation
[INFO] [stdout]     |
[INFO] [stdout]     = note: this error originates in the macro `impl_zip_trusted` (in Nightly builds, run with -Z macro-backtrace for more info)
[INFO] [stdout] 
[INFO] [stdout] 
[INFO] [stdout] error[E0658]: use of unstable library feature 'core_intrinsics': intrinsics are unlikely to ever be stabilized, instead they should be used through stabilized interfaces in the rest of the standard library
[INFO] [stdout]    --> /opt/rustwide/cargo-home/registry/src/github.com-1ecc6299db9ec823/itertools-0.1.10/src/ziptuple.rs:223:25
[INFO] [stdout]     |
[INFO] [stdout] 223 |                         ::std::intrinsics::assume(match next_opt {
[INFO] [stdout]     |                         ^^^^^^^^^^^^^^^^^^^^^^^^^
[INFO] [stdout] ...
[INFO] [stdout] 249 | impl_zip_trusted!(A, B, C, D, E);
[INFO] [stdout]     | -------------------------------- in this macro invocation
[INFO] [stdout]     |
[INFO] [stdout]     = note: this error originates in the macro `impl_zip_trusted` (in Nightly builds, run with -Z macro-backtrace for more info)
[INFO] [stdout] 
[INFO] [stdout] 
[INFO] [stdout] error[E0658]: use of unstable library feature 'core_intrinsics': intrinsics are unlikely to ever be stabilized, instead they should be used through stabilized interfaces in the rest of the standard library
[INFO] [stdout]    --> /opt/rustwide/cargo-home/registry/src/github.com-1ecc6299db9ec823/itertools-0.1.10/src/ziptuple.rs:223:25
[INFO] [stdout]     |
[INFO] [stdout] 223 |                         ::std::intrinsics::assume(match next_opt {
[INFO] [stdout]     |                         ^^^^^^^^^^^^^^^^^^^^^^^^^
[INFO] [stdout] ...
[INFO] [stdout] 250 | impl_zip_trusted!(A, B, C, D, E, F);
[INFO] [stdout]     | ----------------------------------- in this macro invocation
[INFO] [stdout]     |
[INFO] [stdout]     = note: this error originates in the macro `impl_zip_trusted` (in Nightly builds, run with -Z macro-backtrace for more info)
[INFO] [stdout] 
[INFO] [stdout] 
[INFO] [stdout] error[E0658]: use of unstable library feature 'core_intrinsics': intrinsics are unlikely to ever be stabilized, instead they should be used through stabilized interfaces in the rest of the standard library
[INFO] [stdout]    --> /opt/rustwide/cargo-home/registry/src/github.com-1ecc6299db9ec823/itertools-0.1.10/src/ziptuple.rs:223:25
[INFO] [stdout]     |
[INFO] [stdout] 223 |                         ::std::intrinsics::assume(match next_opt {
[INFO] [stdout]     |                         ^^^^^^^^^^^^^^^^^^^^^^^^^
[INFO] [stdout] ...
[INFO] [stdout] 251 | impl_zip_trusted!(A, B, C, D, E, F, G);
[INFO] [stdout]     | -------------------------------------- in this macro invocation
[INFO] [stdout]     |
[INFO] [stdout]     = note: this error originates in the macro `impl_zip_trusted` (in Nightly builds, run with -Z macro-backtrace for more info)
[INFO] [stdout] 
[INFO] [stdout] 
[INFO] [stdout] error[E0277]: the trait bound `Attr: Clone` is not satisfied
[INFO] [stdout]    --> /opt/rustwide/cargo-home/registry/src/github.com-1ecc6299db9ec823/term-0.2.3/src/lib.rs:137:32
[INFO] [stdout]     |
[INFO] [stdout] 137 | #[derive(Debug, PartialEq, Eq, Copy)]
[INFO] [stdout]     |                                ^^^^ the trait `Clone` is not implemented for `Attr`
[INFO] [stdout]     |
[INFO] [stdout] note: required by a bound in `Copy`
[INFO] [stdout]    --> /rustc/84c898d65adf2f39a5a98507f1fe0ce10a2b8dbc/library/core/src/marker.rs:392:1
[INFO] [stdout]     = note: this error originates in the derive macro `Copy` (in Nightly builds, run with -Z macro-backtrace for more info)
[INFO] [stdout] help: consider annotating `Attr` with `#[derive(Clone)]`
[INFO] [stdout]     |
[INFO] [stdout] 138 | #[derive(Clone)]
[INFO] [stdout]     |
[INFO] [stdout] 
[INFO] [stdout] 
[INFO] [stdout] error[E0658]: use of unstable library feature 'core_intrinsics': intrinsics are unlikely to ever be stabilized, instead they should be used through stabilized interfaces in the rest of the standard library
[INFO] [stdout]    --> /opt/rustwide/cargo-home/registry/src/github.com-1ecc6299db9ec823/itertools-0.1.10/src/ziptuple.rs:223:25
[INFO] [stdout]     |
[INFO] [stdout] 223 |                         ::std::intrinsics::assume(match next_opt {
[INFO] [stdout]     |                         ^^^^^^^^^^^^^^^^^^^^^^^^^
[INFO] [stdout] ...
[INFO] [stdout] 252 | impl_zip_trusted!(A, B, C, D, E, F, G, H);
[INFO] [stdout]     | ----------------------------------------- in this macro invocation
[INFO] [stdout]     |
[INFO] [stdout]     = note: this error originates in the macro `impl_zip_trusted` (in Nightly builds, run with -Z macro-backtrace for more info)
[INFO] [stdout] 
[INFO] [stdout] 
[INFO] [stdout] error[E0658]: use of unstable library feature 'core_intrinsics': intrinsics are unlikely to ever be stabilized, instead they should be used through stabilized interfaces in the rest of the standard library
[INFO] [stdout]    --> /opt/rustwide/cargo-home/registry/src/github.com-1ecc6299db9ec823/itertools-0.1.10/src/ziptuple.rs:223:25
[INFO] [stdout]     |
[INFO] [stdout] 223 |                         ::std::intrinsics::assume(match next_opt {
[INFO] [stdout]     |                         ^^^^^^^^^^^^^^^^^^^^^^^^^
[INFO] [stdout] ...
[INFO] [stdout] 253 | impl_zip_trusted!(A, B, C, D, E, F, G, H, I);
[INFO] [stdout]     | -------------------------------------------- in this macro invocation
[INFO] [stdout]     |
[INFO] [stdout]     = note: this error originates in the macro `impl_zip_trusted` (in Nightly builds, run with -Z macro-backtrace for more info)
[INFO] [stdout] 
[INFO] [stdout] 
[INFO] [stdout] error[E0554]: `#![feature]` may not be used on the stable release channel
[INFO] [stdout]  --> /opt/rustwide/cargo-home/registry/src/github.com-1ecc6299db9ec823/itertools-0.1.10/src/lib.rs:1:12
[INFO] [stdout]   |
[INFO] [stdout] 1 | #![feature(core,
[INFO] [stdout]   |            ^^^^
[INFO] [stdout] 
[INFO] [stdout] 
[INFO] [stdout] error[E0554]: `#![feature]` may not be used on the stable release channel
[INFO] [stdout]  --> /opt/rustwide/cargo-home/registry/src/github.com-1ecc6299db9ec823/itertools-0.1.10/src/lib.rs:2:12
[INFO] [stdout]   |
[INFO] [stdout] 2 |            step_by,
[INFO] [stdout]   |            ^^^^^^^
[INFO] [stdout] 
[INFO] [stdout] 
[INFO] [stdout] error[E0554]: `#![feature]` may not be used on the stable release channel
[INFO] [stdout]  --> /opt/rustwide/cargo-home/registry/src/github.com-1ecc6299db9ec823/itertools-0.1.10/src/lib.rs:3:12
[INFO] [stdout]   |
[INFO] [stdout] 3 |            std_misc)]
[INFO] [stdout]   |            ^^^^^^^^
[INFO] [stdout] 
[INFO] [stdout] 
[INFO] [stdout] error[E0635]: unknown feature `std_misc`
[INFO] [stdout]  --> /opt/rustwide/cargo-home/registry/src/github.com-1ecc6299db9ec823/itertools-0.1.10/src/lib.rs:3:12
[INFO] [stdout]   |
[INFO] [stdout] 3 |            std_misc)]
[INFO] [stdout]   |            ^^^^^^^^
[INFO] [stdout] 
[INFO] [stdout] 
[INFO] [stdout] error[E0635]: unknown feature `step_by`
[INFO] [stdout]  --> /opt/rustwide/cargo-home/registry/src/github.com-1ecc6299db9ec823/itertools-0.1.10/src/lib.rs:2:12
[INFO] [stdout]   |
[INFO] [stdout] 2 |            step_by,
[INFO] [stdout]   |            ^^^^^^^
[INFO] [stdout] 
[INFO] [stdout] 
[INFO] [stdout] error[E0277]: the trait bound `States: Clone` is not satisfied
[INFO] [stdout]   --> /opt/rustwide/cargo-home/registry/src/github.com-1ecc6299db9ec823/term-0.2.3/src/terminfo/parm.rs:23:10
[INFO] [stdout]    |
[INFO] [stdout] 23 | #[derive(Copy, PartialEq)]
[INFO] [stdout]    |          ^^^^ the trait `Clone` is not implemented for `States`
[INFO] [stdout]    |
[INFO] [stdout] note: required by a bound in `Copy`
[INFO] [stdout]   --> /rustc/84c898d65adf2f39a5a98507f1fe0ce10a2b8dbc/library/core/src/marker.rs:392:1
[INFO] [stdout]    = note: this error originates in the derive macro `Copy` (in Nightly builds, run with -Z macro-backtrace for more info)
[INFO] [stdout] 
[INFO] [stdout] 
[INFO] [stdout] error[E0277]: the trait bound `FormatState: Clone` is not satisfied
[INFO] [stdout]   --> /opt/rustwide/cargo-home/registry/src/github.com-1ecc6299db9ec823/term-0.2.3/src/terminfo/parm.rs:40:10
[INFO] [stdout]    |
[INFO] [stdout] 40 | #[derive(Copy, PartialEq)]
[INFO] [stdout]    |          ^^^^ the trait `Clone` is not implemented for `FormatState`
[INFO] [stdout]    |
[INFO] [stdout] note: required by a bound in `Copy`
[INFO] [stdout]   --> /rustc/84c898d65adf2f39a5a98507f1fe0ce10a2b8dbc/library/core/src/marker.rs:392:1
[INFO] [stdout]    = note: this error originates in the derive macro `Copy` (in Nightly builds, run with -Z macro-backtrace for more info)
[INFO] [stdout] help: consider annotating `FormatState` with `#[derive(Clone)]`
[INFO] [stdout]    |
[INFO] [stdout] 41 | #[derive(Clone)]
[INFO] [stdout]    |
[INFO] [stdout] 
[INFO] [stdout] 
[INFO] [stdout] error[E0277]: the trait bound `Flags: Clone` is not satisfied
[INFO] [stdout]    --> /opt/rustwide/cargo-home/registry/src/github.com-1ecc6299db9ec823/term-0.2.3/src/terminfo/parm.rs:452:10
[INFO] [stdout]     |
[INFO] [stdout] 452 | #[derive(Copy, PartialEq)]
[INFO] [stdout]     |          ^^^^ the trait `Clone` is not implemented for `Flags`
[INFO] [stdout]     |
[INFO] [stdout] note: required by a bound in `Copy`
[INFO] [stdout]    --> /rustc/84c898d65adf2f39a5a98507f1fe0ce10a2b8dbc/library/core/src/marker.rs:392:1
[INFO] [stdout]     = note: this error originates in the derive macro `Copy` (in Nightly builds, run with -Z macro-backtrace for more info)
[INFO] [stdout] help: consider annotating `Flags` with `#[derive(Clone)]`
[INFO] [stdout]     |
[INFO] [stdout] 453 | #[derive(Clone)]
[INFO] [stdout]     |
[INFO] [stdout] 
[INFO] [stdout] 
[INFO] [stdout] error[E0277]: the trait bound `FormatOp: Clone` is not satisfied
[INFO] [stdout]    --> /opt/rustwide/cargo-home/registry/src/github.com-1ecc6299db9ec823/term-0.2.3/src/terminfo/parm.rs:469:10
[INFO] [stdout]     |
[INFO] [stdout] 469 | #[derive(Copy)]
[INFO] [stdout]     |          ^^^^ the trait `Clone` is not implemented for `FormatOp`
[INFO] [stdout]     |
[INFO] [stdout] note: required by a bound in `Copy`
[INFO] [stdout]    --> /rustc/84c898d65adf2f39a5a98507f1fe0ce10a2b8dbc/library/core/src/marker.rs:392:1
[INFO] [stdout]     = note: this error originates in the derive macro `Copy` (in Nightly builds, run with -Z macro-backtrace for more info)
[INFO] [stdout] help: consider annotating `FormatOp` with `#[derive(Clone)]`
[INFO] [stdout]     |
[INFO] [stdout] 470 | #[derive(Clone)]
[INFO] [stdout]     |
[INFO] [stdout] 
[INFO] [stdout] 
[INFO] [stdout] error: aborting due to 11 previous errors
[INFO] [stdout] 
[INFO] [stdout] 
[INFO] [stdout] Some errors have detailed explanations: E0277, E0432, E0554, E0635.
[INFO] [stdout] 
[INFO] [stdout] For more information about an error, try `rustc --explain E0277`.
[INFO] [stdout] 
[INFO] [stdout] error[E0433]: failed to resolve: use of undeclared type `IteratorExt`
[INFO] [stdout]    --> /opt/rustwide/cargo-home/registry/src/github.com-1ecc6299db9ec823/itertools-0.1.10/src/lib.rs:484:20
[INFO] [stdout]     |
[INFO] [stdout] 484 |         for elt in IteratorExt::by_ref(self) {
[INFO] [stdout]     |                    ^^^^^^^^^^^
[INFO] [stdout]     |                    |
[INFO] [stdout]     |                    use of undeclared type `IteratorExt`
[INFO] [stdout]     |                    help: a trait with a similar name exists: `Iterator`
[INFO] [stdout] 
[INFO] [stdout] 
[INFO] [stdout] error: aborting due to 20 previous errors
[INFO] [stdout] 
[INFO] [stdout] 
[INFO] [stdout] Some errors have detailed explanations: E0432, E0433, E0554, E0635, E0658.
[INFO] [stdout] 
[INFO] [stdout] For more information about an error, try `rustc --explain E0432`.
[INFO] [stdout] 
[INFO] [stderr] error: could not compile `term` due to 12 previous errors
[INFO] [stderr] warning: build failed, waiting for other jobs to finish...
[INFO] [stderr] error: could not compile `itertools` due to 21 previous errors
[INFO] running `Command { std: "docker" "inspect" "727522f04bcaa323901e6cb97a32a7f0c009a83dcf41efc9035d22a378125305", kill_on_drop: false }`
[INFO] running `Command { std: "docker" "rm" "-f" "727522f04bcaa323901e6cb97a32a7f0c009a83dcf41efc9035d22a378125305", kill_on_drop: false }`
[INFO] [stdout] 727522f04bcaa323901e6cb97a32a7f0c009a83dcf41efc9035d22a378125305
