[INFO] cloning repository https://github.com/magicalne/godwoken-benchmark
[INFO] running `Command { std: "git" "-c" "credential.helper=" "-c" "credential.helper=/workspace/cargo-home/bin/git-credential-null" "clone" "--bare" "https://github.com/magicalne/godwoken-benchmark" "/workspace/cache/git-repos/https%3A%2F%2Fgithub.com%2Fmagicalne%2Fgodwoken-benchmark", kill_on_drop: false }`
[INFO] [stderr] Cloning into bare repository '/workspace/cache/git-repos/https%3A%2F%2Fgithub.com%2Fmagicalne%2Fgodwoken-benchmark'...
[INFO] running `Command { std: "git" "rev-parse" "HEAD", kill_on_drop: false }`
[INFO] [stdout] e97c8ff4ffe52fba95ad3248f5d3a29698ae130a
[INFO] documenting magicalne/godwoken-benchmark against 1.69.0 for beta-1.70-rustdoc-1
[INFO] running `Command { std: "git" "clone" "/workspace/cache/git-repos/https%3A%2F%2Fgithub.com%2Fmagicalne%2Fgodwoken-benchmark" "/workspace/builds/worker-7-tc1/source", kill_on_drop: false }`
[INFO] [stderr] Cloning into '/workspace/builds/worker-7-tc1/source'...
[INFO] [stderr] done.
[INFO] validating manifest of git repo https://github.com/magicalne/godwoken-benchmark on toolchain 1.69.0
[INFO] running `Command { std: CARGO_HOME="/workspace/cargo-home" RUSTUP_HOME="/workspace/rustup-home" "/workspace/cargo-home/bin/cargo" "+1.69.0" "metadata" "--manifest-path" "Cargo.toml" "--no-deps", kill_on_drop: false }`
[INFO] started tweaking git repo https://github.com/magicalne/godwoken-benchmark
[INFO] finished tweaking git repo https://github.com/magicalne/godwoken-benchmark
[INFO] tweaked toml for git repo https://github.com/magicalne/godwoken-benchmark written to /workspace/builds/worker-7-tc1/source/Cargo.toml
[INFO] crate git repo https://github.com/magicalne/godwoken-benchmark already has a lockfile, it will not be regenerated
[INFO] running `Command { std: CARGO_HOME="/workspace/cargo-home" RUSTUP_HOME="/workspace/rustup-home" "/workspace/cargo-home/bin/cargo" "+1.69.0" "fetch" "--manifest-path" "Cargo.toml", kill_on_drop: false }`
[INFO] [stderr]  Downloading crates ...
[INFO] [stderr]   Downloaded jsonrpc-core v17.1.0
[INFO] [stderr]   Downloaded bech32 v0.6.0
[INFO] [stderr]   Downloaded ckb-error v0.100.0
[INFO] [stderr]   Downloaded bitcoin_hashes v0.3.2
[INFO] [stderr]   Downloaded ckb-rational v0.100.0
[INFO] [stderr]   Downloaded ckb-fixed-hash v0.100.0
[INFO] [stderr]   Downloaded ckb-fixed-hash-macros v0.100.0
[INFO] [stderr]   Downloaded ckb-occupied-capacity-macros v0.100.0
[INFO] [stderr]   Downloaded ckb-occupied-capacity-core v0.100.0
[INFO] [stderr]   Downloaded ckb-occupied-capacity v0.100.0
[INFO] [stderr]   Downloaded ckb-hash v0.100.0
[INFO] [stderr]   Downloaded ckb-traits v0.100.0
[INFO] [stderr]   Downloaded ckb-channel v0.100.0
[INFO] [stderr]   Downloaded ckb-fixed-hash-core v0.100.0
[INFO] [stderr]   Downloaded ckb-dao-utils v0.100.0
[INFO] [stderr]   Downloaded ckb-logger v0.100.0
[INFO] [stderr]   Downloaded ckb-jsonrpc-types v0.100.0
[INFO] [stderr]   Downloaded ckb-constant v0.100.0
[INFO] [stderr]   Downloaded ckb-pow v0.100.0
[INFO] [stderr]   Downloaded ckb-chain-spec v0.100.0
[INFO] [stderr]   Downloaded sparse-merkle-tree v0.5.2
[INFO] [stderr]   Downloaded ckb-resource v0.100.0
[INFO] [stderr]   Downloaded ckb-vm v0.20.0-rc6
[INFO] [stderr]   Downloaded ckb-crypto v0.100.0
[INFO] [stderr]   Downloaded ckb-vm-definitions v0.20.0-rc6
[INFO] [stderr]   Downloaded goblin v0.4.0
[INFO] [stderr]   Downloaded ckb-sdk-types v0.100.0
[INFO] [stderr]   Downloaded ckb-types v0.100.0
[INFO] [stderr]   Downloaded ckb-system-scripts v0.5.3
[INFO] [stderr]   Downloaded ckb-script v0.100.0
[INFO] [stderr]   Downloaded ckb-sdk v0.100.0
[INFO] running `Command { std: "docker" "create" "-v" "/var/lib/crater-agent-workspace/builds/worker-7-tc1/target:/opt/rustwide/target:rw,Z" "-v" "/var/lib/crater-agent-workspace/builds/worker-7-tc1/source:/opt/rustwide/workdir:ro,Z" "-v" "/var/lib/crater-agent-workspace/cargo-home:/opt/rustwide/cargo-home:ro,Z" "-v" "/var/lib/crater-agent-workspace/rustup-home:/opt/rustwide/rustup-home:ro,Z" "-e" "SOURCE_DIR=/opt/rustwide/workdir" "-e" "CARGO_TARGET_DIR=/opt/rustwide/target" "-e" "CARGO_HOME=/opt/rustwide/cargo-home" "-e" "RUSTUP_HOME=/opt/rustwide/rustup-home" "-w" "/opt/rustwide/workdir" "-m" "1610612736" "--user" "0:0" "--network" "none" "ghcr.io/rust-lang/crates-build-env/linux@sha256:5ff2268d62e97bff2cde7d5815dd6ed5b47097566f13b8d0ca110b04b60e07ed" "/opt/rustwide/cargo-home/bin/cargo" "+1.69.0" "metadata" "--no-deps" "--format-version=1", kill_on_drop: false }`
[INFO] [stdout] bc163b2987a5b9ee40b9be08aac79a52c6bd62ed171e950bd4d40982fe723a19
[INFO] running `Command { std: "docker" "start" "-a" "bc163b2987a5b9ee40b9be08aac79a52c6bd62ed171e950bd4d40982fe723a19", kill_on_drop: false }`
[INFO] running `Command { std: "docker" "inspect" "bc163b2987a5b9ee40b9be08aac79a52c6bd62ed171e950bd4d40982fe723a19", kill_on_drop: false }`
[INFO] running `Command { std: "docker" "rm" "-f" "bc163b2987a5b9ee40b9be08aac79a52c6bd62ed171e950bd4d40982fe723a19", kill_on_drop: false }`
[INFO] [stdout] bc163b2987a5b9ee40b9be08aac79a52c6bd62ed171e950bd4d40982fe723a19
[INFO] running `Command { std: "docker" "create" "-v" "/var/lib/crater-agent-workspace/builds/worker-7-tc1/target:/opt/rustwide/target:rw,Z" "-v" "/var/lib/crater-agent-workspace/builds/worker-7-tc1/source:/opt/rustwide/workdir:ro,Z" "-v" "/var/lib/crater-agent-workspace/cargo-home:/opt/rustwide/cargo-home:ro,Z" "-v" "/var/lib/crater-agent-workspace/rustup-home:/opt/rustwide/rustup-home:ro,Z" "-e" "SOURCE_DIR=/opt/rustwide/workdir" "-e" "CARGO_TARGET_DIR=/opt/rustwide/target" "-e" "CARGO_INCREMENTAL=0" "-e" "RUST_BACKTRACE=full" "-e" "RUSTFLAGS=--cap-lints=warn" "-e" "RUSTDOCFLAGS=--cap-lints=warn" "-e" "CARGO_HOME=/opt/rustwide/cargo-home" "-e" "RUSTUP_HOME=/opt/rustwide/rustup-home" "-w" "/opt/rustwide/workdir" "-m" "1610612736" "--user" "0:0" "--network" "none" "ghcr.io/rust-lang/crates-build-env/linux@sha256:5ff2268d62e97bff2cde7d5815dd6ed5b47097566f13b8d0ca110b04b60e07ed" "/opt/rustwide/cargo-home/bin/cargo" "+1.69.0" "doc" "--frozen" "--no-deps" "--document-private-items" "--message-format=json", kill_on_drop: false }`
[INFO] [stdout] f5883e619a47c4fb5b248a5cf226559a14d021f7ecfefcb85f3935ffa97a1d6a
[INFO] running `Command { std: "docker" "start" "-a" "f5883e619a47c4fb5b248a5cf226559a14d021f7ecfefcb85f3935ffa97a1d6a", kill_on_drop: false }`
[INFO] [stderr]    Compiling libc v0.2.105
[INFO] [stderr]    Compiling proc-macro2 v1.0.32
[INFO] [stderr]    Compiling unicode-xid v0.2.2
[INFO] [stderr]    Compiling syn v1.0.80
[INFO] [stderr]    Compiling autocfg v1.0.1
[INFO] [stderr]     Checking cfg-if v1.0.0
[INFO] [stderr]    Compiling serde_derive v1.0.130
[INFO] [stderr]    Compiling serde v1.0.130
[INFO] [stderr]    Compiling cc v1.0.71
[INFO] [stderr]    Compiling getrandom v0.1.16
[INFO] [stderr]    Compiling ppv-lite86 v0.2.15
[INFO] [stderr]    Compiling log v0.4.14
[INFO] [stderr]    Compiling faster-hex v0.6.1
[INFO] [stderr]    Compiling heapsize v0.4.2
[INFO] [stderr]    Compiling memchr v2.4.1
[INFO] [stderr]    Compiling crossbeam-utils v0.8.5
[INFO] [stderr]     Checking once_cell v1.8.0
[INFO] [stderr]    Compiling typenum v1.14.0
[INFO] [stderr]    Compiling anyhow v1.0.44
[INFO] [stderr]    Compiling crc32fast v1.2.1
[INFO] [stderr]    Compiling convert_case v0.4.0
[INFO] [stderr]    Compiling miniz_oxide v0.4.4
[INFO] [stderr]     Checking bitflags v1.3.2
[INFO] [stderr]    Compiling siphasher v0.3.7
[INFO] [stderr]     Checking itoa v0.4.8
[INFO] [stderr]     Checking pin-project-lite v0.2.7
[INFO] [stderr]    Compiling futures-core v0.3.17
[INFO] [stderr]    Compiling adler v1.0.2
[INFO] [stderr]    Compiling proc-macro-hack v0.5.19
[INFO] [stderr]    Compiling phf_shared v0.8.0
[INFO] [stderr]     Checking rand_core v0.4.2
[INFO] [stderr]    Compiling futures-macro v0.3.17
[INFO] [stderr]    Compiling futures-channel v0.3.17
[INFO] [stderr]    Compiling same-file v1.0.6
[INFO] [stderr]     Checking futures-sink v0.3.17
[INFO] [stderr]    Compiling proc-macro-nested v0.1.7
[INFO] [stderr]    Compiling futures-task v0.3.17
[INFO] [stderr]     Checking byteorder v1.4.3
[INFO] [stderr]    Compiling rand_core v0.5.1
[INFO] [stderr]    Compiling walkdir v2.3.2
[INFO] [stderr]    Compiling quote v1.0.10
[INFO] [stderr]     Checking crossbeam-channel v0.5.1
[INFO] [stderr]    Compiling futures-util v0.3.17
[INFO] [stderr]    Compiling pkg-config v0.3.22
[INFO] [stderr]    Compiling parking_lot_core v0.8.5
[INFO] [stderr]    Compiling version_check v0.9.3
[INFO] [stderr]    Compiling rand_pcg v0.2.1
[INFO] [stderr]    Compiling rand_chacha v0.2.2
[INFO] [stderr]    Compiling blake2b-rs v0.1.5
[INFO] [stderr]    Compiling flate2 v1.0.22
[INFO] [stderr]    Compiling rand v0.7.3
[INFO] [stderr]     Checking merkle-cbt v0.3.0
[INFO] [stderr]     Checking ckb-channel v0.100.0
[INFO] [stderr]    Compiling generic-array v0.14.4
[INFO] [stderr]     Checking instant v0.1.12
[INFO] [stderr]     Checking bit-vec v0.5.1
[INFO] [stderr]    Compiling serde_json v1.0.68
[INFO] [stderr]     Checking futures-io v0.3.17
[INFO] [stderr]     Checking slab v0.4.5
[INFO] [stderr]     Checking smallvec v1.7.0
[INFO] [stderr]     Checking lock_api v0.4.5
[INFO] [stderr]     Checking rand_core v0.3.1
[INFO] [stderr]    Compiling tokio v1.12.0
[INFO] [stderr]     Checking generic-array v0.12.4
[INFO] [stderr]     Checking signal-hook-registry v1.4.0
[INFO] [stderr]    Compiling openssl-sys v0.9.67
[INFO] [stderr]     Checking mio v0.7.14
[INFO] [stderr]     Checking num_cpus v1.13.0
[INFO] [stderr]    Compiling phf v0.8.0
[INFO] [stderr]     Checking ckb-hash v0.100.0
[INFO] [stderr]     Checking parking_lot v0.11.2
[INFO] [stderr]    Compiling secp256k1-sys v0.3.0
[INFO] [stderr]    Compiling phf_generator v0.8.0
[INFO] [stderr]    Compiling includedir v0.6.0
[INFO] [stderr]    Compiling indexmap v1.7.0
[INFO] [stderr]     Checking foreign-types-shared v0.1.1
[INFO] [stderr]    Compiling openssl v0.10.36
[INFO] [stderr]    Compiling phf_codegen v0.8.0
[INFO] [stderr]     Checking foreign-types v0.3.2
[INFO] [stderr]    Compiling includedir_codegen v0.6.0
[INFO] [stderr]     Checking tracing-core v0.1.21
[INFO] [stderr]    Compiling native-tls v0.2.8
[INFO] [stderr]    Compiling httparse v1.5.1
[INFO] [stderr]     Checking tinyvec_macros v0.1.0
[INFO] [stderr]     Checking hashbrown v0.11.2
[INFO] [stderr]     Checking matches v0.1.9
[INFO] [stderr]    Compiling rand_pcg v0.1.2
[INFO] [stderr]    Compiling rand_chacha v0.1.1
[INFO] [stderr]    Compiling num-traits v0.2.14
[INFO] [stderr]     Checking tinyvec v1.5.0
[INFO] [stderr]     Checking try-lock v0.2.3
[INFO] [stderr]     Checking plain v0.2.3
[INFO] [stderr]     Checking openssl-probe v0.1.4
[INFO] [stderr]     Checking form_urlencoded v1.0.1
[INFO] [stderr]     Checking want v0.3.0
[INFO] [stderr]     Checking crypto-mac v0.7.0
[INFO] [stderr]     Checking tracing v0.1.29
[INFO] [stderr]     Checking cipher v0.2.5
[INFO] [stderr]     Checking digest v0.8.1
[INFO] [stderr]    Compiling ckb-vm v0.20.0-rc6
[INFO] [stderr]    Compiling backtrace v0.3.62
[INFO] [stderr]    Compiling rand v0.6.5
[INFO] [stderr]     Checking socket2 v0.4.2
[INFO] [stderr]    Compiling num-integer v0.1.44
[INFO] [stderr]    Compiling ckb-system-scripts v0.5.3
[INFO] [stderr]     Checking httpdate v1.0.1
[INFO] [stderr]    Compiling encoding_rs v0.8.29
[INFO] [stderr]    Compiling crunchy v0.2.2
[INFO] [stderr]     Checking tower-service v0.3.1
[INFO] [stderr]     Checking eaglesong v0.1.0
[INFO] [stderr]     Checking unicode-bidi v0.3.7
[INFO] [stderr]     Checking opaque-debug v0.3.0
[INFO] [stderr]     Checking gimli v0.25.0
[INFO] [stderr]     Checking block-buffer v0.7.3
[INFO] [stderr]     Checking rand_hc v0.1.0
[INFO] [stderr]     Checking rand_isaac v0.1.1
[INFO] [stderr]     Checking secp256k1 v0.19.0
[INFO] [stderr]     Checking unicode-normalization v0.1.19
[INFO] [stderr]     Checking rand_xorshift v0.1.1
[INFO] [stderr]    Compiling secp256k1-sys v0.4.1
[INFO] [stderr]     Checking rand_os v0.1.3
[INFO] [stderr]     Checking getrandom v0.2.3
[INFO] [stderr]     Checking mapr v0.8.0
[INFO] [stderr]     Checking rand_jitter v0.1.4
[INFO] [stderr]     Checking object v0.27.1
[INFO] [stderr]     Checking ckb-constant v0.100.0
[INFO] [stderr]     Checking safemem v0.3.3
[INFO] [stderr]    Compiling ckb-script v0.100.0
[INFO] [stderr]     Checking rustc-demangle v0.1.21
[INFO] [stderr]     Checking ckb-vm-definitions v0.20.0-rc6
[INFO] [stderr]     Checking sha2 v0.8.2
[INFO] [stderr]     Checking base64 v0.9.3
[INFO] [stderr]     Checking rand_core v0.6.3
[INFO] [stderr]     Checking aes-soft v0.6.4
[INFO] [stderr]     Checking ctr v0.6.0
[INFO] [stderr]     Checking hmac v0.7.1
[INFO] [stderr]     Checking pbkdf2 v0.3.0
[INFO] [stderr]     Checking rand v0.5.6
[INFO] [stderr]     Checking time v0.1.43
[INFO] [stderr]     Checking atty v0.2.14
[INFO] [stderr]     Checking aho-corasick v0.7.18
[INFO] [stderr]     Checking ckb-logger v0.100.0
[INFO] [stderr]     Checking regex-syntax v0.6.25
[INFO] [stderr]     Checking block-padding v0.2.1
[INFO] [stderr]     Checking unicode-width v0.1.9
[INFO] [stderr]     Checking mime v0.3.16
[INFO] [stderr]     Checking ipnet v2.3.1
[INFO] [stderr]     Checking base64 v0.13.0
[INFO] [stderr]     Checking textwrap v0.11.0
[INFO] [stderr]     Checking block-buffer v0.9.0
[INFO] [stderr]     Checking aes-ctr v0.6.0
[INFO] [stderr]     Checking idna v0.2.3
[INFO] [stderr]     Checking rand_chacha v0.3.1
[INFO] [stderr]     Checking tiny-keccak v1.5.0
[INFO] [stderr]     Checking chrono v0.4.19
[INFO] [stderr]     Checking digest v0.9.0
[INFO] [stderr]     Checking bitcoin_hashes v0.3.2
[INFO] [stderr]     Checking uuid v0.7.4
[INFO] [stderr]     Checking strsim v0.8.0
[INFO] [stderr]     Checking vec_map v0.8.2
[INFO] [stderr]     Checking bech32 v0.6.0
[INFO] [stderr]     Checking scrypt v0.2.0
[INFO] [stderr]     Checking ansi_term v0.11.0
[INFO] [stderr]     Checking humantime v2.1.0
[INFO] [stderr]     Checking termcolor v1.1.2
[INFO] [stderr]     Checking faster-hex v0.4.1
[INFO] [stderr]     Checking secp256k1 v0.20.3
[INFO] [stderr]     Checking sha3 v0.9.1
[INFO] [stderr]     Checking rand v0.8.4
[INFO] [stderr]     Checking sparse-merkle-tree v0.5.2
[INFO] [stderr]     Checking url v2.2.2
[INFO] [stderr]     Checking clap v2.33.3
[INFO] [stderr]     Checking blake2b-ref v0.2.1
[INFO] [stderr]     Checking hex v0.4.3
[INFO] [stderr]     Checking regex v1.5.4
[INFO] [stderr]    Compiling synstructure v0.12.6
[INFO] [stdout] error[E0793]: reference to packed field is unaligned
[INFO] [stdout]    --> /opt/rustwide/cargo-home/registry/src/github.com-1ecc6299db9ec823/blake2b-ref-0.2.1/src/blake2b_ref.rs:408:9
[INFO] [stdout]     |
[INFO] [stdout] 408 |         &mut (*P.as_mut_ptr()).leaf_length as *mut uint32_t as *mut libc::c_void,
[INFO] [stdout]     |         ^^^^^^^^^^^^^^^^^^^^^^^^^^^^^^^^^^
[INFO] [stdout]     |
[INFO] [stdout]     = note: fields of packed structs are not properly aligned, and creating a misaligned reference is undefined behavior (even if that reference is never dereferenced)
[INFO] [stdout]     = help: copy the field contents to a local variable, or replace the reference with a raw pointer and use `read_unaligned`/`write_unaligned` (loads and stores via `*p` must be properly aligned even when using raw pointers)
[INFO] [stdout] 
[INFO] [stdout] 
[INFO] [stdout] error[E0793]: reference to packed field is unaligned
[INFO] [stdout]    --> /opt/rustwide/cargo-home/registry/src/github.com-1ecc6299db9ec823/blake2b-ref-0.2.1/src/blake2b_ref.rs:412:9
[INFO] [stdout]     |
[INFO] [stdout] 412 |         &mut (*P.as_mut_ptr()).node_offset as *mut uint32_t as *mut libc::c_void,
[INFO] [stdout]     |         ^^^^^^^^^^^^^^^^^^^^^^^^^^^^^^^^^^
[INFO] [stdout]     |
[INFO] [stdout]     = note: fields of packed structs are not properly aligned, and creating a misaligned reference is undefined behavior (even if that reference is never dereferenced)
[INFO] [stdout]     = help: copy the field contents to a local variable, or replace the reference with a raw pointer and use `read_unaligned`/`write_unaligned` (loads and stores via `*p` must be properly aligned even when using raw pointers)
[INFO] [stdout] 
[INFO] [stdout] 
[INFO] [stdout] error[E0793]: reference to packed field is unaligned
[INFO] [stdout]    --> /opt/rustwide/cargo-home/registry/src/github.com-1ecc6299db9ec823/blake2b-ref-0.2.1/src/blake2b_ref.rs:416:9
[INFO] [stdout]     |
[INFO] [stdout] 416 |         &mut (*P.as_mut_ptr()).xof_length as *mut uint32_t as *mut libc::c_void,
[INFO] [stdout]     |         ^^^^^^^^^^^^^^^^^^^^^^^^^^^^^^^^^
[INFO] [stdout]     |
[INFO] [stdout]     = note: fields of packed structs are not properly aligned, and creating a misaligned reference is undefined behavior (even if that reference is never dereferenced)
[INFO] [stdout]     = help: copy the field contents to a local variable, or replace the reference with a raw pointer and use `read_unaligned`/`write_unaligned` (loads and stores via `*p` must be properly aligned even when using raw pointers)
[INFO] [stdout] 
[INFO] [stdout] 
[INFO] [stdout] error[E0793]: reference to packed field is unaligned
[INFO] [stdout]    --> /opt/rustwide/cargo-home/registry/src/github.com-1ecc6299db9ec823/blake2b-ref-0.2.1/src/blake2b_ref.rs:464:9
[INFO] [stdout]     |
[INFO] [stdout] 464 |         &mut (*P.as_mut_ptr()).leaf_length as *mut uint32_t as *mut libc::c_void,
[INFO] [stdout]     |         ^^^^^^^^^^^^^^^^^^^^^^^^^^^^^^^^^^
[INFO] [stdout]     |
[INFO] [stdout]     = note: fields of packed structs are not properly aligned, and creating a misaligned reference is undefined behavior (even if that reference is never dereferenced)
[INFO] [stdout]     = help: copy the field contents to a local variable, or replace the reference with a raw pointer and use `read_unaligned`/`write_unaligned` (loads and stores via `*p` must be properly aligned even when using raw pointers)
[INFO] [stdout] 
[INFO] [stdout] 
[INFO] [stdout] error[E0793]: reference to packed field is unaligned
[INFO] [stdout]    --> /opt/rustwide/cargo-home/registry/src/github.com-1ecc6299db9ec823/blake2b-ref-0.2.1/src/blake2b_ref.rs:468:9
[INFO] [stdout]     |
[INFO] [stdout] 468 |         &mut (*P.as_mut_ptr()).node_offset as *mut uint32_t as *mut libc::c_void,
[INFO] [stdout]     |         ^^^^^^^^^^^^^^^^^^^^^^^^^^^^^^^^^^
[INFO] [stdout]     |
[INFO] [stdout]     = note: fields of packed structs are not properly aligned, and creating a misaligned reference is undefined behavior (even if that reference is never dereferenced)
[INFO] [stdout]     = help: copy the field contents to a local variable, or replace the reference with a raw pointer and use `read_unaligned`/`write_unaligned` (loads and stores via `*p` must be properly aligned even when using raw pointers)
[INFO] [stdout] 
[INFO] [stdout] 
[INFO] [stdout] error[E0793]: reference to packed field is unaligned
[INFO] [stdout]    --> /opt/rustwide/cargo-home/registry/src/github.com-1ecc6299db9ec823/blake2b-ref-0.2.1/src/blake2b_ref.rs:472:9
[INFO] [stdout]     |
[INFO] [stdout] 472 |         &mut (*P.as_mut_ptr()).xof_length as *mut uint32_t as *mut libc::c_void,
[INFO] [stdout]     |         ^^^^^^^^^^^^^^^^^^^^^^^^^^^^^^^^^
[INFO] [stdout]     |
[INFO] [stdout]     = note: fields of packed structs are not properly aligned, and creating a misaligned reference is undefined behavior (even if that reference is never dereferenced)
[INFO] [stdout]     = help: copy the field contents to a local variable, or replace the reference with a raw pointer and use `read_unaligned`/`write_unaligned` (loads and stores via `*p` must be properly aligned even when using raw pointers)
[INFO] [stdout] 
[INFO] [stdout] 
[INFO] [stderr]     Checking addr2line v0.16.0
[INFO] [stdout] error: aborting due to 6 previous errors
[INFO] [stdout] 
[INFO] [stdout] 
[INFO] [stdout] For more information about this error, try `rustc --explain E0793`.
[INFO] [stdout] 
[INFO] [stderr] error: could not compile `blake2b-ref` due to 7 previous errors
[INFO] [stderr] warning: build failed, waiting for other jobs to finish...
[INFO] running `Command { std: "docker" "inspect" "f5883e619a47c4fb5b248a5cf226559a14d021f7ecfefcb85f3935ffa97a1d6a", kill_on_drop: false }`
[INFO] running `Command { std: "docker" "rm" "-f" "f5883e619a47c4fb5b248a5cf226559a14d021f7ecfefcb85f3935ffa97a1d6a", kill_on_drop: false }`
[INFO] [stdout] f5883e619a47c4fb5b248a5cf226559a14d021f7ecfefcb85f3935ffa97a1d6a
