[INFO] cloning repository https://github.com/madwareru/wgpu-tut-walkthrough
[INFO] running `Command { std: "git" "-c" "credential.helper=" "-c" "credential.helper=/workspace/cargo-home/bin/git-credential-null" "clone" "--bare" "https://github.com/madwareru/wgpu-tut-walkthrough" "/workspace/cache/git-repos/https%3A%2F%2Fgithub.com%2Fmadwareru%2Fwgpu-tut-walkthrough", kill_on_drop: false }`
[INFO] [stderr] Cloning into bare repository '/workspace/cache/git-repos/https%3A%2F%2Fgithub.com%2Fmadwareru%2Fwgpu-tut-walkthrough'...
[INFO] running `Command { std: "git" "rev-parse" "HEAD", kill_on_drop: false }`
[INFO] [stdout] 090fd1b003f1b90e62a40b8f5486f4aa145b21e6
[INFO] documenting madwareru/wgpu-tut-walkthrough against beta-2023-04-20 for beta-1.70-rustdoc-1
[INFO] running `Command { std: "git" "clone" "/workspace/cache/git-repos/https%3A%2F%2Fgithub.com%2Fmadwareru%2Fwgpu-tut-walkthrough" "/workspace/builds/worker-5-tc2/source", kill_on_drop: false }`
[INFO] [stderr] Cloning into '/workspace/builds/worker-5-tc2/source'...
[INFO] [stderr] done.
[INFO] validating manifest of git repo https://github.com/madwareru/wgpu-tut-walkthrough on toolchain beta-2023-04-20
[INFO] running `Command { std: CARGO_HOME="/workspace/cargo-home" RUSTUP_HOME="/workspace/rustup-home" "/workspace/cargo-home/bin/cargo" "+beta-2023-04-20" "metadata" "--manifest-path" "Cargo.toml" "--no-deps", kill_on_drop: false }`
[INFO] started tweaking git repo https://github.com/madwareru/wgpu-tut-walkthrough
[INFO] finished tweaking git repo https://github.com/madwareru/wgpu-tut-walkthrough
[INFO] tweaked toml for git repo https://github.com/madwareru/wgpu-tut-walkthrough written to /workspace/builds/worker-5-tc2/source/Cargo.toml
[INFO] crate git repo https://github.com/madwareru/wgpu-tut-walkthrough already has a lockfile, it will not be regenerated
[INFO] running `Command { std: CARGO_HOME="/workspace/cargo-home" RUSTUP_HOME="/workspace/rustup-home" "/workspace/cargo-home/bin/cargo" "+beta-2023-04-20" "fetch" "--manifest-path" "Cargo.toml", kill_on_drop: false }`
[INFO] [stderr]     Updating crates.io index
[INFO] [stderr]  Downloading crates ...
[INFO] [stderr]   Downloaded cocoa v0.20.0
[INFO] [stderr]   Downloaded rendy-memory v0.5.2
[INFO] [stderr]   Downloaded gfx-backend-empty v0.4.0
[INFO] [stderr]   Downloaded rendy-descriptor v0.5.1
[INFO] [stderr]   Downloaded zerocopy v0.2.8
[INFO] [stderr]   Downloaded gfx-backend-dx12 v0.4.3
[INFO] [stderr]   Downloaded gfx-backend-dx11 v0.4.6
[INFO] [stderr]   Downloaded gfx-auxil v0.1.0
[INFO] [stderr]   Downloaded gfx-hal v0.4.1
[INFO] [stderr]   Downloaded d3d12 v0.3.0
[INFO] [stderr]   Downloaded gfx-backend-metal v0.4.5
[INFO] [stderr]   Downloaded gfx-backend-vulkan v0.4.3
[INFO] [stderr]   Downloaded wgpu-native v0.4.3
[INFO] [stderr]   Downloaded spirv_cross v0.16.0
[INFO] [stderr]   Downloaded zerocopy-derive v0.1.4
[INFO] [stderr]   Downloaded glsl-to-spirv v0.1.7
[INFO] [stderr]   Downloaded wgpu v0.4.0
[INFO] running `Command { std: "docker" "create" "-v" "/var/lib/crater-agent-workspace/builds/worker-5-tc2/target:/opt/rustwide/target:rw,Z" "-v" "/var/lib/crater-agent-workspace/builds/worker-5-tc2/source:/opt/rustwide/workdir:ro,Z" "-v" "/var/lib/crater-agent-workspace/cargo-home:/opt/rustwide/cargo-home:ro,Z" "-v" "/var/lib/crater-agent-workspace/rustup-home:/opt/rustwide/rustup-home:ro,Z" "-e" "SOURCE_DIR=/opt/rustwide/workdir" "-e" "CARGO_TARGET_DIR=/opt/rustwide/target" "-e" "CARGO_HOME=/opt/rustwide/cargo-home" "-e" "RUSTUP_HOME=/opt/rustwide/rustup-home" "-w" "/opt/rustwide/workdir" "-m" "1610612736" "--user" "0:0" "--network" "none" "ghcr.io/rust-lang/crates-build-env/linux@sha256:5ff2268d62e97bff2cde7d5815dd6ed5b47097566f13b8d0ca110b04b60e07ed" "/opt/rustwide/cargo-home/bin/cargo" "+beta-2023-04-20" "metadata" "--no-deps" "--format-version=1", kill_on_drop: false }`
[INFO] [stdout] 3aa81251f8e1c0bfa8e896267cd98d2470bf1b938fee4b55836ce6c2358b8be8
[INFO] running `Command { std: "docker" "start" "-a" "3aa81251f8e1c0bfa8e896267cd98d2470bf1b938fee4b55836ce6c2358b8be8", kill_on_drop: false }`
[INFO] running `Command { std: "docker" "inspect" "3aa81251f8e1c0bfa8e896267cd98d2470bf1b938fee4b55836ce6c2358b8be8", kill_on_drop: false }`
[INFO] running `Command { std: "docker" "rm" "-f" "3aa81251f8e1c0bfa8e896267cd98d2470bf1b938fee4b55836ce6c2358b8be8", kill_on_drop: false }`
[INFO] [stdout] 3aa81251f8e1c0bfa8e896267cd98d2470bf1b938fee4b55836ce6c2358b8be8
[INFO] running `Command { std: "docker" "create" "-v" "/var/lib/crater-agent-workspace/builds/worker-5-tc2/target:/opt/rustwide/target:rw,Z" "-v" "/var/lib/crater-agent-workspace/builds/worker-5-tc2/source:/opt/rustwide/workdir:ro,Z" "-v" "/var/lib/crater-agent-workspace/cargo-home:/opt/rustwide/cargo-home:ro,Z" "-v" "/var/lib/crater-agent-workspace/rustup-home:/opt/rustwide/rustup-home:ro,Z" "-e" "SOURCE_DIR=/opt/rustwide/workdir" "-e" "CARGO_TARGET_DIR=/opt/rustwide/target" "-e" "CARGO_INCREMENTAL=0" "-e" "RUST_BACKTRACE=full" "-e" "RUSTFLAGS=--cap-lints=warn" "-e" "RUSTDOCFLAGS=--cap-lints=warn" "-e" "CARGO_HOME=/opt/rustwide/cargo-home" "-e" "RUSTUP_HOME=/opt/rustwide/rustup-home" "-w" "/opt/rustwide/workdir" "-m" "1610612736" "--user" "0:0" "--network" "none" "ghcr.io/rust-lang/crates-build-env/linux@sha256:5ff2268d62e97bff2cde7d5815dd6ed5b47097566f13b8d0ca110b04b60e07ed" "/opt/rustwide/cargo-home/bin/cargo" "+beta-2023-04-20" "doc" "--frozen" "--no-deps" "--document-private-items" "--message-format=json", kill_on_drop: false }`
[INFO] [stdout] 8fc8f083dfb75510dbfd2496da8f47a4b6ce9add243cd184ed04390bfcbcb92a
[INFO] running `Command { std: "docker" "start" "-a" "8fc8f083dfb75510dbfd2496da8f47a4b6ce9add243cd184ed04390bfcbcb92a", kill_on_drop: false }`
[INFO] [stderr]    Compiling libc v0.2.69
[INFO] [stderr]    Compiling proc-macro2 v0.4.30
[INFO] [stderr]    Compiling maybe-uninit v2.0.0
[INFO] [stderr]    Compiling unicode-xid v0.1.0
[INFO] [stderr]    Compiling byteorder v1.3.4
[INFO] [stderr]    Compiling log v0.4.8
[INFO] [stderr]    Compiling cc v1.0.52
[INFO] [stderr]    Compiling semver-parser v0.7.0
[INFO] [stderr]     Checking slab v0.4.2
[INFO] [stderr]    Compiling pkg-config v0.3.17
[INFO] [stderr]    Compiling autocfg v0.1.7
[INFO] [stderr]    Compiling num-traits v0.2.11
[INFO] [stderr]     Checking rand_core v0.4.2
[INFO] [stderr]    Compiling crossbeam-utils v0.7.2
[INFO] [stderr]    Compiling syn v0.15.44
[INFO] [stderr]    Compiling xml-rs v0.8.2
[INFO] [stderr]    Compiling memoffset v0.5.4
[INFO] [stderr]    Compiling nix v0.14.1
[INFO] [stderr]    Compiling semver v0.9.0
[INFO] [stderr]    Compiling typenum v1.12.0
[INFO] [stderr]    Compiling crossbeam-epoch v0.8.2
[INFO] [stderr]    Compiling rustc_version v0.2.3
[INFO] [stderr]     Checking void v1.0.2
[INFO] [stderr]     Checking rand_core v0.3.1
[INFO] [stderr]     Checking smallvec v0.6.13
[INFO] [stderr]     Checking lazycell v1.2.1
[INFO] [stderr]     Checking lock_api v0.3.4
[INFO] [stderr]    Compiling num-integer v0.1.42
[INFO] [stderr]    Compiling arrayref v0.3.6
[INFO] [stderr]    Compiling x11 v2.18.2
[INFO] [stderr]    Compiling rayon-core v1.7.0
[INFO] [stderr]     Checking stb_truetype v0.3.1
[INFO] [stderr]    Compiling byte-tools v0.2.0
[INFO] [stderr]    Compiling rand_pcg v0.1.2
[INFO] [stderr]    Compiling parking_lot_core v0.6.2
[INFO] [stderr]    Compiling parking_lot v0.9.0
[INFO] [stderr]    Compiling rand_chacha v0.1.1
[INFO] [stderr]    Compiling quote v0.6.13
[INFO] [stderr]    Compiling block-buffer v0.3.3
[INFO] [stderr]     Checking relevant v0.4.2
[INFO] [stderr]     Checking raw-window-handle v0.3.3
[INFO] [stderr]     Checking iovec v0.1.4
[INFO] [stderr]     Checking net2 v0.2.33
[INFO] [stderr]     Checking getrandom v0.1.14
[INFO] [stderr]    Compiling wayland-scanner v0.23.6
[INFO] [stderr]     Checking gfx-hal v0.4.1
[INFO] [stderr]     Checking shared_library v0.1.9
[INFO] [stderr]     Checking crossbeam-queue v0.2.1
[INFO] [stderr]    Compiling libloading v0.5.2
[INFO] [stderr]     Checking num_cpus v1.13.0
[INFO] [stderr]     Checking rand_core v0.5.1
[INFO] [stderr]     Checking approx v0.3.2
[INFO] [stderr]     Checking ordered-float v1.0.2
[INFO] [stderr]     Checking adler32 v1.0.4
[INFO] [stderr]     Checking mio v0.6.21
[INFO] [stderr]    Compiling crc32fast v1.2.0
[INFO] [stderr]     Checking downcast-rs v1.1.1
[INFO] [stderr]    Compiling fake-simd v0.1.2
[INFO] [stderr]     Checking same-file v1.0.6
[INFO] [stderr]    Compiling num-derive v0.2.5
[INFO] [stderr]     Checking ppv-lite86 v0.2.6
[INFO] [stderr]     Checking rusttype v0.8.3
[INFO] [stderr]     Checking atom v0.3.5
[INFO] [stderr]     Checking ash v0.29.0
[INFO] [stderr]     Checking crossbeam-deque v0.7.3
[INFO] [stderr]     Checking walkdir v2.3.1
[INFO] [stderr]     Checking hibitset v0.6.3
[INFO] [stderr]     Checking line_drawing v0.7.0
[INFO] [stderr]     Checking rusttype v0.7.9
[INFO] [stderr]    Compiling generic-array v0.9.0
[INFO] [stderr]     Checking rand_chacha v0.2.2
[INFO] [stderr]    Compiling x11-dl v2.18.5
[INFO] [stderr]    Compiling rand v0.6.5
[INFO] [stderr]    Compiling cmake v0.1.42
[INFO] [stderr]    Compiling num-rational v0.2.4
[INFO] [stderr]    Compiling num-iter v0.1.40
[INFO] [stderr]     Checking arrayvec v0.5.1
[INFO] [stderr]    Compiling digest v0.7.6
[INFO] [stderr]     Checking colorful v0.2.1
[INFO] [stderr]     Checking mio-extras v2.0.6
[INFO] [stderr]     Checking dlib v0.4.1
[INFO] [stderr]    Compiling sha2 v0.7.1
[INFO] [stderr]     Checking either v1.5.3
[INFO] [stderr]     Checking xdg v2.2.0
[INFO] [stderr]     Checking wayland-sys v0.23.6
[INFO] [stderr]     Checking smallvec v1.4.0
[INFO] [stderr]     Checking lzw v0.10.0
[INFO] [stderr]     Checking rayon v1.3.0
[INFO] [stderr]     Checking parking_lot_core v0.7.2
[INFO] [stderr]     Checking rand v0.7.3
[INFO] [stderr]     Checking deflate v0.7.20
[INFO] [stderr]     Checking inflate v0.4.5
[INFO] [stderr]     Checking rand_os v0.1.3
[INFO] [stderr]    Compiling glsl-to-spirv v0.1.7
[INFO] [stderr]     Checking memmap v0.7.0
[INFO] [stderr]     Checking andrew v0.2.1
[INFO] [stderr]     Checking fxhash v0.2.1
[INFO] [stderr]     Checking rand_isaac v0.1.1
[INFO] [stderr]     Checking rand_xorshift v0.1.1
[INFO] [stderr]     Checking rand_hc v0.1.0
[INFO] [stderr]     Checking rand_jitter v0.1.4
[INFO] [stderr]     Checking copyless v0.1.4
[INFO] [stderr]    Compiling cgmath v0.17.0
[INFO] [stderr]     Checking vec_map v0.8.1
[INFO] [stderr]     Checking color_quant v1.0.1
[INFO] [stderr]     Checking remove_dir_all v0.5.2
[INFO] [stderr]     Checking parking_lot v0.10.2
[INFO] [stderr]     Checking rendy-descriptor v0.5.1
[INFO] [stderr]     Checking gfx-backend-empty v0.4.0
[INFO] [stderr]     Checking rendy-memory v0.5.2
[INFO] [stderr]     Checking gif v0.10.3
[INFO] [stderr]    Compiling wayland-client v0.23.6
[INFO] [stderr]    Compiling wayland-protocols v0.23.6
[INFO] [stderr]     Checking png v0.15.3
[INFO] [stderr]     Checking instant v0.1.2
[INFO] [stderr]    Compiling synstructure v0.10.2
[INFO] [stderr]     Checking tempfile v3.1.0
[INFO] [stderr]     Checking wayland-commons v0.23.6
[INFO] [stderr]     Checking calloop v0.4.4
[INFO] [stderr]    Compiling zerocopy-derive v0.1.4
[INFO] [stderr]     Checking jpeg-decoder v0.1.18
[INFO] [stderr]     Checking zerocopy v0.2.8
[INFO] [stderr]     Checking tiff v0.3.1
[INFO] [stderr]     Checking image v0.22.5
[INFO] [stderr]     Checking gfx-backend-vulkan v0.4.3
[INFO] [stderr]     Checking wgpu-native v0.4.3
[INFO] [stderr]     Checking wgpu v0.4.0
[INFO] [stderr] error: failed to run custom build command for `glsl-to-spirv v0.1.7`
[INFO] [stderr] note: To improve backtraces for build dependencies, set the CARGO_PROFILE_DEV_BUILD_OVERRIDE_DEBUG=true environment variable to enable debug information generation.
[INFO] [stderr] 
[INFO] [stderr] Caused by:
[INFO] [stderr]   process didn't exit successfully: `/opt/rustwide/target/debug/build/glsl-to-spirv-06189c69bd238c27/build-script-build` (exit status: 101)
[INFO] [stderr]   --- stdout
[INFO] [stderr]   cargo:rerun-if-changed=build/glslangValidator.exe
[INFO] [stderr]   running: cd "/opt/rustwide/target/debug/build/glsl-to-spirv-727e451d28e74ecc/out/build" && CMAKE_PREFIX_PATH="" "cmake" "/opt/rustwide/cargo-home/registry/src/index.crates.io-6f17d22bba15001f/glsl-to-spirv-0.1.7/glslang" "-DCMAKE_INSTALL_PREFIX=/opt/rustwide/target/debug/build/glsl-to-spirv-727e451d28e74ecc/out" "-DCMAKE_C_FLAGS= -ffunction-sections -fdata-sections -fPIC -m64" "-DCMAKE_C_COMPILER=/usr/bin/cc" "-DCMAKE_CXX_FLAGS= -ffunction-sections -fdata-sections -fPIC -m64" "-DCMAKE_CXX_COMPILER=/usr/bin/c++" "-DCMAKE_BUILD_TYPE=Debug"
[INFO] [stderr]   -- The C compiler identification is GNU 11.3.0
[INFO] [stderr]   -- The CXX compiler identification is GNU 11.3.0
[INFO] [stderr]   -- Detecting C compiler ABI info
[INFO] [stderr]   -- Detecting C compiler ABI info - done
[INFO] [stderr]   -- Check for working C compiler: /usr/bin/cc - skipped
[INFO] [stderr]   -- Detecting C compile features
[INFO] [stderr]   -- Detecting C compile features - done
[INFO] [stderr]   -- Detecting CXX compiler ABI info
[INFO] [stderr]   -- Detecting CXX compiler ABI info - done
[INFO] [stderr]   -- Check for working CXX compiler: /usr/bin/c++ - skipped
[INFO] [stderr]   -- Detecting CXX compile features
[INFO] [stderr]   -- Detecting CXX compile features - done
[INFO] [stderr]   -- Google Mock was not found - tests based on that will not build
[INFO] [stderr]   -- Configuring done
[INFO] [stderr]   -- Generating done
[INFO] [stderr]   -- Build files have been written to: /opt/rustwide/target/debug/build/glsl-to-spirv-727e451d28e74ecc/out/build
[INFO] [stderr]   running: cd "/opt/rustwide/target/debug/build/glsl-to-spirv-727e451d28e74ecc/out/build" && MAKEFLAGS="-j --jobserver-fds=7,8 --jobserver-auth=7,8" "cmake" "--build" "." "--target" "install" "--config" "Debug" "--"
[INFO] [stderr]   [  1%] Building CXX object hlsl/CMakeFiles/HLSL.dir/hlslAttributes.cpp.o
[INFO] [stderr]   [  5%] Building CXX object hlsl/CMakeFiles/HLSL.dir/hlslScanContext.cpp.o
[INFO] [stderr]   [  5%] Building CXX object hlsl/CMakeFiles/HLSL.dir/hlslOpMap.cpp.o
[INFO] [stderr]   [  8%] Building CXX object SPIRV/CMakeFiles/SPVRemapper.dir/doc.cpp.o
[INFO] [stderr]   [  8%] Building CXX object hlsl/CMakeFiles/HLSL.dir/hlslTokenStream.cpp.o
[INFO] [stderr]   [ 10%] Building CXX object StandAlone/CMakeFiles/glslang-default-resource-limits.dir/ResourceLimits.cpp.o
[INFO] [stderr]   [ 14%] Building CXX object hlsl/CMakeFiles/HLSL.dir/hlslGrammar.cpp.o
[INFO] [stderr]   [ 14%] Building CXX object SPIRV/CMakeFiles/SPVRemapper.dir/SPVRemapper.cpp.o
[INFO] [stderr]   [ 15%] Building CXX object glslang/OSDependent/Unix/CMakeFiles/OSDependent.dir/ossource.cpp.o
[INFO] [stderr]   [ 17%] Building CXX object hlsl/CMakeFiles/HLSL.dir/hlslParseables.cpp.o
[INFO] [stderr]   [ 19%] Building CXX object hlsl/CMakeFiles/HLSL.dir/hlslParseHelper.cpp.o
[INFO] [stderr]   [ 21%] Building CXX object OGLCompilersDLL/CMakeFiles/OGLCompiler.dir/InitializeDll.cpp.o
[INFO] [stderr]   [ 22%] Linking CXX static library libOSDependent.a
[INFO] [stderr]   [ 24%] Linking CXX static library libOGLCompiler.a
[INFO] [stderr]   [ 24%] Built target OSDependent
[INFO] [stderr]   [ 24%] Built target OGLCompiler
[INFO] [stderr]   [ 26%] Linking CXX static library libglslang-default-resource-limits.a
[INFO] [stderr]   [ 26%] Built target glslang-default-resource-limits
[INFO] [stderr]   [ 28%] Linking CXX static library libSPVRemapper.a
[INFO] [stderr]   [ 28%] Built target SPVRemapper
[INFO] [stderr]   [ 29%] Linking CXX static library libHLSL.a
[INFO] [stderr]   [ 29%] Built target HLSL
[INFO] [stderr]   [ 31%] Building CXX object glslang/CMakeFiles/glslang.dir/MachineIndependent/Constant.cpp.o
[INFO] [stderr]   [ 33%] Building CXX object glslang/CMakeFiles/glslang.dir/MachineIndependent/glslang_tab.cpp.o
[INFO] [stderr]   [ 35%] Building CXX object glslang/CMakeFiles/glslang.dir/MachineIndependent/iomapper.cpp.o
[INFO] [stderr]   [ 36%] Building CXX object glslang/CMakeFiles/glslang.dir/MachineIndependent/InfoSink.cpp.o
[INFO] [stderr]   [ 38%] Building CXX object glslang/CMakeFiles/glslang.dir/MachineIndependent/Initialize.cpp.o
[INFO] [stderr]   [ 40%] Building CXX object glslang/CMakeFiles/glslang.dir/MachineIndependent/Intermediate.cpp.o
[INFO] [stderr]   [ 42%] Building CXX object glslang/CMakeFiles/glslang.dir/MachineIndependent/IntermTraverse.cpp.o
[INFO] [stderr]   [ 43%] Building CXX object glslang/CMakeFiles/glslang.dir/MachineIndependent/ParseContextBase.cpp.o
[INFO] [stderr]   [ 45%] Building CXX object glslang/CMakeFiles/glslang.dir/MachineIndependent/PoolAlloc.cpp.o
[INFO] [stderr]   [ 47%] Building CXX object glslang/CMakeFiles/glslang.dir/MachineIndependent/ParseHelper.cpp.o
[INFO] [stderr]   [ 49%] Building CXX object glslang/CMakeFiles/glslang.dir/MachineIndependent/RemoveTree.cpp.o
[INFO] [stderr]   [ 50%] Building CXX object glslang/CMakeFiles/glslang.dir/MachineIndependent/Scan.cpp.o
[INFO] [stderr]   [ 52%] Building CXX object glslang/CMakeFiles/glslang.dir/MachineIndependent/ShaderLang.cpp.o
[INFO] [stderr]   [ 54%] Building CXX object glslang/CMakeFiles/glslang.dir/MachineIndependent/Versions.cpp.o
[INFO] [stderr]   [ 56%] Building CXX object glslang/CMakeFiles/glslang.dir/MachineIndependent/SymbolTable.cpp.o
[INFO] [stderr]   [ 57%] Building CXX object glslang/CMakeFiles/glslang.dir/MachineIndependent/intermOut.cpp.o
[INFO] [stderr]   [ 59%] Building CXX object glslang/CMakeFiles/glslang.dir/MachineIndependent/limits.cpp.o
[INFO] [stderr]   [ 61%] Building CXX object glslang/CMakeFiles/glslang.dir/MachineIndependent/linkValidate.cpp.o
[INFO] [stderr]   [ 63%] Building CXX object glslang/CMakeFiles/glslang.dir/MachineIndependent/parseConst.cpp.o
[INFO] [stderr] 
[INFO] [stderr]   --- stderr
[INFO] [stderr]   fatal: not a git repository (or any parent up to mount point /opt/rustwide)
[INFO] [stderr]   Stopping at filesystem boundary (GIT_DISCOVERY_ACROSS_FILESYSTEM not set).
[INFO] [stderr]   CMake Warning (dev) at /usr/share/cmake-3.22/Modules/GNUInstallDirs.cmake:239 (message):
[INFO] [stderr]     Unable to determine default CMAKE_INSTALL_LIBDIR directory because no
[INFO] [stderr]     target architecture is known.  Please enable at least one language before
[INFO] [stderr]     including GNUInstallDirs.
[INFO] [stderr]   Call Stack (most recent call first):
[INFO] [stderr]     CMakeLists.txt:7 (include)
[INFO] [stderr]   This warning is for project developers.  Use -Wno-dev to suppress it.
[INFO] [stderr] 
[INFO] [stderr]   c++: fatal error: Killed signal terminated program cc1plus
[INFO] [stderr]   compilation terminated.
[INFO] [stderr]   gmake[2]: *** [glslang/CMakeFiles/glslang.dir/build.make:188: glslang/CMakeFiles/glslang.dir/MachineIndependent/ParseHelper.cpp.o] Error 1
[INFO] [stderr]   gmake[2]: *** Waiting for unfinished jobs....
[INFO] [stderr]   c++: fatal error: Killed signal terminated program cc1plus
[INFO] [stderr]   compilation terminated.
[INFO] [stderr]   gmake[2]: *** [glslang/CMakeFiles/glslang.dir/build.make:76: glslang/CMakeFiles/glslang.dir/MachineIndependent/glslang_tab.cpp.o] Error 1
[INFO] [stderr]   c++: fatal error: Killed signal terminated program cc1plus
[INFO] [stderr]   compilation terminated.
[INFO] [stderr]   gmake[2]: *** [glslang/CMakeFiles/glslang.dir/build.make:244: glslang/CMakeFiles/glslang.dir/MachineIndependent/ShaderLang.cpp.o] Error 1
[INFO] [stderr]   gmake[1]: *** [CMakeFiles/Makefile2:987: glslang/CMakeFiles/glslang.dir/all] Error 2
[INFO] [stderr]   gmake: *** [Makefile:146: all] Error 2
[INFO] [stderr]   thread 'main' panicked at '
[INFO] [stderr]   command did not execute successfully, got: exit status: 2
[INFO] [stderr] 
[INFO] [stderr]   build script failed, must exit now', /opt/rustwide/cargo-home/registry/src/index.crates.io-6f17d22bba15001f/cmake-0.1.42/src/lib.rs:861:5
[INFO] [stderr]   stack backtrace:
[INFO] [stderr]      0:     0x562787e2357a - std::backtrace_rs::backtrace::libunwind::trace::h2f05d0192276a8f6
[INFO] [stderr]                                  at /rustc/1b7dd2252b99671ce5d1cb9664c5f8636329436d/library/std/src/../../backtrace/src/backtrace/libunwind.rs:93:5
[INFO] [stderr]      1:     0x562787e2357a - std::backtrace_rs::backtrace::trace_unsynchronized::hedc23dff7a1af150
[INFO] [stderr]                                  at /rustc/1b7dd2252b99671ce5d1cb9664c5f8636329436d/library/std/src/../../backtrace/src/backtrace/mod.rs:66:5
[INFO] [stderr]      2:     0x562787e2357a - std::sys_common::backtrace::_print_fmt::h17541ef7592f3ce2
[INFO] [stderr]                                  at /rustc/1b7dd2252b99671ce5d1cb9664c5f8636329436d/library/std/src/sys_common/backtrace.rs:65:5
[INFO] [stderr]      3:     0x562787e2357a - <std::sys_common::backtrace::_print::DisplayBacktrace as core::fmt::Display>::fmt::h20f75df5ab0c0792
[INFO] [stderr]                                  at /rustc/1b7dd2252b99671ce5d1cb9664c5f8636329436d/library/std/src/sys_common/backtrace.rs:44:22
[INFO] [stderr]      4:     0x562787e43ebf - core::fmt::write::h78109e6f466b3af6
[INFO] [stderr]                                  at /rustc/1b7dd2252b99671ce5d1cb9664c5f8636329436d/library/core/src/fmt/mod.rs:1254:17
[INFO] [stderr]      5:     0x562787e20685 - std::io::Write::write_fmt::hc59e1b02dd273c8a
[INFO] [stderr]                                  at /rustc/1b7dd2252b99671ce5d1cb9664c5f8636329436d/library/std/src/io/mod.rs:1698:15
[INFO] [stderr]      6:     0x562787e23345 - std::sys_common::backtrace::_print::h8dac57a9f8fbf9a5
[INFO] [stderr]                                  at /rustc/1b7dd2252b99671ce5d1cb9664c5f8636329436d/library/std/src/sys_common/backtrace.rs:47:5
[INFO] [stderr]      7:     0x562787e23345 - std::sys_common::backtrace::print::hf9ecbf41d1aa712f
[INFO] [stderr]                                  at /rustc/1b7dd2252b99671ce5d1cb9664c5f8636329436d/library/std/src/sys_common/backtrace.rs:34:9
[INFO] [stderr]      8:     0x562787e24aee - std::panicking::default_hook::{{closure}}::h04c07acfc84ca028
[INFO] [stderr]                                  at /rustc/1b7dd2252b99671ce5d1cb9664c5f8636329436d/library/std/src/panicking.rs:269:22
[INFO] [stderr]      9:     0x562787e24895 - std::panicking::default_hook::h01f6bb23e1eceb2c
[INFO] [stderr]                                  at /rustc/1b7dd2252b99671ce5d1cb9664c5f8636329436d/library/std/src/panicking.rs:288:9
[INFO] [stderr]     10:     0x562787e2504e - std::panicking::rust_panic_with_hook::h2bb3722bbaf2f6df
[INFO] [stderr]                                  at /rustc/1b7dd2252b99671ce5d1cb9664c5f8636329436d/library/std/src/panicking.rs:691:13
[INFO] [stderr]     11:     0x562787e24f49 - std::panicking::begin_panic_handler::{{closure}}::h91bc7f36a4be011b
[INFO] [stderr]                                  at /rustc/1b7dd2252b99671ce5d1cb9664c5f8636329436d/library/std/src/panicking.rs:582:13
[INFO] [stderr]     12:     0x562787e239e6 - std::sys_common::backtrace::__rust_end_short_backtrace::h8b3d3717114f9e59
[INFO] [stderr]                                  at /rustc/1b7dd2252b99671ce5d1cb9664c5f8636329436d/library/std/src/sys_common/backtrace.rs:150:18
[INFO] [stderr]     13:     0x562787e24ca2 - rust_begin_unwind
[INFO] [stderr]                                  at /rustc/1b7dd2252b99671ce5d1cb9664c5f8636329436d/library/std/src/panicking.rs:578:5
[INFO] [stderr]     14:     0x562787db9783 - core::panicking::panic_fmt::hfd368e3fbdabea26
[INFO] [stderr]                                  at /rustc/1b7dd2252b99671ce5d1cb9664c5f8636329436d/library/core/src/panicking.rs:67:14
[INFO] [stderr]     15:     0x562787dca33f - cmake::fail::hcb907875006ef809
[INFO] [stderr]     16:     0x562787dc9da3 - cmake::run::h5d46cceb9d21ee52
[INFO] [stderr]     17:     0x562787dc74a2 - cmake::Config::build::hee192df1651489c6
[INFO] [stderr]     18:     0x562787dbbf93 - cmake::build::h90148cc2c32a6a6f
[INFO] [stderr]     19:     0x562787dbb612 - build_script_build::main::h96ea28d39f9814b2
[INFO] [stderr]     20:     0x562787dbc6f3 - core::ops::function::FnOnce::call_once::h188406aaaf6f2079
[INFO] [stderr]     21:     0x562787dbad86 - std::sys_common::backtrace::__rust_begin_short_backtrace::hdf921d2a98221460
[INFO] [stderr]     22:     0x562787dbabc9 - std::rt::lang_start::{{closure}}::h6729b099a25022c2
[INFO] [stderr]     23:     0x562787e1ca1e - core::ops::function::impls::<impl core::ops::function::FnOnce<A> for &F>::call_once::h2eb19b8ce4148df4
[INFO] [stderr]                                  at /rustc/1b7dd2252b99671ce5d1cb9664c5f8636329436d/library/core/src/ops/function.rs:287:13
[INFO] [stderr]     24:     0x562787e1ca1e - std::panicking::try::do_call::h2e900feff5d504c5
[INFO] [stderr]                                  at /rustc/1b7dd2252b99671ce5d1cb9664c5f8636329436d/library/std/src/panicking.rs:485:40
[INFO] [stderr]     25:     0x562787e1ca1e - std::panicking::try::h8854836cb85aa9f2
[INFO] [stderr]                                  at /rustc/1b7dd2252b99671ce5d1cb9664c5f8636329436d/library/std/src/panicking.rs:449:19
[INFO] [stderr]     26:     0x562787e1ca1e - std::panic::catch_unwind::h706025dd4c48f64b
[INFO] [stderr]                                  at /rustc/1b7dd2252b99671ce5d1cb9664c5f8636329436d/library/std/src/panic.rs:140:14
[INFO] [stderr]     27:     0x562787e1ca1e - std::rt::lang_start_internal::{{closure}}::h7be5b97f4a07a91a
[INFO] [stderr]                                  at /rustc/1b7dd2252b99671ce5d1cb9664c5f8636329436d/library/std/src/rt.rs:148:48
[INFO] [stderr]     28:     0x562787e1ca1e - std::panicking::try::do_call::h59847e9d0a176965
[INFO] [stderr]                                  at /rustc/1b7dd2252b99671ce5d1cb9664c5f8636329436d/library/std/src/panicking.rs:485:40
[INFO] [stderr]     29:     0x562787e1ca1e - std::panicking::try::h399a918ba8522823
[INFO] [stderr]                                  at /rustc/1b7dd2252b99671ce5d1cb9664c5f8636329436d/library/std/src/panicking.rs:449:19
[INFO] [stderr]     30:     0x562787e1ca1e - std::panic::catch_unwind::hca7ca6c55b2a2e26
[INFO] [stderr]                                  at /rustc/1b7dd2252b99671ce5d1cb9664c5f8636329436d/library/std/src/panic.rs:140:14
[INFO] [stderr]     31:     0x562787e1ca1e - std::rt::lang_start_internal::h2c807a81560459eb
[INFO] [stderr]                                  at /rustc/1b7dd2252b99671ce5d1cb9664c5f8636329436d/library/std/src/rt.rs:148:20
[INFO] [stderr]     32:     0x562787dbaba7 - std::rt::lang_start::h07fdd91e336c0c8b
[INFO] [stderr]     33:     0x562787dbb825 - main
[INFO] [stderr]     34:     0x7f6d2c27ad90 - <unknown>
[INFO] [stderr]     35:     0x7f6d2c27ae40 - __libc_start_main
[INFO] [stderr]     36:     0x562787db9cb5 - _start
[INFO] [stderr]     37:                0x0 - <unknown>
[INFO] [stderr] warning: build failed, waiting for other jobs to finish...
[INFO] running `Command { std: "docker" "inspect" "8fc8f083dfb75510dbfd2496da8f47a4b6ce9add243cd184ed04390bfcbcb92a", kill_on_drop: false }`
[INFO] running `Command { std: "docker" "rm" "-f" "8fc8f083dfb75510dbfd2496da8f47a4b6ce9add243cd184ed04390bfcbcb92a", kill_on_drop: false }`
[INFO] [stdout] 8fc8f083dfb75510dbfd2496da8f47a4b6ce9add243cd184ed04390bfcbcb92a
