[INFO] cloning repository https://github.com/m-labs/adc2tcp
[INFO] running `Command { std: "git" "-c" "credential.helper=" "-c" "credential.helper=/workspace/cargo-home/bin/git-credential-null" "clone" "--bare" "https://github.com/m-labs/adc2tcp" "/workspace/cache/git-repos/https%3A%2F%2Fgithub.com%2Fm-labs%2Fadc2tcp", kill_on_drop: false }`
[INFO] [stderr] Cloning into bare repository '/workspace/cache/git-repos/https%3A%2F%2Fgithub.com%2Fm-labs%2Fadc2tcp'...
[INFO] running `Command { std: "git" "rev-parse" "HEAD", kill_on_drop: false }`
[INFO] [stdout] 91c27d24998488031d6484c5a46c659a4b2b42cf
[INFO] documenting m-labs/adc2tcp against 1.69.0 for beta-1.70-rustdoc-1
[INFO] running `Command { std: "git" "clone" "/workspace/cache/git-repos/https%3A%2F%2Fgithub.com%2Fm-labs%2Fadc2tcp" "/workspace/builds/worker-5-tc1/source", kill_on_drop: false }`
[INFO] [stderr] Cloning into '/workspace/builds/worker-5-tc1/source'...
[INFO] [stderr] done.
[INFO] validating manifest of git repo https://github.com/m-labs/adc2tcp on toolchain 1.69.0
[INFO] running `Command { std: CARGO_HOME="/workspace/cargo-home" RUSTUP_HOME="/workspace/rustup-home" "/workspace/cargo-home/bin/cargo" "+1.69.0" "metadata" "--manifest-path" "Cargo.toml" "--no-deps", kill_on_drop: false }`
[INFO] removed /workspace/builds/worker-5-tc1/source/.cargo/config
[INFO] started tweaking git repo https://github.com/m-labs/adc2tcp
[INFO] finished tweaking git repo https://github.com/m-labs/adc2tcp
[INFO] tweaked toml for git repo https://github.com/m-labs/adc2tcp written to /workspace/builds/worker-5-tc1/source/Cargo.toml
[INFO] crate git repo https://github.com/m-labs/adc2tcp already has a lockfile, it will not be regenerated
[INFO] running `Command { std: CARGO_HOME="/workspace/cargo-home" RUSTUP_HOME="/workspace/rustup-home" "/workspace/cargo-home/bin/cargo" "+1.69.0" "fetch" "--manifest-path" "Cargo.toml", kill_on_drop: false }`
[INFO] [stderr]  Downloading crates ...
[INFO] [stderr]   Downloaded as-slice v0.1.0
[INFO] [stderr]   Downloaded cortex-m v0.6.0
[INFO] [stderr]   Downloaded smoltcp v0.5.0
[INFO] [stderr]   Downloaded cortex-m-semihosting v0.3.3
[INFO] [stderr]   Downloaded panic-abort v0.3.1
[INFO] [stderr]   Downloaded stm32-eth v0.1.2
[INFO] [stderr]   Downloaded aligned v0.3.1
[INFO] [stderr]   Downloaded cortex-m-log v0.5.0
[INFO] [stderr]   Downloaded stm32f4 v0.7.0
[INFO] [stderr]   Downloaded panic-semihosting v0.5.2
[INFO] [stderr]   Downloaded hash2hwaddr v0.0.1
[INFO] [stderr]   Downloaded managed v0.7.1
[INFO] [stderr]   Downloaded cortex-m-rt v0.6.8
[INFO] [stderr]   Downloaded stm32f4xx-hal v0.5.0
[INFO] running `Command { std: "docker" "create" "-v" "/var/lib/crater-agent-workspace/builds/worker-5-tc1/target:/opt/rustwide/target:rw,Z" "-v" "/var/lib/crater-agent-workspace/builds/worker-5-tc1/source:/opt/rustwide/workdir:ro,Z" "-v" "/var/lib/crater-agent-workspace/cargo-home:/opt/rustwide/cargo-home:ro,Z" "-v" "/var/lib/crater-agent-workspace/rustup-home:/opt/rustwide/rustup-home:ro,Z" "-e" "SOURCE_DIR=/opt/rustwide/workdir" "-e" "CARGO_TARGET_DIR=/opt/rustwide/target" "-e" "CARGO_HOME=/opt/rustwide/cargo-home" "-e" "RUSTUP_HOME=/opt/rustwide/rustup-home" "-w" "/opt/rustwide/workdir" "-m" "1610612736" "--user" "0:0" "--network" "none" "ghcr.io/rust-lang/crates-build-env/linux@sha256:5ff2268d62e97bff2cde7d5815dd6ed5b47097566f13b8d0ca110b04b60e07ed" "/opt/rustwide/cargo-home/bin/cargo" "+1.69.0" "metadata" "--no-deps" "--format-version=1", kill_on_drop: false }`
[INFO] [stdout] 8e57921102193952778d8810689d6d846f19cb4424eca609eafdbafe6baa58c0
[INFO] running `Command { std: "docker" "start" "-a" "8e57921102193952778d8810689d6d846f19cb4424eca609eafdbafe6baa58c0", kill_on_drop: false }`
[INFO] running `Command { std: "docker" "inspect" "8e57921102193952778d8810689d6d846f19cb4424eca609eafdbafe6baa58c0", kill_on_drop: false }`
[INFO] running `Command { std: "docker" "rm" "-f" "8e57921102193952778d8810689d6d846f19cb4424eca609eafdbafe6baa58c0", kill_on_drop: false }`
[INFO] [stdout] 8e57921102193952778d8810689d6d846f19cb4424eca609eafdbafe6baa58c0
[INFO] running `Command { std: "docker" "create" "-v" "/var/lib/crater-agent-workspace/builds/worker-5-tc1/target:/opt/rustwide/target:rw,Z" "-v" "/var/lib/crater-agent-workspace/builds/worker-5-tc1/source:/opt/rustwide/workdir:ro,Z" "-v" "/var/lib/crater-agent-workspace/cargo-home:/opt/rustwide/cargo-home:ro,Z" "-v" "/var/lib/crater-agent-workspace/rustup-home:/opt/rustwide/rustup-home:ro,Z" "-e" "SOURCE_DIR=/opt/rustwide/workdir" "-e" "CARGO_TARGET_DIR=/opt/rustwide/target" "-e" "CARGO_INCREMENTAL=0" "-e" "RUST_BACKTRACE=full" "-e" "RUSTFLAGS=--cap-lints=warn" "-e" "RUSTDOCFLAGS=--cap-lints=warn" "-e" "CARGO_HOME=/opt/rustwide/cargo-home" "-e" "RUSTUP_HOME=/opt/rustwide/rustup-home" "-w" "/opt/rustwide/workdir" "-m" "1610612736" "--user" "0:0" "--network" "none" "ghcr.io/rust-lang/crates-build-env/linux@sha256:5ff2268d62e97bff2cde7d5815dd6ed5b47097566f13b8d0ca110b04b60e07ed" "/opt/rustwide/cargo-home/bin/cargo" "+1.69.0" "doc" "--frozen" "--no-deps" "--document-private-items" "--message-format=json", kill_on_drop: false }`
[INFO] [stdout] 85421d7326b9cd50fa833ee807054535cdd84df06439a377927177dbeab34d7d
[INFO] running `Command { std: "docker" "start" "-a" "85421d7326b9cd50fa833ee807054535cdd84df06439a377927177dbeab34d7d", kill_on_drop: false }`
[INFO] [stderr]    Compiling semver-parser v0.7.0
[INFO] [stderr]    Compiling typenum v1.10.0
[INFO] [stderr]    Compiling proc-macro2 v0.4.28
[INFO] [stderr]    Compiling unicode-xid v0.1.0
[INFO] [stderr]    Compiling rand_core v0.4.0
[INFO] [stderr]    Compiling syn v0.15.33
[INFO] [stderr]     Checking stable_deref_trait v1.1.1
[INFO] [stderr]    Compiling cortex-m v0.6.0
[INFO] [stderr]     Checking vcell v0.1.0
[INFO] [stderr]    Compiling cortex-m-rt v0.6.8
[INFO] [stderr]     Checking cfg-if v0.1.7
[INFO] [stderr]    Compiling stm32f4 v0.7.0
[INFO] [stderr]     Checking r0 v0.2.2
[INFO] [stderr]    Compiling byteorder v1.3.1
[INFO] [stderr]     Checking void v1.0.2
[INFO] [stderr]     Checking nb v0.1.2
[INFO] [stderr]     Checking bitflags v1.0.4
[INFO] [stderr]     Checking log v0.4.6
[INFO] [stderr]     Checking cast v0.2.2
[INFO] [stderr]     Checking volatile-register v0.2.0
[INFO] [stderr]     Checking managed v0.7.1
[INFO] [stderr]    Compiling adc2tcp v0.0.0 (/opt/rustwide/workdir)
[INFO] [stderr]    Compiling rand_core v0.3.1
[INFO] [stderr]     Checking embedded-hal v0.2.2
[INFO] [stderr]     Checking hash2hwaddr v0.0.1
[INFO] [stderr]    Compiling semver v0.9.0
[INFO] [stderr]    Compiling rand v0.5.6
[INFO] [stderr]     Checking log v0.3.9
[INFO] [stderr]     Checking panic-abort v0.3.1
[INFO] [stdout] error[E0554]: `#![feature]` may not be used on the stable release channel
[INFO] [stdout]   --> /opt/rustwide/cargo-home/registry/src/github.com-1ecc6299db9ec823/panic-abort-0.3.1/src/lib.rs:22:1
[INFO] [stdout]    |
[INFO] [stdout] 22 | #![feature(core_intrinsics)]
[INFO] [stdout]    | ^^^^^^^^^^^^^^^^^^^^^^^^^^^^
[INFO] [stdout] 
[INFO] [stdout] 
[INFO] [stdout] error[E0554]: `#![feature]` may not be used on the stable release channel
[INFO] [stdout]   --> /opt/rustwide/cargo-home/registry/src/github.com-1ecc6299db9ec823/panic-abort-0.3.1/src/lib.rs:23:1
[INFO] [stdout]    |
[INFO] [stdout] 23 | #![feature(panic_handler)]
[INFO] [stdout]    | ^^^^^^^^^^^^^^^^^^^^^^^^^^ help: remove the attribute
[INFO] [stdout]    |
[INFO] [stdout]    = help: the feature `panic_handler` has been stable since `1.30.0` and no longer requires an attribute to enable
[INFO] [stdout] 
[INFO] [stdout] 
[INFO] [stdout] error[E0554]: `#![feature]` may not be used on the stable release channel
[INFO] [stdout]   --> /opt/rustwide/cargo-home/registry/src/github.com-1ecc6299db9ec823/panic-abort-0.3.1/src/lib.rs:22:12
[INFO] [stdout]    |
[INFO] [stdout] 22 | #![feature(core_intrinsics)]
[INFO] [stdout]    |            ^^^^^^^^^^^^^^^
[INFO] [stdout] 
[INFO] [stdout] 
[INFO] [stdout] error: aborting due to 3 previous errors
[INFO] [stdout] 
[INFO] [stdout] 
[INFO] [stdout] For more information about this error, try `rustc --explain E0554`.
[INFO] [stdout] 
[INFO] [stderr] error: could not compile `panic-abort` due to 4 previous errors
[INFO] [stderr] warning: build failed, waiting for other jobs to finish...
[INFO] running `Command { std: "docker" "inspect" "85421d7326b9cd50fa833ee807054535cdd84df06439a377927177dbeab34d7d", kill_on_drop: false }`
[INFO] running `Command { std: "docker" "rm" "-f" "85421d7326b9cd50fa833ee807054535cdd84df06439a377927177dbeab34d7d", kill_on_drop: false }`
[INFO] [stdout] 85421d7326b9cd50fa833ee807054535cdd84df06439a377927177dbeab34d7d
