[INFO] cloning repository https://github.com/lyudaafo/ses
[INFO] running `Command { std: "git" "-c" "credential.helper=" "-c" "credential.helper=/workspace/cargo-home/bin/git-credential-null" "clone" "--bare" "https://github.com/lyudaafo/ses" "/workspace/cache/git-repos/https%3A%2F%2Fgithub.com%2Flyudaafo%2Fses", kill_on_drop: false }`
[INFO] [stderr] Cloning into bare repository '/workspace/cache/git-repos/https%3A%2F%2Fgithub.com%2Flyudaafo%2Fses'...
[INFO] running `Command { std: "git" "rev-parse" "HEAD", kill_on_drop: false }`
[INFO] [stdout] 947a339714752dfa6ecc06d03da65696bee512d6
[INFO] documenting lyudaafo/ses against 1.69.0 for beta-1.70-rustdoc-1
[INFO] running `Command { std: "git" "clone" "/workspace/cache/git-repos/https%3A%2F%2Fgithub.com%2Flyudaafo%2Fses" "/workspace/builds/worker-0-tc1/source", kill_on_drop: false }`
[INFO] [stderr] Cloning into '/workspace/builds/worker-0-tc1/source'...
[INFO] [stderr] done.
[INFO] validating manifest of git repo https://github.com/lyudaafo/ses on toolchain 1.69.0
[INFO] running `Command { std: CARGO_HOME="/workspace/cargo-home" RUSTUP_HOME="/workspace/rustup-home" "/workspace/cargo-home/bin/cargo" "+1.69.0" "metadata" "--manifest-path" "Cargo.toml" "--no-deps", kill_on_drop: false }`
[INFO] started tweaking git repo https://github.com/lyudaafo/ses
[INFO] finished tweaking git repo https://github.com/lyudaafo/ses
[INFO] tweaked toml for git repo https://github.com/lyudaafo/ses written to /workspace/builds/worker-0-tc1/source/Cargo.toml
[INFO] crate git repo https://github.com/lyudaafo/ses already has a lockfile, it will not be regenerated
[INFO] running `Command { std: CARGO_HOME="/workspace/cargo-home" RUSTUP_HOME="/workspace/rustup-home" "/workspace/cargo-home/bin/cargo" "+1.69.0" "fetch" "--manifest-path" "Cargo.toml", kill_on_drop: false }`
[INFO] [stderr]  Downloading crates ...
[INFO] [stderr]   Downloaded hex v0.4.1
[INFO] [stderr]   Downloaded users v0.9.1
[INFO] [stderr]   Downloaded hex-literal-impl v0.2.0
[INFO] [stderr]   Downloaded bindgen v0.49.2
[INFO] [stderr]   Downloaded escargot v0.5.0
[INFO] [stderr]   Downloaded slog-term v2.4.1
[INFO] [stderr]   Downloaded mirai-annotations v1.5.0
[INFO] [stderr]   Downloaded rental v0.5.4
[INFO] [stderr]   Downloaded serial_test v0.3.2
[INFO] [stderr]   Downloaded hyper-rustls v0.19.0
[INFO] [stderr]   Downloaded prometheus v0.7.0
[INFO] [stderr]   Downloaded radix_trie v0.1.4
[INFO] [stderr]   Downloaded solana_libra_proptest_helpers v0.0.1-sol4
[INFO] [stderr]   Downloaded solana_libra_crypto v0.0.1-sol4
[INFO] [stderr]   Downloaded solana_libra_nibble v0.0.1-sol4
[INFO] [stderr]   Downloaded tokio-rustls v0.12.1
[INFO] [stderr]   Downloaded num_enum v0.4.2
[INFO] [stderr]   Downloaded indicatif v0.14.0
[INFO] [stderr]   Downloaded solana_rbpf v0.1.21
[INFO] [stderr]   Downloaded serial_test_derive v0.4.0
[INFO] [stderr]   Downloaded solana_libra_stdlib v0.0.1-sol4
[INFO] [stderr]   Downloaded solana_libra_config v0.0.1-sol4
[INFO] [stderr]   Downloaded solana_libra_vm_runtime v0.0.1-sol4
[INFO] [stderr]   Downloaded solana_libra_vm_cache_map v0.0.1-sol4
[INFO] [stderr]   Downloaded rental-impl v0.5.4
[INFO] [stderr]   Downloaded systemstat v0.1.5
[INFO] [stderr]   Downloaded dialoguer v0.5.0
[INFO] [stderr]   Downloaded solana_libra_bytecode_verifier v0.0.1-sol4
[INFO] [stderr]   Downloaded jsonrpc-server-utils v14.0.0
[INFO] [stderr]   Downloaded solana_libra_vm_runtime_types v0.0.1-sol4
[INFO] [stderr]   Downloaded solana_libra_ir_to_bytecode v0.0.1-sol4
[INFO] [stderr]   Downloaded trees v0.2.1
[INFO] [stderr]   Downloaded solana_libra_ir_to_bytecode_syntax v0.0.1-sol4
[INFO] [stderr]   Downloaded num_enum_derive v0.4.2
[INFO] [stderr]   Downloaded indexed v0.1.1
[INFO] [stderr]   Downloaded solana_libra_vm v0.0.1-sol4
[INFO] [stderr]   Downloaded solana_libra_state_view v0.0.1-sol4
[INFO] [stderr]   Downloaded solana_libra_metrics v0.0.1-sol4
[INFO] [stderr]   Downloaded solana_libra_tools v0.0.1-sol4
[INFO] [stderr]   Downloaded solana_libra_canonical_serialization v0.0.1-sol4
[INFO] [stderr]   Downloaded typed-arena v1.6.1
[INFO] [stderr]   Downloaded solana_libra_types v0.0.1-sol4
[INFO] [stderr]   Downloaded solana_libra_compiler v0.0.1-sol4
[INFO] [stderr]   Downloaded solana_libra_crypto-derive v0.0.1-sol4
[INFO] [stderr]   Downloaded memsec v0.5.6
[INFO] [stderr]   Downloaded solana_libra_logger v0.0.1-sol4
[INFO] [stderr]   Downloaded tokio-rustls v0.10.1
[INFO] [stderr]   Downloaded hidapi v1.1.1
[INFO] [stderr]   Downloaded sysctl v0.4.0
[INFO] [stderr]   Downloaded hash32 v0.1.0
[INFO] [stderr]   Downloaded errno v0.2.4
[INFO] [stderr]   Downloaded serial_test_derive v0.3.2
[INFO] [stderr]   Downloaded jobserver v0.1.16
[INFO] [stderr]   Downloaded slog-stdlog v3.0.5
[INFO] [stderr]   Downloaded sys-info v0.5.9
[INFO] [stderr]   Downloaded solana_libra_failure_ext v0.0.1-sol4
[INFO] [stderr]   Downloaded cbindgen v0.13.1
[INFO] [stderr]   Downloaded ar v0.6.2
[INFO] [stderr]   Downloaded titlecase v1.1.0
[INFO] [stderr]   Downloaded bv v0.11.0
[INFO] [stderr]   Downloaded once_cell v1.2.0
[INFO] [stderr]   Downloaded bech32 v0.6.0
[INFO] [stderr]   Downloaded solana_libra_failure_macros v0.0.1-sol4
[INFO] [stderr]   Downloaded solana-reed-solomon-erasure v4.0.1-3
[INFO] [stderr]   Downloaded assert_cmd v0.12.0
[INFO] [stderr]   Downloaded pretty-hex v0.1.1
[INFO] [stderr]   Downloaded elfkit v0.0.6
[INFO] [stderr]   Downloaded ring v0.16.7
[INFO] [stderr]   Downloaded codespan v0.2.1
[INFO] [stderr]   Downloaded slog-envlogger v2.1.0
[INFO] [stderr]   Downloaded codespan-reporting v0.2.1
[INFO] [stderr]   Downloaded rand04 v0.1.1
[INFO] [stderr]   Downloaded threshold_crypto v0.3.2
[INFO] [stderr]   Downloaded byte-unit v3.0.3
[INFO] [stderr]   Downloaded rand04_compat v0.1.1
[INFO] [stderr]   Downloaded librocksdb-sys v6.2.4
[INFO] running `Command { std: "docker" "create" "-v" "/var/lib/crater-agent-workspace/builds/worker-0-tc1/target:/opt/rustwide/target:rw,Z" "-v" "/var/lib/crater-agent-workspace/builds/worker-0-tc1/source:/opt/rustwide/workdir:ro,Z" "-v" "/var/lib/crater-agent-workspace/cargo-home:/opt/rustwide/cargo-home:ro,Z" "-v" "/var/lib/crater-agent-workspace/rustup-home:/opt/rustwide/rustup-home:ro,Z" "-e" "SOURCE_DIR=/opt/rustwide/workdir" "-e" "CARGO_TARGET_DIR=/opt/rustwide/target" "-e" "CARGO_HOME=/opt/rustwide/cargo-home" "-e" "RUSTUP_HOME=/opt/rustwide/rustup-home" "-w" "/opt/rustwide/workdir" "-m" "1610612736" "--user" "0:0" "--network" "none" "ghcr.io/rust-lang/crates-build-env/linux@sha256:5ff2268d62e97bff2cde7d5815dd6ed5b47097566f13b8d0ca110b04b60e07ed" "/opt/rustwide/cargo-home/bin/cargo" "+1.69.0" "metadata" "--no-deps" "--format-version=1", kill_on_drop: false }`
[INFO] [stdout] 41e294c27e4cbff5711cbc10bba0035be2b3d336ad37d449757db8f390706067
[INFO] running `Command { std: "docker" "start" "-a" "41e294c27e4cbff5711cbc10bba0035be2b3d336ad37d449757db8f390706067", kill_on_drop: false }`
[INFO] running `Command { std: "docker" "inspect" "41e294c27e4cbff5711cbc10bba0035be2b3d336ad37d449757db8f390706067", kill_on_drop: false }`
[INFO] running `Command { std: "docker" "rm" "-f" "41e294c27e4cbff5711cbc10bba0035be2b3d336ad37d449757db8f390706067", kill_on_drop: false }`
[INFO] [stdout] 41e294c27e4cbff5711cbc10bba0035be2b3d336ad37d449757db8f390706067
[INFO] running `Command { std: "docker" "create" "-v" "/var/lib/crater-agent-workspace/builds/worker-0-tc1/target:/opt/rustwide/target:rw,Z" "-v" "/var/lib/crater-agent-workspace/builds/worker-0-tc1/source:/opt/rustwide/workdir:ro,Z" "-v" "/var/lib/crater-agent-workspace/cargo-home:/opt/rustwide/cargo-home:ro,Z" "-v" "/var/lib/crater-agent-workspace/rustup-home:/opt/rustwide/rustup-home:ro,Z" "-e" "SOURCE_DIR=/opt/rustwide/workdir" "-e" "CARGO_TARGET_DIR=/opt/rustwide/target" "-e" "CARGO_INCREMENTAL=0" "-e" "RUST_BACKTRACE=full" "-e" "RUSTFLAGS=--cap-lints=warn" "-e" "RUSTDOCFLAGS=--cap-lints=warn" "-e" "CARGO_HOME=/opt/rustwide/cargo-home" "-e" "RUSTUP_HOME=/opt/rustwide/rustup-home" "-w" "/opt/rustwide/workdir" "-m" "1610612736" "--user" "0:0" "--network" "none" "ghcr.io/rust-lang/crates-build-env/linux@sha256:5ff2268d62e97bff2cde7d5815dd6ed5b47097566f13b8d0ca110b04b60e07ed" "/opt/rustwide/cargo-home/bin/cargo" "+1.69.0" "doc" "--frozen" "--no-deps" "--document-private-items" "--message-format=json", kill_on_drop: false }`
[INFO] [stdout] 0c333c2440f0db21275b2333cd700937f463ac27cf5d78be261302f8212c49c0
[INFO] running `Command { std: "docker" "start" "-a" "0c333c2440f0db21275b2333cd700937f463ac27cf5d78be261302f8212c49c0", kill_on_drop: false }`
[INFO] [stderr] warning: output filename collision.
[INFO] [stderr] The bin target `solana-faucet` in package `solana-faucet v1.1.0 (/opt/rustwide/workdir/faucet)` has the same output filename as the lib target `solana_faucet` in package `solana-faucet v1.1.0 (/opt/rustwide/workdir/faucet)`.
[INFO] [stderr] Colliding filename is: /opt/rustwide/target/doc/solana_faucet/index.html
[INFO] [stderr] The output filenames should be unique.
[INFO] [stderr] This is a known bug where multiple crates with the same name use
[INFO] [stderr] the same path; see <https://github.com/rust-lang/cargo/issues/6313>.
[INFO] [stderr] If this looks unexpected, it may be a bug in Cargo. Please file a bug report at
[INFO] [stderr] https://github.com/rust-lang/cargo/issues/ with as much information as you
[INFO] [stderr] can provide.
[INFO] [stderr] cargo 1.69.0 (6e9a83356 2023-04-12) running on `x86_64-unknown-linux-gnu` target `x86_64-unknown-linux-gnu`
[INFO] [stderr] First unit: Unit { pkg: Package { id: PackageId { name: "solana-faucet", version: "1.1.0", source: "/opt/rustwide/workdir/faucet" }, ..: ".." }, target: TargetInner { name: "solana-faucet", doc: true, ..: with_path("/opt/rustwide/workdir/faucet/src/bin/faucet.rs", Edition2018) }, profile: Profile { incremental: false, ..: default_dev() }, kind: Host, mode: Doc { deps: false }, features: [], artifact: false, artifact_target_for_features: None, is_std: false, dep_hash: 4741905374790354014 }
[INFO] [stderr] Second unit: Unit { pkg: Package { id: PackageId { name: "solana-faucet", version: "1.1.0", source: "/opt/rustwide/workdir/faucet" }, ..: ".." }, target: TargetInner { ..: lib_target("solana_faucet", ["lib"], "/opt/rustwide/workdir/faucet/src/lib.rs", Edition2018) }, profile: Profile { incremental: false, ..: default_dev() }, kind: Host, mode: Doc { deps: false }, features: [], artifact: false, artifact_target_for_features: None, is_std: false, dep_hash: 5201839880046601545 }
[INFO] [stderr] warning: output filename collision.
[INFO] [stderr] The bin target `solana-genesis` in package `solana-genesis v1.1.0 (/opt/rustwide/workdir/genesis)` has the same output filename as the lib target `solana_genesis` in package `solana-genesis v1.1.0 (/opt/rustwide/workdir/genesis)`.
[INFO] [stderr] Colliding filename is: /opt/rustwide/target/doc/solana_genesis/index.html
[INFO] [stderr] The output filenames should be unique.
[INFO] [stderr] This is a known bug where multiple crates with the same name use
[INFO] [stderr] the same path; see <https://github.com/rust-lang/cargo/issues/6313>.
[INFO] [stderr] If this looks unexpected, it may be a bug in Cargo. Please file a bug report at
[INFO] [stderr] https://github.com/rust-lang/cargo/issues/ with as much information as you
[INFO] [stderr] can provide.
[INFO] [stderr] cargo 1.69.0 (6e9a83356 2023-04-12) running on `x86_64-unknown-linux-gnu` target `x86_64-unknown-linux-gnu`
[INFO] [stderr] First unit: Unit { pkg: Package { id: PackageId { name: "solana-genesis", version: "1.1.0", source: "/opt/rustwide/workdir/genesis" }, ..: ".." }, target: TargetInner { name: "solana-genesis", doc: true, ..: with_path("/opt/rustwide/workdir/genesis/src/main.rs", Edition2018) }, profile: Profile { incremental: false, ..: default_dev() }, kind: Host, mode: Doc { deps: false }, features: [], artifact: false, artifact_target_for_features: None, is_std: false, dep_hash: 14029712995152925060 }
[INFO] [stderr] Second unit: Unit { pkg: Package { id: PackageId { name: "solana-genesis", version: "1.1.0", source: "/opt/rustwide/workdir/genesis" }, ..: ".." }, target: TargetInner { ..: lib_target("solana_genesis", ["lib"], "/opt/rustwide/workdir/genesis/src/lib.rs", Edition2018) }, profile: Profile { incremental: false, ..: default_dev() }, kind: Host, mode: Doc { deps: false }, features: [], artifact: false, artifact_target_for_features: None, is_std: false, dep_hash: 8883566924924961082 }
[INFO] [stderr] warning: output filename collision.
[INFO] [stderr] The bin target `solana-sys-tuner` in package `solana-sys-tuner v1.1.0 (/opt/rustwide/workdir/sys-tuner)` has the same output filename as the lib target `solana_sys_tuner` in package `solana-sys-tuner v1.1.0 (/opt/rustwide/workdir/sys-tuner)`.
[INFO] [stderr] Colliding filename is: /opt/rustwide/target/doc/solana_sys_tuner/index.html
[INFO] [stderr] The output filenames should be unique.
[INFO] [stderr] This is a known bug where multiple crates with the same name use
[INFO] [stderr] the same path; see <https://github.com/rust-lang/cargo/issues/6313>.
[INFO] [stderr] If this looks unexpected, it may be a bug in Cargo. Please file a bug report at
[INFO] [stderr] https://github.com/rust-lang/cargo/issues/ with as much information as you
[INFO] [stderr] can provide.
[INFO] [stderr] cargo 1.69.0 (6e9a83356 2023-04-12) running on `x86_64-unknown-linux-gnu` target `x86_64-unknown-linux-gnu`
[INFO] [stderr] First unit: Unit { pkg: Package { id: PackageId { name: "solana-sys-tuner", version: "1.1.0", source: "/opt/rustwide/workdir/sys-tuner" }, ..: ".." }, target: TargetInner { name: "solana-sys-tuner", doc: true, ..: with_path("/opt/rustwide/workdir/sys-tuner/src/main.rs", Edition2018) }, profile: Profile { incremental: false, ..: default_dev() }, kind: Host, mode: Doc { deps: false }, features: [], artifact: false, artifact_target_for_features: None, is_std: false, dep_hash: 2283651344387782102 }
[INFO] [stderr] Second unit: Unit { pkg: Package { id: PackageId { name: "solana-sys-tuner", version: "1.1.0", source: "/opt/rustwide/workdir/sys-tuner" }, ..: ".." }, target: TargetInner { ..: lib_target("solana_sys_tuner", ["lib"], "/opt/rustwide/workdir/sys-tuner/src/lib.rs", Edition2018) }, profile: Profile { incremental: false, ..: default_dev() }, kind: Host, mode: Doc { deps: false }, features: [], artifact: false, artifact_target_for_features: None, is_std: false, dep_hash: 4657752555763911998 }
[INFO] [stderr] warning: output filename collision.
[INFO] [stderr] The bin target `solana-vote-signer` in package `solana-vote-signer v1.1.0 (/opt/rustwide/workdir/vote-signer)` has the same output filename as the lib target `solana_vote_signer` in package `solana-vote-signer v1.1.0 (/opt/rustwide/workdir/vote-signer)`.
[INFO] [stderr] Colliding filename is: /opt/rustwide/target/doc/solana_vote_signer/index.html
[INFO] [stderr] The output filenames should be unique.
[INFO] [stderr] This is a known bug where multiple crates with the same name use
[INFO] [stderr] the same path; see <https://github.com/rust-lang/cargo/issues/6313>.
[INFO] [stderr] If this looks unexpected, it may be a bug in Cargo. Please file a bug report at
[INFO] [stderr] https://github.com/rust-lang/cargo/issues/ with as much information as you
[INFO] [stderr] can provide.
[INFO] [stderr] cargo 1.69.0 (6e9a83356 2023-04-12) running on `x86_64-unknown-linux-gnu` target `x86_64-unknown-linux-gnu`
[INFO] [stderr] First unit: Unit { pkg: Package { id: PackageId { name: "solana-vote-signer", version: "1.1.0", source: "/opt/rustwide/workdir/vote-signer" }, ..: ".." }, target: TargetInner { name: "solana-vote-signer", doc: true, ..: with_path("/opt/rustwide/workdir/vote-signer/src/bin/main.rs", Edition2018) }, profile: Profile { incremental: false, ..: default_dev() }, kind: Host, mode: Doc { deps: false }, features: [], artifact: false, artifact_target_for_features: None, is_std: false, dep_hash: 13943708630182127641 }
[INFO] [stderr] Second unit: Unit { pkg: Package { id: PackageId { name: "solana-vote-signer", version: "1.1.0", source: "/opt/rustwide/workdir/vote-signer" }, ..: ".." }, target: TargetInner { ..: lib_target("solana_vote_signer", ["lib"], "/opt/rustwide/workdir/vote-signer/src/lib.rs", Edition2018) }, profile: Profile { incremental: false, ..: default_dev() }, kind: Host, mode: Doc { deps: false }, features: [], artifact: false, artifact_target_for_features: None, is_std: false, dep_hash: 697487851544667313 }
[INFO] [stderr]    Compiling libc v0.2.66
[INFO] [stderr]     Checking cfg-if v0.1.9
[INFO] [stderr]    Compiling syn v1.0.11
[INFO] [stderr]    Compiling byteorder v1.3.2
[INFO] [stderr]    Compiling serde v1.0.104
[INFO] [stderr]    Compiling memchr v2.2.1
[INFO] [stderr]    Compiling semver-parser v0.7.0
[INFO] [stderr]    Compiling autocfg v0.1.5
[INFO] [stderr]     Checking smallvec v0.6.10
[INFO] [stderr]     Checking lazy_static v1.4.0
[INFO] [stderr]    Compiling proc-macro2 v1.0.1
[INFO] [stderr]    Compiling version_check v0.1.5
[INFO] [stderr]    Compiling typenum v1.10.0
[INFO] [stderr]     Checking either v1.5.3
[INFO] [stderr]     Checking futures v0.1.28
[INFO] [stderr]    Compiling log v0.4.8
[INFO] [stderr]     Checking rand_core v0.4.0
[INFO] [stderr]    Compiling semver v0.9.0
[INFO] [stderr]     Checking itoa v0.4.4
[INFO] [stderr]    Compiling proc-macro2 v0.4.30
[INFO] [stderr]     Checking rand_core v0.3.1
[INFO] [stderr]     Checking crossbeam-utils v0.6.6
[INFO] [stderr]     Checking scopeguard v1.0.0
[INFO] [stderr]    Compiling unicode-xid v0.1.0
[INFO] [stderr]    Compiling syn v0.15.42
[INFO] [stderr]    Compiling rand_pcg v0.1.2
[INFO] [stderr]    Compiling rustc_version v0.2.3
[INFO] [stderr]    Compiling rand_chacha v0.1.1
[INFO] [stderr]    Compiling ryu v1.0.0
[INFO] [stderr]    Compiling quote v1.0.2
[INFO] [stderr]    Compiling rand v0.6.5
[INFO] [stderr]     Checking thread_local v0.3.6
[INFO] [stderr]     Checking regex-syntax v0.6.12
[INFO] [stderr]     Checking rand_xorshift v0.1.1
[INFO] [stderr]     Checking rand_hc v0.1.0
[INFO] [stderr]     Checking rand_isaac v0.1.1
[INFO] [stderr]     Checking rand_jitter v0.1.4
[INFO] [stderr]    Compiling memoffset v0.5.1
[INFO] [stderr]    Compiling arrayvec v0.4.11
[INFO] [stderr]     Checking unicode-normalization v0.1.8
[INFO] [stderr]     Checking nodrop v0.1.13
[INFO] [stderr]    Compiling indexmap v1.3.2
[INFO] [stderr]    Compiling failure_derive v0.1.5
[INFO] [stderr]    Compiling parking_lot_core v0.4.0
[INFO] [stderr]    Compiling unicase v2.4.0
[INFO] [stderr]     Checking stable_deref_trait v1.1.1
[INFO] [stderr]     Checking owning_ref v0.4.0
[INFO] [stderr]     Checking tokio-executor v0.1.8
[INFO] [stderr]    Compiling quote v0.6.13
[INFO] [stderr]     Checking generic-array v0.12.3
[INFO] [stderr]     Checking crossbeam-queue v0.1.2
[INFO] [stderr]     Checking scopeguard v0.3.3
[INFO] [stderr]     Checking tokio-sync v0.1.6
[INFO] [stderr]     Checking try-lock v0.2.2
[INFO] [stderr]     Checking lock_api v0.1.5
[INFO] [stderr]     Checking base64 v0.10.1
[INFO] [stderr]     Checking iovec v0.1.4
[INFO] [stderr]     Checking num_cpus v1.12.0
[INFO] [stderr]     Checking net2 v0.2.33
[INFO] [stderr]     Checking rand_os v0.1.3
[INFO] [stderr]     Checking time v0.1.42
[INFO] [stderr]    Compiling jobserver v0.1.16
[INFO] [stderr]     Checking bytes v0.4.12
[INFO] [stderr]     Checking crossbeam-epoch v0.7.2
[INFO] [stderr]     Checking mio v0.6.21
[INFO] [stderr]     Checking digest v0.8.1
[INFO] [stderr]     Checking aho-corasick v0.7.6
[INFO] [stderr]     Checking idna v0.2.0
[INFO] [stderr]    Compiling cc v1.0.49
[INFO] [stderr]     Checking crossbeam-deque v0.7.1
[INFO] [stderr]     Checking dtoa v0.4.4
[INFO] [stderr]     Checking rustc-demangle v0.1.15
[INFO] [stderr]     Checking tokio-io v0.1.13
[INFO] [stderr]     Checking block-padding v0.1.4
[INFO] [stderr]     Checking atty v0.2.13
[INFO] [stderr]     Checking tokio-current-thread v0.1.6
[INFO] [stderr]     Checking tokio-timer v0.2.11
[INFO] [stderr]     Checking block-buffer v0.7.3
[INFO] [stderr]     Checking opaque-debug v0.2.2
[INFO] [stderr]     Checking http v0.1.21
[INFO] [stderr]     Checking quick-error v1.2.2
[INFO] [stderr]     Checking url v2.1.1
[INFO] [stderr]    Compiling winapi v0.3.8
[INFO] [stderr]    Compiling encoding_rs v0.8.20
[INFO] [stderr]     Checking humantime v1.3.0
[INFO] [stderr]     Checking mime v0.3.13
[INFO] [stderr]     Checking tokio-codec v0.1.2
[INFO] [stderr]    Compiling mime_guess v2.0.1
[INFO] [stderr]     Checking regex v1.3.1
[INFO] [stderr]     Checking mio-uds v0.6.7
[INFO] [stderr]     Checking tokio-threadpool v0.1.15
[INFO] [stderr]     Checking string v0.2.1
[INFO] [stderr]     Checking tokio-buf v0.1.1
[INFO] [stderr]     Checking idna v0.1.5
[INFO] [stderr]    Compiling hyper v0.12.35
[INFO] [stderr]    Compiling error-chain v0.12.1
[INFO] [stderr]     Checking percent-encoding v1.0.1
[INFO] [stderr]     Checking termcolor v1.0.5
[INFO] [stderr]     Checking parking_lot v0.7.1
[INFO] [stderr]    Compiling backtrace-sys v0.1.32
[INFO] [stderr]    Compiling ring v0.16.7
[INFO] [stderr]     Checking tokio-reactor v0.1.9
[INFO] [stderr]    Compiling clear_on_drop v0.2.3
[INFO] [stderr]     Checking tokio-fs v0.1.7
[INFO] [stderr]     Checking futures-cpupool v0.1.8
[INFO] [stderr]     Checking want v0.2.0
[INFO] [stderr]     Checking url v1.7.2
[INFO] [stderr]     Checking unicode-xid v0.2.0
[INFO] [stderr]    Compiling crc32fast v1.2.0
[INFO] [stderr]    Compiling subtle v2.1.0
[INFO] [stderr]     Checking adler32 v1.0.4
[INFO] [stderr]     Checking sha2 v0.8.1
[INFO] [stderr]     Checking tokio-udp v0.1.3
[INFO] [stderr]     Checking tokio-uds v0.2.5
[INFO] [stderr]     Checking tokio-tcp v0.1.3
[INFO] [stderr]     Checking miniz_oxide v0.3.2
[INFO] [stderr]     Checking try_from v0.3.2
[INFO] [stderr]     Checking subtle v1.0.0
[INFO] [stderr]     Checking tokio v0.1.22
[INFO] [stderr]     Checking uuid v0.7.4
[INFO] [stderr]     Checking h2 v0.1.26
[INFO] [stderr]     Checking http-body v0.1.0
[INFO] [stderr]     Checking crypto-mac v0.7.0
[INFO] [stderr]     Checking cookie v0.12.0
[INFO] [stderr]    Compiling feature-probe v0.1.1
[INFO] [stderr]     Checking env_logger v0.7.1
[INFO] [stderr]     Checking pbkdf2 v0.3.0
[INFO] [stderr]     Checking hmac v0.7.1
[INFO] [stderr]     Checking flate2 v1.0.11
[INFO] [stderr]     Checking bs58 v0.3.0
[INFO] [stderr]     Checking memmap v0.7.0
[INFO] [stderr]     Checking itertools v0.8.2
[INFO] [stderr]     Checking hex v0.4.1
[INFO] [stderr]     Checking assert_matches v1.3.0
[INFO] [stderr]    Compiling bv v0.11.0
[INFO] [stderr]    Compiling bitflags v1.1.0
[INFO] [stderr]    Compiling num-integer v0.1.41
[INFO] [stderr]     Checking getrandom v0.1.6
[INFO] [stderr]     Checking solana-logger v1.1.0 (/opt/rustwide/workdir/logger)
[INFO] [stderr]     Checking ppv-lite86 v0.2.5
[INFO] [stdout] warning: unnecessary braces around block return value
[INFO] [stdout]  --> logger/src/lib.rs:8:9
[INFO] [stdout]   |
[INFO] [stdout] 8 |         { Arc::new(RwLock::new(env_logger::Logger::from_default_env())) };
[INFO] [stdout]   |         ^^                                                             ^^
[INFO] [stdout]   |
[INFO] [stdout]   = note: `#[warn(unused_braces)]` on by default
[INFO] [stdout] help: remove these braces
[INFO] [stdout]   |
[INFO] [stdout] 8 -         { Arc::new(RwLock::new(env_logger::Logger::from_default_env())) };
[INFO] [stdout] 8 +         Arc::new(RwLock::new(env_logger::Logger::from_default_env()));
[INFO] [stdout]   |
[INFO] [stdout] 
[INFO] [stdout] 
[INFO] [stderr]     Checking bytes v0.5.3
[INFO] [stdout] warning: unused return value of `std::mem::replace` that must be used
[INFO] [stdout]   --> logger/src/lib.rs:29:5
[INFO] [stdout]    |
[INFO] [stdout] 29 |     std::mem::replace(&mut *rw, logger);
[INFO] [stdout]    |     ^^^^^^^^^^^^^^^^^^^^^^^^^^^^^^^^^^^
[INFO] [stdout]    |
[INFO] [stdout]    = note: if you don't need the old value, you can just assign the new value directly
[INFO] [stdout]    = note: `#[warn(unused_must_use)]` on by default
[INFO] [stdout] 
[INFO] [stdout] 
[INFO] [stdout] warning: 2 warnings emitted
[INFO] [stdout] 
[INFO] [stdout] 
[INFO] [stderr]     Checking remove_dir_all v0.5.2
[INFO] [stderr]     Checking rand_core v0.5.1
[INFO] [stderr]     Checking futures-core v0.3.1
[INFO] [stderr]     Checking pin-project-lite v0.1.1
[INFO] [stderr]    Compiling pkg-config v0.3.17
[INFO] [stderr]     Checking futures-task v0.3.1
[INFO] [stderr]     Checking futures-io v0.3.1
[INFO] [stderr]     Checking openssl-probe v0.1.2
[INFO] [stderr]     Checking futures-sink v0.3.1
[INFO] [stderr]     Checking c2-chacha v0.2.2
[INFO] [stderr]     Checking futures-channel v0.3.1
[INFO] [stderr]     Checking want v0.3.0
[INFO] [stderr]     Checking lock_api v0.3.1
[INFO] [stderr]     Checking tower-service v0.3.0
[INFO] [stderr]     Checking http v0.2.0
[INFO] [stderr]     Checking tokio v0.2.6
[INFO] [stderr]     Checking clap v2.33.0
[INFO] [stderr]     Checking parking_lot_core v0.7.0
[INFO] [stderr]     Checking termios v0.3.1
[INFO] [stderr]     Checking rand_chacha v0.2.1
[INFO] [stderr]     Checking clicolors-control v1.0.1
[INFO] [stderr]    Compiling parking_lot_core v0.6.2
[INFO] [stderr]    Compiling sys-info v0.5.9
[INFO] [stderr]     Checking console v0.9.2
[INFO] [stderr]     Checking rand v0.7.2
[INFO] [stderr]     Checking parking_lot v0.10.0
[INFO] [stderr]    Compiling parking_lot v0.9.0
[INFO] [stderr]    Compiling hidapi v1.1.1
[INFO] [stderr]     Checking base32 v0.4.0
[INFO] [stderr]     Checking rustc-hash v1.0.1
[INFO] [stderr]     Checking rpassword v4.0.5
[INFO] [stderr]    Compiling rayon-core v1.6.0
[INFO] [stderr]     Checking rand v0.4.6
[INFO] [stderr]    Compiling spin v0.5.2
[INFO] [stderr]    Compiling nix v0.17.0
[INFO] [stderr]     Checking once_cell v1.2.0
[INFO] [stderr]     Checking void v1.0.2
[INFO] [stderr]     Checking tempfile v3.1.0
[INFO] [stderr]    Compiling openssl-sys v0.9.54
[INFO] [stderr]    Compiling libloading v0.5.2
[INFO] [stderr]    Compiling cgmath v0.16.1
[INFO] [stderr]     Checking dialoguer v0.5.0
[INFO] [stderr]     Checking rayon v1.2.0
[INFO] [stderr]     Checking num-traits v0.1.43
[INFO] [stderr]    Compiling fs_extra v1.1.0
[INFO] [stderr]    Compiling unicode-xid v0.0.4
[INFO] [stderr]     Checking sct v0.6.0
[INFO] [stderr]     Checking webpki v0.21.0
[INFO] [stderr]     Checking http-body v0.3.1
[INFO] [stderr]     Checking approx v0.1.1
[INFO] [stderr]     Checking ct-logs v0.6.0
[INFO] [stderr]    Compiling synom v0.11.3
[INFO] [stderr]    Compiling synstructure v0.10.2
[INFO] [stderr]     Checking rustls v0.16.0
[INFO] [stderr]     Checking webpki-roots v0.17.0
[INFO] [stderr]    Compiling jemalloc-sys v0.3.2
[INFO] [stderr]     Checking socket2 v0.3.11
[INFO] [stderr] The following warnings were emitted during compilation:
[INFO] [stderr] 
[INFO] [stderr] warning: build/expando.c:4:24: error: pasting "RUST_VERSION_OPENSSL_" and "(" does not give a valid preprocessing token
[INFO] [stderr] warning:     4 | #define VERSION2(n, v) RUST_VERSION_##n##_##v
[INFO] [stderr] warning:       |                        ^~~~~~~~~~~~~
[INFO] [stderr] warning: build/expando.c:5:23: note: in expansion of macro 'VERSION2'
[INFO] [stderr] warning:     5 | #define VERSION(n, v) VERSION2(n, v)
[INFO] [stderr] warning:       |                       ^~~~~~~~
[INFO] [stderr] warning: build/expando.c:10:1: note: in expansion of macro 'VERSION'
[INFO] [stderr] warning:    10 | VERSION(OPENSSL, OPENSSL_VERSION_NUMBER)
[INFO] [stderr] warning:       | ^~~~~~~
[INFO] [stderr] 
[INFO] [stderr] error: failed to run custom build command for `openssl-sys v0.9.54`
[INFO] [stderr] note: To improve backtraces for build dependencies, set the CARGO_PROFILE_DEV_BUILD_OVERRIDE_DEBUG=true environment variable to enable debug information generation.
[INFO] [stderr] 
[INFO] [stderr] Caused by:
[INFO] [stderr]   process didn't exit successfully: `/opt/rustwide/target/debug/build/openssl-sys-bd7cfefd122516c4/build-script-main` (exit status: 101)
[INFO] [stderr]   --- stdout
[INFO] [stderr]   cargo:rustc-cfg=const_fn
[INFO] [stderr]   cargo:rerun-if-env-changed=X86_64_UNKNOWN_LINUX_GNU_OPENSSL_LIB_DIR
[INFO] [stderr]   X86_64_UNKNOWN_LINUX_GNU_OPENSSL_LIB_DIR unset
[INFO] [stderr]   cargo:rerun-if-env-changed=OPENSSL_LIB_DIR
[INFO] [stderr]   OPENSSL_LIB_DIR unset
[INFO] [stderr]   cargo:rerun-if-env-changed=X86_64_UNKNOWN_LINUX_GNU_OPENSSL_INCLUDE_DIR
[INFO] [stderr]   X86_64_UNKNOWN_LINUX_GNU_OPENSSL_INCLUDE_DIR unset
[INFO] [stderr]   cargo:rerun-if-env-changed=OPENSSL_INCLUDE_DIR
[INFO] [stderr]   OPENSSL_INCLUDE_DIR unset
[INFO] [stderr]   cargo:rerun-if-env-changed=X86_64_UNKNOWN_LINUX_GNU_OPENSSL_DIR
[INFO] [stderr]   X86_64_UNKNOWN_LINUX_GNU_OPENSSL_DIR unset
[INFO] [stderr]   cargo:rerun-if-env-changed=OPENSSL_DIR
[INFO] [stderr]   OPENSSL_DIR unset
[INFO] [stderr]   cargo:rustc-link-lib=ssl
[INFO] [stderr]   cargo:rustc-link-lib=crypto
[INFO] [stderr]   OPT_LEVEL = Some("0")
[INFO] [stderr]   TARGET = Some("x86_64-unknown-linux-gnu")
[INFO] [stderr]   HOST = Some("x86_64-unknown-linux-gnu")
[INFO] [stderr]   CC_x86_64-unknown-linux-gnu = None
[INFO] [stderr]   CC_x86_64_unknown_linux_gnu = None
[INFO] [stderr]   HOST_CC = None
[INFO] [stderr]   CC = None
[INFO] [stderr]   CFLAGS_x86_64-unknown-linux-gnu = None
[INFO] [stderr]   CFLAGS_x86_64_unknown_linux_gnu = None
[INFO] [stderr]   HOST_CFLAGS = None
[INFO] [stderr]   CFLAGS = None
[INFO] [stderr]   CRATE_CC_NO_DEFAULTS = None
[INFO] [stderr]   DEBUG = Some("true")
[INFO] [stderr]   CARGO_CFG_TARGET_FEATURE = Some("fxsr,sse,sse2")
[INFO] [stderr]   running: "cc" "-O0" "-ffunction-sections" "-fdata-sections" "-fPIC" "-g" "-fno-omit-frame-pointer" "-m64" "-I" "/usr/include" "-Wall" "-Wextra" "-E" "build/expando.c"
[INFO] [stderr]   cargo:warning=build/expando.c:4:24: error: pasting "RUST_VERSION_OPENSSL_" and "(" does not give a valid preprocessing token
[INFO] [stderr]   cargo:warning=    4 | #define VERSION2(n, v) RUST_VERSION_##n##_##v
[INFO] [stderr]   cargo:warning=      |                        ^~~~~~~~~~~~~
[INFO] [stderr]   cargo:warning=build/expando.c:5:23: note: in expansion of macro 'VERSION2'
[INFO] [stderr]   cargo:warning=    5 | #define VERSION(n, v) VERSION2(n, v)
[INFO] [stderr]   cargo:warning=      |                       ^~~~~~~~
[INFO] [stderr]   cargo:warning=build/expando.c:10:1: note: in expansion of macro 'VERSION'
[INFO] [stderr]   cargo:warning=   10 | VERSION(OPENSSL, OPENSSL_VERSION_NUMBER)
[INFO] [stderr]   cargo:warning=      | ^~~~~~~
[INFO] [stderr]   exit status: 1
[INFO] [stderr] 
[INFO] [stderr]   --- stderr
[INFO] [stderr]   thread 'main' panicked at '
[INFO] [stderr]   Header expansion error:
[INFO] [stderr]   Error { kind: ToolExecError, message: "Command \"cc\" \"-O0\" \"-ffunction-sections\" \"-fdata-sections\" \"-fPIC\" \"-g\" \"-fno-omit-frame-pointer\" \"-m64\" \"-I\" \"/usr/include\" \"-Wall\" \"-Wextra\" \"-E\" \"build/expando.c\" with args \"cc\" did not execute successfully (status code exit status: 1)." }
[INFO] [stderr] 
[INFO] [stderr]   Failed to find OpenSSL development headers.
[INFO] [stderr] 
[INFO] [stderr]   You can try fixing this setting the `OPENSSL_DIR` environment variable
[INFO] [stderr]   pointing to your OpenSSL installation or installing OpenSSL headers package
[INFO] [stderr]   specific to your distribution:
[INFO] [stderr] 
[INFO] [stderr]       # On Ubuntu
[INFO] [stderr]       sudo apt-get install libssl-dev
[INFO] [stderr]       # On Arch Linux
[INFO] [stderr]       sudo pacman -S openssl
[INFO] [stderr]       # On Fedora
[INFO] [stderr]       sudo dnf install openssl-devel
[INFO] [stderr] 
[INFO] [stderr]   See rust-openssl README for more information:
[INFO] [stderr] 
[INFO] [stderr]       https://github.com/sfackler/rust-openssl#linux
[INFO] [stderr]   ', /opt/rustwide/cargo-home/registry/src/github.com-1ecc6299db9ec823/openssl-sys-0.9.54/build/main.rs:126:13
[INFO] [stderr]   stack backtrace:
[INFO] [stderr]      0:     0x55954cfa3f1a - std::backtrace_rs::backtrace::libunwind::trace::ha9053a9a07ca49cb
[INFO] [stderr]                                  at /rustc/84c898d65adf2f39a5a98507f1fe0ce10a2b8dbc/library/std/src/../../backtrace/src/backtrace/libunwind.rs:93:5
[INFO] [stderr]      1:     0x55954cfa3f1a - std::backtrace_rs::backtrace::trace_unsynchronized::h9c2852a457ad564e
[INFO] [stderr]                                  at /rustc/84c898d65adf2f39a5a98507f1fe0ce10a2b8dbc/library/std/src/../../backtrace/src/backtrace/mod.rs:66:5
[INFO] [stderr]      2:     0x55954cfa3f1a - std::sys_common::backtrace::_print_fmt::h457936fbfaa0070f
[INFO] [stderr]                                  at /rustc/84c898d65adf2f39a5a98507f1fe0ce10a2b8dbc/library/std/src/sys_common/backtrace.rs:65:5
[INFO] [stderr]      3:     0x55954cfa3f1a - <std::sys_common::backtrace::_print::DisplayBacktrace as core::fmt::Display>::fmt::h5779d7bf7f70cb0c
[INFO] [stderr]                                  at /rustc/84c898d65adf2f39a5a98507f1fe0ce10a2b8dbc/library/std/src/sys_common/backtrace.rs:44:22
[INFO] [stderr]      4:     0x55954cfc406e - core::fmt::write::h5a4baaff1bcd3eb5
[INFO] [stderr]                                  at /rustc/84c898d65adf2f39a5a98507f1fe0ce10a2b8dbc/library/core/src/fmt/mod.rs:1232:17
[INFO] [stderr]      5:     0x55954cfa1405 - std::io::Write::write_fmt::h4bc1f301cb9e9cce
[INFO] [stderr]                                  at /rustc/84c898d65adf2f39a5a98507f1fe0ce10a2b8dbc/library/std/src/io/mod.rs:1684:15
[INFO] [stderr]      6:     0x55954cfa3ce5 - std::sys_common::backtrace::_print::h5fcdc36060f177e8
[INFO] [stderr]                                  at /rustc/84c898d65adf2f39a5a98507f1fe0ce10a2b8dbc/library/std/src/sys_common/backtrace.rs:47:5
[INFO] [stderr]      7:     0x55954cfa3ce5 - std::sys_common::backtrace::print::h54ca9458b876c8bf
[INFO] [stderr]                                  at /rustc/84c898d65adf2f39a5a98507f1fe0ce10a2b8dbc/library/std/src/sys_common/backtrace.rs:34:9
[INFO] [stderr]      8:     0x55954cfa56bf - std::panicking::default_hook::{{closure}}::hbe471161c7664ed6
[INFO] [stderr]                                  at /rustc/84c898d65adf2f39a5a98507f1fe0ce10a2b8dbc/library/std/src/panicking.rs:271:22
[INFO] [stderr]      9:     0x55954cfa53fb - std::panicking::default_hook::ha3500da57aa4ac4f
[INFO] [stderr]                                  at /rustc/84c898d65adf2f39a5a98507f1fe0ce10a2b8dbc/library/std/src/panicking.rs:290:9
[INFO] [stderr]     10:     0x55954cfa5c68 - std::panicking::rust_panic_with_hook::h50c09d000dc561d2
[INFO] [stderr]                                  at /rustc/84c898d65adf2f39a5a98507f1fe0ce10a2b8dbc/library/std/src/panicking.rs:692:13
[INFO] [stderr]     11:     0x55954cfa5b69 - std::panicking::begin_panic_handler::{{closure}}::h9e2b2176e00e0d9c
[INFO] [stderr]                                  at /rustc/84c898d65adf2f39a5a98507f1fe0ce10a2b8dbc/library/std/src/panicking.rs:583:13
[INFO] [stderr]     12:     0x55954cfa4386 - std::sys_common::backtrace::__rust_end_short_backtrace::h5739b8e512c09d02
[INFO] [stderr]                                  at /rustc/84c898d65adf2f39a5a98507f1fe0ce10a2b8dbc/library/std/src/sys_common/backtrace.rs:150:18
[INFO] [stderr]     13:     0x55954cfa5872 - rust_begin_unwind
[INFO] [stderr]                                  at /rustc/84c898d65adf2f39a5a98507f1fe0ce10a2b8dbc/library/std/src/panicking.rs:579:5
[INFO] [stderr]     14:     0x55954cf0c7c3 - core::panicking::panic_fmt::hf33a1475b4dc5c3e
[INFO] [stderr]                                  at /rustc/84c898d65adf2f39a5a98507f1fe0ce10a2b8dbc/library/core/src/panicking.rs:64:14
[INFO] [stderr]     15:     0x55954cf13b08 - build_script_main::validate_headers::hd1d82aa587435fc9
[INFO] [stderr]     16:     0x55954cf18eb6 - build_script_main::find::try_pkg_config::h37e687f7b3c398b8
[INFO] [stderr]     17:     0x55954cf17c56 - build_script_main::find::find_openssl_dir::hb26d60f26abd2782
[INFO] [stderr]     18:     0x55954cf17aa2 - build_script_main::find::get_openssl::{{closure}}::h604ac66aa5b2c827
[INFO] [stderr]     19:     0x55954cf1659a - core::option::Option<T>::unwrap_or_else::h60463a49880ce579
[INFO] [stderr]     20:     0x55954cf177a0 - build_script_main::find::get_openssl::hd3a82b5ee7a56001
[INFO] [stderr]     21:     0x55954cf12965 - build_script_main::main::h8a7a2e2bcd2c0c05
[INFO] [stderr]     22:     0x55954cf198c3 - core::ops::function::FnOnce::call_once::hfc29c09175b51970
[INFO] [stderr]     23:     0x55954cf0ff99 - std::sys_common::backtrace::__rust_begin_short_backtrace::h1966c2937e6cf84d
[INFO] [stderr]     24:     0x55954cf162e9 - std::rt::lang_start::{{closure}}::h463ea3a181fe751f
[INFO] [stderr]     25:     0x55954cf9dd2c - core::ops::function::impls::<impl core::ops::function::FnOnce<A> for &F>::call_once::hd6efcd3bec896f2c
[INFO] [stderr]                                  at /rustc/84c898d65adf2f39a5a98507f1fe0ce10a2b8dbc/library/core/src/ops/function.rs:287:13
[INFO] [stderr]     26:     0x55954cf9dd2c - std::panicking::try::do_call::hce04e543bb1f4cbb
[INFO] [stderr]                                  at /rustc/84c898d65adf2f39a5a98507f1fe0ce10a2b8dbc/library/std/src/panicking.rs:487:40
[INFO] [stderr]     27:     0x55954cf9dd2c - std::panicking::try::h3342dd4e1f680968
[INFO] [stderr]                                  at /rustc/84c898d65adf2f39a5a98507f1fe0ce10a2b8dbc/library/std/src/panicking.rs:451:19
[INFO] [stderr]     28:     0x55954cf9dd2c - std::panic::catch_unwind::h148ce1e59ac0cee7
[INFO] [stderr]                                  at /rustc/84c898d65adf2f39a5a98507f1fe0ce10a2b8dbc/library/std/src/panic.rs:140:14
[INFO] [stderr]     29:     0x55954cf9dd2c - std::rt::lang_start_internal::{{closure}}::h25f9dda2057a67fe
[INFO] [stderr]                                  at /rustc/84c898d65adf2f39a5a98507f1fe0ce10a2b8dbc/library/std/src/rt.rs:148:48
[INFO] [stderr]     30:     0x55954cf9dd2c - std::panicking::try::do_call::h7caaaeaf9401650b
[INFO] [stderr]                                  at /rustc/84c898d65adf2f39a5a98507f1fe0ce10a2b8dbc/library/std/src/panicking.rs:487:40
[INFO] [stderr]     31:     0x55954cf9dd2c - std::panicking::try::he7d15285746cbbc2
[INFO] [stderr]                                  at /rustc/84c898d65adf2f39a5a98507f1fe0ce10a2b8dbc/library/std/src/panicking.rs:451:19
[INFO] [stderr]     32:     0x55954cf9dd2c - std::panic::catch_unwind::h89fb4f50c0301fe0
[INFO] [stderr]                                  at /rustc/84c898d65adf2f39a5a98507f1fe0ce10a2b8dbc/library/std/src/panic.rs:140:14
[INFO] [stderr]     33:     0x55954cf9dd2c - std::rt::lang_start_internal::h078acd489417d3c1
[INFO] [stderr]                                  at /rustc/84c898d65adf2f39a5a98507f1fe0ce10a2b8dbc/library/std/src/rt.rs:148:20
[INFO] [stderr]     34:     0x55954cf162c7 - std::rt::lang_start::h1a0d1be5fe97ff99
[INFO] [stderr]     35:     0x55954cf15935 - main
[INFO] [stderr]     36:     0x7f259f477d90 - <unknown>
[INFO] [stderr]     37:     0x7f259f477e40 - __libc_start_main
[INFO] [stderr]     38:     0x55954cf0cd45 - _start
[INFO] [stderr]     39:                0x0 - <unknown>
[INFO] [stderr] warning: build failed, waiting for other jobs to finish...
[INFO] [stdout] error[E0512]: cannot transmute between types of different sizes, or dependently-sized types
[INFO] [stdout]    --> /opt/rustwide/cargo-home/registry/src/github.com-1ecc6299db9ec823/socket2-0.3.11/src/sockaddr.rs:156:9
[INFO] [stdout]     |
[INFO] [stdout] 156 |         mem::transmute::<SocketAddrV4, sockaddr_in>(v4);
[INFO] [stdout]     |         ^^^^^^^^^^^^^^^^^^^^^^^^^^^^^^^^^^^^^^^^^^^
[INFO] [stdout]     |
[INFO] [stdout]     = note: source type: `SocketAddrV4` (48 bits)
[INFO] [stdout]     = note: target type: `sockaddr_in` (128 bits)
[INFO] [stdout] 
[INFO] [stdout] 
[INFO] [stdout] error: aborting due to previous error
[INFO] [stdout] 
[INFO] [stdout] 
[INFO] [stdout] For more information about this error, try `rustc --explain E0512`.
[INFO] [stdout] 
[INFO] [stderr] error: could not compile `socket2` due to 2 previous errors
[INFO] running `Command { std: "docker" "inspect" "0c333c2440f0db21275b2333cd700937f463ac27cf5d78be261302f8212c49c0", kill_on_drop: false }`
[INFO] running `Command { std: "docker" "rm" "-f" "0c333c2440f0db21275b2333cd700937f463ac27cf5d78be261302f8212c49c0", kill_on_drop: false }`
[INFO] [stdout] 0c333c2440f0db21275b2333cd700937f463ac27cf5d78be261302f8212c49c0
