[INFO] cloning repository https://github.com/lykhouzov/play-with-wgpu
[INFO] running `Command { std: "git" "-c" "credential.helper=" "-c" "credential.helper=/workspace/cargo-home/bin/git-credential-null" "clone" "--bare" "https://github.com/lykhouzov/play-with-wgpu" "/workspace/cache/git-repos/https%3A%2F%2Fgithub.com%2Flykhouzov%2Fplay-with-wgpu", kill_on_drop: false }`
[INFO] [stderr] Cloning into bare repository '/workspace/cache/git-repos/https%3A%2F%2Fgithub.com%2Flykhouzov%2Fplay-with-wgpu'...
[INFO] running `Command { std: "git" "rev-parse" "HEAD", kill_on_drop: false }`
[INFO] [stdout] e3a24b5fa32c69f62dd02c5c3308e0abc7f9e889
[INFO] documenting lykhouzov/play-with-wgpu against beta-2023-04-20 for beta-1.70-rustdoc-1
[INFO] running `Command { std: "git" "clone" "/workspace/cache/git-repos/https%3A%2F%2Fgithub.com%2Flykhouzov%2Fplay-with-wgpu" "/workspace/builds/worker-2-tc2/source", kill_on_drop: false }`
[INFO] [stderr] Cloning into '/workspace/builds/worker-2-tc2/source'...
[INFO] [stderr] done.
[INFO] validating manifest of git repo https://github.com/lykhouzov/play-with-wgpu on toolchain beta-2023-04-20
[INFO] running `Command { std: CARGO_HOME="/workspace/cargo-home" RUSTUP_HOME="/workspace/rustup-home" "/workspace/cargo-home/bin/cargo" "+beta-2023-04-20" "metadata" "--manifest-path" "Cargo.toml" "--no-deps", kill_on_drop: false }`
[INFO] started tweaking git repo https://github.com/lykhouzov/play-with-wgpu
[INFO] finished tweaking git repo https://github.com/lykhouzov/play-with-wgpu
[INFO] tweaked toml for git repo https://github.com/lykhouzov/play-with-wgpu written to /workspace/builds/worker-2-tc2/source/Cargo.toml
[INFO] crate git repo https://github.com/lykhouzov/play-with-wgpu already has a lockfile, it will not be regenerated
[INFO] running `Command { std: CARGO_HOME="/workspace/cargo-home" RUSTUP_HOME="/workspace/rustup-home" "/workspace/cargo-home/bin/cargo" "+beta-2023-04-20" "fetch" "--manifest-path" "Cargo.toml", kill_on_drop: false }`
[INFO] [stderr]  Downloading crates ...
[INFO] [stderr]   Downloaded core-graphics-types v0.1.0
[INFO] [stderr]   Downloaded spirv_headers v1.4.2
[INFO] [stderr]   Downloaded core-foundation v0.9.0
[INFO] [stderr]   Downloaded core-foundation-sys v0.8.0
[INFO] [stderr]   Downloaded gfx-backend-metal v0.5.6
[INFO] [stderr]   Downloaded gfx-hal v0.5.3
[INFO] [stderr]   Downloaded gfx-backend-dx12 v0.5.8
[INFO] [stderr]   Downloaded gfx-backend-vulkan v0.5.11
[INFO] [stderr]   Downloaded glsl-to-spirv v0.1.7
[INFO] running `Command { std: "docker" "create" "-v" "/var/lib/crater-agent-workspace/builds/worker-2-tc2/target:/opt/rustwide/target:rw,Z" "-v" "/var/lib/crater-agent-workspace/builds/worker-2-tc2/source:/opt/rustwide/workdir:ro,Z" "-v" "/var/lib/crater-agent-workspace/cargo-home:/opt/rustwide/cargo-home:ro,Z" "-v" "/var/lib/crater-agent-workspace/rustup-home:/opt/rustwide/rustup-home:ro,Z" "-e" "SOURCE_DIR=/opt/rustwide/workdir" "-e" "CARGO_TARGET_DIR=/opt/rustwide/target" "-e" "CARGO_HOME=/opt/rustwide/cargo-home" "-e" "RUSTUP_HOME=/opt/rustwide/rustup-home" "-w" "/opt/rustwide/workdir" "-m" "1610612736" "--user" "0:0" "--network" "none" "ghcr.io/rust-lang/crates-build-env/linux@sha256:5ff2268d62e97bff2cde7d5815dd6ed5b47097566f13b8d0ca110b04b60e07ed" "/opt/rustwide/cargo-home/bin/cargo" "+beta-2023-04-20" "metadata" "--no-deps" "--format-version=1", kill_on_drop: false }`
[INFO] [stdout] dc0863860dd115ec6eb34a2d1e68f2728d0712a2297fb483621d9674a5ebddd8
[INFO] running `Command { std: "docker" "start" "-a" "dc0863860dd115ec6eb34a2d1e68f2728d0712a2297fb483621d9674a5ebddd8", kill_on_drop: false }`
[INFO] running `Command { std: "docker" "inspect" "dc0863860dd115ec6eb34a2d1e68f2728d0712a2297fb483621d9674a5ebddd8", kill_on_drop: false }`
[INFO] running `Command { std: "docker" "rm" "-f" "dc0863860dd115ec6eb34a2d1e68f2728d0712a2297fb483621d9674a5ebddd8", kill_on_drop: false }`
[INFO] [stdout] dc0863860dd115ec6eb34a2d1e68f2728d0712a2297fb483621d9674a5ebddd8
[INFO] running `Command { std: "docker" "create" "-v" "/var/lib/crater-agent-workspace/builds/worker-2-tc2/target:/opt/rustwide/target:rw,Z" "-v" "/var/lib/crater-agent-workspace/builds/worker-2-tc2/source:/opt/rustwide/workdir:ro,Z" "-v" "/var/lib/crater-agent-workspace/cargo-home:/opt/rustwide/cargo-home:ro,Z" "-v" "/var/lib/crater-agent-workspace/rustup-home:/opt/rustwide/rustup-home:ro,Z" "-e" "SOURCE_DIR=/opt/rustwide/workdir" "-e" "CARGO_TARGET_DIR=/opt/rustwide/target" "-e" "CARGO_INCREMENTAL=0" "-e" "RUST_BACKTRACE=full" "-e" "RUSTFLAGS=--cap-lints=warn" "-e" "RUSTDOCFLAGS=--cap-lints=warn" "-e" "CARGO_HOME=/opt/rustwide/cargo-home" "-e" "RUSTUP_HOME=/opt/rustwide/rustup-home" "-w" "/opt/rustwide/workdir" "-m" "1610612736" "--user" "0:0" "--network" "none" "ghcr.io/rust-lang/crates-build-env/linux@sha256:5ff2268d62e97bff2cde7d5815dd6ed5b47097566f13b8d0ca110b04b60e07ed" "/opt/rustwide/cargo-home/bin/cargo" "+beta-2023-04-20" "doc" "--frozen" "--no-deps" "--document-private-items" "--message-format=json", kill_on_drop: false }`
[INFO] [stdout] c1ad7c3dc68da5324261850b5161600620d8ae0afe8199f1928f2a6802310b28
[INFO] running `Command { std: "docker" "start" "-a" "c1ad7c3dc68da5324261850b5161600620d8ae0afe8199f1928f2a6802310b28", kill_on_drop: false }`
[INFO] [stderr]    Compiling libc v0.2.71
[INFO] [stderr]    Compiling proc-macro2 v1.0.18
[INFO] [stderr]     Checking cfg-if v0.1.10
[INFO] [stderr]    Compiling unicode-xid v0.2.0
[INFO] [stderr]    Compiling syn v1.0.30
[INFO] [stderr]    Compiling getrandom v0.1.14
[INFO] [stderr]    Compiling bitflags v1.2.1
[INFO] [stderr]    Compiling typenum v1.12.0
[INFO] [stderr]    Compiling byteorder v1.3.4
[INFO] [stderr]    Compiling memchr v2.3.3
[INFO] [stderr]    Compiling log v0.4.8
[INFO] [stderr]    Compiling byte-tools v0.2.0
[INFO] [stderr]    Compiling arrayref v0.3.6
[INFO] [stderr]    Compiling autocfg v1.0.0
[INFO] [stderr]    Compiling cc v1.0.54
[INFO] [stderr]    Compiling fake-simd v0.1.2
[INFO] [stderr]    Compiling proc-macro-nested v0.1.5
[INFO] [stderr]     Checking slab v0.4.2
[INFO] [stderr]    Compiling block-buffer v0.3.3
[INFO] [stderr]    Compiling ppv-lite86 v0.2.8
[INFO] [stderr]    Compiling pkg-config v0.3.17
[INFO] [stderr]    Compiling libloading v0.6.2
[INFO] [stderr]     Checking futures-sink v0.3.5
[INFO] [stderr]     Checking smallvec v1.4.0
[INFO] [stderr]    Compiling num-traits v0.2.12
[INFO] [stderr]     Checking once_cell v1.4.0
[INFO] [stderr]    Compiling proc-macro-hack v0.5.16
[INFO] [stderr]     Checking futures-core v0.3.5
[INFO] [stderr]    Compiling cmake v0.1.44
[INFO] [stderr]     Checking futures-channel v0.3.5
[INFO] [stderr]     Checking futures-task v0.3.5
[INFO] [stderr]     Checking pin-utils v0.1.0
[INFO] [stderr]     Checking futures-io v0.3.5
[INFO] [stderr]    Compiling remove_dir_all v0.5.2
[INFO] [stderr]     Checking atom v0.3.5
[INFO] [stderr]     Checking ash v0.31.0
[INFO] [stderr]     Checking lock_api v0.3.4
[INFO] [stderr]     Checking tracing-core v0.1.11
[INFO] [stderr]     Checking fxhash v0.2.1
[INFO] [stderr]     Checking arrayvec v0.5.1
[INFO] [stderr]     Checking hibitset v0.6.3
[INFO] [stderr]    Compiling x11 v2.18.2
[INFO] [stderr]     Checking aho-corasick v0.7.13
[INFO] [stderr]    Compiling quote v1.0.7
[INFO] [stderr]     Checking wgpu-types v0.5.0 (https://github.com/gfx-rs/wgpu?rev=11b3a95671d096aae2eac0d187be5472b5ab91c0#11b3a956)
[INFO] [stderr]     Checking raw-window-handle v0.3.3
[INFO] [stderr]     Checking parking_lot_core v0.7.2
[INFO] [stderr]     Checking tracing v0.1.17
[INFO] [stderr]     Checking thread_local v1.0.1
[INFO] [stderr]     Checking gfx-hal v0.5.3
[INFO] [stderr]    Compiling rand_core v0.5.1
[INFO] [stderr]     Checking regex-syntax v0.6.18
[INFO] [stderr]     Checking parking_lot v0.10.2
[INFO] [stderr]     Checking quick-error v1.2.3
[INFO] [stderr]     Checking atty v0.2.14
[INFO] [stderr]     Checking typed-arena v2.0.1
[INFO] [stderr]    Compiling rand_chacha v0.2.2
[INFO] [stderr]    Compiling generic-array v0.9.0
[INFO] [stderr]     Checking humantime v1.3.0
[INFO] [stderr]     Checking termcolor v1.1.0
[INFO] [stderr]     Checking rand v0.7.3
[INFO] [stderr]    Compiling digest v0.7.6
[INFO] [stderr]    Compiling sha2 v0.7.1
[INFO] [stderr]     Checking spirv_headers v1.4.2
[INFO] [stderr]    Compiling glsl-to-spirv v0.1.7
[INFO] [stderr]    Compiling tempfile v3.1.0
[INFO] [stderr]     Checking gfx-memory v0.1.3 (https://github.com/gfx-rs/gfx-extras?rev=473a4cdc63463e7986707507c4a7f6a3a767e329#473a4cdc)
[INFO] [stderr]     Checking gfx-descriptor v0.1.0 (https://github.com/gfx-rs/gfx-extras?rev=473a4cdc63463e7986707507c4a7f6a3a767e329#473a4cdc)
[INFO] [stderr]     Checking gfx-backend-empty v0.5.0
[INFO] [stderr]     Checking regex v1.3.9
[INFO] [stderr] error: could not compile `ash` (lib)
[INFO] [stderr] 
[INFO] [stderr] Caused by:
[INFO] [stderr]   process didn't exit successfully: `rustc --crate-name ash --edition=2018 /opt/rustwide/cargo-home/registry/src/index.crates.io-6f17d22bba15001f/ash-0.31.0/src/lib.rs --error-format=json --json=diagnostic-rendered-ansi,artifacts,future-incompat --crate-type lib --emit=dep-info,metadata -C embed-bitcode=no -C debuginfo=2 --cfg 'feature="default"' --cfg 'feature="libloading"' -C metadata=fe44061c0b1cc25d -C extra-filename=-fe44061c0b1cc25d --out-dir /opt/rustwide/target/debug/deps -L dependency=/opt/rustwide/target/debug/deps --extern libloading=/opt/rustwide/target/debug/deps/liblibloading-20c8d06e08e1935b.rmeta --cap-lints allow --cap-lints=warn` (signal: 9, SIGKILL: kill)
[INFO] [stderr] warning: build failed, waiting for other jobs to finish...
[INFO] [stderr] error: could not compile `syn` (lib)
[INFO] [stderr] 
[INFO] [stderr] Caused by:
[INFO] [stderr]   process didn't exit successfully: `rustc --crate-name syn --edition=2018 /opt/rustwide/cargo-home/registry/src/index.crates.io-6f17d22bba15001f/syn-1.0.30/src/lib.rs --error-format=json --json=diagnostic-rendered-ansi,artifacts,future-incompat --crate-type lib --emit=dep-info,metadata,link -C embed-bitcode=no --cfg 'feature="clone-impls"' --cfg 'feature="default"' --cfg 'feature="derive"' --cfg 'feature="extra-traits"' --cfg 'feature="full"' --cfg 'feature="parsing"' --cfg 'feature="printing"' --cfg 'feature="proc-macro"' --cfg 'feature="quote"' --cfg 'feature="visit"' --cfg 'feature="visit-mut"' -C metadata=0205491df699fe08 -C extra-filename=-0205491df699fe08 --out-dir /opt/rustwide/target/debug/deps -L dependency=/opt/rustwide/target/debug/deps --extern proc_macro2=/opt/rustwide/target/debug/deps/libproc_macro2-d817bb2b50bad78b.rmeta --extern quote=/opt/rustwide/target/debug/deps/libquote-fb957052c7cd5e76.rmeta --extern unicode_xid=/opt/rustwide/target/debug/deps/libunicode_xid-d41be5b31848799e.rmeta --cap-lints allow --cap-lints=warn --cfg syn_disable_nightly_tests` (signal: 9, SIGKILL: kill)
[INFO] [stderr] error: failed to run custom build command for `glsl-to-spirv v0.1.7`
[INFO] [stderr] note: To improve backtraces for build dependencies, set the CARGO_PROFILE_DEV_BUILD_OVERRIDE_DEBUG=true environment variable to enable debug information generation.
[INFO] [stderr] 
[INFO] [stderr] Caused by:
[INFO] [stderr]   process didn't exit successfully: `/opt/rustwide/target/debug/build/glsl-to-spirv-d3ae662f2efcb1d0/build-script-build` (exit status: 101)
[INFO] [stderr]   --- stdout
[INFO] [stderr]   cargo:rerun-if-changed=build/glslangValidator.exe
[INFO] [stderr]   running: cd "/opt/rustwide/target/debug/build/glsl-to-spirv-0e9129302c545c51/out/build" && CMAKE_PREFIX_PATH="" "cmake" "/opt/rustwide/cargo-home/registry/src/index.crates.io-6f17d22bba15001f/glsl-to-spirv-0.1.7/glslang" "-DCMAKE_INSTALL_PREFIX=/opt/rustwide/target/debug/build/glsl-to-spirv-0e9129302c545c51/out" "-DCMAKE_C_FLAGS= -ffunction-sections -fdata-sections -fPIC -m64" "-DCMAKE_C_COMPILER=/usr/bin/cc" "-DCMAKE_CXX_FLAGS= -ffunction-sections -fdata-sections -fPIC -m64" "-DCMAKE_CXX_COMPILER=/usr/bin/c++" "-DCMAKE_ASM_FLAGS= -ffunction-sections -fdata-sections -fPIC -m64" "-DCMAKE_ASM_COMPILER=/usr/bin/cc" "-DCMAKE_BUILD_TYPE=Debug"
[INFO] [stderr]   -- The C compiler identification is GNU 11.3.0
[INFO] [stderr]   -- The CXX compiler identification is GNU 11.3.0
[INFO] [stderr]   -- Detecting C compiler ABI info
[INFO] [stderr]   -- Detecting C compiler ABI info - done
[INFO] [stderr]   -- Check for working C compiler: /usr/bin/cc - skipped
[INFO] [stderr]   -- Detecting C compile features
[INFO] [stderr]   -- Detecting C compile features - done
[INFO] [stderr]   -- Detecting CXX compiler ABI info
[INFO] [stderr]   -- Detecting CXX compiler ABI info - done
[INFO] [stderr]   -- Check for working CXX compiler: /usr/bin/c++ - skipped
[INFO] [stderr]   -- Detecting CXX compile features
[INFO] [stderr]   -- Detecting CXX compile features - done
[INFO] [stderr]   -- Google Mock was not found - tests based on that will not build
[INFO] [stderr]   -- Configuring done
[INFO] [stderr]   -- Generating done
[INFO] [stderr]   -- Build files have been written to: /opt/rustwide/target/debug/build/glsl-to-spirv-0e9129302c545c51/out/build
[INFO] [stderr]   running: cd "/opt/rustwide/target/debug/build/glsl-to-spirv-0e9129302c545c51/out/build" && MAKEFLAGS="-j --jobserver-fds=7,8 --jobserver-auth=7,8" "cmake" "--build" "." "--target" "install" "--config" "Debug" "--"
[INFO] [stderr]   [  1%] Building CXX object glslang/OSDependent/Unix/CMakeFiles/OSDependent.dir/ossource.cpp.o
[INFO] [stderr]   [  3%] Building CXX object SPIRV/CMakeFiles/SPVRemapper.dir/SPVRemapper.cpp.o
[INFO] [stderr]   [  5%] Building CXX object SPIRV/CMakeFiles/SPVRemapper.dir/doc.cpp.o
[INFO] [stderr]   [  7%] Building CXX object OGLCompilersDLL/CMakeFiles/OGLCompiler.dir/InitializeDll.cpp.o
[INFO] [stderr]   [  8%] Building CXX object StandAlone/CMakeFiles/glslang-default-resource-limits.dir/ResourceLimits.cpp.o
[INFO] [stderr]   [ 10%] Building CXX object hlsl/CMakeFiles/HLSL.dir/hlslTokenStream.cpp.o
[INFO] [stderr]   [ 12%] Building CXX object hlsl/CMakeFiles/HLSL.dir/hlslAttributes.cpp.o
[INFO] [stderr]   [ 15%] Building CXX object hlsl/CMakeFiles/HLSL.dir/hlslOpMap.cpp.o
[INFO] [stderr]   [ 15%] Building CXX object hlsl/CMakeFiles/HLSL.dir/hlslParseables.cpp.o
[INFO] [stderr]   [ 17%] Building CXX object hlsl/CMakeFiles/HLSL.dir/hlslGrammar.cpp.o
[INFO] [stderr]   [ 19%] Building CXX object hlsl/CMakeFiles/HLSL.dir/hlslParseHelper.cpp.o
[INFO] [stderr]   [ 21%] Building CXX object hlsl/CMakeFiles/HLSL.dir/hlslScanContext.cpp.o
[INFO] [stderr]   [ 22%] Linking CXX static library libOSDependent.a
[INFO] [stderr]   [ 22%] Built target OSDependent
[INFO] [stderr]   [ 24%] Linking CXX static library libOGLCompiler.a
[INFO] [stderr]   [ 26%] Linking CXX static library libglslang-default-resource-limits.a
[INFO] [stderr]   [ 26%] Built target OGLCompiler
[INFO] [stderr]   [ 26%] Built target glslang-default-resource-limits
[INFO] [stderr]   [ 28%] Linking CXX static library libSPVRemapper.a
[INFO] [stderr]   [ 28%] Built target SPVRemapper
[INFO] [stderr]   [ 29%] Linking CXX static library libHLSL.a
[INFO] [stderr]   [ 29%] Built target HLSL
[INFO] [stderr]   [ 31%] Building CXX object glslang/CMakeFiles/glslang.dir/MachineIndependent/glslang_tab.cpp.o
[INFO] [stderr]   [ 33%] Building CXX object glslang/CMakeFiles/glslang.dir/MachineIndependent/InfoSink.cpp.o
[INFO] [stderr]   [ 35%] Building CXX object glslang/CMakeFiles/glslang.dir/MachineIndependent/Constant.cpp.o
[INFO] [stderr]   [ 36%] Building CXX object glslang/CMakeFiles/glslang.dir/MachineIndependent/iomapper.cpp.o
[INFO] [stderr]   [ 38%] Building CXX object glslang/CMakeFiles/glslang.dir/MachineIndependent/Initialize.cpp.o
[INFO] [stderr]   [ 40%] Building CXX object glslang/CMakeFiles/glslang.dir/MachineIndependent/IntermTraverse.cpp.o
[INFO] [stderr]   [ 42%] Building CXX object glslang/CMakeFiles/glslang.dir/MachineIndependent/Intermediate.cpp.o
[INFO] [stderr]   [ 43%] Building CXX object glslang/CMakeFiles/glslang.dir/MachineIndependent/ParseContextBase.cpp.o
[INFO] [stderr]   [ 45%] Building CXX object glslang/CMakeFiles/glslang.dir/MachineIndependent/ParseHelper.cpp.o
[INFO] [stderr]   [ 47%] Building CXX object glslang/CMakeFiles/glslang.dir/MachineIndependent/PoolAlloc.cpp.o
[INFO] [stderr]   [ 49%] Building CXX object glslang/CMakeFiles/glslang.dir/MachineIndependent/RemoveTree.cpp.o
[INFO] [stderr]   [ 50%] Building CXX object glslang/CMakeFiles/glslang.dir/MachineIndependent/ShaderLang.cpp.o
[INFO] [stderr]   [ 52%] Building CXX object glslang/CMakeFiles/glslang.dir/MachineIndependent/Scan.cpp.o
[INFO] [stderr]   [ 54%] Building CXX object glslang/CMakeFiles/glslang.dir/MachineIndependent/SymbolTable.cpp.o
[INFO] [stderr]   [ 56%] Building CXX object glslang/CMakeFiles/glslang.dir/MachineIndependent/Versions.cpp.o
[INFO] [stderr]   [ 57%] Building CXX object glslang/CMakeFiles/glslang.dir/MachineIndependent/intermOut.cpp.o
[INFO] [stderr]   [ 59%] Building CXX object glslang/CMakeFiles/glslang.dir/MachineIndependent/limits.cpp.o
[INFO] [stderr]   [ 61%] Building CXX object glslang/CMakeFiles/glslang.dir/MachineIndependent/linkValidate.cpp.o
[INFO] [stderr]   [ 63%] Building CXX object glslang/CMakeFiles/glslang.dir/MachineIndependent/parseConst.cpp.o
[INFO] [stderr] 
[INFO] [stderr]   --- stderr
[INFO] [stderr]   fatal: not a git repository (or any parent up to mount point /opt/rustwide)
[INFO] [stderr]   Stopping at filesystem boundary (GIT_DISCOVERY_ACROSS_FILESYSTEM not set).
[INFO] [stderr]   CMake Warning (dev) at /usr/share/cmake-3.22/Modules/GNUInstallDirs.cmake:239 (message):
[INFO] [stderr]     Unable to determine default CMAKE_INSTALL_LIBDIR directory because no
[INFO] [stderr]     target architecture is known.  Please enable at least one language before
[INFO] [stderr]     including GNUInstallDirs.
[INFO] [stderr]   Call Stack (most recent call first):
[INFO] [stderr]     CMakeLists.txt:7 (include)
[INFO] [stderr]   This warning is for project developers.  Use -Wno-dev to suppress it.
[INFO] [stderr] 
[INFO] [stderr]   CMake Warning:
[INFO] [stderr]     Manually-specified variables were not used by the project:
[INFO] [stderr] 
[INFO] [stderr]       CMAKE_ASM_COMPILER
[INFO] [stderr]       CMAKE_ASM_FLAGS
[INFO] [stderr] 
[INFO] [stderr] 
[INFO] [stderr]   c++: fatal error: Killed signal terminated program cc1plus
[INFO] [stderr]   compilation terminated.
[INFO] [stderr]   gmake[2]: *** [glslang/CMakeFiles/glslang.dir/build.make:104: glslang/CMakeFiles/glslang.dir/MachineIndependent/iomapper.cpp.o] Error 1
[INFO] [stderr]   gmake[2]: *** Waiting for unfinished jobs....
[INFO] [stderr]   c++: fatal error: Killed signal terminated program cc1plus
[INFO] [stderr]   compilation terminated.
[INFO] [stderr]   gmake[2]: *** [glslang/CMakeFiles/glslang.dir/build.make:272: glslang/CMakeFiles/glslang.dir/MachineIndependent/Versions.cpp.o] Error 1
[INFO] [stderr]   c++: fatal error: Killed signal terminated program cc1plus
[INFO] [stderr]   compilation terminated.
[INFO] [stderr]   gmake[2]: *** [glslang/CMakeFiles/glslang.dir/build.make:244: glslang/CMakeFiles/glslang.dir/MachineIndependent/ShaderLang.cpp.o] Error 1
[INFO] [stderr]   c++: fatal error: Killed signal terminated program cc1plus
[INFO] [stderr]   compilation terminated.
[INFO] [stderr]   gmake[2]: *** [glslang/CMakeFiles/glslang.dir/build.make:230: glslang/CMakeFiles/glslang.dir/MachineIndependent/Scan.cpp.o] Error 1
[INFO] [stderr]   gmake[1]: *** [CMakeFiles/Makefile2:987: glslang/CMakeFiles/glslang.dir/all] Error 2
[INFO] [stderr]   gmake: *** [Makefile:146: all] Error 2
[INFO] [stderr]   thread 'main' panicked at '
[INFO] [stderr]   command did not execute successfully, got: exit status: 2
[INFO] [stderr] 
[INFO] [stderr]   build script failed, must exit now', /opt/rustwide/cargo-home/registry/src/index.crates.io-6f17d22bba15001f/cmake-0.1.44/src/lib.rs:885:5
[INFO] [stderr]   stack backtrace:
[INFO] [stderr]      0:     0x560971415efa - std::backtrace_rs::backtrace::libunwind::trace::h2f05d0192276a8f6
[INFO] [stderr]                                  at /rustc/1b7dd2252b99671ce5d1cb9664c5f8636329436d/library/std/src/../../backtrace/src/backtrace/libunwind.rs:93:5
[INFO] [stderr]      1:     0x560971415efa - std::backtrace_rs::backtrace::trace_unsynchronized::hedc23dff7a1af150
[INFO] [stderr]                                  at /rustc/1b7dd2252b99671ce5d1cb9664c5f8636329436d/library/std/src/../../backtrace/src/backtrace/mod.rs:66:5
[INFO] [stderr]      2:     0x560971415efa - std::sys_common::backtrace::_print_fmt::h17541ef7592f3ce2
[INFO] [stderr]                                  at /rustc/1b7dd2252b99671ce5d1cb9664c5f8636329436d/library/std/src/sys_common/backtrace.rs:65:5
[INFO] [stderr]      3:     0x560971415efa - <std::sys_common::backtrace::_print::DisplayBacktrace as core::fmt::Display>::fmt::h20f75df5ab0c0792
[INFO] [stderr]                                  at /rustc/1b7dd2252b99671ce5d1cb9664c5f8636329436d/library/std/src/sys_common/backtrace.rs:44:22
[INFO] [stderr]      4:     0x56097143683f - core::fmt::write::h78109e6f466b3af6
[INFO] [stderr]                                  at /rustc/1b7dd2252b99671ce5d1cb9664c5f8636329436d/library/core/src/fmt/mod.rs:1254:17
[INFO] [stderr]      5:     0x560971413005 - std::io::Write::write_fmt::hc59e1b02dd273c8a
[INFO] [stderr]                                  at /rustc/1b7dd2252b99671ce5d1cb9664c5f8636329436d/library/std/src/io/mod.rs:1698:15
[INFO] [stderr]      6:     0x560971415cc5 - std::sys_common::backtrace::_print::h8dac57a9f8fbf9a5
[INFO] [stderr]                                  at /rustc/1b7dd2252b99671ce5d1cb9664c5f8636329436d/library/std/src/sys_common/backtrace.rs:47:5
[INFO] [stderr]      7:     0x560971415cc5 - std::sys_common::backtrace::print::hf9ecbf41d1aa712f
[INFO] [stderr]                                  at /rustc/1b7dd2252b99671ce5d1cb9664c5f8636329436d/library/std/src/sys_common/backtrace.rs:34:9
[INFO] [stderr]      8:     0x56097141746e - std::panicking::default_hook::{{closure}}::h04c07acfc84ca028
[INFO] [stderr]                                  at /rustc/1b7dd2252b99671ce5d1cb9664c5f8636329436d/library/std/src/panicking.rs:269:22
[INFO] [stderr]      9:     0x560971417215 - std::panicking::default_hook::h01f6bb23e1eceb2c
[INFO] [stderr]                                  at /rustc/1b7dd2252b99671ce5d1cb9664c5f8636329436d/library/std/src/panicking.rs:288:9
[INFO] [stderr]     10:     0x5609714179ce - std::panicking::rust_panic_with_hook::h2bb3722bbaf2f6df
[INFO] [stderr]                                  at /rustc/1b7dd2252b99671ce5d1cb9664c5f8636329436d/library/std/src/panicking.rs:691:13
[INFO] [stderr]     11:     0x5609714178c9 - std::panicking::begin_panic_handler::{{closure}}::h91bc7f36a4be011b
[INFO] [stderr]                                  at /rustc/1b7dd2252b99671ce5d1cb9664c5f8636329436d/library/std/src/panicking.rs:582:13
[INFO] [stderr]     12:     0x560971416366 - std::sys_common::backtrace::__rust_end_short_backtrace::h8b3d3717114f9e59
[INFO] [stderr]                                  at /rustc/1b7dd2252b99671ce5d1cb9664c5f8636329436d/library/std/src/sys_common/backtrace.rs:150:18
[INFO] [stderr]     13:     0x560971417622 - rust_begin_unwind
[INFO] [stderr]                                  at /rustc/1b7dd2252b99671ce5d1cb9664c5f8636329436d/library/std/src/panicking.rs:578:5
[INFO] [stderr]     14:     0x5609713ab783 - core::panicking::panic_fmt::hfd368e3fbdabea26
[INFO] [stderr]                                  at /rustc/1b7dd2252b99671ce5d1cb9664c5f8636329436d/library/core/src/panicking.rs:67:14
[INFO] [stderr]     15:     0x5609713bc51f - cmake::fail::h80f6c9a6022296c3
[INFO] [stderr]     16:     0x5609713bbf83 - cmake::run::ha3635a198a412b2a
[INFO] [stderr]     17:     0x5609713b9665 - cmake::Config::build::hb857e4caf693ffa8
[INFO] [stderr]     18:     0x5609713adf91 - cmake::build::h40a43ba743051339
[INFO] [stderr]     19:     0x5609713ad612 - build_script_build::main::h63d3217b2c21f689
[INFO] [stderr]     20:     0x5609713ae793 - core::ops::function::FnOnce::call_once::h3b019cd61e70fd20
[INFO] [stderr]     21:     0x5609713acd66 - std::sys_common::backtrace::__rust_begin_short_backtrace::h6e1c2cfd6fde4da7
[INFO] [stderr]     22:     0x5609713acbe9 - std::rt::lang_start::{{closure}}::h5b9c3ed6087a1118
[INFO] [stderr]     23:     0x56097140f39e - core::ops::function::impls::<impl core::ops::function::FnOnce<A> for &F>::call_once::h2eb19b8ce4148df4
[INFO] [stderr]                                  at /rustc/1b7dd2252b99671ce5d1cb9664c5f8636329436d/library/core/src/ops/function.rs:287:13
[INFO] [stderr]     24:     0x56097140f39e - std::panicking::try::do_call::h2e900feff5d504c5
[INFO] [stderr]                                  at /rustc/1b7dd2252b99671ce5d1cb9664c5f8636329436d/library/std/src/panicking.rs:485:40
[INFO] [stderr]     25:     0x56097140f39e - std::panicking::try::h8854836cb85aa9f2
[INFO] [stderr]                                  at /rustc/1b7dd2252b99671ce5d1cb9664c5f8636329436d/library/std/src/panicking.rs:449:19
[INFO] [stderr]     26:     0x56097140f39e - std::panic::catch_unwind::h706025dd4c48f64b
[INFO] [stderr]                                  at /rustc/1b7dd2252b99671ce5d1cb9664c5f8636329436d/library/std/src/panic.rs:140:14
[INFO] [stderr]     27:     0x56097140f39e - std::rt::lang_start_internal::{{closure}}::h7be5b97f4a07a91a
[INFO] [stderr]                                  at /rustc/1b7dd2252b99671ce5d1cb9664c5f8636329436d/library/std/src/rt.rs:148:48
[INFO] [stderr]     28:     0x56097140f39e - std::panicking::try::do_call::h59847e9d0a176965
[INFO] [stderr]                                  at /rustc/1b7dd2252b99671ce5d1cb9664c5f8636329436d/library/std/src/panicking.rs:485:40
[INFO] [stderr]     29:     0x56097140f39e - std::panicking::try::h399a918ba8522823
[INFO] [stderr]                                  at /rustc/1b7dd2252b99671ce5d1cb9664c5f8636329436d/library/std/src/panicking.rs:449:19
[INFO] [stderr]     30:     0x56097140f39e - std::panic::catch_unwind::hca7ca6c55b2a2e26
[INFO] [stderr]                                  at /rustc/1b7dd2252b99671ce5d1cb9664c5f8636329436d/library/std/src/panic.rs:140:14
[INFO] [stderr]     31:     0x56097140f39e - std::rt::lang_start_internal::h2c807a81560459eb
[INFO] [stderr]                                  at /rustc/1b7dd2252b99671ce5d1cb9664c5f8636329436d/library/std/src/rt.rs:148:20
[INFO] [stderr]     32:     0x5609713acbc7 - std::rt::lang_start::h598fc1aecd0f41ec
[INFO] [stderr]     33:     0x5609713ad825 - main
[INFO] [stderr]     34:     0x7f9ea7f2cd90 - <unknown>
[INFO] [stderr]     35:     0x7f9ea7f2ce40 - __libc_start_main
[INFO] [stderr]     36:     0x5609713abcb5 - _start
[INFO] [stderr]     37:                0x0 - <unknown>
[INFO] running `Command { std: "docker" "inspect" "c1ad7c3dc68da5324261850b5161600620d8ae0afe8199f1928f2a6802310b28", kill_on_drop: false }`
[INFO] running `Command { std: "docker" "rm" "-f" "c1ad7c3dc68da5324261850b5161600620d8ae0afe8199f1928f2a6802310b28", kill_on_drop: false }`
[INFO] [stdout] c1ad7c3dc68da5324261850b5161600620d8ae0afe8199f1928f2a6802310b28
