[INFO] cloning repository https://github.com/lxj764758117/rust
[INFO] running `Command { std: "git" "-c" "credential.helper=" "-c" "credential.helper=/workspace/cargo-home/bin/git-credential-null" "clone" "--bare" "https://github.com/lxj764758117/rust" "/workspace/cache/git-repos/https%3A%2F%2Fgithub.com%2Flxj764758117%2Frust", kill_on_drop: false }`
[INFO] [stderr] Cloning into bare repository '/workspace/cache/git-repos/https%3A%2F%2Fgithub.com%2Flxj764758117%2Frust'...
[INFO] running `Command { std: "git" "rev-parse" "HEAD", kill_on_drop: false }`
[INFO] [stdout] c4501d7350fca7159bcd3c6e29154d802466686d
[INFO] documenting lxj764758117/rust against beta-2023-04-20 for beta-1.70-rustdoc-1
[INFO] running `Command { std: "git" "clone" "/workspace/cache/git-repos/https%3A%2F%2Fgithub.com%2Flxj764758117%2Frust" "/workspace/builds/worker-4-tc2/source", kill_on_drop: false }`
[INFO] [stderr] Cloning into '/workspace/builds/worker-4-tc2/source'...
[INFO] [stderr] done.
[INFO] validating manifest of git repo https://github.com/lxj764758117/rust on toolchain beta-2023-04-20
[INFO] running `Command { std: CARGO_HOME="/workspace/cargo-home" RUSTUP_HOME="/workspace/rustup-home" "/workspace/cargo-home/bin/cargo" "+beta-2023-04-20" "metadata" "--manifest-path" "Cargo.toml" "--no-deps", kill_on_drop: false }`
[INFO] removed /workspace/builds/worker-4-tc2/source/.cargo/config
[INFO] removed /workspace/builds/worker-4-tc2/source/rust-toolchain
[INFO] started tweaking git repo https://github.com/lxj764758117/rust
[INFO] finished tweaking git repo https://github.com/lxj764758117/rust
[INFO] tweaked toml for git repo https://github.com/lxj764758117/rust written to /workspace/builds/worker-4-tc2/source/Cargo.toml
[INFO] crate git repo https://github.com/lxj764758117/rust already has a lockfile, it will not be regenerated
[INFO] running `Command { std: CARGO_HOME="/workspace/cargo-home" RUSTUP_HOME="/workspace/rustup-home" "/workspace/cargo-home/bin/cargo" "+beta-2023-04-20" "fetch" "--manifest-path" "Cargo.toml", kill_on_drop: false }`
[INFO] [stderr]     Updating crates.io index
[INFO] [stderr]  Downloading crates ...
[INFO] [stderr]   Downloaded radix_trie v0.1.4
[INFO] [stderr]   Downloaded tracing v0.1.9
[INFO] [stderr]   Downloaded codespan-reporting v0.2.1
[INFO] [stderr]   Downloaded grpcio-compiler v0.5.0-alpha.2
[INFO] [stderr]   Downloaded pairing v0.14.2
[INFO] [stderr]   Downloaded rustyline v5.0.3
[INFO] [stderr]   Downloaded futures-join-macro-preview v0.3.0-alpha.19
[INFO] [stderr]   Downloaded tracing-core v0.1.6
[INFO] [stderr]   Downloaded grpcio v0.5.0-alpha.4
[INFO] [stderr]   Downloaded rmp v0.8.8
[INFO] [stderr]   Downloaded criterion-plot v0.4.0
[INFO] [stderr]   Downloaded retry v0.5.1
[INFO] [stderr]   Downloaded filecheck v0.4.0
[INFO] [stderr]   Downloaded rand04 v0.1.1
[INFO] [stderr]   Downloaded typed-arena v1.5.0
[INFO] [stderr]   Downloaded wasm-bindgen v0.2.51
[INFO] [stderr]   Downloaded wasm-bindgen-macro-support v0.2.51
[INFO] [stderr]   Downloaded wasm-bindgen-shared v0.2.51
[INFO] [stderr]   Downloaded rusoto_ecs v0.41.0
[INFO] [stderr]   Downloaded proptest-derive v0.1.2
[INFO] [stderr]   Downloaded mach_o_sys v0.1.1
[INFO] [stderr]   Downloaded pin-project-internal v0.4.2
[INFO] [stderr]   Downloaded pin-project v0.4.2
[INFO] [stderr]   Downloaded bit-vec v0.6.1
[INFO] [stderr]   Downloaded web-sys v0.3.28
[INFO] [stderr]   Downloaded wasm-bindgen-webidl v0.2.51
[INFO] [stderr]   Downloaded snow v0.6.1
[INFO] [stderr]   Downloaded mirai-annotations v1.4.0
[INFO] [stderr]   Downloaded js-sys v0.3.28
[INFO] [stderr]   Downloaded wasm-bindgen-macro v0.2.51
[INFO] [stderr]   Downloaded wasm-bindgen-backend v0.2.51
[INFO] [stderr]   Downloaded encoding_rs v0.8.19
[INFO] [stderr]   Downloaded tracing-attributes v0.1.4
[INFO] [stderr]   Downloaded futures-select-macro-preview v0.3.0-alpha.19
[INFO] [stderr]   Downloaded bech32 v0.6.0
[INFO] [stderr]   Downloaded proc-quote v0.2.2
[INFO] [stderr]   Downloaded multimap v0.4.0
[INFO] [stderr]   Downloaded prost v0.5.0
[INFO] [stderr]   Downloaded slog-stdlog v4.0.0
[INFO] [stderr]   Downloaded slog-scope v4.2.0
[INFO] [stderr]   Downloaded rand_xoshiro v0.3.1
[INFO] [stderr]   Downloaded proc-quote-impl v0.2.2
[INFO] [stderr]   Downloaded prost-types v0.5.0
[INFO] [stderr]   Downloaded tokio-rustls v0.10.2
[INFO] [stderr]   Downloaded ttl_cache v0.4.2
[INFO] [stderr]   Downloaded siphasher v0.3.0
[INFO] [stderr]   Downloaded backoff v0.1.5
[INFO] [stderr]   Downloaded codespan v0.2.1
[INFO] [stderr]   Downloaded rand_os v0.2.2
[INFO] [stderr]   Downloaded tinytemplate v1.0.2
[INFO] [stderr]   Downloaded criterion v0.3.0
[INFO] [stderr]   Downloaded protobuf v2.7.0
[INFO] [stderr]   Downloaded prometheus v0.7.0
[INFO] [stderr]   Downloaded bitvec v0.10.2
[INFO] [stderr]   Downloaded tokio-retry v0.2.0
[INFO] [stderr]   Downloaded errno v0.2.4
[INFO] [stderr]   Downloaded memsec v0.5.6
[INFO] [stderr]   Downloaded rand04_compat v0.1.1
[INFO] [stderr]   Downloaded threshold_crypto v0.3.2
[INFO] [stderr]   Downloaded slog-term v2.4.1
[INFO] [stderr]   Downloaded crossbeam v0.7.2
[INFO] [stderr]   Downloaded prost-derive v0.5.0
[INFO] [stderr]   Downloaded proptest v0.9.4
[INFO] [stderr]   Downloaded statistical v1.0.0
[INFO] [stderr]   Downloaded webpki v0.21.0
[INFO] [stderr]   Downloaded ring v0.16.9
[INFO] [stderr]   Downloaded prost-build v0.5.0
[INFO] [stderr]   Downloaded cached v0.9.0
[INFO] [stderr]   Downloaded rusoto_ecr v0.41.0
[INFO] [stderr]   Downloaded rusoto_logs v0.41.0
[INFO] [stderr]   Downloaded rusoto_kinesis v0.41.0
[INFO] [stderr]   Downloaded stats_alloc v0.1.8
[INFO] [stderr]   Downloaded parity-multiaddr v0.5.0
[INFO] [stderr]   Downloaded num_enum_derive v0.4.1
[INFO] [stderr]   Downloaded num_enum v0.4.1
[INFO] [stderr]   Downloaded anyhow v1.0.17
[INFO] [stderr]   Downloaded grpcio-sys v0.5.0-alpha.4
[INFO] [stderr]   Downloaded rusoto_ec2 v0.41.0
[INFO] running `Command { std: "docker" "create" "-v" "/var/lib/crater-agent-workspace/builds/worker-4-tc2/target:/opt/rustwide/target:rw,Z" "-v" "/var/lib/crater-agent-workspace/builds/worker-4-tc2/source:/opt/rustwide/workdir:ro,Z" "-v" "/var/lib/crater-agent-workspace/cargo-home:/opt/rustwide/cargo-home:ro,Z" "-v" "/var/lib/crater-agent-workspace/rustup-home:/opt/rustwide/rustup-home:ro,Z" "-e" "SOURCE_DIR=/opt/rustwide/workdir" "-e" "CARGO_TARGET_DIR=/opt/rustwide/target" "-e" "CARGO_HOME=/opt/rustwide/cargo-home" "-e" "RUSTUP_HOME=/opt/rustwide/rustup-home" "-w" "/opt/rustwide/workdir" "-m" "1610612736" "--user" "0:0" "--network" "none" "ghcr.io/rust-lang/crates-build-env/linux@sha256:5ff2268d62e97bff2cde7d5815dd6ed5b47097566f13b8d0ca110b04b60e07ed" "/opt/rustwide/cargo-home/bin/cargo" "+beta-2023-04-20" "metadata" "--no-deps" "--format-version=1", kill_on_drop: false }`
[INFO] [stdout] 8d2abe7b6e190fca9f8d805e91f34f16eb900bbee0cafa4eb945565add6ba674
[INFO] running `Command { std: "docker" "start" "-a" "8d2abe7b6e190fca9f8d805e91f34f16eb900bbee0cafa4eb945565add6ba674", kill_on_drop: false }`
[INFO] running `Command { std: "docker" "inspect" "8d2abe7b6e190fca9f8d805e91f34f16eb900bbee0cafa4eb945565add6ba674", kill_on_drop: false }`
[INFO] running `Command { std: "docker" "rm" "-f" "8d2abe7b6e190fca9f8d805e91f34f16eb900bbee0cafa4eb945565add6ba674", kill_on_drop: false }`
[INFO] [stdout] 8d2abe7b6e190fca9f8d805e91f34f16eb900bbee0cafa4eb945565add6ba674
[INFO] running `Command { std: "docker" "create" "-v" "/var/lib/crater-agent-workspace/builds/worker-4-tc2/target:/opt/rustwide/target:rw,Z" "-v" "/var/lib/crater-agent-workspace/builds/worker-4-tc2/source:/opt/rustwide/workdir:ro,Z" "-v" "/var/lib/crater-agent-workspace/cargo-home:/opt/rustwide/cargo-home:ro,Z" "-v" "/var/lib/crater-agent-workspace/rustup-home:/opt/rustwide/rustup-home:ro,Z" "-e" "SOURCE_DIR=/opt/rustwide/workdir" "-e" "CARGO_TARGET_DIR=/opt/rustwide/target" "-e" "CARGO_INCREMENTAL=0" "-e" "RUST_BACKTRACE=full" "-e" "RUSTFLAGS=--cap-lints=warn" "-e" "RUSTDOCFLAGS=--cap-lints=warn" "-e" "CARGO_HOME=/opt/rustwide/cargo-home" "-e" "RUSTUP_HOME=/opt/rustwide/rustup-home" "-w" "/opt/rustwide/workdir" "-m" "1610612736" "--user" "0:0" "--network" "none" "ghcr.io/rust-lang/crates-build-env/linux@sha256:5ff2268d62e97bff2cde7d5815dd6ed5b47097566f13b8d0ca110b04b60e07ed" "/opt/rustwide/cargo-home/bin/cargo" "+beta-2023-04-20" "doc" "--frozen" "--no-deps" "--document-private-items" "--message-format=json", kill_on_drop: false }`
[INFO] [stdout] c393dfe2a0d2207c8e82dd3fcd7b1e2c58c647c70f058bed91aa40bf2df2b049
[INFO] running `Command { std: "docker" "start" "-a" "c393dfe2a0d2207c8e82dd3fcd7b1e2c58c647c70f058bed91aa40bf2df2b049", kill_on_drop: false }`
[INFO] [stderr]    Compiling libc v0.2.62
[INFO] [stderr]    Compiling log v0.4.8
[INFO] [stderr]    Compiling cfg-if v0.1.9
[INFO] [stderr]    Compiling proc-macro2 v1.0.2
[INFO] [stderr]    Compiling unicode-xid v0.2.0
[INFO] [stderr]    Compiling syn v1.0.5
[INFO] [stderr]    Compiling byteorder v1.3.2
[INFO] [stderr]    Compiling serde v1.0.101
[INFO] [stderr]    Compiling autocfg v0.1.6
[INFO] [stderr]    Compiling syn v0.15.44
[INFO] [stderr]     Checking spin v0.5.2
[INFO] [stderr]    Compiling semver-parser v0.7.0
[INFO] [stderr]     Checking either v1.5.2
[INFO] [stderr]    Compiling failure_derive v0.1.5
[INFO] [stderr]    Compiling quote v0.6.13
[INFO] [stderr]     Checking rand_core v0.4.2
[INFO] [stderr]    Compiling memchr v2.2.1
[INFO] [stderr]    Compiling getrandom v0.1.12
[INFO] [stderr]     Checking lazy_static v1.4.0
[INFO] [stderr]    Compiling semver v0.9.0
[INFO] [stderr]     Checking rand_core v0.3.1
[INFO] [stderr]    Compiling rustc-demangle v0.1.16
[INFO] [stderr]     Checking crossbeam-utils v0.6.6
[INFO] [stderr]    Compiling rand_chacha v0.1.1
[INFO] [stderr]    Compiling rustc_version v0.2.3
[INFO] [stderr]    Compiling rand_pcg v0.1.2
[INFO] [stderr]    Compiling typenum v1.11.2
[INFO] [stderr]    Compiling rand v0.6.5
[INFO] [stderr]     Checking rand_xorshift v0.1.1
[INFO] [stderr]     Checking rand_hc v0.1.0
[INFO] [stderr]    Compiling itertools v0.8.0
[INFO] [stderr]     Checking rand_isaac v0.1.1
[INFO] [stderr]     Checking rand_jitter v0.1.4
[INFO] [stderr]    Compiling arrayvec v0.4.11
[INFO] [stderr]     Checking nodrop v0.1.13
[INFO] [stderr]    Compiling memoffset v0.5.1
[INFO] [stderr]     Checking scopeguard v1.0.0
[INFO] [stderr]    Compiling unicode-segmentation v1.3.0
[INFO] [stderr]    Compiling ppv-lite86 v0.2.5
[INFO] [stderr]     Checking crossbeam-queue v0.1.2
[INFO] [stderr]     Checking futures v0.1.29
[INFO] [stderr]    Compiling num_cpus v1.10.1
[INFO] [stderr]    Compiling jobserver v0.1.17
[INFO] [stderr]    Compiling quote v1.0.2
[INFO] [stderr]     Checking iovec v0.1.2
[INFO] [stderr]     Checking rand_os v0.1.3
[INFO] [stderr]     Checking bytes v0.4.12
[INFO] [stderr]    Compiling cc v1.0.45
[INFO] [stderr]    Compiling heck v0.3.1
[INFO] [stderr]    Compiling c2-chacha v0.2.2
[INFO] [stderr]    Compiling rand_core v0.5.1
[INFO] [stderr]    Compiling num-traits v0.2.8
[INFO] [stderr]    Compiling ordermap v0.3.5
[INFO] [stderr]    Compiling fixedbitset v0.1.9
[INFO] [stderr]    Compiling remove_dir_all v0.5.2
[INFO] [stderr]     Checking crossbeam-epoch v0.7.2
[INFO] [stderr]    Compiling rand_chacha v0.2.1
[INFO] [stderr]    Compiling multimap v0.4.0
[INFO] [stderr]     Checking smallvec v0.6.10
[INFO] [stderr]     Checking crossbeam-channel v0.3.9
[INFO] [stderr]     Checking generic-array v0.12.3
[INFO] [stderr]    Compiling rand v0.7.0
[INFO] [stderr]    Compiling num-integer v0.1.41
[INFO] [stderr]     Checking crossbeam-deque v0.7.1
[INFO] [stderr]     Checking time v0.1.42
[INFO] [stderr]    Compiling petgraph v0.4.13
[INFO] [stderr]     Checking byte-tools v0.3.1
[INFO] [stderr]     Checking rand v0.4.6
[INFO] [stderr]     Checking digest v0.8.1
[INFO] [stderr]     Checking thread_local v0.3.6
[INFO] [stderr]    Compiling slog v2.5.2
[INFO] [stderr]    Compiling subtle v2.1.1
[INFO] [stderr]     Checking block-padding v0.1.4
[INFO] [stderr]     Checking opaque-debug v0.2.3
[INFO] [stderr]     Checking atty v0.2.13
[INFO] [stderr]     Checking aho-corasick v0.7.6
[INFO] [stderr]     Checking regex-syntax v0.6.12
[INFO] [stderr]     Checking block-buffer v0.7.3
[INFO] [stderr]     Checking arc-swap v0.4.2
[INFO] [stderr]    Compiling backtrace-sys v0.1.31
[INFO] [stderr]    Compiling clear_on_drop v0.2.3
[INFO] [stderr]    Compiling ryu v1.0.0
[INFO] [stderr]    Compiling version_check v0.1.5
[INFO] [stderr]     Checking fake-simd v0.1.2
[INFO] [stderr]     Checking slab v0.4.2
[INFO] [stderr]     Checking dirs v1.0.5
[INFO] [stderr]     Checking sha2 v0.8.0
[INFO] [stderr]     Checking crossbeam v0.7.2
[INFO] [stderr]    Compiling tempfile v3.1.0
[INFO] [stderr]     Checking term v0.5.2
[INFO] [stderr]     Checking libra-failure-macros v0.1.0 (/opt/rustwide/workdir/common/failure-ext/failure-macros)
[INFO] [stderr]     Checking take_mut v0.2.2
[INFO] [stderr]     Checking slog-scope v4.2.0
[INFO] [stderr]     Checking subtle v1.0.0
[INFO] [stderr]     Checking tokio-io v0.1.12
[INFO] [stderr]     Checking slog-async v2.3.0
[INFO] [stderr]     Checking thread-id v3.3.0
[INFO] [stderr]     Checking slog-stdlog v4.0.0
[INFO] [stderr]     Checking crypto-mac v0.7.0
[INFO] [stderr]     Checking keccak v0.1.0
[INFO] [stderr]    Compiling crunchy v0.2.2
[INFO] [stderr]    Compiling bitflags v1.1.0
[INFO] [stderr]     Checking fnv v1.0.6
[INFO] [stderr]     Checking chrono v0.4.9
[INFO] [stderr]    Compiling memsec v0.5.6
[INFO] [stderr]     Checking rand04 v0.1.1
[INFO] [stderr]    Compiling glob v0.3.0
[INFO] [stderr]     Checking pairing v0.14.2
[INFO] [stderr]     Checking errno v0.2.4
[INFO] [stderr]     Checking rand04_compat v0.1.1
[INFO] [stderr]     Checking sha3 v0.8.2
[INFO] [stderr]     Checking hex v0.3.2
[INFO] [stderr]     Checking hex_fmt v0.3.0
[INFO] [stderr]     Checking hmac v0.7.1
[INFO] [stderr]    Compiling pkg-config v0.3.15
[INFO] [stderr]    Compiling protobuf v2.7.0
[INFO] [stderr]    Compiling cmake v0.1.42
[INFO] [stderr]     Checking stable_deref_trait v1.1.1
[INFO] [stderr]     Checking endian-type v0.1.2
[INFO] [stderr]     Checking nibble_vec v0.0.4
[INFO] [stderr]     Checking bech32 v0.6.0
[INFO] [stderr]     Checking net2 v0.2.33
[INFO] [stderr]     Checking tiny-keccak v1.5.0
[INFO] [stderr]     Checking owning_ref v0.4.0
[INFO] [stderr]     Checking radix_trie v0.1.4
[INFO] [stderr]    Compiling nom v4.2.3
[INFO] [stderr]    Compiling clang-sys v0.28.1
[INFO] [stderr]    Compiling libloading v0.5.2
[INFO] [stderr]     Checking scopeguard v0.3.3
[INFO] [stderr]     Checking tokio-executor v0.1.8
[INFO] [stderr]     Checking mio v0.6.19
[INFO] [stderr]     Checking slog-term v2.4.1
[INFO] [stderr]     Checking lock_api v0.1.5
[INFO] [stderr]    Compiling bindgen v0.51.1
[INFO] [stderr]     Checking matches v0.1.8
[INFO] [stderr]     Checking unicode-normalization v0.1.8
[INFO] [stderr]    Compiling rustc-hash v1.0.1
[INFO] [stderr]     Checking unicode-bidi v0.3.4
[INFO] [stderr]    Compiling parking_lot_core v0.4.0
[INFO] [stderr]     Checking futures-core-preview v0.3.0-alpha.19
[INFO] [stderr]    Compiling same-file v1.0.5
[INFO] [stderr]     Checking regex v1.3.1
[INFO] [stderr]    Compiling peeking_take_while v0.1.2
[INFO] [stderr]    Compiling shlex v0.1.1
[INFO] [stderr]     Checking futures-sink-preview v0.3.0-alpha.19
[INFO] [stderr]    Compiling walkdir v2.2.9
[INFO] [stderr]    Compiling proc-macro-nested v0.1.3
[INFO] [stderr]     Checking futures-channel-preview v0.3.0-alpha.19
[INFO] [stderr]     Checking tokio-sync v0.1.6
[INFO] [stderr]     Checking futures-io-preview v0.3.0-alpha.19
[INFO] [stderr]     Checking pin-utils v0.1.0-alpha.4
[INFO] [stderr]     Checking tokio-timer v0.2.11
[INFO] [stderr]     Checking http v0.1.18
[INFO] [stderr]    Compiling httparse v1.3.4
[INFO] [stderr]    Compiling cexpr v0.3.5
[INFO] [stderr]     Checking percent-encoding v1.0.1
[INFO] [stderr]     Checking parking_lot v0.7.1
[INFO] [stderr]     Checking tokio-current-thread v0.1.6
[INFO] [stderr]     Checking slog-envlogger v2.2.0
[INFO] [stderr]    Compiling synstructure v0.10.2
[INFO] [stderr]     Checking idna v0.1.5
[INFO] [stderr]     Checking tokio-threadpool v0.1.15
[INFO] [stderr]     Checking tokio-reactor v0.1.9
[INFO] [stderr]     Checking tokio-buf v0.1.1
[INFO] [stderr]     Checking string v0.2.1
[INFO] [stderr]    Compiling hyper v0.12.34
[INFO] [stderr]     Checking mirai-annotations v1.4.0
[INFO] [stderr]     Checking indexmap v1.1.0
[INFO] [stderr]     Checking tokio-tcp v0.1.3
[INFO] [stderr]     Checking try-lock v0.2.2
[INFO] [stderr]     Checking url v1.7.2
[INFO] [stderr]     Checking want v0.2.0
[INFO] [stderr]     Checking futures-cpupool v0.1.8
[INFO] [stderr]    Compiling prometheus v0.7.0
[INFO] [stderr]     Checking tokio v0.1.22
[INFO] [stderr]     Checking quick-error v1.2.2
[INFO] [stderr]     Checking blake2 v0.8.1
[INFO] [stderr]     Checking sha-1 v0.8.1
[INFO] [stderr]     Checking arrayref v0.3.5
[INFO] [stderr]     Checking unsigned-varint v0.2.2
[INFO] [stderr]     Checking unicode-width v0.1.6
[INFO] [stderr]     Checking data-encoding v2.1.2
[INFO] [stderr]     Checking bs58 v0.2.5
[INFO] [stderr]     Checking libra-tools v0.1.0 (/opt/rustwide/workdir/common/tools)
[INFO] [stderr]     Checking strsim v0.8.0
[INFO] [stderr]     Checking textwrap v0.11.0
[INFO] [stderr]     Checking parity-multihash v0.1.3
[INFO] [stderr]     Checking vec_map v0.8.1
[INFO] [stderr]     Checking c_linked_list v1.1.1
[INFO] [stderr]     Checking bit-vec v0.6.1
[INFO] [stderr]     Checking get_if_addrs v0.5.3
[INFO] [stderr]    Compiling pin-project-internal v0.4.2
[INFO] [stderr]     Checking http-body v0.1.0
[INFO] [stderr]     Checking h2 v0.1.26
[INFO] [stderr]     Checking clap v2.33.0
[INFO] [stderr]     Checking tracing-core v0.1.6
[INFO] [stderr]     Checking owning_ref v0.3.3
[INFO] [stderr]     Checking parking_lot_core v0.2.14
[INFO] [stderr]    Compiling parking_lot_core v0.6.2
[INFO] [stderr]    Compiling proc-macro-error v0.2.6
[INFO] [stderr]     Checking termcolor v1.0.5
[INFO] [stderr]    Compiling rayon-core v1.6.0
[INFO] [stderr]    Compiling parking_lot v0.9.0
[INFO] [stderr]     Checking parking_lot v0.4.8
[INFO] [stderr]    Compiling libz-sys v1.0.25
[INFO] [stderr]    Compiling snappy-sys v0.1.0 (https://github.com/busyjay/rust-snappy.git?branch=static-link#8c12738b)
[INFO] [stderr]    Compiling zstd-sys v1.4.13+zstd.1.4.3 (https://github.com/gyscos/zstd-rs.git#7f77d098)
[INFO] [stderr]     Checking chashmap v2.2.2
[INFO] [stderr]    Compiling lz4-sys v1.8.0 (https://github.com/busyjay/lz4-rs.git?branch=adjust-build#41509fea)
[INFO] [stderr]    Compiling bzip2-sys v0.1.7 (https://github.com/alexcrichton/bzip2-rs.git#02096d6f)
[INFO] [stderr]     Checking lock_api v0.3.1
[INFO] [stderr]    Compiling parking_lot_core v0.3.1
[INFO] [stderr]     Checking typed-arena v1.5.0
[INFO] [stderr]     Checking vm-cache-map v0.1.0 (/opt/rustwide/workdir/language/vm/vm-runtime/vm-cache-map)
[INFO] [stderr]     Checking rayon v1.2.0
[INFO] [stderr]     Checking mio-uds v0.6.7
[INFO] [stderr]    Compiling ring v0.16.9
[INFO] [stderr]     Checking rand v0.5.6
[INFO] [stderr]    Compiling libtitan_sys v0.0.1 (https://github.com/pingcap/rust-rocksdb.git?rev=3cd18c44d160a3cdba586d6502d51b7cc67efc59#3cd18c44)
[INFO] [stderr]     Checking constant_time_eq v0.1.4
[INFO] [stderr]    Compiling curve25519-dalek v1.2.3 (https://github.com/calibra/curve25519-dalek.git?branch=fiat#caa6b902)
[INFO] [stderr]    Compiling curve25519-dalek v1.2.3
[INFO] [stderr]     Checking tokio-codec v0.1.1
[INFO] [stderr]    Compiling derivative v1.0.3
[INFO] [stderr]    Compiling rental-impl v0.5.4
[INFO] [stderr]     Checking wait-timeout v0.2.0
[INFO] [stderr]    Compiling snow v0.6.1
[INFO] [stderr]     Checking parking_lot v0.6.4
[INFO] [stderr]     Checking untrusted v0.7.0
[INFO] [stderr]     Checking nohash-hasher v0.1.1
[INFO] [stderr]    Compiling build_const v0.2.1
[INFO] [stderr]     Checking quick-error v0.1.4
[INFO] [stderr]     Checking rusty-fork v0.2.2
[INFO] [stderr]     Checking chacha20-poly1305-aead v0.1.2
[INFO] [stderr]     Checking blake2-rfc v0.2.18
[INFO] [stderr]    Compiling librocksdb_sys v0.1.0 (https://github.com/pingcap/rust-rocksdb.git?rev=3cd18c44d160a3cdba586d6502d51b7cc67efc59#3cd18c44)
[INFO] [stderr]     Checking yamux v0.2.1
[INFO] [stderr]    Compiling unicase v2.5.1
[INFO] [stderr]    Compiling num-derive v0.2.5
[INFO] [stderr]    Compiling crc v1.8.1
[INFO] [stderr]     Checking tokio-retry v0.2.0
[INFO] [stderr]     Checking x25519-dalek v0.5.2
[INFO] [stderr]    Compiling serde_derive v1.0.99
[INFO] [stderr]    Compiling proc-macro-hack v0.5.9
[INFO] [stderr]     Checking x25519-dalek v0.5.2 (https://github.com/calibra/x25519-dalek.git?branch=fiat#8d5b6301)
[INFO] [stderr]    Compiling libra-crypto-derive v0.1.0 (/opt/rustwide/workdir/crypto/crypto-derive)
[INFO] [stderr]    Compiling derive-new v0.5.8
[INFO] [stderr]    Compiling structopt-derive v0.3.2
[INFO] [stderr]    Compiling tracing-attributes v0.1.4
[INFO] [stderr]    Compiling tokio-macros v0.2.0-alpha.6
[INFO] [stderr]    Compiling bincode v1.1.4
[INFO] [stderr]    Compiling proc-quote-impl v0.2.2
[INFO] [stderr]    Compiling futures-join-macro-preview v0.3.0-alpha.19
[INFO] [stderr]    Compiling futures-select-macro-preview v0.3.0-alpha.19
[INFO] [stderr]     Checking tracing v0.1.9
[INFO] [stderr]    Compiling error-chain v0.12.1
[INFO] [stderr]     Checking backoff v0.1.5
[INFO] [stderr]    Compiling num-bigint v0.2.3
[INFO] [stderr]     Checking linked-hash-map v0.5.2
[INFO] [stderr]    Compiling proc-quote v0.2.2
[INFO] [stderr]    Compiling strum_macros v0.15.0
[INFO] [stderr]     Checking idna v0.2.0
[INFO] [stderr]     Checking rmp v0.8.8
[INFO] [stderr]     Checking futures-util-preview v0.3.0-alpha.19
[INFO] [stderr]    Compiling num-complex v0.2.3
[INFO] [stderr]     Checking structopt v0.3.2
[INFO] [stderr]    Compiling num-iter v0.1.39
[INFO] [stderr]    Compiling num-rational v0.2.2
[INFO] [stderr]    Compiling gcc v0.3.55
[INFO] [stderr]    Compiling crc32fast v1.2.0
[INFO] [stderr]    Compiling fs_extra v1.1.0
[INFO] [stderr]     Checking percent-encoding v2.1.0
[INFO] [stderr]     Checking strum v0.15.0
[INFO] [stderr]     Checking url v2.1.0
[INFO] [stderr]     Checking pin-project v0.4.2
[INFO] [stderr]     Checking tokio-io v0.2.0-alpha.6
[INFO] [stderr]    Compiling mime_guess v2.0.1
[INFO] [stderr]     Checking lru-cache v0.1.2
[INFO] [stderr]    Compiling jemalloc-sys v0.3.2
[INFO] [stderr]     Checking ttl_cache v0.4.2
[INFO] [stderr]    Compiling nix v0.14.1
[INFO] [stderr]     Checking tokio-codec v0.2.0-alpha.6
[INFO] [stderr]    Compiling encoding_rs v0.8.19
[INFO] [stderr]    Compiling rust-crypto v0.2.36
[INFO] [stderr]     Checking adler32 v1.0.3
[INFO] [stderr]     Checking mime v0.3.13
[INFO] [stderr]     Checking miniz_oxide v0.3.2
[INFO] [stderr]     Checking cookie v0.12.0
[INFO] [stderr]     Checking rand v0.3.23
[INFO] [stderr]     Checking dirs-sys v0.3.4
[INFO] [stderr]     Checking try_from v0.3.2
[INFO] [stderr]     Checking numtoa v0.1.0
[INFO] [stderr]     Checking rustc-serialize v0.3.24
[INFO] [stderr]     Checking dtoa v0.4.4
[INFO] [stderr]     Checking void v1.0.2
[INFO] [stderr]     Checking termion v1.5.3
[INFO] [stderr]     Checking flate2 v1.0.11
[INFO] [stderr]     Checking dirs v2.0.2
[INFO] [stderr]     Checking signal-hook-registry v1.1.1
[INFO] [stderr]     Checking num v0.2.0
[INFO] [stderr]     Checking uuid v0.7.4
[INFO] [stderr]     Checking base64 v0.10.1
[INFO] [stderr]     Checking utf8parse v0.1.1
[INFO] [stderr]     Checking siphasher v0.3.0
[INFO] [stderr]     Checking futures-executor-preview v0.3.0-alpha.19
[INFO] [stderr]     Checking tokio-sync v0.2.0-alpha.6
[INFO] [stderr]     Checking signal-hook v0.1.10
[INFO] [stderr]     Checking futures-preview v0.3.0-alpha.19
[INFO] [stderr]     Checking memsocket v0.1.0 (/opt/rustwide/workdir/network/memsocket)
[INFO] [stderr]     Checking tokio-executor v0.2.0-alpha.6
[INFO] [stderr]     Checking futures-semaphore v0.1.0 (/opt/rustwide/workdir/common/futures-semaphore)
[INFO] [stderr]     Checking rental v0.5.4
[INFO] [stderr]     Checking tokio-timer v0.3.0-alpha.6
[INFO] [stderr]     Checking tokio-fs v0.2.0-alpha.6
[INFO] [stderr]     Checking tokio-net v0.2.0-alpha.6
[INFO] [stderr]     Checking rustyline v5.0.3
[INFO] [stderr]     Checking tokio v0.2.0-alpha.6
[INFO] [stderr]     Checking bounded-executor v0.1.0 (/opt/rustwide/workdir/common/bounded-executor)
[INFO] [stderr]     Checking backtrace v0.3.37
[INFO] [stderr]     Checking serde_json v1.0.40
[INFO] [stderr]     Checking libra-nibble v0.1.0 (/opt/rustwide/workdir/common/nibble)
[INFO] [stderr]     Checking libra-canonical-serialization v0.1.0 (/opt/rustwide/workdir/common/lcs)
[INFO] [stderr]     Checking parity-multiaddr v0.5.0
[INFO] [stderr]     Checking toml v0.5.3
[INFO] [stdout] warning: use of deprecated method `std::error::Error::description`: use the Display impl or to_string()
[INFO] [stdout]   --> common/lcs/src/error.rs:38:48
[INFO] [stdout]    |
[INFO] [stdout] 38 |         formatter.write_str(std::error::Error::description(self))
[INFO] [stdout]    |                                                ^^^^^^^^^^^
[INFO] [stdout]    |
[INFO] [stdout]    = note: `#[warn(deprecated)]` on by default
[INFO] [stdout] 
[INFO] [stdout] 
[INFO] [stdout] warning: 1 warning emitted
[INFO] [stdout] 
[INFO] [stdout] 
[INFO] [stderr]     Checking rmp-serde v0.13.7
[INFO] [stderr]    Compiling grpcio-sys v0.5.0-alpha.4
[INFO] [stderr]     Checking serde_urlencoded v0.5.5
[INFO] [stderr]     Checking netcore v0.1.0 (/opt/rustwide/workdir/network/netcore)
[INFO] [stderr]     Checking failure v0.1.5
[INFO] [stderr]     Checking libra-failure-ext v0.1.0 (/opt/rustwide/workdir/common/failure-ext)
[INFO] [stderr]     Checking ed25519-dalek v1.0.0-pre.1 (https://github.com/calibra/ed25519-dalek.git?branch=fiat#ecb1d36a)
[INFO] [stderr]     Checking threshold_crypto v0.3.2
[INFO] [stderr]     Checking codespan v0.2.1
[INFO] [stdout] warning: unused borrow that must be used
[INFO] [stdout]   --> network/netcore/src/compat.rs:12:1
[INFO] [stdout]    |
[INFO] [stdout] 12 | #[pin_project]
[INFO] [stdout]    | ^^^^^^^^^^^^^^ the borrow produces a value
[INFO] [stdout]    |
[INFO] [stdout]    = note: `#[warn(unused_must_use)]` on by default
[INFO] [stdout]    = note: this warning originates in the attribute macro `pin_project` (in Nightly builds, run with -Z macro-backtrace for more info)
[INFO] [stdout] 
[INFO] [stdout] 
[INFO] [stdout] warning: unused borrow that must be used
[INFO] [stdout]   --> network/netcore/src/transport/and_then.rs:60:1
[INFO] [stdout]    |
[INFO] [stdout] 60 | #[pin_project]
[INFO] [stdout]    | ^^^^^^^^^^^^^^ the borrow produces a value
[INFO] [stdout]    |
[INFO] [stdout]    = note: this warning originates in the attribute macro `pin_project` (in Nightly builds, run with -Z macro-backtrace for more info)
[INFO] [stdout] 
[INFO] [stdout] 
[INFO] [stdout] warning: unused borrow that must be used
[INFO] [stdout]    --> network/netcore/src/transport/and_then.rs:117:1
[INFO] [stdout]     |
[INFO] [stdout] 117 | #[pin_project]
[INFO] [stdout]     | ^^^^^^^^^^^^^^ the borrow produces a value
[INFO] [stdout]     |
[INFO] [stdout]     = note: this warning originates in the attribute macro `pin_project` (in Nightly builds, run with -Z macro-backtrace for more info)
[INFO] [stdout] 
[INFO] [stdout] 
[INFO] [stdout] warning: unused borrow that must be used
[INFO] [stdout]   --> network/netcore/src/transport/timeout.rs:64:1
[INFO] [stdout]    |
[INFO] [stdout] 64 | #[pin_project]
[INFO] [stdout]    | ^^^^^^^^^^^^^^ the borrow produces a value
[INFO] [stdout]    |
[INFO] [stdout]    = note: this warning originates in the attribute macro `pin_project` (in Nightly builds, run with -Z macro-backtrace for more info)
[INFO] [stdout] 
[INFO] [stdout] 
[INFO] [stdout] warning: unused borrow that must be used
[INFO] [stdout]    --> network/netcore/src/transport/timeout.rs:109:1
[INFO] [stdout]     |
[INFO] [stdout] 109 | #[pin_project]
[INFO] [stdout]     | ^^^^^^^^^^^^^^ the borrow produces a value
[INFO] [stdout]     |
[INFO] [stdout]     = note: this warning originates in the attribute macro `pin_project` (in Nightly builds, run with -Z macro-backtrace for more info)
[INFO] [stdout] 
[INFO] [stdout] 
[INFO] [stderr]     Checking publicsuffix v1.5.3
[INFO] [stdout] warning: 5 warnings emitted
[INFO] [stdout] 
[INFO] [stdout] 
[INFO] [stderr]     Checking ed25519-dalek v1.0.0-pre.1
[INFO] [stderr]     Checking rust_decimal v1.0.3
[INFO] [stderr]     Checking libra-logger v0.1.0 (/opt/rustwide/workdir/common/logger)
[INFO] [stderr]    Compiling which v2.0.1
[INFO] [stderr]    Compiling prost-derive v0.5.0
[INFO] [stderr]     Checking codespan-reporting v0.2.1
[INFO] [stderr]     Checking cookie_store v0.7.0
[INFO] [stderr]     Checking crash-handler v0.1.0 (/opt/rustwide/workdir/common/crash-handler)
[INFO] [stderr]     Checking libra-crypto v0.1.0 (/opt/rustwide/workdir/crypto/crypto)
[INFO] [stderr]    Compiling prost-build v0.5.0
[INFO] [stderr]    Compiling proc-macro-crate v0.1.4
[INFO] [stderr]     Checking reqwest v0.9.22
[INFO] [stderr]     Checking noise v0.1.0 (/opt/rustwide/workdir/network/noise)
[INFO] [stderr]     Checking generate-keypair v0.1.0 (/opt/rustwide/workdir/config/generate-keypair)
[INFO] [stderr]    Compiling num_enum_derive v0.4.1
[INFO] [stderr]     Checking num_enum v0.4.1
[INFO] [stderr]    Compiling prost v0.5.0
[INFO] [stderr]     Checking libra-prost-ext v0.1.0 (/opt/rustwide/workdir/common/prost-ext)
[INFO] [stderr]    Compiling prost-types v0.5.0
[INFO] [stderr]    Compiling grpcio-compiler v0.5.0-alpha.2
[INFO] [stderr]    Compiling libra-types v0.1.0 (/opt/rustwide/workdir/types)
[INFO] [stderr]    Compiling storage-proto v0.1.0 (/opt/rustwide/workdir/storage/storage-proto)
[INFO] [stderr]    Compiling libra-mempool-shared-proto v0.1.0 (/opt/rustwide/workdir/mempool/mempool-shared-proto)
[INFO] [stderr]    Compiling admission-control-proto v0.1.0 (/opt/rustwide/workdir/admission_control/admission-control-proto)
[INFO] [stderr]    Compiling network v0.1.0 (/opt/rustwide/workdir/network)
[INFO] [stderr]    Compiling debug-interface v0.1.0 (/opt/rustwide/workdir/common/debug-interface)
[INFO] [stderr]    Compiling libra-mempool v0.1.0 (/opt/rustwide/workdir/mempool)
[INFO] [stderr]    Compiling secret-service v0.1.0 (/opt/rustwide/workdir/crypto/secret-service)
[INFO] [stdout] warning: field `total_voting_power` is never read
[INFO] [stdout]   --> types/src/validator_verifier.rs:70:5
[INFO] [stdout]    |
[INFO] [stdout] 65 | pub struct ValidatorVerifier<PublicKey> {
[INFO] [stdout]    |            ----------------- field in this struct
[INFO] [stdout] ...
[INFO] [stdout] 70 |     total_voting_power: u64,
[INFO] [stdout]    |     ^^^^^^^^^^^^^^^^^^
[INFO] [stdout]    |
[INFO] [stdout]    = note: `ValidatorVerifier` has a derived impl for the trait `Clone`, but this is intentionally ignored during dead code analysis
[INFO] [stdout]    = note: `#[warn(dead_code)]` on by default
[INFO] [stdout] 
[INFO] [stdout] 
[INFO] [stdout] warning: 1 warning emitted
[INFO] [stdout] 
[INFO] [stdout] 
[INFO] [stderr]     Checking vm v0.1.0 (/opt/rustwide/workdir/language/vm)
[INFO] [stderr]     Checking libra-config v0.1.0 (/opt/rustwide/workdir/config)
[INFO] [stderr]     Checking libra-state-view v0.1.0 (/opt/rustwide/workdir/storage/state-view)
[INFO] [stderr]     Checking ir-to-bytecode-syntax v0.1.0 (/opt/rustwide/workdir/language/compiler/ir-to-bytecode/syntax)
[INFO] [stderr]     Checking scratchpad v0.1.0 (/opt/rustwide/workdir/storage/scratchpad)
[INFO] [stderr]     Checking jellyfish-merkle v0.1.0 (/opt/rustwide/workdir/storage/jellyfish-merkle)
[INFO] [stderr]     Checking accumulator v0.1.0 (/opt/rustwide/workdir/storage/accumulator)
[INFO] [stderr]     Checking libra-wallet v0.1.0 (/opt/rustwide/workdir/client/libra_wallet)
[INFO] [stdout] warning: use of deprecated method `std::error::Error::description`: use the Display impl or to_string()
[INFO] [stdout]   --> client/libra_wallet/src/error.rs:57:45
[INFO] [stdout]    |
[INFO] [stdout] 57 |         WalletError::LibraWalletGeneric(err.description().to_string())
[INFO] [stdout]    |                                             ^^^^^^^^^^^
[INFO] [stdout]    |
[INFO] [stdout]    = note: `#[warn(deprecated)]` on by default
[INFO] [stdout] 
[INFO] [stdout] 
[INFO] [stdout] warning: 1 warning emitted
[INFO] [stdout] 
[INFO] [stdout] 
[INFO] [stdout] warning: unnecessary parentheses around block return value
[INFO] [stdout]    --> config/src/config.rs:663:17
[INFO] [stdout]     |
[INFO] [stdout] 663 |                 (PeerId::from_str(peer_id_str).unwrap_or_else(|_| {
[INFO] [stdout]     |                 ^
[INFO] [stdout] 664 |                     panic!("Failed to parse peer_id from string: {}", peer_id_str)
[INFO] [stdout] 665 |                 }))
[INFO] [stdout]     |                   ^
[INFO] [stdout]     |
[INFO] [stdout]     = note: `#[warn(unused_parens)]` on by default
[INFO] [stdout] help: remove these parentheses
[INFO] [stdout]     |
[INFO] [stdout] 663 ~                 PeerId::from_str(peer_id_str).unwrap_or_else(|_| {
[INFO] [stdout] 664 |                     panic!("Failed to parse peer_id from string: {}", peer_id_str)
[INFO] [stdout] 665 ~                 })
[INFO] [stdout]     |
[INFO] [stdout] 
[INFO] [stdout] 
[INFO] [stderr]     Checking vm-runtime-types v0.1.0 (/opt/rustwide/workdir/language/vm/vm-runtime/vm-runtime-types)
[INFO] [stdout] warning: 1 warning emitted
[INFO] [stdout] 
[INFO] [stdout] 
[INFO] [stdout] warning: trailing semicolon in macro used in expression position
[INFO] [stdout]   --> language/vm/vm-runtime/vm-runtime-types/src/native_structs/vector.rs:49:10
[INFO] [stdout]    |
[INFO] [stdout] 49 |         };
[INFO] [stdout]    |          ^
[INFO] [stdout] ...
[INFO] [stdout] 64 |         let reference: ReferenceValue = get_vector_ref!(args);
[INFO] [stdout]    |                                         --------------------- in this macro invocation
[INFO] [stdout]    |
[INFO] [stdout]    = warning: this was previously accepted by the compiler but is being phased out; it will become a hard error in a future release!
[INFO] [stdout]    = note: for more information, see issue #79813 <https://github.com/rust-lang/rust/issues/79813>
[INFO] [stdout]    = note: `#[warn(semicolon_in_expressions_from_macros)]` on by default
[INFO] [stdout]    = note: this warning originates in the macro `get_vector_ref` (in Nightly builds, run with -Z macro-backtrace for more info)
[INFO] [stdout] 
[INFO] [stdout] 
[INFO] [stdout] warning: trailing semicolon in macro used in expression position
[INFO] [stdout]   --> language/vm/vm-runtime/vm-runtime-types/src/native_structs/vector.rs:49:10
[INFO] [stdout]    |
[INFO] [stdout] 49 |         };
[INFO] [stdout]    |          ^
[INFO] [stdout] ...
[INFO] [stdout] 83 |         let reference: ReferenceValue = get_vector_ref!(args);
[INFO] [stdout]    |                                         --------------------- in this macro invocation
[INFO] [stdout]    |
[INFO] [stdout]    = warning: this was previously accepted by the compiler but is being phased out; it will become a hard error in a future release!
[INFO] [stdout]    = note: for more information, see issue #79813 <https://github.com/rust-lang/rust/issues/79813>
[INFO] [stdout]    = note: this warning originates in the macro `get_vector_ref` (in Nightly builds, run with -Z macro-backtrace for more info)
[INFO] [stdout] 
[INFO] [stdout] 
[INFO] [stdout] warning: trailing semicolon in macro used in expression position
[INFO] [stdout]    --> language/vm/vm-runtime/vm-runtime-types/src/native_structs/vector.rs:49:10
[INFO] [stdout]     |
[INFO] [stdout] 49  |         };
[INFO] [stdout]     |          ^
[INFO] [stdout] ...
[INFO] [stdout] 108 |         let reference: ReferenceValue = get_vector_ref!(args);
[INFO] [stdout]     |                                         --------------------- in this macro invocation
[INFO] [stdout]     |
[INFO] [stdout]     = warning: this was previously accepted by the compiler but is being phased out; it will become a hard error in a future release!
[INFO] [stdout]     = note: for more information, see issue #79813 <https://github.com/rust-lang/rust/issues/79813>
[INFO] [stdout]     = note: this warning originates in the macro `get_vector_ref` (in Nightly builds, run with -Z macro-backtrace for more info)
[INFO] [stdout] 
[INFO] [stdout] 
[INFO] [stdout] warning: trailing semicolon in macro used in expression position
[INFO] [stdout]    --> language/vm/vm-runtime/vm-runtime-types/src/native_structs/vector.rs:49:10
[INFO] [stdout]     |
[INFO] [stdout] 49  |         };
[INFO] [stdout]     |          ^
[INFO] [stdout] ...
[INFO] [stdout] 137 |         let reference: ReferenceValue = get_vector_ref!(args);
[INFO] [stdout]     |                                         --------------------- in this macro invocation
[INFO] [stdout]     |
[INFO] [stdout]     = warning: this was previously accepted by the compiler but is being phased out; it will become a hard error in a future release!
[INFO] [stdout]     = note: for more information, see issue #79813 <https://github.com/rust-lang/rust/issues/79813>
[INFO] [stdout]     = note: this warning originates in the macro `get_vector_ref` (in Nightly builds, run with -Z macro-backtrace for more info)
[INFO] [stdout] 
[INFO] [stdout] 
[INFO] [stdout] warning: trailing semicolon in macro used in expression position
[INFO] [stdout]    --> language/vm/vm-runtime/vm-runtime-types/src/native_structs/vector.rs:49:10
[INFO] [stdout]     |
[INFO] [stdout] 49  |         };
[INFO] [stdout]     |          ^
[INFO] [stdout] ...
[INFO] [stdout] 178 |         let reference: ReferenceValue = get_vector_ref!(args);
[INFO] [stdout]     |                                         --------------------- in this macro invocation
[INFO] [stdout]     |
[INFO] [stdout]     = warning: this was previously accepted by the compiler but is being phased out; it will become a hard error in a future release!
[INFO] [stdout]     = note: for more information, see issue #79813 <https://github.com/rust-lang/rust/issues/79813>
[INFO] [stdout]     = note: this warning originates in the macro `get_vector_ref` (in Nightly builds, run with -Z macro-backtrace for more info)
[INFO] [stdout] 
[INFO] [stdout] 
[INFO] [stdout] warning: unused return value of `std::mem::replace` that must be used
[INFO] [stdout]    --> language/vm/vm-runtime/vm-runtime-types/src/value.rs:977:13
[INFO] [stdout]     |
[INFO] [stdout] 977 |             replace(local_ref, value.0);
[INFO] [stdout]     |             ^^^^^^^^^^^^^^^^^^^^^^^^^^^
[INFO] [stdout]     |
[INFO] [stdout]     = note: if you don't need the old value, you can just assign the new value directly
[INFO] [stdout]     = note: `#[warn(unused_must_use)]` on by default
[INFO] [stdout] help: use `let _ = ...` to ignore the resulting value
[INFO] [stdout]     |
[INFO] [stdout] 977 |             let _ = replace(local_ref, value.0);
[INFO] [stdout]     |             +++++++
[INFO] [stdout] 
[INFO] [stdout] 
[INFO] [stdout] warning: unused return value of `std::mem::replace` that must be used
[INFO] [stdout]     --> language/vm/vm-runtime/vm-runtime-types/src/value.rs:1010:21
[INFO] [stdout]      |
[INFO] [stdout] 1010 |                     replace(local_ref, new_local_ref);
[INFO] [stdout]      |                     ^^^^^^^^^^^^^^^^^^^^^^^^^^^^^^^^^
[INFO] [stdout]      |
[INFO] [stdout]      = note: if you don't need the old value, you can just assign the new value directly
[INFO] [stdout] help: use `let _ = ...` to ignore the resulting value
[INFO] [stdout]      |
[INFO] [stdout] 1010 |                     let _ = replace(local_ref, new_local_ref);
[INFO] [stdout]      |                     +++++++
[INFO] [stdout] 
[INFO] [stdout] 
[INFO] [stdout] warning: 7 warnings emitted
[INFO] [stdout] 
[INFO] [stdout] 
[INFO] [stderr]     Checking bytecode-verifier v0.1.0 (/opt/rustwide/workdir/language/bytecode-verifier)
[INFO] [stderr]     Checking bytecode-source-map v0.1.0 (/opt/rustwide/workdir/language/compiler/bytecode-source-map)
[INFO] [stderr]     Checking ir-to-bytecode v0.1.0 (/opt/rustwide/workdir/language/compiler/ir-to-bytecode)
[INFO] [stderr]     Checking stdlib v0.1.0 (/opt/rustwide/workdir/language/stdlib)
[INFO] [stdout] warning: unnecessary braces around block return value
[INFO] [stdout]   --> language/stdlib/src/transaction_scripts.rs:39:9
[INFO] [stdout]    |
[INFO] [stdout] 39 |         { parse_program(peer_to_peer()).unwrap() };
[INFO] [stdout]    |         ^^                                      ^^
[INFO] [stdout]    |
[INFO] [stdout]    = note: `#[warn(unused_braces)]` on by default
[INFO] [stdout] help: remove these braces
[INFO] [stdout]    |
[INFO] [stdout] 39 -         { parse_program(peer_to_peer()).unwrap() };
[INFO] [stdout] 39 +         parse_program(peer_to_peer()).unwrap();
[INFO] [stdout]    |
[INFO] [stdout] 
[INFO] [stdout] 
[INFO] [stdout] warning: unnecessary braces around block return value
[INFO] [stdout]   --> language/stdlib/src/transaction_scripts.rs:48:9
[INFO] [stdout]    |
[INFO] [stdout] 48 |         { parse_program(rotate_consensus_pubkey()).unwrap() };
[INFO] [stdout]    |         ^^                                                 ^^
[INFO] [stdout]    |
[INFO] [stdout] help: remove these braces
[INFO] [stdout]    |
[INFO] [stdout] 48 -         { parse_program(rotate_consensus_pubkey()).unwrap() };
[INFO] [stdout] 48 +         parse_program(rotate_consensus_pubkey()).unwrap();
[INFO] [stdout]    |
[INFO] [stdout] 
[INFO] [stdout] 
[INFO] [stdout] warning: unnecessary braces around block return value
[INFO] [stdout]   --> language/stdlib/src/transaction_scripts.rs:53:9
[INFO] [stdout]    |
[INFO] [stdout] 53 |         { parse_program(rotate_key()).unwrap() };
[INFO] [stdout]    |         ^^                                    ^^
[INFO] [stdout]    |
[INFO] [stdout] help: remove these braces
[INFO] [stdout]    |
[INFO] [stdout] 53 -         { parse_program(rotate_key()).unwrap() };
[INFO] [stdout] 53 +         parse_program(rotate_key()).unwrap();
[INFO] [stdout]    |
[INFO] [stdout] 
[INFO] [stdout] 
[INFO] [stdout] warning: unnecessary braces around block return value
[INFO] [stdout]   --> language/stdlib/src/lib.rs:16:9
[INFO] [stdout]    |
[INFO] [stdout] 16 |         { build_stdlib(account_config::core_code_address()) };
[INFO] [stdout]    |         ^^                                                 ^^
[INFO] [stdout]    |
[INFO] [stdout] help: remove these braces
[INFO] [stdout]    |
[INFO] [stdout] 16 -         { build_stdlib(account_config::core_code_address()) };
[INFO] [stdout] 16 +         build_stdlib(account_config::core_code_address());
[INFO] [stdout]    |
[INFO] [stdout] 
[INFO] [stdout] 
[INFO] [stdout] warning: 4 warnings emitted
[INFO] [stdout] 
[INFO] [stdout] 
[INFO] [stderr]     Checking transaction-builder v0.1.0 (/opt/rustwide/workdir/language/transaction-builder)
[INFO] [stderr]  Documenting compiler v0.1.0 (/opt/rustwide/workdir/language/compiler)
[INFO] [stdout] warning: unnecessary braces around block return value
[INFO] [stdout]   --> language/transaction-builder/src/lib.rs:25:44
[INFO] [stdout]    |
[INFO] [stdout] 25 |     static ref PEER_TO_PEER_TXN: Vec<u8> = { compile_script(&PEER_TO_PEER_TRANSFER_TXN_BODY) };
[INFO] [stdout]    |                                            ^^                                               ^^
[INFO] [stdout]    |
[INFO] [stdout]    = note: `#[warn(unused_braces)]` on by default
[INFO] [stdout] help: remove these braces
[INFO] [stdout]    |
[INFO] [stdout] 25 -     static ref PEER_TO_PEER_TXN: Vec<u8> = { compile_script(&PEER_TO_PEER_TRANSFER_TXN_BODY) };
[INFO] [stdout] 25 +     static ref PEER_TO_PEER_TXN: Vec<u8> = compile_script(&PEER_TO_PEER_TRANSFER_TXN_BODY);
[INFO] [stdout]    |
[INFO] [stdout] 
[INFO] [stdout] 
[INFO] [stdout] warning: unnecessary braces around block return value
[INFO] [stdout]   --> language/transaction-builder/src/lib.rs:26:46
[INFO] [stdout]    |
[INFO] [stdout] 26 |     static ref CREATE_ACCOUNT_TXN: Vec<u8> = { compile_script(&CREATE_ACCOUNT_TXN_BODY) };
[INFO] [stdout]    |                                              ^^                                        ^^
[INFO] [stdout]    |
[INFO] [stdout] help: remove these braces
[INFO] [stdout]    |
[INFO] [stdout] 26 -     static ref CREATE_ACCOUNT_TXN: Vec<u8> = { compile_script(&CREATE_ACCOUNT_TXN_BODY) };
[INFO] [stdout] 26 +     static ref CREATE_ACCOUNT_TXN: Vec<u8> = compile_script(&CREATE_ACCOUNT_TXN_BODY);
[INFO] [stdout]    |
[INFO] [stdout] 
[INFO] [stdout] 
[INFO] [stdout] warning: unnecessary braces around block return value
[INFO] [stdout]   --> language/transaction-builder/src/lib.rs:28:9
[INFO] [stdout]    |
[INFO] [stdout] 28 |         { compile_script(&ROTATE_AUTHENTICATION_KEY_TXN_BODY) };
[INFO] [stdout]    |         ^^                                                   ^^
[INFO] [stdout]    |
[INFO] [stdout] help: remove these braces
[INFO] [stdout]    |
[INFO] [stdout] 28 -         { compile_script(&ROTATE_AUTHENTICATION_KEY_TXN_BODY) };
[INFO] [stdout] 28 +         compile_script(&ROTATE_AUTHENTICATION_KEY_TXN_BODY);
[INFO] [stdout]    |
[INFO] [stdout] 
[INFO] [stdout] 
[INFO] [stdout] warning: unnecessary braces around block return value
[INFO] [stdout]   --> language/transaction-builder/src/lib.rs:30:9
[INFO] [stdout]    |
[INFO] [stdout] 30 |         { compile_script(&ROTATE_CONSENSUS_PUBKEY_TXN_BODY) };
[INFO] [stdout]    |         ^^                                                 ^^
[INFO] [stdout]    |
[INFO] [stdout] help: remove these braces
[INFO] [stdout]    |
[INFO] [stdout] 30 -         { compile_script(&ROTATE_CONSENSUS_PUBKEY_TXN_BODY) };
[INFO] [stdout] 30 +         compile_script(&ROTATE_CONSENSUS_PUBKEY_TXN_BODY);
[INFO] [stdout]    |
[INFO] [stdout] 
[INFO] [stdout] 
[INFO] [stdout] warning: unnecessary braces around block return value
[INFO] [stdout]   --> language/transaction-builder/src/lib.rs:31:36
[INFO] [stdout]    |
[INFO] [stdout] 31 |     static ref MINT_TXN: Vec<u8> = { compile_script(&MINT_TXN_BODY) };
[INFO] [stdout]    |                                    ^^                              ^^
[INFO] [stdout]    |
[INFO] [stdout] help: remove these braces
[INFO] [stdout]    |
[INFO] [stdout] 31 -     static ref MINT_TXN: Vec<u8> = { compile_script(&MINT_TXN_BODY) };
[INFO] [stdout] 31 +     static ref MINT_TXN: Vec<u8> = compile_script(&MINT_TXN_BODY);
[INFO] [stdout]    |
[INFO] [stdout] 
[INFO] [stdout] 
[INFO] [stdout] warning: unnecessary braces around block return value
[INFO] [stdout]   --> language/transaction-builder/src/lib.rs:32:46
[INFO] [stdout]    |
[INFO] [stdout] 32 |     static ref BLOCK_PROLOGUE_TXN: Vec<u8> = { compile_script(&BLOCK_PROLOGUE_TXN_BODY) };
[INFO] [stdout]    |                                              ^^                                        ^^
[INFO] [stdout]    |
[INFO] [stdout] help: remove these braces
[INFO] [stdout]    |
[INFO] [stdout] 32 -     static ref BLOCK_PROLOGUE_TXN: Vec<u8> = { compile_script(&BLOCK_PROLOGUE_TXN_BODY) };
[INFO] [stdout] 32 +     static ref BLOCK_PROLOGUE_TXN: Vec<u8> = compile_script(&BLOCK_PROLOGUE_TXN_BODY);
[INFO] [stdout]    |
[INFO] [stdout] 
[INFO] [stdout] 
[INFO] [stdout] warning: 6 warnings emitted
[INFO] [stdout] 
[INFO] [stdout] 
[INFO] [stderr] error: failed to run custom build command for `grpcio-sys v0.5.0-alpha.4`
[INFO] [stderr] note: To improve backtraces for build dependencies, set the CARGO_PROFILE_DEV_BUILD_OVERRIDE_DEBUG=true environment variable to enable debug information generation.
[INFO] [stderr] 
[INFO] [stderr] Caused by:
[INFO] [stderr]   process didn't exit successfully: `/opt/rustwide/target/debug/build/grpcio-sys-bf7d18ebff11fb8c/build-script-build` (exit status: 101)
[INFO] [stderr]   --- stdout
[INFO] [stderr]   cargo:rerun-if-changed=grpc_wrap.cc
[INFO] [stderr]   cargo:rerun-if-changed=grpc
[INFO] [stderr]   cargo:rerun-if-env-changed=UPDATE_BIND
[INFO] [stderr]   cargo:rerun-if-env-changed=CARGO_CFG_TARGET_OS
[INFO] [stderr]   cargo:rerun-if-env-changed=GRPCIO_SYS_USE_PKG_CONFIG
[INFO] [stderr]   cargo:rerun-if-env-changed=CARGO_CFG_TARGET_OS
[INFO] [stderr]   running: cd "/opt/rustwide/target/debug/build/grpcio-sys-4e421ab08e3ba2cb/out/build" && CMAKE_PREFIX_PATH="" "cmake" "/opt/rustwide/cargo-home/registry/src/index.crates.io-6f17d22bba15001f/grpcio-sys-0.5.0-alpha.4/grpc" "-DGO_EXECUTABLE=fake-go-nonexist" "-DgRPC_INSTALL=false" "-DgRPC_BUILD_CSHARP_EXT=false" "-DgRPC_BUILD_CODEGEN=false" "-DgRPC_BENCHMARK_PROVIDER=none" "-DCMAKE_INSTALL_PREFIX=/opt/rustwide/target/debug/build/grpcio-sys-4e421ab08e3ba2cb/out" "-DCMAKE_C_FLAGS= -ffunction-sections -fdata-sections -fPIC -m64" "-DCMAKE_C_COMPILER=/usr/bin/cc" "-DCMAKE_CXX_FLAGS= -ffunction-sections -fdata-sections -fPIC -m64" "-DCMAKE_CXX_COMPILER=/usr/bin/c++" "-DCMAKE_BUILD_TYPE=Debug"
[INFO] [stderr]   -- The C compiler identification is GNU 11.3.0
[INFO] [stderr]   -- The CXX compiler identification is GNU 11.3.0
[INFO] [stderr]   -- Detecting C compiler ABI info
[INFO] [stderr]   -- Detecting C compiler ABI info - done
[INFO] [stderr]   -- Check for working C compiler: /usr/bin/cc - skipped
[INFO] [stderr]   -- Detecting C compile features
[INFO] [stderr]   -- Detecting C compile features - done
[INFO] [stderr]   -- Detecting CXX compiler ABI info
[INFO] [stderr]   -- Detecting CXX compiler ABI info - done
[INFO] [stderr]   -- Check for working CXX compiler: /usr/bin/c++ - skipped
[INFO] [stderr]   -- Detecting CXX compile features
[INFO] [stderr]   -- Detecting CXX compile features - done
[INFO] [stderr]   -- Looking for sys/types.h
[INFO] [stderr]   -- Looking for sys/types.h - found
[INFO] [stderr]   -- Looking for stdint.h
[INFO] [stderr]   -- Looking for stdint.h - found
[INFO] [stderr]   -- Looking for stddef.h
[INFO] [stderr]   -- Looking for stddef.h - found
[INFO] [stderr]   -- Check size of off64_t
[INFO] [stderr]   -- Check size of off64_t - done
[INFO] [stderr]   -- Looking for fseeko
[INFO] [stderr]   -- Looking for fseeko - found
[INFO] [stderr]   -- Looking for unistd.h
[INFO] [stderr]   -- Looking for unistd.h - found
[INFO] [stderr]   -- Renaming
[INFO] [stderr]   --     /opt/rustwide/cargo-home/registry/src/index.crates.io-6f17d22bba15001f/grpcio-sys-0.5.0-alpha.4/grpc/third_party/zlib/zconf.h
[INFO] [stderr]   -- to 'zconf.h.included' because this file is included with zlib
[INFO] [stderr]   -- but CMake generates it automatically in the build directory.
[INFO] [stderr]   -- Looking for res_servicename in resolv
[INFO] [stderr]   -- Looking for res_servicename in resolv - not found
[INFO] [stderr]   -- Looking for gethostbyname in nsl
[INFO] [stderr]   -- Looking for gethostbyname in nsl - found
[INFO] [stderr]   -- Looking for gethostbyname in socket
[INFO] [stderr]   -- Looking for gethostbyname in socket - not found
[INFO] [stderr]   -- Looking for clock_gettime in rt
[INFO] [stderr]   -- Looking for clock_gettime in rt - found
[INFO] [stderr]   -- Looking for include file sys/socket.h
[INFO] [stderr]   -- Looking for include file sys/socket.h - found
[INFO] [stderr]   -- Looking for include file arpa/inet.h
[INFO] [stderr]   -- Looking for include file arpa/inet.h - found
[INFO] [stderr]   -- Looking for include file arpa/nameser_compat.h
[INFO] [stderr]   -- Looking for include file arpa/nameser_compat.h - found
[INFO] [stderr]   -- Looking for include file arpa/nameser.h
[INFO] [stderr]   -- Looking for include file arpa/nameser.h - found
[INFO] [stderr]   -- Looking for include file assert.h
[INFO] [stderr]   -- Looking for include file assert.h - found
[INFO] [stderr]   -- Looking for include file errno.h
[INFO] [stderr]   -- Looking for include file errno.h - found
[INFO] [stderr]   -- Looking for include file fcntl.h
[INFO] [stderr]   -- Looking for include file fcntl.h - found
[INFO] [stderr]   -- Looking for include file inttypes.h
[INFO] [stderr]   -- Looking for include file inttypes.h - found
[INFO] [stderr]   -- Looking for include file limits.h
[INFO] [stderr]   -- Looking for include file limits.h - found
[INFO] [stderr]   -- Looking for include file malloc.h
[INFO] [stderr]   -- Looking for include file malloc.h - found
[INFO] [stderr]   -- Looking for include file memory.h
[INFO] [stderr]   -- Looking for include file memory.h - found
[INFO] [stderr]   -- Looking for include file netdb.h
[INFO] [stderr]   -- Looking for include file netdb.h - found
[INFO] [stderr]   -- Looking for include file netinet/in.h
[INFO] [stderr]   -- Looking for include file netinet/in.h - found
[INFO] [stderr]   -- Looking for include file netinet/tcp.h
[INFO] [stderr]   -- Looking for include file netinet/tcp.h - found
[INFO] [stderr]   -- Looking for include file net/if.h
[INFO] [stderr]   -- Looking for include file net/if.h - found
[INFO] [stderr]   -- Looking for include file signal.h
[INFO] [stderr]   -- Looking for include file signal.h - found
[INFO] [stderr]   -- Looking for include file socket.h
[INFO] [stderr]   -- Looking for include file socket.h - not found
[INFO] [stderr]   -- Looking for include file stdbool.h
[INFO] [stderr]   -- Looking for include file stdbool.h - found
[INFO] [stderr]   -- Looking for include file stdlib.h
[INFO] [stderr]   -- Looking for include file stdlib.h - found
[INFO] [stderr]   -- Looking for include file strings.h
[INFO] [stderr]   -- Looking for include file strings.h - found
[INFO] [stderr]   -- Looking for include file string.h
[INFO] [stderr]   -- Looking for include file string.h - found
[INFO] [stderr]   -- Looking for include file stropts.h
[INFO] [stderr]   -- Looking for include file stropts.h - not found
[INFO] [stderr]   -- Looking for include file sys/ioctl.h
[INFO] [stderr]   -- Looking for include file sys/ioctl.h - found
[INFO] [stderr]   -- Looking for include file sys/param.h
[INFO] [stderr]   -- Looking for include file sys/param.h - found
[INFO] [stderr]   -- Looking for include file sys/select.h
[INFO] [stderr]   -- Looking for include file sys/select.h - found
[INFO] [stderr]   -- Looking for include file sys/stat.h
[INFO] [stderr]   -- Looking for include file sys/stat.h - found
[INFO] [stderr]   -- Looking for include file sys/time.h
[INFO] [stderr]   -- Looking for include file sys/time.h - found
[INFO] [stderr]   -- Looking for include file sys/uio.h
[INFO] [stderr]   -- Looking for include file sys/uio.h - found
[INFO] [stderr]   -- Looking for include file time.h
[INFO] [stderr]   -- Looking for include file time.h - found
[INFO] [stderr]   -- Looking for include file dlfcn.h
[INFO] [stderr]   -- Looking for include file dlfcn.h - found
[INFO] [stderr]   -- Looking for include file unistd.h
[INFO] [stderr]   -- Looking for include file unistd.h - found
[INFO] [stderr]   -- Looking for include files winsock2.h, windows.h
[INFO] [stderr]   -- Looking for include files winsock2.h, windows.h - not found
[INFO] [stderr]   -- Looking for 3 include files winsock2.h, ..., windows.h
[INFO] [stderr]   -- Looking for 3 include files winsock2.h, ..., windows.h - not found
[INFO] [stderr]   -- Looking for include files winsock.h, windows.h
[INFO] [stderr]   -- Looking for include files winsock.h, windows.h - not found
[INFO] [stderr]   -- Looking for include file windows.h
[INFO] [stderr]   -- Looking for include file windows.h - not found
[INFO] [stderr]   -- Performing Test HAVE_SOCKLEN_T
[INFO] [stderr]   -- Performing Test HAVE_SOCKLEN_T - Success
[INFO] [stderr]   -- Performing Test HAVE_TYPE_SOCKET
[INFO] [stderr]   -- Performing Test HAVE_TYPE_SOCKET - Failed
[INFO] [stderr]   -- Performing Test HAVE_BOOL_T
[INFO] [stderr]   -- Performing Test HAVE_BOOL_T - Success
[INFO] [stderr]   -- Performing Test HAVE_SSIZE_T
[INFO] [stderr]   -- Performing Test HAVE_SSIZE_T - Success
[INFO] [stderr]   -- Performing Test HAVE_LONGLONG
[INFO] [stderr]   -- Performing Test HAVE_LONGLONG - Success
[INFO] [stderr]   -- Performing Test HAVE_SIG_ATOMIC_T
[INFO] [stderr]   -- Performing Test HAVE_SIG_ATOMIC_T - Success
[INFO] [stderr]   -- Performing Test HAVE_STRUCT_ADDRINFO
[INFO] [stderr]   -- Performing Test HAVE_STRUCT_ADDRINFO - Success
[INFO] [stderr]   -- Performing Test HAVE_STRUCT_IN6_ADDR
[INFO] [stderr]   -- Performing Test HAVE_STRUCT_IN6_ADDR - Success
[INFO] [stderr]   -- Performing Test HAVE_STRUCT_SOCKADDR_IN6
[INFO] [stderr]   -- Performing Test HAVE_STRUCT_SOCKADDR_IN6 - Success
[INFO] [stderr]   -- Performing Test HAVE_STRUCT_SOCKADDR_STORAGE
[INFO] [stderr]   -- Performing Test HAVE_STRUCT_SOCKADDR_STORAGE - Success
[INFO] [stderr]   -- Performing Test HAVE_STRUCT_TIMEVAL
[INFO] [stderr]   -- Performing Test HAVE_STRUCT_TIMEVAL - Success
[INFO] [stderr]   -- Looking for AF_INET6
[INFO] [stderr]   -- Looking for AF_INET6 - found
[INFO] [stderr]   -- Looking for O_NONBLOCK
[INFO] [stderr]   -- Looking for O_NONBLOCK - found
[INFO] [stderr]   -- Looking for FIONBIO
[INFO] [stderr]   -- Looking for FIONBIO - found
[INFO] [stderr]   -- Looking for SIOCGIFADDR
[INFO] [stderr]   -- Looking for SIOCGIFADDR - found
[INFO] [stderr]   -- Looking for MSG_NOSIGNAL
[INFO] [stderr]   -- Looking for MSG_NOSIGNAL - found
[INFO] [stderr]   -- Looking for PF_INET6
[INFO] [stderr]   -- Looking for PF_INET6 - found
[INFO] [stderr]   -- Looking for SO_NONBLOCK
[INFO] [stderr]   -- Looking for SO_NONBLOCK - not found
[INFO] [stderr]   -- Looking for CLOCK_MONOTONIC
[INFO] [stderr]   -- Looking for CLOCK_MONOTONIC - found
[INFO] [stderr]   -- Performing Test HAVE_SOCKADDR_IN6_SIN6_SCOPE_ID
[INFO] [stderr]   -- Performing Test HAVE_SOCKADDR_IN6_SIN6_SCOPE_ID - Success
[INFO] [stderr]   -- Performing Test HAVE_LL
[INFO] [stderr]   -- Performing Test HAVE_LL - Success
[INFO] [stderr]   -- Looking for bitncmp
[INFO] [stderr]   -- Looking for bitncmp - not found
[INFO] [stderr]   -- Looking for closesocket
[INFO] [stderr]   -- Looking for closesocket - not found
[INFO] [stderr]   -- Looking for CloseSocket
[INFO] [stderr]   -- Looking for CloseSocket - not found
[INFO] [stderr]   -- Looking for connect
[INFO] [stderr]   -- Looking for connect - found
[INFO] [stderr]   -- Looking for fcntl
[INFO] [stderr]   -- Looking for fcntl - found
[INFO] [stderr]   -- Looking for freeaddrinfo
[INFO] [stderr]   -- Looking for freeaddrinfo - found
[INFO] [stderr]   -- Looking for getaddrinfo
[INFO] [stderr]   -- Looking for getaddrinfo - found
[INFO] [stderr]   -- Looking for getenv
[INFO] [stderr]   -- Looking for getenv - found
[INFO] [stderr]   -- Looking for gethostbyaddr
[INFO] [stderr]   -- Looking for gethostbyaddr - found
[INFO] [stderr]   -- Looking for gethostbyname
[INFO] [stderr]   -- Looking for gethostbyname - found
[INFO] [stderr]   -- Looking for gethostname
[INFO] [stderr]   -- Looking for gethostname - found
[INFO] [stderr]   -- Looking for getnameinfo
[INFO] [stderr]   -- Looking for getnameinfo - found
[INFO] [stderr]   -- Looking for getservbyport_r
[INFO] [stderr]   -- Looking for getservbyport_r - found
[INFO] [stderr]   -- Looking for gettimeofday
[INFO] [stderr]   -- Looking for gettimeofday - found
[INFO] [stderr]   -- Looking for if_indextoname
[INFO] [stderr]   -- Looking for if_indextoname - found
[INFO] [stderr]   -- Looking for inet_net_pton
[INFO] [stderr]   -- Looking for inet_net_pton - not found
[INFO] [stderr]   -- Looking for inet_ntop
[INFO] [stderr]   -- Looking for inet_ntop - found
[INFO] [stderr]   -- Looking for inet_pton
[INFO] [stderr]   -- Looking for inet_pton - found
[INFO] [stderr]   -- Looking for ioctl
[INFO] [stderr]   -- Looking for ioctl - found
[INFO] [stderr]   -- Looking for ioctlsocket
[INFO] [stderr]   -- Looking for ioctlsocket - not found
[INFO] [stderr]   -- Looking for IoctlSocket
[INFO] [stderr]   -- Looking for IoctlSocket - not found
[INFO] [stderr]   -- Looking for recv
[INFO] [stderr]   -- Looking for recv - found
[INFO] [stderr]   -- Looking for recvfrom
[INFO] [stderr]   -- Looking for recvfrom - found
[INFO] [stderr]   -- Looking for send
[INFO] [stderr]   -- Looking for send - found
[INFO] [stderr]   -- Looking for setsockopt
[INFO] [stderr]   -- Looking for setsockopt - found
[INFO] [stderr]   -- Looking for socket
[INFO] [stderr]   -- Looking for socket - found
[INFO] [stderr]   -- Looking for strcasecmp
[INFO] [stderr]   -- Looking for strcasecmp - found
[INFO] [stderr]   -- Looking for strcmpi
[INFO] [stderr]   -- Looking for strcmpi - not found
[INFO] [stderr]   -- Looking for strdup
[INFO] [stderr]   -- Looking for strdup - found
[INFO] [stderr]   -- Looking for stricmp
[INFO] [stderr]   -- Looking for stricmp - not found
[INFO] [stderr]   -- Looking for strncasecmp
[INFO] [stderr]   -- Looking for strncasecmp - found
[INFO] [stderr]   -- Looking for strncmpi
[INFO] [stderr]   -- Looking for strncmpi - not found
[INFO] [stderr]   -- Looking for strnicmp
[INFO] [stderr]   -- Looking for strnicmp - not found
[INFO] [stderr]   -- Looking for writev
[INFO] [stderr]   -- Looking for writev - found
[INFO] [stderr]   -- Found Perl: /usr/bin/perl (found version "5.34.0") 
[INFO] [stderr]   -- The ASM compiler identification is GNU
[INFO] [stderr]   -- Found assembler: /usr/bin/cc
[INFO] [stderr]   -- Configuring incomplete, errors occurred!
[INFO] [stderr]   See also "/opt/rustwide/target/debug/build/grpcio-sys-4e421ab08e3ba2cb/out/build/CMakeFiles/CMakeOutput.log".
[INFO] [stderr]   See also "/opt/rustwide/target/debug/build/grpcio-sys-4e421ab08e3ba2cb/out/build/CMakeFiles/CMakeError.log".
[INFO] [stderr] 
[INFO] [stderr]   --- stderr
[INFO] [stderr]   CMake Deprecation Warning at CMakeLists.txt:24 (cmake_minimum_required):
[INFO] [stderr]     Compatibility with CMake < 2.8.12 will be removed from a future version of
[INFO] [stderr]     CMake.
[INFO] [stderr] 
[INFO] [stderr]     Update the VERSION argument <min> value or use a ...<max> suffix to tell
[INFO] [stderr]     CMake that the project does not need compatibility with older versions.
[INFO] [stderr] 
[INFO] [stderr] 
[INFO] [stderr]   CMake Deprecation Warning at third_party/zlib/CMakeLists.txt:1 (cmake_minimum_required):
[INFO] [stderr]     Compatibility with CMake < 2.8.12 will be removed from a future version of
[INFO] [stderr]     CMake.
[INFO] [stderr] 
[INFO] [stderr]     Update the VERSION argument <min> value or use a ...<max> suffix to tell
[INFO] [stderr]     CMake that the project does not need compatibility with older versions.
[INFO] [stderr] 
[INFO] [stderr] 
[INFO] [stderr]   CMake Error at third_party/zlib/CMakeLists.txt:77 (file):
[INFO] [stderr]     file RENAME failed to rename
[INFO] [stderr] 
[INFO] [stderr]       /opt/rustwide/cargo-home/registry/src/index.crates.io-6f17d22bba15001f/grpcio-sys-0.5.0-alpha.4/grpc/third_party/zlib/zconf.h
[INFO] [stderr] 
[INFO] [stderr]     to
[INFO] [stderr] 
[INFO] [stderr]       /opt/rustwide/cargo-home/registry/src/index.crates.io-6f17d22bba15001f/grpcio-sys-0.5.0-alpha.4/grpc/third_party/zlib/zconf.h.included
[INFO] [stderr] 
[INFO] [stderr]     because: Read-only file system
[INFO] [stderr] 
[INFO] [stderr] 
[INFO] [stderr] 
[INFO] [stderr]   CMake Warning at cmake/protobuf.cmake:48 (message):
[INFO] [stderr]     gRPC_PROTOBUF_PROVIDER is "module" but PROTOBUF_ROOT_DIR is wrong
[INFO] [stderr]   Call Stack (most recent call first):
[INFO] [stderr]     CMakeLists.txt:140 (include)
[INFO] [stderr] 
[INFO] [stderr] 
[INFO] [stderr]   CMake Deprecation Warning at third_party/boringssl/CMakeLists.txt:1 (cmake_minimum_required):
[INFO] [stderr]     Compatibility with CMake < 2.8.12 will be removed from a future version of
[INFO] [stderr]     CMake.
[INFO] [stderr] 
[INFO] [stderr]     Update the VERSION argument <min> value or use a ...<max> suffix to tell
[INFO] [stderr]     CMake that the project does not need compatibility with older versions.
[INFO] [stderr] 
[INFO] [stderr] 
[INFO] [stderr]   CMake Warning at cmake/gflags.cmake:26 (message):
[INFO] [stderr]     gRPC_GFLAGS_PROVIDER is "module" but GFLAGS_ROOT_DIR is wrong
[INFO] [stderr]   Call Stack (most recent call first):
[INFO] [stderr]     CMakeLists.txt:142 (include)
[INFO] [stderr] 
[INFO] [stderr] 
[INFO] [stderr]   thread 'main' panicked at '
[INFO] [stderr]   command did not execute successfully, got: exit status: 1
[INFO] [stderr] 
[INFO] [stderr]   build script failed, must exit now', /opt/rustwide/cargo-home/registry/src/index.crates.io-6f17d22bba15001f/cmake-0.1.42/src/lib.rs:861:5
[INFO] [stderr]   stack backtrace:
[INFO] [stderr]      0:     0x559d7b37a2ca - std::backtrace_rs::backtrace::libunwind::trace::h2f05d0192276a8f6
[INFO] [stderr]                                  at /rustc/1b7dd2252b99671ce5d1cb9664c5f8636329436d/library/std/src/../../backtrace/src/backtrace/libunwind.rs:93:5
[INFO] [stderr]      1:     0x559d7b37a2ca - std::backtrace_rs::backtrace::trace_unsynchronized::hedc23dff7a1af150
[INFO] [stderr]                                  at /rustc/1b7dd2252b99671ce5d1cb9664c5f8636329436d/library/std/src/../../backtrace/src/backtrace/mod.rs:66:5
[INFO] [stderr]      2:     0x559d7b37a2ca - std::sys_common::backtrace::_print_fmt::h17541ef7592f3ce2
[INFO] [stderr]                                  at /rustc/1b7dd2252b99671ce5d1cb9664c5f8636329436d/library/std/src/sys_common/backtrace.rs:65:5
[INFO] [stderr]      3:     0x559d7b37a2ca - <std::sys_common::backtrace::_print::DisplayBacktrace as core::fmt::Display>::fmt::h20f75df5ab0c0792
[INFO] [stderr]                                  at /rustc/1b7dd2252b99671ce5d1cb9664c5f8636329436d/library/std/src/sys_common/backtrace.rs:44:22
[INFO] [stderr]      4:     0x559d7b3a171f - core::fmt::write::h78109e6f466b3af6
[INFO] [stderr]                                  at /rustc/1b7dd2252b99671ce5d1cb9664c5f8636329436d/library/core/src/fmt/mod.rs:1254:17
[INFO] [stderr]      5:     0x559d7b376865 - std::io::Write::write_fmt::hc59e1b02dd273c8a
[INFO] [stderr]                                  at /rustc/1b7dd2252b99671ce5d1cb9664c5f8636329436d/library/std/src/io/mod.rs:1698:15
[INFO] [stderr]      6:     0x559d7b37a095 - std::sys_common::backtrace::_print::h8dac57a9f8fbf9a5
[INFO] [stderr]                                  at /rustc/1b7dd2252b99671ce5d1cb9664c5f8636329436d/library/std/src/sys_common/backtrace.rs:47:5
[INFO] [stderr]      7:     0x559d7b37a095 - std::sys_common::backtrace::print::hf9ecbf41d1aa712f
[INFO] [stderr]                                  at /rustc/1b7dd2252b99671ce5d1cb9664c5f8636329436d/library/std/src/sys_common/backtrace.rs:34:9
[INFO] [stderr]      8:     0x559d7b37bcbe - std::panicking::default_hook::{{closure}}::h04c07acfc84ca028
[INFO] [stderr]                                  at /rustc/1b7dd2252b99671ce5d1cb9664c5f8636329436d/library/std/src/panicking.rs:269:22
[INFO] [stderr]      9:     0x559d7b37ba65 - std::panicking::default_hook::h01f6bb23e1eceb2c
[INFO] [stderr]                                  at /rustc/1b7dd2252b99671ce5d1cb9664c5f8636329436d/library/std/src/panicking.rs:288:9
[INFO] [stderr]     10:     0x559d7b37c21e - std::panicking::rust_panic_with_hook::h2bb3722bbaf2f6df
[INFO] [stderr]                                  at /rustc/1b7dd2252b99671ce5d1cb9664c5f8636329436d/library/std/src/panicking.rs:691:13
[INFO] [stderr]     11:     0x559d7b37c119 - std::panicking::begin_panic_handler::{{closure}}::h91bc7f36a4be011b
[INFO] [stderr]                                  at /rustc/1b7dd2252b99671ce5d1cb9664c5f8636329436d/library/std/src/panicking.rs:582:13
[INFO] [stderr]     12:     0x559d7b37a736 - std::sys_common::backtrace::__rust_end_short_backtrace::h8b3d3717114f9e59
[INFO] [stderr]                                  at /rustc/1b7dd2252b99671ce5d1cb9664c5f8636329436d/library/std/src/sys_common/backtrace.rs:150:18
[INFO] [stderr]     13:     0x559d7b37be72 - rust_begin_unwind
[INFO] [stderr]                                  at /rustc/1b7dd2252b99671ce5d1cb9664c5f8636329436d/library/std/src/panicking.rs:578:5
[INFO] [stderr]     14:     0x559d7af0cc33 - core::panicking::panic_fmt::hfd368e3fbdabea26
[INFO] [stderr]                                  at /rustc/1b7dd2252b99671ce5d1cb9664c5f8636329436d/library/core/src/panicking.rs:67:14
[INFO] [stderr]     15:     0x559d7b30541f - cmake::fail::h6e9e2a6d60e1c630
[INFO] [stderr]     16:     0x559d7b304e83 - cmake::run::h5451a439e509ab45
[INFO] [stderr]     17:     0x559d7b3015ef - cmake::Config::build::h701068fe7a0223ac
[INFO] [stderr]     18:     0x559d7af10247 - build_script_build::build_grpc::h89d788a5c5765a8e
[INFO] [stderr]     19:     0x559d7af12971 - build_script_build::main::hf782d4d8f18d66cd
[INFO] [stderr]     20:     0x559d7af13fa3 - core::ops::function::FnOnce::call_once::h858e640eef6e823d
[INFO] [stderr]     21:     0x559d7af16396 - std::sys_common::backtrace::__rust_begin_short_backtrace::hc5657ee36d76de9f
[INFO] [stderr]     22:     0x559d7af13f49 - std::rt::lang_start::{{closure}}::he966326eb7bbbdc9
[INFO] [stderr]     23:     0x559d7b3723ae - core::ops::function::impls::<impl core::ops::function::FnOnce<A> for &F>::call_once::h2eb19b8ce4148df4
[INFO] [stderr]                                  at /rustc/1b7dd2252b99671ce5d1cb9664c5f8636329436d/library/core/src/ops/function.rs:287:13
[INFO] [stderr]     24:     0x559d7b3723ae - std::panicking::try::do_call::h2e900feff5d504c5
[INFO] [stderr]                                  at /rustc/1b7dd2252b99671ce5d1cb9664c5f8636329436d/library/std/src/panicking.rs:485:40
[INFO] [stderr]     25:     0x559d7b3723ae - std::panicking::try::h8854836cb85aa9f2
[INFO] [stderr]                                  at /rustc/1b7dd2252b99671ce5d1cb9664c5f8636329436d/library/std/src/panicking.rs:449:19
[INFO] [stderr]     26:     0x559d7b3723ae - std::panic::catch_unwind::h706025dd4c48f64b
[INFO] [stderr]                                  at /rustc/1b7dd2252b99671ce5d1cb9664c5f8636329436d/library/std/src/panic.rs:140:14
[INFO] [stderr]     27:     0x559d7b3723ae - std::rt::lang_start_internal::{{closure}}::h7be5b97f4a07a91a
[INFO] [stderr]                                  at /rustc/1b7dd2252b99671ce5d1cb9664c5f8636329436d/library/std/src/rt.rs:148:48
[INFO] [stderr]     28:     0x559d7b3723ae - std::panicking::try::do_call::h59847e9d0a176965
[INFO] [stderr]                                  at /rustc/1b7dd2252b99671ce5d1cb9664c5f8636329436d/library/std/src/panicking.rs:485:40
[INFO] [stderr]     29:     0x559d7b3723ae - std::panicking::try::h399a918ba8522823
[INFO] [stderr]                                  at /rustc/1b7dd2252b99671ce5d1cb9664c5f8636329436d/library/std/src/panicking.rs:449:19
[INFO] [stderr]     30:     0x559d7b3723ae - std::panic::catch_unwind::hca7ca6c55b2a2e26
[INFO] [stderr]                                  at /rustc/1b7dd2252b99671ce5d1cb9664c5f8636329436d/library/std/src/panic.rs:140:14
[INFO] [stderr]     31:     0x559d7b3723ae - std::rt::lang_start_internal::h2c807a81560459eb
[INFO] [stderr]                                  at /rustc/1b7dd2252b99671ce5d1cb9664c5f8636329436d/library/std/src/rt.rs:148:20
[INFO] [stderr]     32:     0x559d7af13f27 - std::rt::lang_start::h9515199ab88fc452
[INFO] [stderr]     33:     0x559d7af12eb5 - main
[INFO] [stderr]     34:     0x7f328018bd90 - <unknown>
[INFO] [stderr]     35:     0x7f328018be40 - __libc_start_main
[INFO] [stderr]     36:     0x559d7af0d3b5 - _start
[INFO] [stderr]     37:                0x0 - <unknown>
[INFO] [stderr] warning: build failed, waiting for other jobs to finish...
[INFO] [stderr] error: failed to run custom build command for `jemalloc-sys v0.3.2`
[INFO] [stderr] note: To improve backtraces for build dependencies, set the CARGO_PROFILE_DEV_BUILD_OVERRIDE_DEBUG=true environment variable to enable debug information generation.
[INFO] [stderr] 
[INFO] [stderr] Caused by:
[INFO] [stderr]   process didn't exit successfully: `/opt/rustwide/target/debug/build/jemalloc-sys-f73bedf5ec0b4e0a/build-script-build` (exit status: 101)
[INFO] [stderr]   --- stdout
[INFO] [stderr]   TARGET=x86_64-unknown-linux-gnu
[INFO] [stderr]   HOST=x86_64-unknown-linux-gnu
[INFO] [stderr]   NUM_JOBS=16
[INFO] [stderr]   OUT_DIR="/opt/rustwide/target/debug/build/jemalloc-sys-f6385e5ceb10c862/out"
[INFO] [stderr]   BUILD_DIR="/opt/rustwide/target/debug/build/jemalloc-sys-f6385e5ceb10c862/out/build"
[INFO] [stderr]   SRC_DIR="/opt/rustwide/cargo-home/registry/src/index.crates.io-6f17d22bba15001f/jemalloc-sys-0.3.2"
[INFO] [stderr]   OPT_LEVEL = Some("0")
[INFO] [stderr]   TARGET = Some("x86_64-unknown-linux-gnu")
[INFO] [stderr]   HOST = Some("x86_64-unknown-linux-gnu")
[INFO] [stderr]   CC_x86_64-unknown-linux-gnu = None
[INFO] [stderr]   CC_x86_64_unknown_linux_gnu = None
[INFO] [stderr]   HOST_CC = None
[INFO] [stderr]   CC = None
[INFO] [stderr]   CFLAGS_x86_64-unknown-linux-gnu = None
[INFO] [stderr]   CFLAGS_x86_64_unknown_linux_gnu = None
[INFO] [stderr]   HOST_CFLAGS = None
[INFO] [stderr]   CFLAGS = None
[INFO] [stderr]   CRATE_CC_NO_DEFAULTS = None
[INFO] [stderr]   DEBUG = Some("true")
[INFO] [stderr]   CARGO_CFG_TARGET_FEATURE = Some("fxsr,sse,sse2")
[INFO] [stderr]   CC="cc"
[INFO] [stderr]   CFLAGS="-O0 -ffunction-sections -fdata-sections -fPIC -g -fno-omit-frame-pointer -m64 -Wall"
[INFO] [stderr]   JEMALLOC_REPO_DIR="jemalloc"
[INFO] [stderr]   JEMALLOC_SRC_DIR="/opt/rustwide/target/debug/build/jemalloc-sys-f6385e5ceb10c862/out/jemalloc"
[INFO] [stderr]   CARGO_FEATURE_PROFILING set
[INFO] [stderr]   running: cd "/opt/rustwide/target/debug/build/jemalloc-sys-f6385e5ceb10c862/out/build" && CC="cc" CFLAGS="-O0 -ffunction-sections -fdata-sections -fPIC -g -fno-omit-frame-pointer -m64 -Wall" CPPFLAGS="-O0 -ffunction-sections -fdata-sections -fPIC -g -fno-omit-frame-pointer -m64 -Wall" LDFLAGS="-O0 -ffunction-sections -fdata-sections -fPIC -g -fno-omit-frame-pointer -m64 -Wall" "sh" "/opt/rustwide/target/debug/build/jemalloc-sys-f6385e5ceb10c862/out/jemalloc/configure" "--disable-cxx" "--with-private-namespace=_rjem_" "--enable-prof" "--host=x86_64-unknown-linux-gnu" "--build=x86_64-unknown-linux-gnu" "--prefix=/opt/rustwide/target/debug/build/jemalloc-sys-f6385e5ceb10c862/out"
[INFO] [stderr]   checking for xsltproc... false
[INFO] [stderr]   checking for x86_64-unknown-linux-gnu-gcc... cc
[INFO] [stderr]   checking whether the C compiler works... yes
[INFO] [stderr]   checking for C compiler default output file name... a.out
[INFO] [stderr]   checking for suffix of executables... 
[INFO] [stderr]   checking whether we are cross compiling... no
[INFO] [stderr]   checking for suffix of object files... o
[INFO] [stderr]   checking whether we are using the GNU C compiler... yes
[INFO] [stderr]   checking whether cc accepts -g... yes
[INFO] [stderr]   checking for cc option to accept ISO C89... none needed
[INFO] [stderr]   checking whether compiler is cray... no
[INFO] [stderr]   checking whether compiler supports -std=gnu11... yes
[INFO] [stderr]   checking whether compiler supports -Wall... yes
[INFO] [stderr]   checking whether compiler supports -Wshorten-64-to-32... no
[INFO] [stderr]   checking whether compiler supports -Wsign-compare... yes
[INFO] [stderr]   checking whether compiler supports -Wundef... yes
[INFO] [stderr]   checking whether compiler supports -Wno-format-zero-length... yes
[INFO] [stderr]   checking whether compiler supports -pipe... yes
[INFO] [stderr]   checking whether compiler supports -g3... yes
[INFO] [stderr]   checking how to run the C preprocessor... cc -E
[INFO] [stderr]   checking for grep that handles long lines and -e... /usr/bin/grep
[INFO] [stderr]   checking for egrep... /usr/bin/grep -E
[INFO] [stderr]   checking for ANSI C header files... yes
[INFO] [stderr]   checking for sys/types.h... yes
[INFO] [stderr]   checking for sys/stat.h... yes
[INFO] [stderr]   checking for stdlib.h... yes
[INFO] [stderr]   checking for string.h... yes
[INFO] [stderr]   checking for memory.h... yes
[INFO] [stderr]   checking for strings.h... yes
[INFO] [stderr]   checking for inttypes.h... yes
[INFO] [stderr]   checking for stdint.h... yes
[INFO] [stderr]   checking for unistd.h... yes
[INFO] [stderr]   checking whether byte ordering is bigendian... no
[INFO] [stderr]   checking size of void *... 8
[INFO] [stderr]   checking size of int... 4
[INFO] [stderr]   checking size of long... 8
[INFO] [stderr]   checking size of long long... 8
[INFO] [stderr]   checking size of intmax_t... 8
[INFO] [stderr]   checking build system type... x86_64-unknown-linux-gnu
[INFO] [stderr]   checking host system type... x86_64-unknown-linux-gnu
[INFO] [stderr]   checking whether pause instruction is compilable... yes
[INFO] [stderr]   checking number of significant virtual address bits... 48
[INFO] [stderr]   checking for x86_64-unknown-linux-gnu-ar... no
[INFO] [stderr]   checking for ar... ar
[INFO] [stderr]   checking for x86_64-unknown-linux-gnu-nm... no
[INFO] [stderr]   checking for nm... nm
[INFO] [stderr]   checking for gawk... no
[INFO] [stderr]   checking for mawk... mawk
[INFO] [stderr]   checking malloc.h usability... yes
[INFO] [stderr]   checking malloc.h presence... yes
[INFO] [stderr]   checking for malloc.h... yes
[INFO] [stderr]   checking whether malloc_usable_size definition can use const argument... no
[INFO] [stderr]   checking for library containing log... -lm
[INFO] [stderr]   checking whether __attribute__ syntax is compilable... yes
[INFO] [stderr]   checking whether compiler supports -fvisibility=hidden... yes
[INFO] [stderr]   checking whether compiler supports -fvisibility=hidden... no
[INFO] [stderr]   checking whether compiler supports -Werror... yes
[INFO] [stderr]   checking whether compiler supports -herror_on_warning... yes
[INFO] [stderr]   checking whether tls_model attribute is compilable... yes
[INFO] [stderr]   checking whether compiler supports -Werror... yes
[INFO] [stderr]   checking whether compiler supports -herror_on_warning... yes
[INFO] [stderr]   checking whether alloc_size attribute is compilable... yes
[INFO] [stderr]   checking whether compiler supports -Werror... yes
[INFO] [stderr]   checking whether compiler supports -herror_on_warning... yes
[INFO] [stderr]   checking whether format(gnu_printf, ...) attribute is compilable... yes
[INFO] [stderr]   checking whether compiler supports -Werror... yes
[INFO] [stderr]   checking whether compiler supports -herror_on_warning... yes
[INFO] [stderr]   checking whether format(printf, ...) attribute is compilable... yes
[INFO] [stderr]   checking for a BSD-compatible install... /usr/bin/install -c
[INFO] [stderr]   checking for x86_64-unknown-linux-gnu-ranlib... no
[INFO] [stderr]   checking for ranlib... ranlib
[INFO] [stderr]   checking for ld... /usr/bin/ld
[INFO] [stderr]   checking for autoconf... /usr/bin/autoconf
[INFO] [stderr]   checking for memalign... yes
[INFO] [stderr]   checking for valloc... yes
[INFO] [stderr]   checking for __libc_calloc... yes
[INFO] [stderr]   checking for __libc_free... yes
[INFO] [stderr]   checking for __libc_malloc... yes
[INFO] [stderr]   checking for __libc_memalign... yes
[INFO] [stderr]   checking for __libc_realloc... yes
[INFO] [stderr]   checking for __libc_valloc... yes
[INFO] [stderr]   checking for __posix_memalign... no
[INFO] [stderr]   checking whether compiler supports -O3... yes
[INFO] [stderr]   checking whether compiler supports -O3... no
[INFO] [stderr]   checking whether compiler supports -funroll-loops... yes
[INFO] [stderr]   checking unwind.h usability... yes
[INFO] [stderr]   checking unwind.h presence... yes
[INFO] [stderr]   checking for unwind.h... yes
[INFO] [stderr]   checking for _Unwind_Backtrace in -lgcc... yes
[INFO] [stderr]   checking configured backtracing method... libgcc
[INFO] [stderr]   checking for sbrk... yes
[INFO] [stderr]   checking whether utrace(2) is compilable... no
[INFO] [stderr]   checking whether a program using __builtin_unreachable is compilable... yes
[INFO] [stderr]   checking whether a program using __builtin_ffsl is compilable... yes
[INFO] [stderr]   checking LG_PAGE... 12
[INFO] [stderr]   Missing VERSION file, and unable to generate it; creating bogus VERSION
[INFO] [stderr]   checking pthread.h usability... yes
[INFO] [stderr]   checking pthread.h presence... yes
[INFO] [stderr]   checking for pthread.h... yes
[INFO] [stderr]   checking for pthread_create in -lpthread... yes
[INFO] [stderr]   checking dlfcn.h usability... yes
[INFO] [stderr]   checking dlfcn.h presence... yes
[INFO] [stderr]   checking for dlfcn.h... yes
[INFO] [stderr]   checking for dlsym... yes
[INFO] [stderr]   checking whether pthread_atfork(3) is compilable... yes
[INFO] [stderr]   checking whether pthread_setname_np(3) is compilable... yes
[INFO] [stderr]   checking for library containing clock_gettime... none required
[INFO] [stderr]   checking whether clock_gettime(CLOCK_MONOTONIC_COARSE, ...) is compilable... yes
[INFO] [stderr]   checking whether clock_gettime(CLOCK_MONOTONIC, ...) is compilable... yes
[INFO] [stderr]   checking whether mach_absolute_time() is compilable... no
[INFO] [stderr]   checking whether compiler supports -Werror... yes
[INFO] [stderr]   checking whether syscall(2) is compilable... yes
[INFO] [stderr]   checking for secure_getenv... yes
[INFO] [stderr]   checking for sched_getcpu... yes
[INFO] [stderr]   checking for sched_setaffinity... yes
[INFO] [stderr]   checking for issetugid... no
[INFO] [stderr]   checking for _malloc_thread_cleanup... no
[INFO] [stderr]   checking for _pthread_mutex_init_calloc_cb... no
[INFO] [stderr]   checking for TLS... yes
[INFO] [stderr]   checking whether C11 atomics is compilable... yes
[INFO] [stderr]   checking whether GCC __atomic atomics is compilable... yes
[INFO] [stderr]   checking whether GCC __sync atomics is compilable... yes
[INFO] [stderr]   checking whether Darwin OSAtomic*() is compilable... no
[INFO] [stderr]   checking whether madvise(2) is compilable... yes
[INFO] [stderr]   checking whether madvise(..., MADV_FREE) is compilable... yes
[INFO] [stderr]   checking whether madvise(..., MADV_DONTNEED) is compilable... yes
[INFO] [stderr]   checking whether madvise(..., MADV_DO[NT]DUMP) is compilable... yes
[INFO] [stderr]   checking whether madvise(..., MADV_[NO]HUGEPAGE) is compilable... yes
[INFO] [stderr]   checking whether to force 32-bit __sync_{add,sub}_and_fetch()... no
[INFO] [stderr]   checking whether to force 64-bit __sync_{add,sub}_and_fetch()... no
[INFO] [stderr]   checking for __builtin_clz... yes
[INFO] [stderr]   checking whether Darwin os_unfair_lock_*() is compilable... no
[INFO] [stderr]   checking whether Darwin OSSpin*() is compilable... no
[INFO] [stderr]   checking whether glibc malloc hook is compilable... no
[INFO] [stderr]   checking whether glibc memalign hook is compilable... no
[INFO] [stderr]   checking whether pthreads adaptive mutexes is compilable... yes
[INFO] [stderr]   checking whether compiler supports -D_GNU_SOURCE... yes
[INFO] [stderr]   checking whether compiler supports -Werror... yes
[INFO] [stderr]   checking whether compiler supports -herror_on_warning... yes
[INFO] [stderr]   checking whether strerror_r returns char with gnu source is compilable... yes
[INFO] [stderr]   checking for stdbool.h that conforms to C99... yes
[INFO] [stderr]   checking for _Bool... yes
[INFO] [stderr]   configure: creating ./config.status
[INFO] [stderr]   config.status: creating Makefile
[INFO] [stderr]   config.status: creating jemalloc.pc
[INFO] [stderr]   config.status: creating doc/html.xsl
[INFO] [stderr]   config.status: creating doc/manpages.xsl
[INFO] [stderr]   config.status: creating doc/jemalloc.xml
[INFO] [stderr]   config.status: creating include/jemalloc/jemalloc_macros.h
[INFO] [stderr]   config.status: creating include/jemalloc/jemalloc_protos.h
[INFO] [stderr]   config.status: creating include/jemalloc/jemalloc_typedefs.h
[INFO] [stderr]   config.status: creating include/jemalloc/internal/jemalloc_preamble.h
[INFO] [stderr]   config.status: creating test/test.sh
[INFO] [stderr]   config.status: creating test/include/test/jemalloc_test.h
[INFO] [stderr]   config.status: creating config.stamp
[INFO] [stderr]   config.status: creating bin/jemalloc-config
[INFO] [stderr]   config.status: creating bin/jemalloc.sh
[INFO] [stderr]   config.status: creating bin/jeprof
[INFO] [stderr]   config.status: creating include/jemalloc/jemalloc_defs.h
[INFO] [stderr]   config.status: creating include/jemalloc/internal/jemalloc_internal_defs.h
[INFO] [stderr]   config.status: creating test/include/test/jemalloc_test_defs.h
[INFO] [stderr]   config.status: executing include/jemalloc/internal/public_symbols.txt commands
[INFO] [stderr]   config.status: executing include/jemalloc/internal/private_symbols.awk commands
[INFO] [stderr]   config.status: executing include/jemalloc/internal/private_symbols_jet.awk commands
[INFO] [stderr]   config.status: executing include/jemalloc/internal/public_namespace.h commands
[INFO] [stderr]   config.status: executing include/jemalloc/internal/public_unnamespace.h commands
[INFO] [stderr]   config.status: executing include/jemalloc/internal/size_classes.h commands
[INFO] [stderr]   config.status: executing include/jemalloc/jemalloc_protos_jet.h commands
[INFO] [stderr]   config.status: executing include/jemalloc/jemalloc_rename.h commands
[INFO] [stderr]   config.status: executing include/jemalloc/jemalloc_mangle.h commands
[INFO] [stderr]   config.status: executing include/jemalloc/jemalloc_mangle_jet.h commands
[INFO] [stderr]   config.status: executing include/jemalloc/jemalloc.h commands
[INFO] [stderr]   ===============================================================================
[INFO] [stderr]   jemalloc version   : 0.0.0-0-g0000000000000000000000000000000000000000
[INFO] [stderr]   library revision   : 2
[INFO] [stderr] 
[INFO] [stderr]   CONFIG             : --disable-cxx --with-private-namespace=_rjem_ --enable-prof --host=x86_64-unknown-linux-gnu --build=x86_64-unknown-linux-gnu --prefix=/opt/rustwide/target/debug/build/jemalloc-sys-f6385e5ceb10c862/out build_alias=x86_64-unknown-linux-gnu host_alias=x86_64-unknown-linux-gnu CC=cc 'CFLAGS=-O0 -ffunction-sections -fdata-sections -fPIC -g -fno-omit-frame-pointer -m64 -Wall' 'LDFLAGS=-O0 -ffunction-sections -fdata-sections -fPIC -g -fno-omit-frame-pointer -m64 -Wall' 'CPPFLAGS=-O0 -ffunction-sections -fdata-sections -fPIC -g -fno-omit-frame-pointer -m64 -Wall'
[INFO] [stderr]   CC                 : cc
[INFO] [stderr]   CONFIGURE_CFLAGS   : -std=gnu11 -Wall -Wsign-compare -Wundef -Wno-format-zero-length -pipe -g3 -fvisibility=hidden -O3 -funroll-loops
[INFO] [stderr]   SPECIFIED_CFLAGS   : -O0 -ffunction-sections -fdata-sections -fPIC -g -fno-omit-frame-pointer -m64 -Wall
[INFO] [stderr]   EXTRA_CFLAGS       : 
[INFO] [stderr]   CPPFLAGS           : -O0 -ffunction-sections -fdata-sections -fPIC -g -fno-omit-frame-pointer -m64 -Wall -D_GNU_SOURCE -D_REENTRANT
[INFO] [stderr]   CXX                : 
[INFO] [stderr]   CONFIGURE_CXXFLAGS : 
[INFO] [stderr]   SPECIFIED_CXXFLAGS : 
[INFO] [stderr]   EXTRA_CXXFLAGS     : 
[INFO] [stderr]   LDFLAGS            : -O0 -ffunction-sections -fdata-sections -fPIC -g -fno-omit-frame-pointer -m64 -Wall
[INFO] [stderr]   EXTRA_LDFLAGS      : 
[INFO] [stderr]   DSO_LDFLAGS        : -shared -Wl,-soname,$(@F)
[INFO] [stderr]   LIBS               : -lm  -lgcc -lm -lpthread
[INFO] [stderr]   RPATH_EXTRA        : 
[INFO] [stderr] 
[INFO] [stderr]   XSLTPROC           : false
[INFO] [stderr]   XSLROOT            : 
[INFO] [stderr] 
[INFO] [stderr]   PREFIX             : /opt/rustwide/target/debug/build/jemalloc-sys-f6385e5ceb10c862/out
[INFO] [stderr]   BINDIR             : /opt/rustwide/target/debug/build/jemalloc-sys-f6385e5ceb10c862/out/bin
[INFO] [stderr]   DATADIR            : /opt/rustwide/target/debug/build/jemalloc-sys-f6385e5ceb10c862/out/share
[INFO] [stderr]   INCLUDEDIR         : /opt/rustwide/target/debug/build/jemalloc-sys-f6385e5ceb10c862/out/include
[INFO] [stderr]   LIBDIR             : /opt/rustwide/target/debug/build/jemalloc-sys-f6385e5ceb10c862/out/lib
[INFO] [stderr]   MANDIR             : /opt/rustwide/target/debug/build/jemalloc-sys-f6385e5ceb10c862/out/share/man
[INFO] [stderr] 
[INFO] [stderr]   srcroot            : /opt/rustwide/target/debug/build/jemalloc-sys-f6385e5ceb10c862/out/jemalloc/
[INFO] [stderr]   abs_srcroot        : /opt/rustwide/target/debug/build/jemalloc-sys-f6385e5ceb10c862/out/jemalloc/
[INFO] [stderr]   objroot            : 
[INFO] [stderr]   abs_objroot        : /opt/rustwide/target/debug/build/jemalloc-sys-f6385e5ceb10c862/out/build/
[INFO] [stderr] 
[INFO] [stderr]   JEMALLOC_PREFIX    : 
[INFO] [stderr]   JEMALLOC_PRIVATE_NAMESPACE
[INFO] [stderr]                      : _rjem_je_
[INFO] [stderr]   install_suffix     : 
[INFO] [stderr]   malloc_conf        : 
[INFO] [stderr]   autogen            : 0
[INFO] [stderr]   debug              : 0
[INFO] [stderr]   stats              : 1
[INFO] [stderr]   prof               : 1
[INFO] [stderr]   prof-libunwind     : 0
[INFO] [stderr]   prof-libgcc        : 1
[INFO] [stderr]   prof-gcc           : 0
[INFO] [stderr]   fill               : 1
[INFO] [stderr]   utrace             : 0
[INFO] [stderr]   xmalloc            : 0
[INFO] [stderr]   log                : 0
[INFO] [stderr]   lazy_lock          : 0
[INFO] [stderr]   cache-oblivious    : 1
[INFO] [stderr]   cxx                : 0
[INFO] [stderr]   ===============================================================================
[INFO] [stderr]   running: cd "/opt/rustwide/target/debug/build/jemalloc-sys-f6385e5ceb10c862/out/build" && "make" "srcroot=../jemalloc/" "-j" "16"
[INFO] [stderr]   cc -std=gnu11 -Wall -Wsign-compare -Wundef -Wno-format-zero-length -pipe -g3 -fvisibility=hidden -O3 -funroll-loops -O0 -ffunction-sections -fdata-sections -fPIC -g -fno-omit-frame-pointer -m64 -Wall -fPIC -DPIC -c -O0 -ffunction-sections -fdata-sections -fPIC -g -fno-omit-frame-pointer -m64 -Wall -D_GNU_SOURCE -D_REENTRANT -Iinclude -I../jemalloc/include -DJEMALLOC_NO_PRIVATE_NAMESPACE -o src/jemalloc.sym.o ../jemalloc/src/jemalloc.c
[INFO] [stderr]   cc -std=gnu11 -Wall -Wsign-compare -Wundef -Wno-format-zero-length -pipe -g3 -fvisibility=hidden -O3 -funroll-loops -O0 -ffunction-sections -fdata-sections -fPIC -g -fno-omit-frame-pointer -m64 -Wall -fPIC -DPIC -c -O0 -ffunction-sections -fdata-sections -fPIC -g -fno-omit-frame-pointer -m64 -Wall -D_GNU_SOURCE -D_REENTRANT -Iinclude -I../jemalloc/include -DJEMALLOC_NO_PRIVATE_NAMESPACE -o src/arena.sym.o ../jemalloc/src/arena.c
[INFO] [stderr]   cc -std=gnu11 -Wall -Wsign-compare -Wundef -Wno-format-zero-length -pipe -g3 -fvisibility=hidden -O3 -funroll-loops -O0 -ffunction-sections -fdata-sections -fPIC -g -fno-omit-frame-pointer -m64 -Wall -fPIC -DPIC -c -O0 -ffunction-sections -fdata-sections -fPIC -g -fno-omit-frame-pointer -m64 -Wall -D_GNU_SOURCE -D_REENTRANT -Iinclude -I../jemalloc/include -DJEMALLOC_NO_PRIVATE_NAMESPACE -o src/background_thread.sym.o ../jemalloc/src/background_thread.c
[INFO] [stderr]   cc -std=gnu11 -Wall -Wsign-compare -Wundef -Wno-format-zero-length -pipe -g3 -fvisibility=hidden -O3 -funroll-loops -O0 -ffunction-sections -fdata-sections -fPIC -g -fno-omit-frame-pointer -m64 -Wall -fPIC -DPIC -c -O0 -ffunction-sections -fdata-sections -fPIC -g -fno-omit-frame-pointer -m64 -Wall -D_GNU_SOURCE -D_REENTRANT -Iinclude -I../jemalloc/include -DJEMALLOC_NO_PRIVATE_NAMESPACE -o src/base.sym.o ../jemalloc/src/base.c
[INFO] [stderr]   cc -std=gnu11 -Wall -Wsign-compare -Wundef -Wno-format-zero-length -pipe -g3 -fvisibility=hidden -O3 -funroll-loops -O0 -ffunction-sections -fdata-sections -fPIC -g -fno-omit-frame-pointer -m64 -Wall -fPIC -DPIC -c -O0 -ffunction-sections -fdata-sections -fPIC -g -fno-omit-frame-pointer -m64 -Wall -D_GNU_SOURCE -D_REENTRANT -Iinclude -I../jemalloc/include -DJEMALLOC_NO_PRIVATE_NAMESPACE -o src/bin.sym.o ../jemalloc/src/bin.c
[INFO] [stderr]   cc -std=gnu11 -Wall -Wsign-compare -Wundef -Wno-format-zero-length -pipe -g3 -fvisibility=hidden -O3 -funroll-loops -O0 -ffunction-sections -fdata-sections -fPIC -g -fno-omit-frame-pointer -m64 -Wall -fPIC -DPIC -c -O0 -ffunction-sections -fdata-sections -fPIC -g -fno-omit-frame-pointer -m64 -Wall -D_GNU_SOURCE -D_REENTRANT -Iinclude -I../jemalloc/include -DJEMALLOC_NO_PRIVATE_NAMESPACE -o src/bitmap.sym.o ../jemalloc/src/bitmap.c
[INFO] [stderr]   cc -std=gnu11 -Wall -Wsign-compare -Wundef -Wno-format-zero-length -pipe -g3 -fvisibility=hidden -O3 -funroll-loops -O0 -ffunction-sections -fdata-sections -fPIC -g -fno-omit-frame-pointer -m64 -Wall -fPIC -DPIC -c -O0 -ffunction-sections -fdata-sections -fPIC -g -fno-omit-frame-pointer -m64 -Wall -D_GNU_SOURCE -D_REENTRANT -Iinclude -I../jemalloc/include -DJEMALLOC_NO_PRIVATE_NAMESPACE -o src/ckh.sym.o ../jemalloc/src/ckh.c
[INFO] [stderr]   cc -std=gnu11 -Wall -Wsign-compare -Wundef -Wno-format-zero-length -pipe -g3 -fvisibility=hidden -O3 -funroll-loops -O0 -ffunction-sections -fdata-sections -fPIC -g -fno-omit-frame-pointer -m64 -Wall -fPIC -DPIC -c -O0 -ffunction-sections -fdata-sections -fPIC -g -fno-omit-frame-pointer -m64 -Wall -D_GNU_SOURCE -D_REENTRANT -Iinclude -I../jemalloc/include -DJEMALLOC_NO_PRIVATE_NAMESPACE -o src/ctl.sym.o ../jemalloc/src/ctl.c
[INFO] [stderr]   cc -std=gnu11 -Wall -Wsign-compare -Wundef -Wno-format-zero-length -pipe -g3 -fvisibility=hidden -O3 -funroll-loops -O0 -ffunction-sections -fdata-sections -fPIC -g -fno-omit-frame-pointer -m64 -Wall -fPIC -DPIC -c -O0 -ffunction-sections -fdata-sections -fPIC -g -fno-omit-frame-pointer -m64 -Wall -D_GNU_SOURCE -D_REENTRANT -Iinclude -I../jemalloc/include -DJEMALLOC_NO_PRIVATE_NAMESPACE -o src/div.sym.o ../jemalloc/src/div.c
[INFO] [stderr]   cc -std=gnu11 -Wall -Wsign-compare -Wundef -Wno-format-zero-length -pipe -g3 -fvisibility=hidden -O3 -funroll-loops -O0 -ffunction-sections -fdata-sections -fPIC -g -fno-omit-frame-pointer -m64 -Wall -fPIC -DPIC -c -O0 -ffunction-sections -fdata-sections -fPIC -g -fno-omit-frame-pointer -m64 -Wall -D_GNU_SOURCE -D_REENTRANT -Iinclude -I../jemalloc/include -DJEMALLOC_NO_PRIVATE_NAMESPACE -o src/extent.sym.o ../jemalloc/src/extent.c
[INFO] [stderr]   cc -std=gnu11 -Wall -Wsign-compare -Wundef -Wno-format-zero-length -pipe -g3 -fvisibility=hidden -O3 -funroll-loops -O0 -ffunction-sections -fdata-sections -fPIC -g -fno-omit-frame-pointer -m64 -Wall -fPIC -DPIC -c -O0 -ffunction-sections -fdata-sections -fPIC -g -fno-omit-frame-pointer -m64 -Wall -D_GNU_SOURCE -D_REENTRANT -Iinclude -I../jemalloc/include -DJEMALLOC_NO_PRIVATE_NAMESPACE -o src/extent_dss.sym.o ../jemalloc/src/extent_dss.c
[INFO] [stderr]   cc -std=gnu11 -Wall -Wsign-compare -Wundef -Wno-format-zero-length -pipe -g3 -fvisibility=hidden -O3 -funroll-loops -O0 -ffunction-sections -fdata-sections -fPIC -g -fno-omit-frame-pointer -m64 -Wall -fPIC -DPIC -c -O0 -ffunction-sections -fdata-sections -fPIC -g -fno-omit-frame-pointer -m64 -Wall -D_GNU_SOURCE -D_REENTRANT -Iinclude -I../jemalloc/include -DJEMALLOC_NO_PRIVATE_NAMESPACE -o src/extent_mmap.sym.o ../jemalloc/src/extent_mmap.c
[INFO] [stderr]   cc -std=gnu11 -Wall -Wsign-compare -Wundef -Wno-format-zero-length -pipe -g3 -fvisibility=hidden -O3 -funroll-loops -O0 -ffunction-sections -fdata-sections -fPIC -g -fno-omit-frame-pointer -m64 -Wall -fPIC -DPIC -c -O0 -ffunction-sections -fdata-sections -fPIC -g -fno-omit-frame-pointer -m64 -Wall -D_GNU_SOURCE -D_REENTRANT -Iinclude -I../jemalloc/include -DJEMALLOC_NO_PRIVATE_NAMESPACE -o src/hash.sym.o ../jemalloc/src/hash.c
[INFO] [stderr]   cc -std=gnu11 -Wall -Wsign-compare -Wundef -Wno-format-zero-length -pipe -g3 -fvisibility=hidden -O3 -funroll-loops -O0 -ffunction-sections -fdata-sections -fPIC -g -fno-omit-frame-pointer -m64 -Wall -fPIC -DPIC -c -O0 -ffunction-sections -fdata-sections -fPIC -g -fno-omit-frame-pointer -m64 -Wall -D_GNU_SOURCE -D_REENTRANT -Iinclude -I../jemalloc/include -DJEMALLOC_NO_PRIVATE_NAMESPACE -o src/hooks.sym.o ../jemalloc/src/hooks.c
[INFO] [stderr]   cc -std=gnu11 -Wall -Wsign-compare -Wundef -Wno-format-zero-length -pipe -g3 -fvisibility=hidden -O3 -funroll-loops -O0 -ffunction-sections -fdata-sections -fPIC -g -fno-omit-frame-pointer -m64 -Wall -fPIC -DPIC -c -O0 -ffunction-sections -fdata-sections -fPIC -g -fno-omit-frame-pointer -m64 -Wall -D_GNU_SOURCE -D_REENTRANT -Iinclude -I../jemalloc/include -DJEMALLOC_NO_PRIVATE_NAMESPACE -o src/large.sym.o ../jemalloc/src/large.c
[INFO] [stderr]   cc -std=gnu11 -Wall -Wsign-compare -Wundef -Wno-format-zero-length -pipe -g3 -fvisibility=hidden -O3 -funroll-loops -O0 -ffunction-sections -fdata-sections -fPIC -g -fno-omit-frame-pointer -m64 -Wall -fPIC -DPIC -c -O0 -ffunction-sections -fdata-sections -fPIC -g -fno-omit-frame-pointer -m64 -Wall -D_GNU_SOURCE -D_REENTRANT -Iinclude -I../jemalloc/include -DJEMALLOC_NO_PRIVATE_NAMESPACE -o src/log.sym.o ../jemalloc/src/log.c
[INFO] [stderr]   cc -std=gnu11 -Wall -Wsign-compare -Wundef -Wno-format-zero-length -pipe -g3 -fvisibility=hidden -O3 -funroll-loops -O0 -ffunction-sections -fdata-sections -fPIC -g -fno-omit-frame-pointer -m64 -Wall -fPIC -DPIC -c -O0 -ffunction-sections -fdata-sections -fPIC -g -fno-omit-frame-pointer -m64 -Wall -D_GNU_SOURCE -D_REENTRANT -Iinclude -I../jemalloc/include -DJEMALLOC_NO_PRIVATE_NAMESPACE -o src/malloc_io.sym.o ../jemalloc/src/malloc_io.c
[INFO] [stderr]   cc -std=gnu11 -Wall -Wsign-compare -Wundef -Wno-format-zero-length -pipe -g3 -fvisibility=hidden -O3 -funroll-loops -O0 -ffunction-sections -fdata-sections -fPIC -g -fno-omit-frame-pointer -m64 -Wall -fPIC -DPIC -c -O0 -ffunction-sections -fdata-sections -fPIC -g -fno-omit-frame-pointer -m64 -Wall -D_GNU_SOURCE -D_REENTRANT -Iinclude -I../jemalloc/include -DJEMALLOC_NO_PRIVATE_NAMESPACE -o src/mutex.sym.o ../jemalloc/src/mutex.c
[INFO] [stderr]   cc -std=gnu11 -Wall -Wsign-compare -Wundef -Wno-format-zero-length -pipe -g3 -fvisibility=hidden -O3 -funroll-loops -O0 -ffunction-sections -fdata-sections -fPIC -g -fno-omit-frame-pointer -m64 -Wall -fPIC -DPIC -c -O0 -ffunction-sections -fdata-sections -fPIC -g -fno-omit-frame-pointer -m64 -Wall -D_GNU_SOURCE -D_REENTRANT -Iinclude -I../jemalloc/include -DJEMALLOC_NO_PRIVATE_NAMESPACE -o src/mutex_pool.sym.o ../jemalloc/src/mutex_pool.c
[INFO] [stderr]   cc -std=gnu11 -Wall -Wsign-compare -Wundef -Wno-format-zero-length -pipe -g3 -fvisibility=hidden -O3 -funroll-loops -O0 -ffunction-sections -fdata-sections -fPIC -g -fno-omit-frame-pointer -m64 -Wall -fPIC -DPIC -c -O0 -ffunction-sections -fdata-sections -fPIC -g -fno-omit-frame-pointer -m64 -Wall -D_GNU_SOURCE -D_REENTRANT -Iinclude -I../jemalloc/include -DJEMALLOC_NO_PRIVATE_NAMESPACE -o src/nstime.sym.o ../jemalloc/src/nstime.c
[INFO] [stderr]   cc -std=gnu11 -Wall -Wsign-compare -Wundef -Wno-format-zero-length -pipe -g3 -fvisibility=hidden -O3 -funroll-loops -O0 -ffunction-sections -fdata-sections -fPIC -g -fno-omit-frame-pointer -m64 -Wall -fPIC -DPIC -c -O0 -ffunction-sections -fdata-sections -fPIC -g -fno-omit-frame-pointer -m64 -Wall -D_GNU_SOURCE -D_REENTRANT -Iinclude -I../jemalloc/include -DJEMALLOC_NO_PRIVATE_NAMESPACE -o src/pages.sym.o ../jemalloc/src/pages.c
[INFO] [stderr]   cc -std=gnu11 -Wall -Wsign-compare -Wundef -Wno-format-zero-length -pipe -g3 -fvisibility=hidden -O3 -funroll-loops -O0 -ffunction-sections -fdata-sections -fPIC -g -fno-omit-frame-pointer -m64 -Wall -fPIC -DPIC -c -O0 -ffunction-sections -fdata-sections -fPIC -g -fno-omit-frame-pointer -m64 -Wall -D_GNU_SOURCE -D_REENTRANT -Iinclude -I../jemalloc/include -DJEMALLOC_NO_PRIVATE_NAMESPACE -o src/prng.sym.o ../jemalloc/src/prng.c
[INFO] [stderr]   cc -std=gnu11 -Wall -Wsign-compare -Wundef -Wno-format-zero-length -pipe -g3 -fvisibility=hidden -O3 -funroll-loops -O0 -ffunction-sections -fdata-sections -fPIC -g -fno-omit-frame-pointer -m64 -Wall -fPIC -DPIC -c -O0 -ffunction-sections -fdata-sections -fPIC -g -fno-omit-frame-pointer -m64 -Wall -D_GNU_SOURCE -D_REENTRANT -Iinclude -I../jemalloc/include -DJEMALLOC_NO_PRIVATE_NAMESPACE -o src/prof.sym.o ../jemalloc/src/prof.c
[INFO] [stderr]   cc -std=gnu11 -Wall -Wsign-compare -Wundef -Wno-format-zero-length -pipe -g3 -fvisibility=hidden -O3 -funroll-loops -O0 -ffunction-sections -fdata-sections -fPIC -g -fno-omit-frame-pointer -m64 -Wall -fPIC -DPIC -c -O0 -ffunction-sections -fdata-sections -fPIC -g -fno-omit-frame-pointer -m64 -Wall -D_GNU_SOURCE -D_REENTRANT -Iinclude -I../jemalloc/include -DJEMALLOC_NO_PRIVATE_NAMESPACE -o src/rtree.sym.o ../jemalloc/src/rtree.c
[INFO] [stderr]   cc -std=gnu11 -Wall -Wsign-compare -Wundef -Wno-format-zero-length -pipe -g3 -fvisibility=hidden -O3 -funroll-loops -O0 -ffunction-sections -fdata-sections -fPIC -g -fno-omit-frame-pointer -m64 -Wall -fPIC -DPIC -c -O0 -ffunction-sections -fdata-sections -fPIC -g -fno-omit-frame-pointer -m64 -Wall -D_GNU_SOURCE -D_REENTRANT -Iinclude -I../jemalloc/include -DJEMALLOC_NO_PRIVATE_NAMESPACE -o src/stats.sym.o ../jemalloc/src/stats.c
[INFO] [stderr]   cc -std=gnu11 -Wall -Wsign-compare -Wundef -Wno-format-zero-length -pipe -g3 -fvisibility=hidden -O3 -funroll-loops -O0 -ffunction-sections -fdata-sections -fPIC -g -fno-omit-frame-pointer -m64 -Wall -fPIC -DPIC -c -O0 -ffunction-sections -fdata-sections -fPIC -g -fno-omit-frame-pointer -m64 -Wall -D_GNU_SOURCE -D_REENTRANT -Iinclude -I../jemalloc/include -DJEMALLOC_NO_PRIVATE_NAMESPACE -o src/sz.sym.o ../jemalloc/src/sz.c
[INFO] [stderr]   cc -std=gnu11 -Wall -Wsign-compare -Wundef -Wno-format-zero-length -pipe -g3 -fvisibility=hidden -O3 -funroll-loops -O0 -ffunction-sections -fdata-sections -fPIC -g -fno-omit-frame-pointer -m64 -Wall -fPIC -DPIC -c -O0 -ffunction-sections -fdata-sections -fPIC -g -fno-omit-frame-pointer -m64 -Wall -D_GNU_SOURCE -D_REENTRANT -Iinclude -I../jemalloc/include -DJEMALLOC_NO_PRIVATE_NAMESPACE -o src/tcache.sym.o ../jemalloc/src/tcache.c
[INFO] [stderr]   cc -std=gnu11 -Wall -Wsign-compare -Wundef -Wno-format-zero-length -pipe -g3 -fvisibility=hidden -O3 -funroll-loops -O0 -ffunction-sections -fdata-sections -fPIC -g -fno-omit-frame-pointer -m64 -Wall -fPIC -DPIC -c -O0 -ffunction-sections -fdata-sections -fPIC -g -fno-omit-frame-pointer -m64 -Wall -D_GNU_SOURCE -D_REENTRANT -Iinclude -I../jemalloc/include -DJEMALLOC_NO_PRIVATE_NAMESPACE -o src/ticker.sym.o ../jemalloc/src/ticker.c
[INFO] [stderr]   cc -std=gnu11 -Wall -Wsign-compare -Wundef -Wno-format-zero-length -pipe -g3 -fvisibility=hidden -O3 -funroll-loops -O0 -ffunction-sections -fdata-sections -fPIC -g -fno-omit-frame-pointer -m64 -Wall -fPIC -DPIC -c -O0 -ffunction-sections -fdata-sections -fPIC -g -fno-omit-frame-pointer -m64 -Wall -D_GNU_SOURCE -D_REENTRANT -Iinclude -I../jemalloc/include -DJEMALLOC_NO_PRIVATE_NAMESPACE -o src/tsd.sym.o ../jemalloc/src/tsd.c
[INFO] [stderr]   cc -std=gnu11 -Wall -Wsign-compare -Wundef -Wno-format-zero-length -pipe -g3 -fvisibility=hidden -O3 -funroll-loops -O0 -ffunction-sections -fdata-sections -fPIC -g -fno-omit-frame-pointer -m64 -Wall -fPIC -DPIC -c -O0 -ffunction-sections -fdata-sections -fPIC -g -fno-omit-frame-pointer -m64 -Wall -D_GNU_SOURCE -D_REENTRANT -Iinclude -I../jemalloc/include -DJEMALLOC_NO_PRIVATE_NAMESPACE -o src/witness.sym.o ../jemalloc/src/witness.c
[INFO] [stderr]   nm -a src/background_thread.sym.o | mawk -f include/jemalloc/internal/private_symbols.awk > src/background_thread.sym
[INFO] [stderr]   nm -a src/base.sym.o | mawk -f include/jemalloc/internal/private_symbols.awk > src/base.sym
[INFO] [stderr]   nm -a src/bin.sym.o | mawk -f include/jemalloc/internal/private_symbols.awk > src/bin.sym
[INFO] [stderr]   nm -a src/bitmap.sym.o | mawk -f include/jemalloc/internal/private_symbols.awk > src/bitmap.sym
[INFO] [stderr]   nm -a src/div.sym.o | mawk -f include/jemalloc/internal/private_symbols.awk > src/div.sym
[INFO] [stderr]   nm -a src/extent_dss.sym.o | mawk -f include/jemalloc/internal/private_symbols.awk > src/extent_dss.sym
[INFO] [stderr]   nm -a src/extent_mmap.sym.o | mawk -f include/jemalloc/internal/private_symbols.awk > src/extent_mmap.sym
[INFO] [stderr]   nm -a src/hash.sym.o | mawk -f include/jemalloc/internal/private_symbols.awk > src/hash.sym
[INFO] [stderr]   nm -a src/hooks.sym.o | mawk -f include/jemalloc/internal/private_symbols.awk > src/hooks.sym
[INFO] [stderr]   nm -a src/log.sym.o | mawk -f include/jemalloc/internal/private_symbols.awk > src/log.sym
[INFO] [stderr]   nm -a src/malloc_io.sym.o | mawk -f include/jemalloc/internal/private_symbols.awk > src/malloc_io.sym
[INFO] [stderr]   nm -a src/mutex.sym.o | mawk -f include/jemalloc/internal/private_symbols.awk > src/mutex.sym
[INFO] [stderr]   nm -a src/mutex_pool.sym.o | mawk -f include/jemalloc/internal/private_symbols.awk > src/mutex_pool.sym
[INFO] [stderr]   nm -a src/nstime.sym.o | mawk -f include/jemalloc/internal/private_symbols.awk > src/nstime.sym
[INFO] [stderr]   nm -a src/pages.sym.o | mawk -f include/jemalloc/internal/private_symbols.awk > src/pages.sym
[INFO] [stderr]   nm -a src/prng.sym.o | mawk -f include/jemalloc/internal/private_symbols.awk > src/prng.sym
[INFO] [stderr]   nm -a src/rtree.sym.o | mawk -f include/jemalloc/internal/private_symbols.awk > src/rtree.sym
[INFO] [stderr]   nm -a src/stats.sym.o | mawk -f include/jemalloc/internal/private_symbols.awk > src/stats.sym
[INFO] [stderr]   nm -a src/sz.sym.o | mawk -f include/jemalloc/internal/private_symbols.awk > src/sz.sym
[INFO] [stderr]   nm -a src/ticker.sym.o | mawk -f include/jemalloc/internal/private_symbols.awk > src/ticker.sym
[INFO] [stderr]   nm -a src/tsd.sym.o | mawk -f include/jemalloc/internal/private_symbols.awk > src/tsd.sym
[INFO] [stderr]   nm -a src/extent.sym.o | mawk -f include/jemalloc/internal/private_symbols.awk > src/extent.sym
[INFO] [stderr]   nm -a src/large.sym.o | mawk -f include/jemalloc/internal/private_symbols.awk > src/large.sym
[INFO] [stderr]   nm -a src/ctl.sym.o | mawk -f include/jemalloc/internal/private_symbols.awk > src/ctl.sym
[INFO] [stderr]   nm -a src/witness.sym.o | mawk -f include/jemalloc/internal/private_symbols.awk > src/witness.sym
[INFO] [stderr]   nm -a src/ckh.sym.o | mawk -f include/jemalloc/internal/private_symbols.awk > src/ckh.sym
[INFO] [stderr]   nm -a src/arena.sym.o | mawk -f include/jemalloc/internal/private_symbols.awk > src/arena.sym
[INFO] [stderr]   nm -a src/tcache.sym.o | mawk -f include/jemalloc/internal/private_symbols.awk > src/tcache.sym
[INFO] [stderr]   nm -a src/prof.sym.o | mawk -f include/jemalloc/internal/private_symbols.awk > src/prof.sym
[INFO] [stderr] 
[INFO] [stderr]   --- stderr
[INFO] [stderr]   ../jemalloc/src/malloc_io.c: In function 'malloc_vsnprintf':
[INFO] [stderr]   ../jemalloc/src/malloc_io.c:369:9: warning: case label value exceeds maximum value for type [-Wswitch-outside-range]
[INFO] [stderr]     369 |         case '?' | 0x80:                                                \
[INFO] [stderr]         |         ^~~~
[INFO] [stderr]   ../jemalloc/src/malloc_io.c:581:33: note: in expansion of macro 'GET_ARG_NUMERIC'
[INFO] [stderr]     581 |                                 GET_ARG_NUMERIC(val, 'p');
[INFO] [stderr]         |                                 ^~~~~~~~~~~~~~~
[INFO] [stderr]   ../jemalloc/src/malloc_io.c:387:9: warning: case label value exceeds maximum value for type [-Wswitch-outside-range]
[INFO] [stderr]     387 |         case 'j' | 0x80:                                                \
[INFO] [stderr]         |         ^~~~
[INFO] [stderr]   ../jemalloc/src/malloc_io.c:581:33: note: in expansion of macro 'GET_ARG_NUMERIC'
[INFO] [stderr]     581 |                                 GET_ARG_NUMERIC(val, 'p');
[INFO] [stderr]         |                                 ^~~~~~~~~~~~~~~
[INFO] [stderr]   ../jemalloc/src/malloc_io.c:375:9: warning: case label value exceeds maximum value for type [-Wswitch-outside-range]
[INFO] [stderr]     375 |         case 'l' | 0x80:                                                \
[INFO] [stderr]         |         ^~~~
[INFO] [stderr]   ../jemalloc/src/malloc_io.c:581:33: note: in expansion of macro 'GET_ARG_NUMERIC'
[INFO] [stderr]     581 |                                 GET_ARG_NUMERIC(val, 'p');
[INFO] [stderr]         |                                 ^~~~~~~~~~~~~~~
[INFO] [stderr]   ../jemalloc/src/malloc_io.c:381:9: warning: case label value exceeds maximum value for type [-Wswitch-outside-range]
[INFO] [stderr]     381 |         case 'q' | 0x80:                                                \
[INFO] [stderr]         |         ^~~~
[INFO] [stderr]   ../jemalloc/src/malloc_io.c:581:33: note: in expansion of macro 'GET_ARG_NUMERIC'
[INFO] [stderr]     581 |                                 GET_ARG_NUMERIC(val, 'p');
[INFO] [stderr]         |                                 ^~~~~~~~~~~~~~~
[INFO] [stderr]   ../jemalloc/src/malloc_io.c:396:9: warning: case label value exceeds maximum value for type [-Wswitch-outside-range]
[INFO] [stderr]     396 |         case 'z' | 0x80:                                                \
[INFO] [stderr]         |         ^~~~
[INFO] [stderr]   ../jemalloc/src/malloc_io.c:581:33: note: in expansion of macro 'GET_ARG_NUMERIC'
[INFO] [stderr]     581 |                                 GET_ARG_NUMERIC(val, 'p');
[INFO] [stderr]         |                                 ^~~~~~~~~~~~~~~
[INFO] [stderr]   {standard input}: Assembler messages:
[INFO] [stderr]   {standard input}:412216: Warning: end of file not at end of a line; newline inserted
[INFO] [stderr]   {standard input}:413696: Error: unknown pseudo-op: `.l'
[INFO] [stderr]   {standard input}: Error: open CFI at the end of file; missing .cfi_endproc directive
[INFO] [stderr]   cc: fatal error: Killed signal terminated program cc1
[INFO] [stderr]   compilation terminated.
[INFO] [stderr]   make: *** [Makefile:349: src/jemalloc.sym.o] Error 1
[INFO] [stderr]   thread 'main' panicked at 'command did not execute successfully: cd "/opt/rustwide/target/debug/build/jemalloc-sys-f6385e5ceb10c862/out/build" && "make" "srcroot=../jemalloc/" "-j" "16"
[INFO] [stderr]   expected success, got: exit status: 2', /opt/rustwide/cargo-home/registry/src/index.crates.io-6f17d22bba15001f/jemalloc-sys-0.3.2/build.rs:392:9
[INFO] [stderr]   stack backtrace:
[INFO] [stderr]      0:     0x556c00ba221a - std::backtrace_rs::backtrace::libunwind::trace::h2f05d0192276a8f6
[INFO] [stderr]                                  at /rustc/1b7dd2252b99671ce5d1cb9664c5f8636329436d/library/std/src/../../backtrace/src/backtrace/libunwind.rs:93:5
[INFO] [stderr]      1:     0x556c00ba221a - std::backtrace_rs::backtrace::trace_unsynchronized::hedc23dff7a1af150
[INFO] [stderr]                                  at /rustc/1b7dd2252b99671ce5d1cb9664c5f8636329436d/library/std/src/../../backtrace/src/backtrace/mod.rs:66:5
[INFO] [stderr]      2:     0x556c00ba221a - std::sys_common::backtrace::_print_fmt::h17541ef7592f3ce2
[INFO] [stderr]                                  at /rustc/1b7dd2252b99671ce5d1cb9664c5f8636329436d/library/std/src/sys_common/backtrace.rs:65:5
[INFO] [stderr]      3:     0x556c00ba221a - <std::sys_common::backtrace::_print::DisplayBacktrace as core::fmt::Display>::fmt::h20f75df5ab0c0792
[INFO] [stderr]                                  at /rustc/1b7dd2252b99671ce5d1cb9664c5f8636329436d/library/std/src/sys_common/backtrace.rs:44:22
[INFO] [stderr]      4:     0x556c00bc27af - core::fmt::write::h78109e6f466b3af6
[INFO] [stderr]                                  at /rustc/1b7dd2252b99671ce5d1cb9664c5f8636329436d/library/core/src/fmt/mod.rs:1254:17
[INFO] [stderr]      5:     0x556c00b9f325 - std::io::Write::write_fmt::hc59e1b02dd273c8a
[INFO] [stderr]                                  at /rustc/1b7dd2252b99671ce5d1cb9664c5f8636329436d/library/std/src/io/mod.rs:1698:15
[INFO] [stderr]      6:     0x556c00ba1fe5 - std::sys_common::backtrace::_print::h8dac57a9f8fbf9a5
[INFO] [stderr]                                  at /rustc/1b7dd2252b99671ce5d1cb9664c5f8636329436d/library/std/src/sys_common/backtrace.rs:47:5
[INFO] [stderr]      7:     0x556c00ba1fe5 - std::sys_common::backtrace::print::hf9ecbf41d1aa712f
[INFO] [stderr]                                  at /rustc/1b7dd2252b99671ce5d1cb9664c5f8636329436d/library/std/src/sys_common/backtrace.rs:34:9
[INFO] [stderr]      8:     0x556c00ba378e - std::panicking::default_hook::{{closure}}::h04c07acfc84ca028
[INFO] [stderr]                                  at /rustc/1b7dd2252b99671ce5d1cb9664c5f8636329436d/library/std/src/panicking.rs:269:22
[INFO] [stderr]      9:     0x556c00ba3535 - std::panicking::default_hook::h01f6bb23e1eceb2c
[INFO] [stderr]                                  at /rustc/1b7dd2252b99671ce5d1cb9664c5f8636329436d/library/std/src/panicking.rs:288:9
[INFO] [stderr]     10:     0x556c00ba3cee - std::panicking::rust_panic_with_hook::h2bb3722bbaf2f6df
[INFO] [stderr]                                  at /rustc/1b7dd2252b99671ce5d1cb9664c5f8636329436d/library/std/src/panicking.rs:691:13
[INFO] [stderr]     11:     0x556c00ba3be9 - std::panicking::begin_panic_handler::{{closure}}::h91bc7f36a4be011b
[INFO] [stderr]                                  at /rustc/1b7dd2252b99671ce5d1cb9664c5f8636329436d/library/std/src/panicking.rs:582:13
[INFO] [stderr]     12:     0x556c00ba2686 - std::sys_common::backtrace::__rust_end_short_backtrace::h8b3d3717114f9e59
[INFO] [stderr]                                  at /rustc/1b7dd2252b99671ce5d1cb9664c5f8636329436d/library/std/src/sys_common/backtrace.rs:150:18
[INFO] [stderr]     13:     0x556c00ba3942 - rust_begin_unwind
[INFO] [stderr]                                  at /rustc/1b7dd2252b99671ce5d1cb9664c5f8636329436d/library/std/src/panicking.rs:578:5
[INFO] [stderr]     14:     0x556c00b3f813 - core::panicking::panic_fmt::hfd368e3fbdabea26
[INFO] [stderr]                                  at /rustc/1b7dd2252b99671ce5d1cb9664c5f8636329436d/library/core/src/panicking.rs:67:14
[INFO] [stderr]     15:     0x556c00b44e86 - build_script_build::run::hc0726def9bd5b037
[INFO] [stderr]     16:     0x556c00b439e1 - build_script_build::main::h845c7cd71fb2b44a
[INFO] [stderr]     17:     0x556c00b48b03 - core::ops::function::FnOnce::call_once::h340db1e4bde6db7b
[INFO] [stderr]     18:     0x556c00b48496 - std::sys_common::backtrace::__rust_begin_short_backtrace::hc64b3a4de02329e3
[INFO] [stderr]     19:     0x556c00b47f39 - std::rt::lang_start::{{closure}}::h7570151153553371
[INFO] [stderr]     20:     0x556c00b9b9be - core::ops::function::impls::<impl core::ops::function::FnOnce<A> for &F>::call_once::h2eb19b8ce4148df4
[INFO] [stderr]                                  at /rustc/1b7dd2252b99671ce5d1cb9664c5f8636329436d/library/core/src/ops/function.rs:287:13
[INFO] [stderr]     21:     0x556c00b9b9be - std::panicking::try::do_call::h2e900feff5d504c5
[INFO] [stderr]                                  at /rustc/1b7dd2252b99671ce5d1cb9664c5f8636329436d/library/std/src/panicking.rs:485:40
[INFO] [stderr]     22:     0x556c00b9b9be - std::panicking::try::h8854836cb85aa9f2
[INFO] [stderr]                                  at /rustc/1b7dd2252b99671ce5d1cb9664c5f8636329436d/library/std/src/panicking.rs:449:19
[INFO] [stderr]     23:     0x556c00b9b9be - std::panic::catch_unwind::h706025dd4c48f64b
[INFO] [stderr]                                  at /rustc/1b7dd2252b99671ce5d1cb9664c5f8636329436d/library/std/src/panic.rs:140:14
[INFO] [stderr]     24:     0x556c00b9b9be - std::rt::lang_start_internal::{{closure}}::h7be5b97f4a07a91a
[INFO] [stderr]                                  at /rustc/1b7dd2252b99671ce5d1cb9664c5f8636329436d/library/std/src/rt.rs:148:48
[INFO] [stderr]     25:     0x556c00b9b9be - std::panicking::try::do_call::h59847e9d0a176965
[INFO] [stderr]                                  at /rustc/1b7dd2252b99671ce5d1cb9664c5f8636329436d/library/std/src/panicking.rs:485:40
[INFO] [stderr]     26:     0x556c00b9b9be - std::panicking::try::h399a918ba8522823
[INFO] [stderr]                                  at /rustc/1b7dd2252b99671ce5d1cb9664c5f8636329436d/library/std/src/panicking.rs:449:19
[INFO] [stderr]     27:     0x556c00b9b9be - std::panic::catch_unwind::hca7ca6c55b2a2e26
[INFO] [stderr]                                  at /rustc/1b7dd2252b99671ce5d1cb9664c5f8636329436d/library/std/src/panic.rs:140:14
[INFO] [stderr]     28:     0x556c00b9b9be - std::rt::lang_start_internal::h2c807a81560459eb
[INFO] [stderr]                                  at /rustc/1b7dd2252b99671ce5d1cb9664c5f8636329436d/library/std/src/rt.rs:148:20
[INFO] [stderr]     29:     0x556c00b47f17 - std::rt::lang_start::h81f32355bc46578e
[INFO] [stderr]     30:     0x556c00b452c5 - main
[INFO] [stderr]     31:     0x7f96574ccd90 - <unknown>
[INFO] [stderr]     32:     0x7f96574cce40 - __libc_start_main
[INFO] [stderr]     33:     0x556c00b3fd45 - _start
[INFO] [stderr]     34:                0x0 - <unknown>
[INFO] [stderr] error: failed to run custom build command for `libtitan_sys v0.0.1 (https://github.com/pingcap/rust-rocksdb.git?rev=3cd18c44d160a3cdba586d6502d51b7cc67efc59#3cd18c44)`
[INFO] [stderr] note: To improve backtraces for build dependencies, set the CARGO_PROFILE_DEV_BUILD_OVERRIDE_DEBUG=true environment variable to enable debug information generation.
[INFO] [stderr] 
[INFO] [stderr] Caused by:
[INFO] [stderr]   process didn't exit successfully: `/opt/rustwide/target/debug/build/libtitan_sys-da3755c77764e0f7/build-script-build` (exit status: 101)
[INFO] [stderr]   --- stdout
[INFO] [stderr]   running: cd "/opt/rustwide/target/debug/build/libtitan_sys-479d3d34b8c3ac52/out/build" && CMAKE_PREFIX_PATH="/opt/rustwide/target/debug/build/libz-sys-cbbcfba2f734ae8d/out:/opt/rustwide/target/debug/build/bzip2-sys-17bbcfb59f245bdd/out:/opt/rustwide/target/debug/build/lz4-sys-8828f9e38c8bae5b/out:/opt/rustwide/target/debug/build/zstd-sys-3cf3b083403cf37c/out:/opt/rustwide/target/debug/build/snappy-sys-ca7084fefad7d457/out/build:/opt/rustwide/target/debug/build/libz-sys-cbbcfba2f734ae8d/out/build" "cmake" "-Wdev" "--debug-output" "/opt/rustwide/cargo-home/git/checkouts/rust-rocksdb-82ef6e5337b3fbe6/3cd18c4/librocksdb_sys/libtitan_sys/titan" "-DROCKSDB_DIR=/opt/rustwide/cargo-home/git/checkouts/rust-rocksdb-82ef6e5337b3fbe6/3cd18c4/librocksdb_sys/libtitan_sys/../rocksdb" "-DWITH_TITAN_TESTS=OFF" "-DWITH_TITAN_TOOLS=OFF" "-DWITH_ZLIB=ON" "-DWITH_BZ2=ON" "-DWITH_LZ4=ON" "-DWITH_ZSTD=ON" "-DWITH_SNAPPY=ON" "-DWITH_TITAN_TESTS=OFF" "-DWITH_TITAN_TOOLS=OFF" "-DCMAKE_INSTALL_PREFIX=/opt/rustwide/target/debug/build/libtitan_sys-479d3d34b8c3ac52/out" "-DCMAKE_C_FLAGS= -ffunction-sections -fdata-sections -fPIC -m64" "-DCMAKE_C_COMPILER=/usr/bin/cc" "-DCMAKE_CXX_FLAGS= -ffunction-sections -fdata-sections -fPIC -m64" "-DCMAKE_CXX_COMPILER=/usr/bin/c++" "-DCMAKE_BUILD_TYPE=Debug" "-DCMAKE_VERBOSE_MAKEFILE:BOOL=ON"
[INFO] [stderr]   Running with debug output on.
[INFO] [stderr]   -- The C compiler identification is GNU 11.3.0
[INFO] [stderr]      Called from: [3]	/usr/share/cmake-3.22/Modules/CMakeDetermineCompilerId.cmake
[INFO] [stderr]                   [2]	/usr/share/cmake-3.22/Modules/CMakeDetermineCCompiler.cmake
[INFO] [stderr]                   [1]	/opt/rustwide/cargo-home/git/checkouts/rust-rocksdb-82ef6e5337b3fbe6/3cd18c4/librocksdb_sys/libtitan_sys/titan/CMakeLists.txt
[INFO] [stderr]   -- The CXX compiler identification is GNU 11.3.0
[INFO] [stderr]      Called from: [3]	/usr/share/cmake-3.22/Modules/CMakeDetermineCompilerId.cmake
[INFO] [stderr]                   [2]	/usr/share/cmake-3.22/Modules/CMakeDetermineCXXCompiler.cmake
[INFO] [stderr]                   [1]	/opt/rustwide/cargo-home/git/checkouts/rust-rocksdb-82ef6e5337b3fbe6/3cd18c4/librocksdb_sys/libtitan_sys/titan/CMakeLists.txt
[INFO] [stderr]   -- Detecting C compiler ABI info
[INFO] [stderr]      Called from: [3]	/usr/share/cmake-3.22/Modules/CMakeDetermineCompilerABI.cmake
[INFO] [stderr]                   [2]	/usr/share/cmake-3.22/Modules/CMakeTestCCompiler.cmake
[INFO] [stderr]                   [1]	/opt/rustwide/cargo-home/git/checkouts/rust-rocksdb-82ef6e5337b3fbe6/3cd18c4/librocksdb_sys/libtitan_sys/titan/CMakeLists.txt
[INFO] [stderr]   -- Detecting C compiler ABI info - done
[INFO] [stderr]      Called from: [3]	/usr/share/cmake-3.22/Modules/CMakeDetermineCompilerABI.cmake
[INFO] [stderr]                   [2]	/usr/share/cmake-3.22/Modules/CMakeTestCCompiler.cmake
[INFO] [stderr]                   [1]	/opt/rustwide/cargo-home/git/checkouts/rust-rocksdb-82ef6e5337b3fbe6/3cd18c4/librocksdb_sys/libtitan_sys/titan/CMakeLists.txt
[INFO] [stderr]   -- Check for working C compiler: /usr/bin/cc - skipped
[INFO] [stderr]      Called from: [2]	/usr/share/cmake-3.22/Modules/CMakeTestCCompiler.cmake
[INFO] [stderr]                   [1]	/opt/rustwide/cargo-home/git/checkouts/rust-rocksdb-82ef6e5337b3fbe6/3cd18c4/librocksdb_sys/libtitan_sys/titan/CMakeLists.txt
[INFO] [stderr]   -- Detecting C compile features
[INFO] [stderr]      Called from: [3]	/usr/share/cmake-3.22/Modules/CMakeDetermineCompileFeatures.cmake
[INFO] [stderr]                   [2]	/usr/share/cmake-3.22/Modules/CMakeTestCCompiler.cmake
[INFO] [stderr]                   [1]	/opt/rustwide/cargo-home/git/checkouts/rust-rocksdb-82ef6e5337b3fbe6/3cd18c4/librocksdb_sys/libtitan_sys/titan/CMakeLists.txt
[INFO] [stderr]   -- Detecting C compile features - done
[INFO] [stderr]      Called from: [3]	/usr/share/cmake-3.22/Modules/CMakeDetermineCompileFeatures.cmake
[INFO] [stderr]                   [2]	/usr/share/cmake-3.22/Modules/CMakeTestCCompiler.cmake
[INFO] [stderr]                   [1]	/opt/rustwide/cargo-home/git/checkouts/rust-rocksdb-82ef6e5337b3fbe6/3cd18c4/librocksdb_sys/libtitan_sys/titan/CMakeLists.txt
[INFO] [stderr]   -- Detecting CXX compiler ABI info
[INFO] [stderr]      Called from: [3]	/usr/share/cmake-3.22/Modules/CMakeDetermineCompilerABI.cmake
[INFO] [stderr]                   [2]	/usr/share/cmake-3.22/Modules/CMakeTestCXXCompiler.cmake
[INFO] [stderr]                   [1]	/opt/rustwide/cargo-home/git/checkouts/rust-rocksdb-82ef6e5337b3fbe6/3cd18c4/librocksdb_sys/libtitan_sys/titan/CMakeLists.txt
[INFO] [stderr]   -- Detecting CXX compiler ABI info - done
[INFO] [stderr]      Called from: [3]	/usr/share/cmake-3.22/Modules/CMakeDetermineCompilerABI.cmake
[INFO] [stderr]                   [2]	/usr/share/cmake-3.22/Modules/CMakeTestCXXCompiler.cmake
[INFO] [stderr]                   [1]	/opt/rustwide/cargo-home/git/checkouts/rust-rocksdb-82ef6e5337b3fbe6/3cd18c4/librocksdb_sys/libtitan_sys/titan/CMakeLists.txt
[INFO] [stderr]   -- Check for working CXX compiler: /usr/bin/c++ - skipped
[INFO] [stderr]      Called from: [2]	/usr/share/cmake-3.22/Modules/CMakeTestCXXCompiler.cmake
[INFO] [stderr]                   [1]	/opt/rustwide/cargo-home/git/checkouts/rust-rocksdb-82ef6e5337b3fbe6/3cd18c4/librocksdb_sys/libtitan_sys/titan/CMakeLists.txt
[INFO] [stderr]   -- Detecting CXX compile features
[INFO] [stderr]      Called from: [3]	/usr/share/cmake-3.22/Modules/CMakeDetermineCompileFeatures.cmake
[INFO] [stderr]                   [2]	/usr/share/cmake-3.22/Modules/CMakeTestCXXCompiler.cmake
[INFO] [stderr]                   [1]	/opt/rustwide/cargo-home/git/checkouts/rust-rocksdb-82ef6e5337b3fbe6/3cd18c4/librocksdb_sys/libtitan_sys/titan/CMakeLists.txt
[INFO] [stderr]   -- Detecting CXX compile features - done
[INFO] [stderr]      Called from: [3]	/usr/share/cmake-3.22/Modules/CMakeDetermineCompileFeatures.cmake
[INFO] [stderr]                   [2]	/usr/share/cmake-3.22/Modules/CMakeTestCXXCompiler.cmake
[INFO] [stderr]                   [1]	/opt/rustwide/cargo-home/git/checkouts/rust-rocksdb-82ef6e5337b3fbe6/3cd18c4/librocksdb_sys/libtitan_sys/titan/CMakeLists.txt
[INFO] [stderr]   -- Found Git: /usr/bin/git (found version "2.34.1") 
[INFO] [stderr]      Called from: [4]	/usr/share/cmake-3.22/Modules/FindPackageMessage.cmake
[INFO] [stderr]                   [3]	/usr/share/cmake-3.22/Modules/FindPackageHandleStandardArgs.cmake
[INFO] [stderr]                   [2]	/usr/share/cmake-3.22/Modules/FindGit.cmake
[INFO] [stderr]                   [1]	/opt/rustwide/cargo-home/git/checkouts/rust-rocksdb-82ef6e5337b3fbe6/3cd18c4/librocksdb_sys/libtitan_sys/titan/CMakeLists.txt
[INFO] [stderr]   -- Found snappy: /opt/rustwide/target/debug/build/snappy-sys-ca7084fefad7d457/out/build/libsnappy.a  
[INFO] [stderr]      Called from: [5]	/usr/share/cmake-3.22/Modules/FindPackageMessage.cmake
[INFO] [stderr]                   [4]	/usr/share/cmake-3.22/Modules/FindPackageHandleStandardArgs.cmake
[INFO] [stderr]                   [3]	/opt/rustwide/cargo-home/git/checkouts/rust-rocksdb-82ef6e5337b3fbe6/3cd18c4/librocksdb_sys/rocksdb/cmake/modules/Findsnappy.cmake
[INFO] [stderr]                   [2]	/opt/rustwide/cargo-home/git/checkouts/rust-rocksdb-82ef6e5337b3fbe6/3cd18c4/librocksdb_sys/libtitan_sys/titan/cmake/rocksdb_flags.cmake
[INFO] [stderr]                   [1]	/opt/rustwide/cargo-home/git/checkouts/rust-rocksdb-82ef6e5337b3fbe6/3cd18c4/librocksdb_sys/libtitan_sys/titan/CMakeLists.txt
[INFO] [stderr]   -- Found bzip2: /opt/rustwide/target/debug/build/bzip2-sys-17bbcfb59f245bdd/out/lib/libbz2.a  
[INFO] [stderr]      Called from: [5]	/usr/share/cmake-3.22/Modules/FindPackageMessage.cmake
[INFO] [stderr]                   [4]	/usr/share/cmake-3.22/Modules/FindPackageHandleStandardArgs.cmake
[INFO] [stderr]                   [3]	/opt/rustwide/cargo-home/git/checkouts/rust-rocksdb-82ef6e5337b3fbe6/3cd18c4/librocksdb_sys/rocksdb/cmake/modules/Findbzip2.cmake
[INFO] [stderr]                   [2]	/opt/rustwide/cargo-home/git/checkouts/rust-rocksdb-82ef6e5337b3fbe6/3cd18c4/librocksdb_sys/libtitan_sys/titan/cmake/rocksdb_flags.cmake
[INFO] [stderr]                   [1]	/opt/rustwide/cargo-home/git/checkouts/rust-rocksdb-82ef6e5337b3fbe6/3cd18c4/librocksdb_sys/libtitan_sys/titan/CMakeLists.txt
[INFO] [stderr]   -- Found lz4: /opt/rustwide/target/debug/build/lz4-sys-8828f9e38c8bae5b/out/liblz4.a  
[INFO] [stderr]      Called from: [5]	/usr/share/cmake-3.22/Modules/FindPackageMessage.cmake
[INFO] [stderr]                   [4]	/usr/share/cmake-3.22/Modules/FindPackageHandleStandardArgs.cmake
[INFO] [stderr]                   [3]	/opt/rustwide/cargo-home/git/checkouts/rust-rocksdb-82ef6e5337b3fbe6/3cd18c4/librocksdb_sys/rocksdb/cmake/modules/Findlz4.cmake
[INFO] [stderr]                   [2]	/opt/rustwide/cargo-home/git/checkouts/rust-rocksdb-82ef6e5337b3fbe6/3cd18c4/librocksdb_sys/libtitan_sys/titan/cmake/rocksdb_flags.cmake
[INFO] [stderr]                   [1]	/opt/rustwide/cargo-home/git/checkouts/rust-rocksdb-82ef6e5337b3fbe6/3cd18c4/librocksdb_sys/libtitan_sys/titan/CMakeLists.txt
[INFO] [stderr]   -- Found ZLIB: /opt/rustwide/target/debug/build/libz-sys-cbbcfba2f734ae8d/out/build/libz.a (found version "1.2.11") 
[INFO] [stderr]      Called from: [5]	/usr/share/cmake-3.22/Modules/FindPackageMessage.cmake
[INFO] [stderr]                   [4]	/usr/share/cmake-3.22/Modules/FindPackageHandleStandardArgs.cmake
[INFO] [stderr]                   [3]	/usr/share/cmake-3.22/Modules/FindZLIB.cmake
[INFO] [stderr]                   [2]	/opt/rustwide/cargo-home/git/checkouts/rust-rocksdb-82ef6e5337b3fbe6/3cd18c4/librocksdb_sys/libtitan_sys/titan/cmake/rocksdb_flags.cmake
[INFO] [stderr]                   [1]	/opt/rustwide/cargo-home/git/checkouts/rust-rocksdb-82ef6e5337b3fbe6/3cd18c4/librocksdb_sys/libtitan_sys/titan/CMakeLists.txt
[INFO] [stderr]   -- Found zstd: /opt/rustwide/target/debug/build/zstd-sys-3cf3b083403cf37c/out/libzstd.a  
[INFO] [stderr]      Called from: [5]	/usr/share/cmake-3.22/Modules/FindPackageMessage.cmake
[INFO] [stderr]                   [4]	/usr/share/cmake-3.22/Modules/FindPackageHandleStandardArgs.cmake
[INFO] [stderr]                   [3]	/opt/rustwide/cargo-home/git/checkouts/rust-rocksdb-82ef6e5337b3fbe6/3cd18c4/librocksdb_sys/rocksdb/cmake/modules/Findzstd.cmake
[INFO] [stderr]                   [2]	/opt/rustwide/cargo-home/git/checkouts/rust-rocksdb-82ef6e5337b3fbe6/3cd18c4/librocksdb_sys/libtitan_sys/titan/cmake/rocksdb_flags.cmake
[INFO] [stderr]                   [1]	/opt/rustwide/cargo-home/git/checkouts/rust-rocksdb-82ef6e5337b3fbe6/3cd18c4/librocksdb_sys/libtitan_sys/titan/CMakeLists.txt
[INFO] [stderr]   -- Performing Test HAVE_SSE42
[INFO] [stderr]      Called from: [4]	/usr/share/cmake-3.22/Modules/Internal/CheckSourceCompiles.cmake
[INFO] [stderr]                   [3]	/usr/share/cmake-3.22/Modules/CheckCXXSourceCompiles.cmake
[INFO] [stderr]                   [2]	/opt/rustwide/cargo-home/git/checkouts/rust-rocksdb-82ef6e5337b3fbe6/3cd18c4/librocksdb_sys/libtitan_sys/titan/cmake/rocksdb_flags.cmake
[INFO] [stderr]                   [1]	/opt/rustwide/cargo-home/git/checkouts/rust-rocksdb-82ef6e5337b3fbe6/3cd18c4/librocksdb_sys/libtitan_sys/titan/CMakeLists.txt
[INFO] [stderr]   -- Performing Test HAVE_SSE42 - Success
[INFO] [stderr]      Called from: [4]	/usr/share/cmake-3.22/Modules/Internal/CheckSourceCompiles.cmake
[INFO] [stderr]                   [3]	/usr/share/cmake-3.22/Modules/CheckCXXSourceCompiles.cmake
[INFO] [stderr]                   [2]	/opt/rustwide/cargo-home/git/checkouts/rust-rocksdb-82ef6e5337b3fbe6/3cd18c4/librocksdb_sys/libtitan_sys/titan/cmake/rocksdb_flags.cmake
[INFO] [stderr]                   [1]	/opt/rustwide/cargo-home/git/checkouts/rust-rocksdb-82ef6e5337b3fbe6/3cd18c4/librocksdb_sys/libtitan_sys/titan/CMakeLists.txt
[INFO] [stderr]   -- Performing Test HAVE_THREAD_LOCAL
[INFO] [stderr]      Called from: [4]	/usr/share/cmake-3.22/Modules/Internal/CheckSourceCompiles.cmake
[INFO] [stderr]                   [3]	/usr/share/cmake-3.22/Modules/CheckCXXSourceCompiles.cmake
[INFO] [stderr]                   [2]	/opt/rustwide/cargo-home/git/checkouts/rust-rocksdb-82ef6e5337b3fbe6/3cd18c4/librocksdb_sys/libtitan_sys/titan/cmake/rocksdb_flags.cmake
[INFO] [stderr]                   [1]	/opt/rustwide/cargo-home/git/checkouts/rust-rocksdb-82ef6e5337b3fbe6/3cd18c4/librocksdb_sys/libtitan_sys/titan/CMakeLists.txt
[INFO] [stderr]   -- Performing Test HAVE_THREAD_LOCAL - Success
[INFO] [stderr]      Called from: [4]	/usr/share/cmake-3.22/Modules/Internal/CheckSourceCompiles.cmake
[INFO] [stderr]                   [3]	/usr/share/cmake-3.22/Modules/CheckCXXSourceCompiles.cmake
[INFO] [stderr]                   [2]	/opt/rustwide/cargo-home/git/checkouts/rust-rocksdb-82ef6e5337b3fbe6/3cd18c4/librocksdb_sys/libtitan_sys/titan/cmake/rocksdb_flags.cmake
[INFO] [stderr]                   [1]	/opt/rustwide/cargo-home/git/checkouts/rust-rocksdb-82ef6e5337b3fbe6/3cd18c4/librocksdb_sys/libtitan_sys/titan/CMakeLists.txt
[INFO] [stderr]   -- Enabling RTTI in Debug builds only (default)
[INFO] [stderr]      Called from: [2]	/opt/rustwide/cargo-home/git/checkouts/rust-rocksdb-82ef6e5337b3fbe6/3cd18c4/librocksdb_sys/libtitan_sys/titan/cmake/rocksdb_flags.cmake
[INFO] [stderr]                   [1]	/opt/rustwide/cargo-home/git/checkouts/rust-rocksdb-82ef6e5337b3fbe6/3cd18c4/librocksdb_sys/libtitan_sys/titan/CMakeLists.txt
[INFO] [stderr]   -- Performing Test HAVE_FALLOCATE
[INFO] [stderr]      Called from: [4]	/usr/share/cmake-3.22/Modules/Internal/CheckSourceCompiles.cmake
[INFO] [stderr]                   [3]	/usr/share/cmake-3.22/Modules/CheckCXXSourceCompiles.cmake
[INFO] [stderr]                   [2]	/opt/rustwide/cargo-home/git/checkouts/rust-rocksdb-82ef6e5337b3fbe6/3cd18c4/librocksdb_sys/libtitan_sys/titan/cmake/rocksdb_flags.cmake
[INFO] [stderr]                   [1]	/opt/rustwide/cargo-home/git/checkouts/rust-rocksdb-82ef6e5337b3fbe6/3cd18c4/librocksdb_sys/libtitan_sys/titan/CMakeLists.txt
[INFO] [stderr]   -- Performing Test HAVE_FALLOCATE - Success
[INFO] [stderr]      Called from: [4]	/usr/share/cmake-3.22/Modules/Internal/CheckSourceCompiles.cmake
[INFO] [stderr]                   [3]	/usr/share/cmake-3.22/Modules/CheckCXXSourceCompiles.cmake
[INFO] [stderr]                   [2]	/opt/rustwide/cargo-home/git/checkouts/rust-rocksdb-82ef6e5337b3fbe6/3cd18c4/librocksdb_sys/libtitan_sys/titan/cmake/rocksdb_flags.cmake
[INFO] [stderr]                   [1]	/opt/rustwide/cargo-home/git/checkouts/rust-rocksdb-82ef6e5337b3fbe6/3cd18c4/librocksdb_sys/libtitan_sys/titan/CMakeLists.txt
[INFO] [stderr]   -- Performing Test HAVE_SYNC_FILE_RANGE_WRITE
[INFO] [stderr]      Called from: [4]	/usr/share/cmake-3.22/Modules/Internal/CheckSourceCompiles.cmake
[INFO] [stderr]                   [3]	/usr/share/cmake-3.22/Modules/CheckCXXSourceCompiles.cmake
[INFO] [stderr]                   [2]	/opt/rustwide/cargo-home/git/checkouts/rust-rocksdb-82ef6e5337b3fbe6/3cd18c4/librocksdb_sys/libtitan_sys/titan/cmake/rocksdb_flags.cmake
[INFO] [stderr]                   [1]	/opt/rustwide/cargo-home/git/checkouts/rust-rocksdb-82ef6e5337b3fbe6/3cd18c4/librocksdb_sys/libtitan_sys/titan/CMakeLists.txt
[INFO] [stderr]   -- Performing Test HAVE_SYNC_FILE_RANGE_WRITE - Success
[INFO] [stderr]      Called from: [4]	/usr/share/cmake-3.22/Modules/Internal/CheckSourceCompiles.cmake
[INFO] [stderr]                   [3]	/usr/share/cmake-3.22/Modules/CheckCXXSourceCompiles.cmake
[INFO] [stderr]                   [2]	/opt/rustwide/cargo-home/git/checkouts/rust-rocksdb-82ef6e5337b3fbe6/3cd18c4/librocksdb_sys/libtitan_sys/titan/cmake/rocksdb_flags.cmake
[INFO] [stderr]                   [1]	/opt/rustwide/cargo-home/git/checkouts/rust-rocksdb-82ef6e5337b3fbe6/3cd18c4/librocksdb_sys/libtitan_sys/titan/CMakeLists.txt
[INFO] [stderr]   -- Performing Test HAVE_PTHREAD_MUTEX_ADAPTIVE_NP
[INFO] [stderr]      Called from: [4]	/usr/share/cmake-3.22/Modules/Internal/CheckSourceCompiles.cmake
[INFO] [stderr]                   [3]	/usr/share/cmake-3.22/Modules/CheckCXXSourceCompiles.cmake
[INFO] [stderr]                   [2]	/opt/rustwide/cargo-home/git/checkouts/rust-rocksdb-82ef6e5337b3fbe6/3cd18c4/librocksdb_sys/libtitan_sys/titan/cmake/rocksdb_flags.cmake
[INFO] [stderr]                   [1]	/opt/rustwide/cargo-home/git/checkouts/rust-rocksdb-82ef6e5337b3fbe6/3cd18c4/librocksdb_sys/libtitan_sys/titan/CMakeLists.txt
[INFO] [stderr]   -- Performing Test HAVE_PTHREAD_MUTEX_ADAPTIVE_NP - Success
[INFO] [stderr]      Called from: [4]	/usr/share/cmake-3.22/Modules/Internal/CheckSourceCompiles.cmake
[INFO] [stderr]                   [3]	/usr/share/cmake-3.22/Modules/CheckCXXSourceCompiles.cmake
[INFO] [stderr]                   [2]	/opt/rustwide/cargo-home/git/checkouts/rust-rocksdb-82ef6e5337b3fbe6/3cd18c4/librocksdb_sys/libtitan_sys/titan/cmake/rocksdb_flags.cmake
[INFO] [stderr]                   [1]	/opt/rustwide/cargo-home/git/checkouts/rust-rocksdb-82ef6e5337b3fbe6/3cd18c4/librocksdb_sys/libtitan_sys/titan/CMakeLists.txt
[INFO] [stderr]   -- Looking for malloc_usable_size
[INFO] [stderr]      Called from: [4]	/usr/share/cmake-3.22/Modules/CheckSymbolExists.cmake
[INFO] [stderr]                   [3]	/usr/share/cmake-3.22/Modules/CheckCXXSymbolExists.cmake
[INFO] [stderr]                   [2]	/opt/rustwide/cargo-home/git/checkouts/rust-rocksdb-82ef6e5337b3fbe6/3cd18c4/librocksdb_sys/libtitan_sys/titan/cmake/rocksdb_flags.cmake
[INFO] [stderr]                   [1]	/opt/rustwide/cargo-home/git/checkouts/rust-rocksdb-82ef6e5337b3fbe6/3cd18c4/librocksdb_sys/libtitan_sys/titan/CMakeLists.txt
[INFO] [stderr]   -- Looking for malloc_usable_size - found
[INFO] [stderr]      Called from: [4]	/usr/share/cmake-3.22/Modules/CheckSymbolExists.cmake
[INFO] [stderr]                   [3]	/usr/share/cmake-3.22/Modules/CheckCXXSymbolExists.cmake
[INFO] [stderr]                   [2]	/opt/rustwide/cargo-home/git/checkouts/rust-rocksdb-82ef6e5337b3fbe6/3cd18c4/librocksdb_sys/libtitan_sys/titan/cmake/rocksdb_flags.cmake
[INFO] [stderr]                   [1]	/opt/rustwide/cargo-home/git/checkouts/rust-rocksdb-82ef6e5337b3fbe6/3cd18c4/librocksdb_sys/libtitan_sys/titan/CMakeLists.txt
[INFO] [stderr]   -- Looking for sched_getcpu
[INFO] [stderr]      Called from: [4]	/usr/share/cmake-3.22/Modules/CheckSymbolExists.cmake
[INFO] [stderr]                   [3]	/usr/share/cmake-3.22/Modules/CheckCXXSymbolExists.cmake
[INFO] [stderr]                   [2]	/opt/rustwide/cargo-home/git/checkouts/rust-rocksdb-82ef6e5337b3fbe6/3cd18c4/librocksdb_sys/libtitan_sys/titan/cmake/rocksdb_flags.cmake
[INFO] [stderr]                   [1]	/opt/rustwide/cargo-home/git/checkouts/rust-rocksdb-82ef6e5337b3fbe6/3cd18c4/librocksdb_sys/libtitan_sys/titan/CMakeLists.txt
[INFO] [stderr]   -- Looking for sched_getcpu - found
[INFO] [stderr]      Called from: [4]	/usr/share/cmake-3.22/Modules/CheckSymbolExists.cmake
[INFO] [stderr]                   [3]	/usr/share/cmake-3.22/Modules/CheckCXXSymbolExists.cmake
[INFO] [stderr]                   [2]	/opt/rustwide/cargo-home/git/checkouts/rust-rocksdb-82ef6e5337b3fbe6/3cd18c4/librocksdb_sys/libtitan_sys/titan/cmake/rocksdb_flags.cmake
[INFO] [stderr]                   [1]	/opt/rustwide/cargo-home/git/checkouts/rust-rocksdb-82ef6e5337b3fbe6/3cd18c4/librocksdb_sys/libtitan_sys/titan/CMakeLists.txt
[INFO] [stderr]   -- Configuring done
[INFO] [stderr]   -- Generating /opt/rustwide/target/debug/build/libtitan_sys-479d3d34b8c3ac52/out/build
[INFO] [stderr]      Called from: [1]	/opt/rustwide/cargo-home/git/checkouts/rust-rocksdb-82ef6e5337b3fbe6/3cd18c4/librocksdb_sys/libtitan_sys/titan/CMakeLists.txt
[INFO] [stderr]   -- Generating done
[INFO] [stderr]   -- Build files have been written to: /opt/rustwide/target/debug/build/libtitan_sys-479d3d34b8c3ac52/out/build
[INFO] [stderr]   running: cd "/opt/rustwide/target/debug/build/libtitan_sys-479d3d34b8c3ac52/out/build" && MAKEFLAGS="-j --jobserver-fds=7,8 --jobserver-auth=7,8" "cmake" "--build" "." "--target" "titan" "--config" "Debug" "--"
[INFO] [stderr]   /usr/bin/cmake -S/opt/rustwide/cargo-home/git/checkouts/rust-rocksdb-82ef6e5337b3fbe6/3cd18c4/librocksdb_sys/libtitan_sys/titan -B/opt/rustwide/target/debug/build/libtitan_sys-479d3d34b8c3ac52/out/build --check-build-system CMakeFiles/Makefile.cmake 0
[INFO] [stderr]   /usr/bin/gmake  -f CMakeFiles/Makefile2 titan
[INFO] [stderr]   gmake[1]: Entering directory '/opt/rustwide/target/debug/build/libtitan_sys-479d3d34b8c3ac52/out/build'
[INFO] [stderr]   /usr/bin/cmake -S/opt/rustwide/cargo-home/git/checkouts/rust-rocksdb-82ef6e5337b3fbe6/3cd18c4/librocksdb_sys/libtitan_sys/titan -B/opt/rustwide/target/debug/build/libtitan_sys-479d3d34b8c3ac52/out/build --check-build-system CMakeFiles/Makefile.cmake 0
[INFO] [stderr]   /usr/bin/cmake -E cmake_progress_start /opt/rustwide/target/debug/build/libtitan_sys-479d3d34b8c3ac52/out/build/CMakeFiles 24
[INFO] [stderr]   /usr/bin/gmake  -f CMakeFiles/Makefile2 CMakeFiles/titan.dir/all
[INFO] [stderr]   gmake[2]: Entering directory '/opt/rustwide/target/debug/build/libtitan_sys-479d3d34b8c3ac52/out/build'
[INFO] [stderr]   /usr/bin/gmake  -f CMakeFiles/titan_build_version.dir/build.make CMakeFiles/titan_build_version.dir/depend
[INFO] [stderr]   gmake[3]: Entering directory '/opt/rustwide/target/debug/build/libtitan_sys-479d3d34b8c3ac52/out/build'
[INFO] [stderr]   cd /opt/rustwide/target/debug/build/libtitan_sys-479d3d34b8c3ac52/out/build && /usr/bin/cmake -E cmake_depends "Unix Makefiles" /opt/rustwide/cargo-home/git/checkouts/rust-rocksdb-82ef6e5337b3fbe6/3cd18c4/librocksdb_sys/libtitan_sys/titan /opt/rustwide/cargo-home/git/checkouts/rust-rocksdb-82ef6e5337b3fbe6/3cd18c4/librocksdb_sys/libtitan_sys/titan /opt/rustwide/target/debug/build/libtitan_sys-479d3d34b8c3ac52/out/build /opt/rustwide/target/debug/build/libtitan_sys-479d3d34b8c3ac52/out/build /opt/rustwide/target/debug/build/libtitan_sys-479d3d34b8c3ac52/out/build/CMakeFiles/titan_build_version.dir/DependInfo.cmake --color=
[INFO] [stderr]   gmake[3]: Leaving directory '/opt/rustwide/target/debug/build/libtitan_sys-479d3d34b8c3ac52/out/build'
[INFO] [stderr]   /usr/bin/gmake  -f CMakeFiles/titan_build_version.dir/build.make CMakeFiles/titan_build_version.dir/build
[INFO] [stderr]   gmake[3]: Entering directory '/opt/rustwide/target/debug/build/libtitan_sys-479d3d34b8c3ac52/out/build'
[INFO] [stderr]   [  4%] Building CXX object CMakeFiles/titan_build_version.dir/titan_build_version.cc.o
[INFO] [stderr]   /usr/bin/c++ -DBZIP2 -DHAVE_PCLMUL -DHAVE_SSE42 -DLZ4 -DOS_LINUX -DROCKSDB_FALLOCATE_PRESENT -DROCKSDB_LIB_IO_POSIX -DROCKSDB_MALLOC_USABLE_SIZE -DROCKSDB_PLATFORM_POSIX -DROCKSDB_PTHREAD_ADAPTIVE_MUTEX -DROCKSDB_RANGESYNC_PRESENT -DROCKSDB_SCHED_GETCPU_PRESENT -DROCKSDB_SUPPORT_THREAD_LOCAL -DSNAPPY -DZLIB -DZSTD -I/opt/rustwide/target/debug/build/snappy-sys-ca7084fefad7d457/out/build -I/opt/rustwide/target/debug/build/bzip2-sys-17bbcfb59f245bdd/out/include -I/opt/rustwide/target/debug/build/lz4-sys-8828f9e38c8bae5b/out/include -I/opt/rustwide/target/debug/build/libz-sys-cbbcfba2f734ae8d/out/include -I/opt/rustwide/target/debug/build/zstd-sys-3cf3b083403cf37c/out/include -I/opt/rustwide/cargo-home/git/checkouts/rust-rocksdb-82ef6e5337b3fbe6/3cd18c4/librocksdb_sys/libtitan_sys/../rocksdb -I/opt/rustwide/cargo-home/git/checkouts/rust-rocksdb-82ef6e5337b3fbe6/3cd18c4/librocksdb_sys/libtitan_sys/../rocksdb/include -I/opt/rustwide/cargo-home/git/checkouts/rust-rocksdb-82ef6e5337b3fbe6/3cd18c4/librocksdb_sys/libtitan_sys/titan/include -I/opt/rustwide/cargo-home/git/checkouts/rust-rocksdb-82ef6e5337b3fbe6/3cd18c4/librocksdb_sys/libtitan_sys/titan/src -I/opt/rustwide/cargo-home/git/checkouts/rust-rocksdb-82ef6e5337b3fbe6/3cd18c4/librocksdb_sys/libtitan_sys/titan/util -ffunction-sections -fdata-sections -fPIC -m64 -W -Wextra -Wall -Wsign-compare -Wshadow -Wno-unused-parameter -Wno-unused-variable -Woverloaded-virtual -Wnon-virtual-dtor -Wno-missing-field-initializers -Wno-strict-aliasing -std=c++11 -march=native -Werror -fno-builtin-memcmp -g -DROCKSDB_USE_RTTI -MD -MT CMakeFiles/titan_build_version.dir/titan_build_version.cc.o -MF CMakeFiles/titan_build_version.dir/titan_build_version.cc.o.d -o CMakeFiles/titan_build_version.dir/titan_build_version.cc.o -c /opt/rustwide/target/debug/build/libtitan_sys-479d3d34b8c3ac52/out/build/titan_build_version.cc
[INFO] [stderr]   gmake[3]: Leaving directory '/opt/rustwide/target/debug/build/libtitan_sys-479d3d34b8c3ac52/out/build'
[INFO] [stderr]   [  4%] Built target titan_build_version
[INFO] [stderr]   /usr/bin/gmake  -f CMakeFiles/titan.dir/build.make CMakeFiles/titan.dir/depend
[INFO] [stderr]   gmake[3]: Entering directory '/opt/rustwide/target/debug/build/libtitan_sys-479d3d34b8c3ac52/out/build'
[INFO] [stderr]   cd /opt/rustwide/target/debug/build/libtitan_sys-479d3d34b8c3ac52/out/build && /usr/bin/cmake -E cmake_depends "Unix Makefiles" /opt/rustwide/cargo-home/git/checkouts/rust-rocksdb-82ef6e5337b3fbe6/3cd18c4/librocksdb_sys/libtitan_sys/titan /opt/rustwide/cargo-home/git/checkouts/rust-rocksdb-82ef6e5337b3fbe6/3cd18c4/librocksdb_sys/libtitan_sys/titan /opt/rustwide/target/debug/build/libtitan_sys-479d3d34b8c3ac52/out/build /opt/rustwide/target/debug/build/libtitan_sys-479d3d34b8c3ac52/out/build /opt/rustwide/target/debug/build/libtitan_sys-479d3d34b8c3ac52/out/build/CMakeFiles/titan.dir/DependInfo.cmake --color=
[INFO] [stderr]   gmake[3]: Leaving directory '/opt/rustwide/target/debug/build/libtitan_sys-479d3d34b8c3ac52/out/build'
[INFO] [stderr]   /usr/bin/gmake  -f CMakeFiles/titan.dir/build.make CMakeFiles/titan.dir/build
[INFO] [stderr]   gmake[3]: Entering directory '/opt/rustwide/target/debug/build/libtitan_sys-479d3d34b8c3ac52/out/build'
[INFO] [stderr]   [  8%] Building CXX object CMakeFiles/titan.dir/src/blob_file_iterator.cc.o
[INFO] [stderr]   [ 16%] Building CXX object CMakeFiles/titan.dir/src/blob_file_builder.cc.o
[INFO] [stderr]   [ 16%] Building CXX object CMakeFiles/titan.dir/src/base_db_listener.cc.o
[INFO] [stderr]   [ 20%] Building CXX object CMakeFiles/titan.dir/src/blob_file_cache.cc.o
[INFO] [stderr]   [ 25%] Building CXX object CMakeFiles/titan.dir/src/blob_file_size_collector.cc.o
[INFO] [stderr]   /usr/bin/c++ -DBZIP2 -DHAVE_PCLMUL -DHAVE_SSE42 -DLZ4 -DOS_LINUX -DROCKSDB_FALLOCATE_PRESENT -DROCKSDB_LIB_IO_POSIX -DROCKSDB_MALLOC_USABLE_SIZE -DROCKSDB_PLATFORM_POSIX -DROCKSDB_PTHREAD_ADAPTIVE_MUTEX -DROCKSDB_RANGESYNC_PRESENT -DROCKSDB_SCHED_GETCPU_PRESENT -DROCKSDB_SUPPORT_THREAD_LOCAL -DSNAPPY -DZLIB -DZSTD -I/opt/rustwide/target/debug/build/snappy-sys-ca7084fefad7d457/out/build -I/opt/rustwide/target/debug/build/bzip2-sys-17bbcfb59f245bdd/out/include -I/opt/rustwide/target/debug/build/lz4-sys-8828f9e38c8bae5b/out/include -I/opt/rustwide/target/debug/build/libz-sys-cbbcfba2f734ae8d/out/include -I/opt/rustwide/target/debug/build/zstd-sys-3cf3b083403cf37c/out/include -I/opt/rustwide/cargo-home/git/checkouts/rust-rocksdb-82ef6e5337b3fbe6/3cd18c4/librocksdb_sys/libtitan_sys/../rocksdb -I/opt/rustwide/cargo-home/git/checkouts/rust-rocksdb-82ef6e5337b3fbe6/3cd18c4/librocksdb_sys/libtitan_sys/../rocksdb/include -I/opt/rustwide/cargo-home/git/checkouts/rust-rocksdb-82ef6e5337b3fbe6/3cd18c4/librocksdb_sys/libtitan_sys/titan/include -I/opt/rustwide/cargo-home/git/checkouts/rust-rocksdb-82ef6e5337b3fbe6/3cd18c4/librocksdb_sys/libtitan_sys/titan/src -I/opt/rustwide/cargo-home/git/checkouts/rust-rocksdb-82ef6e5337b3fbe6/3cd18c4/librocksdb_sys/libtitan_sys/titan/util -ffunction-sections -fdata-sections -fPIC -m64 -W -Wextra -Wall -Wsign-compare -Wshadow -Wno-unused-parameter -Wno-unused-variable -Woverloaded-virtual -Wnon-virtual-dtor -Wno-missing-field-initializers -Wno-strict-aliasing -std=c++11 -march=native -Werror -fno-builtin-memcmp -g -DROCKSDB_USE_RTTI -MD -MT CMakeFiles/titan.dir/src/blob_file_iterator.cc.o -MF CMakeFiles/titan.dir/src/blob_file_iterator.cc.o.d -o CMakeFiles/titan.dir/src/blob_file_iterator.cc.o -c /opt/rustwide/cargo-home/git/checkouts/rust-rocksdb-82ef6e5337b3fbe6/3cd18c4/librocksdb_sys/libtitan_sys/titan/src/blob_file_iterator.cc
[INFO] [stderr]   [ 33%] Building CXX object CMakeFiles/titan.dir/src/blob_file_reader.cc.o
[INFO] [stderr]   [ 33%] Building CXX object CMakeFiles/titan.dir/src/blob_file_set.cc.o
[INFO] [stderr]   /usr/bin/c++ -DBZIP2 -DHAVE_PCLMUL -DHAVE_SSE42 -DLZ4 -DOS_LINUX -DROCKSDB_FALLOCATE_PRESENT -DROCKSDB_LIB_IO_POSIX -DROCKSDB_MALLOC_USABLE_SIZE -DROCKSDB_PLATFORM_POSIX -DROCKSDB_PTHREAD_ADAPTIVE_MUTEX -DROCKSDB_RANGESYNC_PRESENT -DROCKSDB_SCHED_GETCPU_PRESENT -DROCKSDB_SUPPORT_THREAD_LOCAL -DSNAPPY -DZLIB -DZSTD -I/opt/rustwide/target/debug/build/snappy-sys-ca7084fefad7d457/out/build -I/opt/rustwide/target/debug/build/bzip2-sys-17bbcfb59f245bdd/out/include -I/opt/rustwide/target/debug/build/lz4-sys-8828f9e38c8bae5b/out/include -I/opt/rustwide/target/debug/build/libz-sys-cbbcfba2f734ae8d/out/include -I/opt/rustwide/target/debug/build/zstd-sys-3cf3b083403cf37c/out/include -I/opt/rustwide/cargo-home/git/checkouts/rust-rocksdb-82ef6e5337b3fbe6/3cd18c4/librocksdb_sys/libtitan_sys/../rocksdb -I/opt/rustwide/cargo-home/git/checkouts/rust-rocksdb-82ef6e5337b3fbe6/3cd18c4/librocksdb_sys/libtitan_sys/../rocksdb/include -I/opt/rustwide/cargo-home/git/checkouts/rust-rocksdb-82ef6e5337b3fbe6/3cd18c4/librocksdb_sys/libtitan_sys/titan/include -I/opt/rustwide/cargo-home/git/checkouts/rust-rocksdb-82ef6e5337b3fbe6/3cd18c4/librocksdb_sys/libtitan_sys/titan/src -I/opt/rustwide/cargo-home/git/checkouts/rust-rocksdb-82ef6e5337b3fbe6/3cd18c4/librocksdb_sys/libtitan_sys/titan/util -ffunction-sections -fdata-sections -fPIC -m64 -W -Wextra -Wall -Wsign-compare -Wshadow -Wno-unused-parameter -Wno-unused-variable -Woverloaded-virtual -Wnon-virtual-dtor -Wno-missing-field-initializers -Wno-strict-aliasing -std=c++11 -march=native -Werror -fno-builtin-memcmp -g -DROCKSDB_USE_RTTI -MD -MT CMakeFiles/titan.dir/src/base_db_listener.cc.o -MF CMakeFiles/titan.dir/src/base_db_listener.cc.o.d -o CMakeFiles/titan.dir/src/base_db_listener.cc.o -c /opt/rustwide/cargo-home/git/checkouts/rust-rocksdb-82ef6e5337b3fbe6/3cd18c4/librocksdb_sys/libtitan_sys/titan/src/base_db_listener.cc
[INFO] [stderr]   /usr/bin/c++ -DBZIP2 -DHAVE_PCLMUL -DHAVE_SSE42 -DLZ4 -DOS_LINUX -DROCKSDB_FALLOCATE_PRESENT -DROCKSDB_LIB_IO_POSIX -DROCKSDB_MALLOC_USABLE_SIZE -DROCKSDB_PLATFORM_POSIX -DROCKSDB_PTHREAD_ADAPTIVE_MUTEX -DROCKSDB_RANGESYNC_PRESENT -DROCKSDB_SCHED_GETCPU_PRESENT -DROCKSDB_SUPPORT_THREAD_LOCAL -DSNAPPY -DZLIB -DZSTD -I/opt/rustwide/target/debug/build/snappy-sys-ca7084fefad7d457/out/build -I/opt/rustwide/target/debug/build/bzip2-sys-17bbcfb59f245bdd/out/include -I/opt/rustwide/target/debug/build/lz4-sys-8828f9e38c8bae5b/out/include -I/opt/rustwide/target/debug/build/libz-sys-cbbcfba2f734ae8d/out/include -I/opt/rustwide/target/debug/build/zstd-sys-3cf3b083403cf37c/out/include -I/opt/rustwide/cargo-home/git/checkouts/rust-rocksdb-82ef6e5337b3fbe6/3cd18c4/librocksdb_sys/libtitan_sys/../rocksdb -I/opt/rustwide/cargo-home/git/checkouts/rust-rocksdb-82ef6e5337b3fbe6/3cd18c4/librocksdb_sys/libtitan_sys/../rocksdb/include -I/opt/rustwide/cargo-home/git/checkouts/rust-rocksdb-82ef6e5337b3fbe6/3cd18c4/librocksdb_sys/libtitan_sys/titan/include -I/opt/rustwide/cargo-home/git/checkouts/rust-rocksdb-82ef6e5337b3fbe6/3cd18c4/librocksdb_sys/libtitan_sys/titan/src -I/opt/rustwide/cargo-home/git/checkouts/rust-rocksdb-82ef6e5337b3fbe6/3cd18c4/librocksdb_sys/libtitan_sys/titan/util -ffunction-sections -fdata-sections -fPIC -m64 -W -Wextra -Wall -Wsign-compare -Wshadow -Wno-unused-parameter -Wno-unused-variable -Woverloaded-virtual -Wnon-virtual-dtor -Wno-missing-field-initializers -Wno-strict-aliasing -std=c++11 -march=native -Werror -fno-builtin-memcmp -g -DROCKSDB_USE_RTTI -MD -MT CMakeFiles/titan.dir/src/blob_file_builder.cc.o -MF CMakeFiles/titan.dir/src/blob_file_builder.cc.o.d -o CMakeFiles/titan.dir/src/blob_file_builder.cc.o -c /opt/rustwide/cargo-home/git/checkouts/rust-rocksdb-82ef6e5337b3fbe6/3cd18c4/librocksdb_sys/libtitan_sys/titan/src/blob_file_builder.cc
[INFO] [stderr]   /usr/bin/c++ -DBZIP2 -DHAVE_PCLMUL -DHAVE_SSE42 -DLZ4 -DOS_LINUX -DROCKSDB_FALLOCATE_PRESENT -DROCKSDB_LIB_IO_POSIX -DROCKSDB_MALLOC_USABLE_SIZE -DROCKSDB_PLATFORM_POSIX -DROCKSDB_PTHREAD_ADAPTIVE_MUTEX -DROCKSDB_RANGESYNC_PRESENT -DROCKSDB_SCHED_GETCPU_PRESENT -DROCKSDB_SUPPORT_THREAD_LOCAL -DSNAPPY -DZLIB -DZSTD -I/opt/rustwide/target/debug/build/snappy-sys-ca7084fefad7d457/out/build -I/opt/rustwide/target/debug/build/bzip2-sys-17bbcfb59f245bdd/out/include -I/opt/rustwide/target/debug/build/lz4-sys-8828f9e38c8bae5b/out/include -I/opt/rustwide/target/debug/build/libz-sys-cbbcfba2f734ae8d/out/include -I/opt/rustwide/target/debug/build/zstd-sys-3cf3b083403cf37c/out/include -I/opt/rustwide/cargo-home/git/checkouts/rust-rocksdb-82ef6e5337b3fbe6/3cd18c4/librocksdb_sys/libtitan_sys/../rocksdb -I/opt/rustwide/cargo-home/git/checkouts/rust-rocksdb-82ef6e5337b3fbe6/3cd18c4/librocksdb_sys/libtitan_sys/../rocksdb/include -I/opt/rustwide/cargo-home/git/checkouts/rust-rocksdb-82ef6e5337b3fbe6/3cd18c4/librocksdb_sys/libtitan_sys/titan/include -I/opt/rustwide/cargo-home/git/checkouts/rust-rocksdb-82ef6e5337b3fbe6/3cd18c4/librocksdb_sys/libtitan_sys/titan/src -I/opt/rustwide/cargo-home/git/checkouts/rust-rocksdb-82ef6e5337b3fbe6/3cd18c4/librocksdb_sys/libtitan_sys/titan/util -ffunction-sections -fdata-sections -fPIC -m64 -W -Wextra -Wall -Wsign-compare -Wshadow -Wno-unused-parameter -Wno-unused-variable -Woverloaded-virtual -Wnon-virtual-dtor -Wno-missing-field-initializers -Wno-strict-aliasing -std=c++11 -march=native -Werror -fno-builtin-memcmp -g -DROCKSDB_USE_RTTI -MD -MT CMakeFiles/titan.dir/src/blob_file_cache.cc.o -MF CMakeFiles/titan.dir/src/blob_file_cache.cc.o.d -o CMakeFiles/titan.dir/src/blob_file_cache.cc.o -c /opt/rustwide/cargo-home/git/checkouts/rust-rocksdb-82ef6e5337b3fbe6/3cd18c4/librocksdb_sys/libtitan_sys/titan/src/blob_file_cache.cc
[INFO] [stderr]   /usr/bin/c++ -DBZIP2 -DHAVE_PCLMUL -DHAVE_SSE42 -DLZ4 -DOS_LINUX -DROCKSDB_FALLOCATE_PRESENT -DROCKSDB_LIB_IO_POSIX -DROCKSDB_MALLOC_USABLE_SIZE -DROCKSDB_PLATFORM_POSIX -DROCKSDB_PTHREAD_ADAPTIVE_MUTEX -DROCKSDB_RANGESYNC_PRESENT -DROCKSDB_SCHED_GETCPU_PRESENT -DROCKSDB_SUPPORT_THREAD_LOCAL -DSNAPPY -DZLIB -DZSTD -I/opt/rustwide/target/debug/build/snappy-sys-ca7084fefad7d457/out/build -I/opt/rustwide/target/debug/build/bzip2-sys-17bbcfb59f245bdd/out/include -I/opt/rustwide/target/debug/build/lz4-sys-8828f9e38c8bae5b/out/include -I/opt/rustwide/target/debug/build/libz-sys-cbbcfba2f734ae8d/out/include -I/opt/rustwide/target/debug/build/zstd-sys-3cf3b083403cf37c/out/include -I/opt/rustwide/cargo-home/git/checkouts/rust-rocksdb-82ef6e5337b3fbe6/3cd18c4/librocksdb_sys/libtitan_sys/../rocksdb -I/opt/rustwide/cargo-home/git/checkouts/rust-rocksdb-82ef6e5337b3fbe6/3cd18c4/librocksdb_sys/libtitan_sys/../rocksdb/include -I/opt/rustwide/cargo-home/git/checkouts/rust-rocksdb-82ef6e5337b3fbe6/3cd18c4/librocksdb_sys/libtitan_sys/titan/include -I/opt/rustwide/cargo-home/git/checkouts/rust-rocksdb-82ef6e5337b3fbe6/3cd18c4/librocksdb_sys/libtitan_sys/titan/src -I/opt/rustwide/cargo-home/git/checkouts/rust-rocksdb-82ef6e5337b3fbe6/3cd18c4/librocksdb_sys/libtitan_sys/titan/util -ffunction-sections -fdata-sections -fPIC -m64 -W -Wextra -Wall -Wsign-compare -Wshadow -Wno-unused-parameter -Wno-unused-variable -Woverloaded-virtual -Wnon-virtual-dtor -Wno-missing-field-initializers -Wno-strict-aliasing -std=c++11 -march=native -Werror -fno-builtin-memcmp -g -DROCKSDB_USE_RTTI -MD -MT CMakeFiles/titan.dir/src/blob_file_size_collector.cc.o -MF CMakeFiles/titan.dir/src/blob_file_size_collector.cc.o.d -o CMakeFiles/titan.dir/src/blob_file_size_collector.cc.o -c /opt/rustwide/cargo-home/git/checkouts/rust-rocksdb-82ef6e5337b3fbe6/3cd18c4/librocksdb_sys/libtitan_sys/titan/src/blob_file_size_collector.cc
[INFO] [stderr]   /usr/bin/c++ -DBZIP2 -DHAVE_PCLMUL -DHAVE_SSE42 -DLZ4 -DOS_LINUX -DROCKSDB_FALLOCATE_PRESENT -DROCKSDB_LIB_IO_POSIX -DROCKSDB_MALLOC_USABLE_SIZE -DROCKSDB_PLATFORM_POSIX -DROCKSDB_PTHREAD_ADAPTIVE_MUTEX -DROCKSDB_RANGESYNC_PRESENT -DROCKSDB_SCHED_GETCPU_PRESENT -DROCKSDB_SUPPORT_THREAD_LOCAL -DSNAPPY -DZLIB -DZSTD -I/opt/rustwide/target/debug/build/snappy-sys-ca7084fefad7d457/out/build -I/opt/rustwide/target/debug/build/bzip2-sys-17bbcfb59f245bdd/out/include -I/opt/rustwide/target/debug/build/lz4-sys-8828f9e38c8bae5b/out/include -I/opt/rustwide/target/debug/build/libz-sys-cbbcfba2f734ae8d/out/include -I/opt/rustwide/target/debug/build/zstd-sys-3cf3b083403cf37c/out/include -I/opt/rustwide/cargo-home/git/checkouts/rust-rocksdb-82ef6e5337b3fbe6/3cd18c4/librocksdb_sys/libtitan_sys/../rocksdb -I/opt/rustwide/cargo-home/git/checkouts/rust-rocksdb-82ef6e5337b3fbe6/3cd18c4/librocksdb_sys/libtitan_sys/../rocksdb/include -I/opt/rustwide/cargo-home/git/checkouts/rust-rocksdb-82ef6e5337b3fbe6/3cd18c4/librocksdb_sys/libtitan_sys/titan/include -I/opt/rustwide/cargo-home/git/checkouts/rust-rocksdb-82ef6e5337b3fbe6/3cd18c4/librocksdb_sys/libtitan_sys/titan/src -I/opt/rustwide/cargo-home/git/checkouts/rust-rocksdb-82ef6e5337b3fbe6/3cd18c4/librocksdb_sys/libtitan_sys/titan/util -ffunction-sections -fdata-sections -fPIC -m64 -W -Wextra -Wall -Wsign-compare -Wshadow -Wno-unused-parameter -Wno-unused-variable -Woverloaded-virtual -Wnon-virtual-dtor -Wno-missing-field-initializers -Wno-strict-aliasing -std=c++11 -march=native -Werror -fno-builtin-memcmp -g -DROCKSDB_USE_RTTI -MD -MT CMakeFiles/titan.dir/src/blob_file_reader.cc.o -MF CMakeFiles/titan.dir/src/blob_file_reader.cc.o.d -o CMakeFiles/titan.dir/src/blob_file_reader.cc.o -c /opt/rustwide/cargo-home/git/checkouts/rust-rocksdb-82ef6e5337b3fbe6/3cd18c4/librocksdb_sys/libtitan_sys/titan/src/blob_file_reader.cc
[INFO] [stderr]   /usr/bin/c++ -DBZIP2 -DHAVE_PCLMUL -DHAVE_SSE42 -DLZ4 -DOS_LINUX -DROCKSDB_FALLOCATE_PRESENT -DROCKSDB_LIB_IO_POSIX -DROCKSDB_MALLOC_USABLE_SIZE -DROCKSDB_PLATFORM_POSIX -DROCKSDB_PTHREAD_ADAPTIVE_MUTEX -DROCKSDB_RANGESYNC_PRESENT -DROCKSDB_SCHED_GETCPU_PRESENT -DROCKSDB_SUPPORT_THREAD_LOCAL -DSNAPPY -DZLIB -DZSTD -I/opt/rustwide/target/debug/build/snappy-sys-ca7084fefad7d457/out/build -I/opt/rustwide/target/debug/build/bzip2-sys-17bbcfb59f245bdd/out/include -I/opt/rustwide/target/debug/build/lz4-sys-8828f9e38c8bae5b/out/include -I/opt/rustwide/target/debug/build/libz-sys-cbbcfba2f734ae8d/out/include -I/opt/rustwide/target/debug/build/zstd-sys-3cf3b083403cf37c/out/include -I/opt/rustwide/cargo-home/git/checkouts/rust-rocksdb-82ef6e5337b3fbe6/3cd18c4/librocksdb_sys/libtitan_sys/../rocksdb -I/opt/rustwide/cargo-home/git/checkouts/rust-rocksdb-82ef6e5337b3fbe6/3cd18c4/librocksdb_sys/libtitan_sys/../rocksdb/include -I/opt/rustwide/cargo-home/git/checkouts/rust-rocksdb-82ef6e5337b3fbe6/3cd18c4/librocksdb_sys/libtitan_sys/titan/include -I/opt/rustwide/cargo-home/git/checkouts/rust-rocksdb-82ef6e5337b3fbe6/3cd18c4/librocksdb_sys/libtitan_sys/titan/src -I/opt/rustwide/cargo-home/git/checkouts/rust-rocksdb-82ef6e5337b3fbe6/3cd18c4/librocksdb_sys/libtitan_sys/titan/util -ffunction-sections -fdata-sections -fPIC -m64 -W -Wextra -Wall -Wsign-compare -Wshadow -Wno-unused-parameter -Wno-unused-variable -Woverloaded-virtual -Wnon-virtual-dtor -Wno-missing-field-initializers -Wno-strict-aliasing -std=c++11 -march=native -Werror -fno-builtin-memcmp -g -DROCKSDB_USE_RTTI -MD -MT CMakeFiles/titan.dir/src/blob_file_set.cc.o -MF CMakeFiles/titan.dir/src/blob_file_set.cc.o.d -o CMakeFiles/titan.dir/src/blob_file_set.cc.o -c /opt/rustwide/cargo-home/git/checkouts/rust-rocksdb-82ef6e5337b3fbe6/3cd18c4/librocksdb_sys/libtitan_sys/titan/src/blob_file_set.cc
[INFO] [stderr]   [ 37%] Building CXX object CMakeFiles/titan.dir/src/blob_gc.cc.o
[INFO] [stderr]   [ 41%] Building CXX object CMakeFiles/titan.dir/src/blob_gc_job.cc.o
[INFO] [stderr]   [ 45%] Building CXX object CMakeFiles/titan.dir/src/blob_gc_picker.cc.o
[INFO] [stderr]   [ 50%] Building CXX object CMakeFiles/titan.dir/src/db.cc.o
[INFO] [stderr]   [ 54%] Building CXX object CMakeFiles/titan.dir/src/blob_storage.cc.o
[INFO] [stderr]   /usr/bin/c++ -DBZIP2 -DHAVE_PCLMUL -DHAVE_SSE42 -DLZ4 -DOS_LINUX -DROCKSDB_FALLOCATE_PRESENT -DROCKSDB_LIB_IO_POSIX -DROCKSDB_MALLOC_USABLE_SIZE -DROCKSDB_PLATFORM_POSIX -DROCKSDB_PTHREAD_ADAPTIVE_MUTEX -DROCKSDB_RANGESYNC_PRESENT -DROCKSDB_SCHED_GETCPU_PRESENT -DROCKSDB_SUPPORT_THREAD_LOCAL -DSNAPPY -DZLIB -DZSTD -I/opt/rustwide/target/debug/build/snappy-sys-ca7084fefad7d457/out/build -I/opt/rustwide/target/debug/build/bzip2-sys-17bbcfb59f245bdd/out/include -I/opt/rustwide/target/debug/build/lz4-sys-8828f9e38c8bae5b/out/include -I/opt/rustwide/target/debug/build/libz-sys-cbbcfba2f734ae8d/out/include -I/opt/rustwide/target/debug/build/zstd-sys-3cf3b083403cf37c/out/include -I/opt/rustwide/cargo-home/git/checkouts/rust-rocksdb-82ef6e5337b3fbe6/3cd18c4/librocksdb_sys/libtitan_sys/../rocksdb -I/opt/rustwide/cargo-home/git/checkouts/rust-rocksdb-82ef6e5337b3fbe6/3cd18c4/librocksdb_sys/libtitan_sys/../rocksdb/include -I/opt/rustwide/cargo-home/git/checkouts/rust-rocksdb-82ef6e5337b3fbe6/3cd18c4/librocksdb_sys/libtitan_sys/titan/include -I/opt/rustwide/cargo-home/git/checkouts/rust-rocksdb-82ef6e5337b3fbe6/3cd18c4/librocksdb_sys/libtitan_sys/titan/src -I/opt/rustwide/cargo-home/git/checkouts/rust-rocksdb-82ef6e5337b3fbe6/3cd18c4/librocksdb_sys/libtitan_sys/titan/util -ffunction-sections -fdata-sections -fPIC -m64 -W -Wextra -Wall -Wsign-compare -Wshadow -Wno-unused-parameter -Wno-unused-variable -Woverloaded-virtual -Wnon-virtual-dtor -Wno-missing-field-initializers -Wno-strict-aliasing -std=c++11 -march=native -Werror -fno-builtin-memcmp -g -DROCKSDB_USE_RTTI -MD -MT CMakeFiles/titan.dir/src/blob_gc.cc.o -MF CMakeFiles/titan.dir/src/blob_gc.cc.o.d -o CMakeFiles/titan.dir/src/blob_gc.cc.o -c /opt/rustwide/cargo-home/git/checkouts/rust-rocksdb-82ef6e5337b3fbe6/3cd18c4/librocksdb_sys/libtitan_sys/titan/src/blob_gc.cc
[INFO] [stderr]   /usr/bin/c++ -DBZIP2 -DHAVE_PCLMUL -DHAVE_SSE42 -DLZ4 -DOS_LINUX -DROCKSDB_FALLOCATE_PRESENT -DROCKSDB_LIB_IO_POSIX -DROCKSDB_MALLOC_USABLE_SIZE -DROCKSDB_PLATFORM_POSIX -DROCKSDB_PTHREAD_ADAPTIVE_MUTEX -DROCKSDB_RANGESYNC_PRESENT -DROCKSDB_SCHED_GETCPU_PRESENT -DROCKSDB_SUPPORT_THREAD_LOCAL -DSNAPPY -DZLIB -DZSTD -I/opt/rustwide/target/debug/build/snappy-sys-ca7084fefad7d457/out/build -I/opt/rustwide/target/debug/build/bzip2-sys-17bbcfb59f245bdd/out/include -I/opt/rustwide/target/debug/build/lz4-sys-8828f9e38c8bae5b/out/include -I/opt/rustwide/target/debug/build/libz-sys-cbbcfba2f734ae8d/out/include -I/opt/rustwide/target/debug/build/zstd-sys-3cf3b083403cf37c/out/include -I/opt/rustwide/cargo-home/git/checkouts/rust-rocksdb-82ef6e5337b3fbe6/3cd18c4/librocksdb_sys/libtitan_sys/../rocksdb -I/opt/rustwide/cargo-home/git/checkouts/rust-rocksdb-82ef6e5337b3fbe6/3cd18c4/librocksdb_sys/libtitan_sys/../rocksdb/include -I/opt/rustwide/cargo-home/git/checkouts/rust-rocksdb-82ef6e5337b3fbe6/3cd18c4/librocksdb_sys/libtitan_sys/titan/include -I/opt/rustwide/cargo-home/git/checkouts/rust-rocksdb-82ef6e5337b3fbe6/3cd18c4/librocksdb_sys/libtitan_sys/titan/src -I/opt/rustwide/cargo-home/git/checkouts/rust-rocksdb-82ef6e5337b3fbe6/3cd18c4/librocksdb_sys/libtitan_sys/titan/util -ffunction-sections -fdata-sections -fPIC -m64 -W -Wextra -Wall -Wsign-compare -Wshadow -Wno-unused-parameter -Wno-unused-variable -Woverloaded-virtual -Wnon-virtual-dtor -Wno-missing-field-initializers -Wno-strict-aliasing -std=c++11 -march=native -Werror -fno-builtin-memcmp -g -DROCKSDB_USE_RTTI -MD -MT CMakeFiles/titan.dir/src/blob_gc_job.cc.o -MF CMakeFiles/titan.dir/src/blob_gc_job.cc.o.d -o CMakeFiles/titan.dir/src/blob_gc_job.cc.o -c /opt/rustwide/cargo-home/git/checkouts/rust-rocksdb-82ef6e5337b3fbe6/3cd18c4/librocksdb_sys/libtitan_sys/titan/src/blob_gc_job.cc
[INFO] [stderr]   /usr/bin/c++ -DBZIP2 -DHAVE_PCLMUL -DHAVE_SSE42 -DLZ4 -DOS_LINUX -DROCKSDB_FALLOCATE_PRESENT -DROCKSDB_LIB_IO_POSIX -DROCKSDB_MALLOC_USABLE_SIZE -DROCKSDB_PLATFORM_POSIX -DROCKSDB_PTHREAD_ADAPTIVE_MUTEX -DROCKSDB_RANGESYNC_PRESENT -DROCKSDB_SCHED_GETCPU_PRESENT -DROCKSDB_SUPPORT_THREAD_LOCAL -DSNAPPY -DZLIB -DZSTD -I/opt/rustwide/target/debug/build/snappy-sys-ca7084fefad7d457/out/build -I/opt/rustwide/target/debug/build/bzip2-sys-17bbcfb59f245bdd/out/include -I/opt/rustwide/target/debug/build/lz4-sys-8828f9e38c8bae5b/out/include -I/opt/rustwide/target/debug/build/libz-sys-cbbcfba2f734ae8d/out/include -I/opt/rustwide/target/debug/build/zstd-sys-3cf3b083403cf37c/out/include -I/opt/rustwide/cargo-home/git/checkouts/rust-rocksdb-82ef6e5337b3fbe6/3cd18c4/librocksdb_sys/libtitan_sys/../rocksdb -I/opt/rustwide/cargo-home/git/checkouts/rust-rocksdb-82ef6e5337b3fbe6/3cd18c4/librocksdb_sys/libtitan_sys/../rocksdb/include -I/opt/rustwide/cargo-home/git/checkouts/rust-rocksdb-82ef6e5337b3fbe6/3cd18c4/librocksdb_sys/libtitan_sys/titan/include -I/opt/rustwide/cargo-home/git/checkouts/rust-rocksdb-82ef6e5337b3fbe6/3cd18c4/librocksdb_sys/libtitan_sys/titan/src -I/opt/rustwide/cargo-home/git/checkouts/rust-rocksdb-82ef6e5337b3fbe6/3cd18c4/librocksdb_sys/libtitan_sys/titan/util -ffunction-sections -fdata-sections -fPIC -m64 -W -Wextra -Wall -Wsign-compare -Wshadow -Wno-unused-parameter -Wno-unused-variable -Woverloaded-virtual -Wnon-virtual-dtor -Wno-missing-field-initializers -Wno-strict-aliasing -std=c++11 -march=native -Werror -fno-builtin-memcmp -g -DROCKSDB_USE_RTTI -MD -MT CMakeFiles/titan.dir/src/blob_gc_picker.cc.o -MF CMakeFiles/titan.dir/src/blob_gc_picker.cc.o.d -o CMakeFiles/titan.dir/src/blob_gc_picker.cc.o -c /opt/rustwide/cargo-home/git/checkouts/rust-rocksdb-82ef6e5337b3fbe6/3cd18c4/librocksdb_sys/libtitan_sys/titan/src/blob_gc_picker.cc
[INFO] [stderr]   /usr/bin/c++ -DBZIP2 -DHAVE_PCLMUL -DHAVE_SSE42 -DLZ4 -DOS_LINUX -DROCKSDB_FALLOCATE_PRESENT -DROCKSDB_LIB_IO_POSIX -DROCKSDB_MALLOC_USABLE_SIZE -DROCKSDB_PLATFORM_POSIX -DROCKSDB_PTHREAD_ADAPTIVE_MUTEX -DROCKSDB_RANGESYNC_PRESENT -DROCKSDB_SCHED_GETCPU_PRESENT -DROCKSDB_SUPPORT_THREAD_LOCAL -DSNAPPY -DZLIB -DZSTD -I/opt/rustwide/target/debug/build/snappy-sys-ca7084fefad7d457/out/build -I/opt/rustwide/target/debug/build/bzip2-sys-17bbcfb59f245bdd/out/include -I/opt/rustwide/target/debug/build/lz4-sys-8828f9e38c8bae5b/out/include -I/opt/rustwide/target/debug/build/libz-sys-cbbcfba2f734ae8d/out/include -I/opt/rustwide/target/debug/build/zstd-sys-3cf3b083403cf37c/out/include -I/opt/rustwide/cargo-home/git/checkouts/rust-rocksdb-82ef6e5337b3fbe6/3cd18c4/librocksdb_sys/libtitan_sys/../rocksdb -I/opt/rustwide/cargo-home/git/checkouts/rust-rocksdb-82ef6e5337b3fbe6/3cd18c4/librocksdb_sys/libtitan_sys/../rocksdb/include -I/opt/rustwide/cargo-home/git/checkouts/rust-rocksdb-82ef6e5337b3fbe6/3cd18c4/librocksdb_sys/libtitan_sys/titan/include -I/opt/rustwide/cargo-home/git/checkouts/rust-rocksdb-82ef6e5337b3fbe6/3cd18c4/librocksdb_sys/libtitan_sys/titan/src -I/opt/rustwide/cargo-home/git/checkouts/rust-rocksdb-82ef6e5337b3fbe6/3cd18c4/librocksdb_sys/libtitan_sys/titan/util -ffunction-sections -fdata-sections -fPIC -m64 -W -Wextra -Wall -Wsign-compare -Wshadow -Wno-unused-parameter -Wno-unused-variable -Woverloaded-virtual -Wnon-virtual-dtor -Wno-missing-field-initializers -Wno-strict-aliasing -std=c++11 -march=native -Werror -fno-builtin-memcmp -g -DROCKSDB_USE_RTTI -MD -MT CMakeFiles/titan.dir/src/db.cc.o -MF CMakeFiles/titan.dir/src/db.cc.o.d -o CMakeFiles/titan.dir/src/db.cc.o -c /opt/rustwide/cargo-home/git/checkouts/rust-rocksdb-82ef6e5337b3fbe6/3cd18c4/librocksdb_sys/libtitan_sys/titan/src/db.cc
[INFO] [stderr]   [ 58%] Building CXX object CMakeFiles/titan.dir/src/blob_format.cc.o
[INFO] [stderr]   /usr/bin/c++ -DBZIP2 -DHAVE_PCLMUL -DHAVE_SSE42 -DLZ4 -DOS_LINUX -DROCKSDB_FALLOCATE_PRESENT -DROCKSDB_LIB_IO_POSIX -DROCKSDB_MALLOC_USABLE_SIZE -DROCKSDB_PLATFORM_POSIX -DROCKSDB_PTHREAD_ADAPTIVE_MUTEX -DROCKSDB_RANGESYNC_PRESENT -DROCKSDB_SCHED_GETCPU_PRESENT -DROCKSDB_SUPPORT_THREAD_LOCAL -DSNAPPY -DZLIB -DZSTD -I/opt/rustwide/target/debug/build/snappy-sys-ca7084fefad7d457/out/build -I/opt/rustwide/target/debug/build/bzip2-sys-17bbcfb59f245bdd/out/include -I/opt/rustwide/target/debug/build/lz4-sys-8828f9e38c8bae5b/out/include -I/opt/rustwide/target/debug/build/libz-sys-cbbcfba2f734ae8d/out/include -I/opt/rustwide/target/debug/build/zstd-sys-3cf3b083403cf37c/out/include -I/opt/rustwide/cargo-home/git/checkouts/rust-rocksdb-82ef6e5337b3fbe6/3cd18c4/librocksdb_sys/libtitan_sys/../rocksdb -I/opt/rustwide/cargo-home/git/checkouts/rust-rocksdb-82ef6e5337b3fbe6/3cd18c4/librocksdb_sys/libtitan_sys/../rocksdb/include -I/opt/rustwide/cargo-home/git/checkouts/rust-rocksdb-82ef6e5337b3fbe6/3cd18c4/librocksdb_sys/libtitan_sys/titan/include -I/opt/rustwide/cargo-home/git/checkouts/rust-rocksdb-82ef6e5337b3fbe6/3cd18c4/librocksdb_sys/libtitan_sys/titan/src -I/opt/rustwide/cargo-home/git/checkouts/rust-rocksdb-82ef6e5337b3fbe6/3cd18c4/librocksdb_sys/libtitan_sys/titan/util -ffunction-sections -fdata-sections -fPIC -m64 -W -Wextra -Wall -Wsign-compare -Wshadow -Wno-unused-parameter -Wno-unused-variable -Woverloaded-virtual -Wnon-virtual-dtor -Wno-missing-field-initializers -Wno-strict-aliasing -std=c++11 -march=native -Werror -fno-builtin-memcmp -g -DROCKSDB_USE_RTTI -MD -MT CMakeFiles/titan.dir/src/blob_storage.cc.o -MF CMakeFiles/titan.dir/src/blob_storage.cc.o.d -o CMakeFiles/titan.dir/src/blob_storage.cc.o -c /opt/rustwide/cargo-home/git/checkouts/rust-rocksdb-82ef6e5337b3fbe6/3cd18c4/librocksdb_sys/libtitan_sys/titan/src/blob_storage.cc
[INFO] [stderr]   /usr/bin/c++ -DBZIP2 -DHAVE_PCLMUL -DHAVE_SSE42 -DLZ4 -DOS_LINUX -DROCKSDB_FALLOCATE_PRESENT -DROCKSDB_LIB_IO_POSIX -DROCKSDB_MALLOC_USABLE_SIZE -DROCKSDB_PLATFORM_POSIX -DROCKSDB_PTHREAD_ADAPTIVE_MUTEX -DROCKSDB_RANGESYNC_PRESENT -DROCKSDB_SCHED_GETCPU_PRESENT -DROCKSDB_SUPPORT_THREAD_LOCAL -DSNAPPY -DZLIB -DZSTD -I/opt/rustwide/target/debug/build/snappy-sys-ca7084fefad7d457/out/build -I/opt/rustwide/target/debug/build/bzip2-sys-17bbcfb59f245bdd/out/include -I/opt/rustwide/target/debug/build/lz4-sys-8828f9e38c8bae5b/out/include -I/opt/rustwide/target/debug/build/libz-sys-cbbcfba2f734ae8d/out/include -I/opt/rustwide/target/debug/build/zstd-sys-3cf3b083403cf37c/out/include -I/opt/rustwide/cargo-home/git/checkouts/rust-rocksdb-82ef6e5337b3fbe6/3cd18c4/librocksdb_sys/libtitan_sys/../rocksdb -I/opt/rustwide/cargo-home/git/checkouts/rust-rocksdb-82ef6e5337b3fbe6/3cd18c4/librocksdb_sys/libtitan_sys/../rocksdb/include -I/opt/rustwide/cargo-home/git/checkouts/rust-rocksdb-82ef6e5337b3fbe6/3cd18c4/librocksdb_sys/libtitan_sys/titan/include -I/opt/rustwide/cargo-home/git/checkouts/rust-rocksdb-82ef6e5337b3fbe6/3cd18c4/librocksdb_sys/libtitan_sys/titan/src -I/opt/rustwide/cargo-home/git/checkouts/rust-rocksdb-82ef6e5337b3fbe6/3cd18c4/librocksdb_sys/libtitan_sys/titan/util -ffunction-sections -fdata-sections -fPIC -m64 -W -Wextra -Wall -Wsign-compare -Wshadow -Wno-unused-parameter -Wno-unused-variable -Woverloaded-virtual -Wnon-virtual-dtor -Wno-missing-field-initializers -Wno-strict-aliasing -std=c++11 -march=native -Werror -fno-builtin-memcmp -g -DROCKSDB_USE_RTTI -MD -MT CMakeFiles/titan.dir/src/blob_format.cc.o -MF CMakeFiles/titan.dir/src/blob_format.cc.o.d -o CMakeFiles/titan.dir/src/blob_format.cc.o -c /opt/rustwide/cargo-home/git/checkouts/rust-rocksdb-82ef6e5337b3fbe6/3cd18c4/librocksdb_sys/libtitan_sys/titan/src/blob_format.cc
[INFO] [stderr]   [ 66%] Building CXX object CMakeFiles/titan.dir/src/db_impl.cc.o
[INFO] [stderr]   [ 66%] Building CXX object CMakeFiles/titan.dir/src/db_impl_files.cc.o
[INFO] [stderr]   /usr/bin/c++ -DBZIP2 -DHAVE_PCLMUL -DHAVE_SSE42 -DLZ4 -DOS_LINUX -DROCKSDB_FALLOCATE_PRESENT -DROCKSDB_LIB_IO_POSIX -DROCKSDB_MALLOC_USABLE_SIZE -DROCKSDB_PLATFORM_POSIX -DROCKSDB_PTHREAD_ADAPTIVE_MUTEX -DROCKSDB_RANGESYNC_PRESENT -DROCKSDB_SCHED_GETCPU_PRESENT -DROCKSDB_SUPPORT_THREAD_LOCAL -DSNAPPY -DZLIB -DZSTD -I/opt/rustwide/target/debug/build/snappy-sys-ca7084fefad7d457/out/build -I/opt/rustwide/target/debug/build/bzip2-sys-17bbcfb59f245bdd/out/include -I/opt/rustwide/target/debug/build/lz4-sys-8828f9e38c8bae5b/out/include -I/opt/rustwide/target/debug/build/libz-sys-cbbcfba2f734ae8d/out/include -I/opt/rustwide/target/debug/build/zstd-sys-3cf3b083403cf37c/out/include -I/opt/rustwide/cargo-home/git/checkouts/rust-rocksdb-82ef6e5337b3fbe6/3cd18c4/librocksdb_sys/libtitan_sys/../rocksdb -I/opt/rustwide/cargo-home/git/checkouts/rust-rocksdb-82ef6e5337b3fbe6/3cd18c4/librocksdb_sys/libtitan_sys/../rocksdb/include -I/opt/rustwide/cargo-home/git/checkouts/rust-rocksdb-82ef6e5337b3fbe6/3cd18c4/librocksdb_sys/libtitan_sys/titan/include -I/opt/rustwide/cargo-home/git/checkouts/rust-rocksdb-82ef6e5337b3fbe6/3cd18c4/librocksdb_sys/libtitan_sys/titan/src -I/opt/rustwide/cargo-home/git/checkouts/rust-rocksdb-82ef6e5337b3fbe6/3cd18c4/librocksdb_sys/libtitan_sys/titan/util -ffunction-sections -fdata-sections -fPIC -m64 -W -Wextra -Wall -Wsign-compare -Wshadow -Wno-unused-parameter -Wno-unused-variable -Woverloaded-virtual -Wnon-virtual-dtor -Wno-missing-field-initializers -Wno-strict-aliasing -std=c++11 -march=native -Werror -fno-builtin-memcmp -g -DROCKSDB_USE_RTTI -MD -MT CMakeFiles/titan.dir/src/db_impl.cc.o -MF CMakeFiles/titan.dir/src/db_impl.cc.o.d -o CMakeFiles/titan.dir/src/db_impl.cc.o -c /opt/rustwide/cargo-home/git/checkouts/rust-rocksdb-82ef6e5337b3fbe6/3cd18c4/librocksdb_sys/libtitan_sys/titan/src/db_impl.cc
[INFO] [stderr]   /usr/bin/c++ -DBZIP2 -DHAVE_PCLMUL -DHAVE_SSE42 -DLZ4 -DOS_LINUX -DROCKSDB_FALLOCATE_PRESENT -DROCKSDB_LIB_IO_POSIX -DROCKSDB_MALLOC_USABLE_SIZE -DROCKSDB_PLATFORM_POSIX -DROCKSDB_PTHREAD_ADAPTIVE_MUTEX -DROCKSDB_RANGESYNC_PRESENT -DROCKSDB_SCHED_GETCPU_PRESENT -DROCKSDB_SUPPORT_THREAD_LOCAL -DSNAPPY -DZLIB -DZSTD -I/opt/rustwide/target/debug/build/snappy-sys-ca7084fefad7d457/out/build -I/opt/rustwide/target/debug/build/bzip2-sys-17bbcfb59f245bdd/out/include -I/opt/rustwide/target/debug/build/lz4-sys-8828f9e38c8bae5b/out/include -I/opt/rustwide/target/debug/build/libz-sys-cbbcfba2f734ae8d/out/include -I/opt/rustwide/target/debug/build/zstd-sys-3cf3b083403cf37c/out/include -I/opt/rustwide/cargo-home/git/checkouts/rust-rocksdb-82ef6e5337b3fbe6/3cd18c4/librocksdb_sys/libtitan_sys/../rocksdb -I/opt/rustwide/cargo-home/git/checkouts/rust-rocksdb-82ef6e5337b3fbe6/3cd18c4/librocksdb_sys/libtitan_sys/../rocksdb/include -I/opt/rustwide/cargo-home/git/checkouts/rust-rocksdb-82ef6e5337b3fbe6/3cd18c4/librocksdb_sys/libtitan_sys/titan/include -I/opt/rustwide/cargo-home/git/checkouts/rust-rocksdb-82ef6e5337b3fbe6/3cd18c4/librocksdb_sys/libtitan_sys/titan/src -I/opt/rustwide/cargo-home/git/checkouts/rust-rocksdb-82ef6e5337b3fbe6/3cd18c4/librocksdb_sys/libtitan_sys/titan/util -ffunction-sections -fdata-sections -fPIC -m64 -W -Wextra -Wall -Wsign-compare -Wshadow -Wno-unused-parameter -Wno-unused-variable -Woverloaded-virtual -Wnon-virtual-dtor -Wno-missing-field-initializers -Wno-strict-aliasing -std=c++11 -march=native -Werror -fno-builtin-memcmp -g -DROCKSDB_USE_RTTI -MD -MT CMakeFiles/titan.dir/src/db_impl_files.cc.o -MF CMakeFiles/titan.dir/src/db_impl_files.cc.o.d -o CMakeFiles/titan.dir/src/db_impl_files.cc.o -c /opt/rustwide/cargo-home/git/checkouts/rust-rocksdb-82ef6e5337b3fbe6/3cd18c4/librocksdb_sys/libtitan_sys/titan/src/db_impl_files.cc
[INFO] [stderr]   gmake[3]: Leaving directory '/opt/rustwide/target/debug/build/libtitan_sys-479d3d34b8c3ac52/out/build'
[INFO] [stderr]   gmake[2]: Leaving directory '/opt/rustwide/target/debug/build/libtitan_sys-479d3d34b8c3ac52/out/build'
[INFO] [stderr]   gmake[1]: Leaving directory '/opt/rustwide/target/debug/build/libtitan_sys-479d3d34b8c3ac52/out/build'
[INFO] [stderr] 
[INFO] [stderr]   --- stderr
[INFO] [stderr]   CMake Warning (dev) at /usr/share/cmake-3.22/Modules/CMakeDetermineCompiler.cmake:143 (set):
[INFO] [stderr]     Policy CMP0126 is not set: set(CACHE) does not remove a normal variable of
[INFO] [stderr]     the same name.  Run "cmake --help-policy CMP0126" for policy details.  Use
[INFO] [stderr]     the cmake_policy command to set the policy and suppress this warning.
[INFO] [stderr] 
[INFO] [stderr]     For compatibility with older versions of CMake, normal variable
[INFO] [stderr]     "CMAKE_C_COMPILER" will be removed from the current scope.
[INFO] [stderr]   Call Stack (most recent call first):
[INFO] [stderr]     /usr/share/cmake-3.22/Modules/CMakeDetermineCCompiler.cmake:68 (_cmake_find_compiler_path)
[INFO] [stderr]     CMakeLists.txt:2 (project)
[INFO] [stderr]   This warning is for project developers.  Use -Wno-dev to suppress it.
[INFO] [stderr] 
[INFO] [stderr]      Called from: [3]	/usr/share/cmake-3.22/Modules/CMakeDetermineCompiler.cmake
[INFO] [stderr]                   [2]	/usr/share/cmake-3.22/Modules/CMakeDetermineCCompiler.cmake
[INFO] [stderr]                   [1]	/opt/rustwide/cargo-home/git/checkouts/rust-rocksdb-82ef6e5337b3fbe6/3cd18c4/librocksdb_sys/libtitan_sys/titan/CMakeLists.txt
[INFO] [stderr]   CMake Warning (dev) at /usr/share/cmake-3.22/Modules/CMakeDetermineCompiler.cmake:143 (set):
[INFO] [stderr]     Policy CMP0126 is not set: set(CACHE) does not remove a normal variable of
[INFO] [stderr]     the same name.  Run "cmake --help-policy CMP0126" for policy details.  Use
[INFO] [stderr]     the cmake_policy command to set the policy and suppress this warning.
[INFO] [stderr] 
[INFO] [stderr]     For compatibility with older versions of CMake, normal variable
[INFO] [stderr]     "CMAKE_CXX_COMPILER" will be removed from the current scope.
[INFO] [stderr]   Call Stack (most recent call first):
[INFO] [stderr]     /usr/share/cmake-3.22/Modules/CMakeDetermineCXXCompiler.cmake:66 (_cmake_find_compiler_path)
[INFO] [stderr]     CMakeLists.txt:2 (project)
[INFO] [stderr]   This warning is for project developers.  Use -Wno-dev to suppress it.
[INFO] [stderr] 
[INFO] [stderr]      Called from: [3]	/usr/share/cmake-3.22/Modules/CMakeDetermineCompiler.cmake
[INFO] [stderr]                   [2]	/usr/share/cmake-3.22/Modules/CMakeDetermineCXXCompiler.cmake
[INFO] [stderr]                   [1]	/opt/rustwide/cargo-home/git/checkouts/rust-rocksdb-82ef6e5337b3fbe6/3cd18c4/librocksdb_sys/libtitan_sys/titan/CMakeLists.txt
[INFO] [stderr]   CMake Warning (dev) at /usr/share/cmake-3.22/Modules/CMakeDetermineCompilerABI.cmake:49 (try_compile):
[INFO] [stderr]     Policy CMP0066 is not set: Honor per-config flags in try_compile()
[INFO] [stderr]     source-file signature.  Run "cmake --help-policy CMP0066" for policy
[INFO] [stderr]     details.  Use the cmake_policy command to set the policy and suppress this
[INFO] [stderr]     warning.
[INFO] [stderr] 
[INFO] [stderr]     For compatibility with older versions of CMake, try_compile is not honoring
[INFO] [stderr]     caller config-specific compiler flags (e.g.  CMAKE_C_FLAGS_DEBUG) in the
[INFO] [stderr]     test project.
[INFO] [stderr]   Call Stack (most recent call first):
[INFO] [stderr]     /usr/share/cmake-3.22/Modules/CMakeTestCCompiler.cmake:26 (CMAKE_DETERMINE_COMPILER_ABI)
[INFO] [stderr]     CMakeLists.txt:2 (project)
[INFO] [stderr]   This warning is for project developers.  Use -Wno-dev to suppress it.
[INFO] [stderr] 
[INFO] [stderr]      Called from: [3]	/usr/share/cmake-3.22/Modules/CMakeDetermineCompilerABI.cmake
[INFO] [stderr]                   [2]	/usr/share/cmake-3.22/Modules/CMakeTestCCompiler.cmake
[INFO] [stderr]                   [1]	/opt/rustwide/cargo-home/git/checkouts/rust-rocksdb-82ef6e5337b3fbe6/3cd18c4/librocksdb_sys/libtitan_sys/titan/CMakeLists.txt
[INFO] [stderr]   CMake Warning (dev) at /usr/share/cmake-3.22/Modules/CMakeDetermineCompilerABI.cmake:49 (try_compile):
[INFO] [stderr]     Policy CMP0056 is not set: Honor link flags in try_compile() source-file
[INFO] [stderr]     signature.  Run "cmake --help-policy CMP0056" for policy details.  Use the
[INFO] [stderr]     cmake_policy command to set the policy and suppress this warning.
[INFO] [stderr] 
[INFO] [stderr]     For compatibility with older versions of CMake, try_compile is not honoring
[INFO] [stderr]     caller link flags (e.g.  CMAKE_EXE_LINKER_FLAGS) in the test project.
[INFO] [stderr]   Call Stack (most recent call first):
[INFO] [stderr]     /usr/share/cmake-3.22/Modules/CMakeTestCCompiler.cmake:26 (CMAKE_DETERMINE_COMPILER_ABI)
[INFO] [stderr]     CMakeLists.txt:2 (project)
[INFO] [stderr]   This warning is for project developers.  Use -Wno-dev to suppress it.
[INFO] [stderr] 
[INFO] [stderr]      Called from: [3]	/usr/share/cmake-3.22/Modules/CMakeDetermineCompilerABI.cmake
[INFO] [stderr]                   [2]	/usr/share/cmake-3.22/Modules/CMakeTestCCompiler.cmake
[INFO] [stderr]                   [1]	/opt/rustwide/cargo-home/git/checkouts/rust-rocksdb-82ef6e5337b3fbe6/3cd18c4/librocksdb_sys/libtitan_sys/titan/CMakeLists.txt
[INFO] [stderr]   CMake Warning (dev) at /usr/share/cmake-3.22/Modules/CMakeDetermineCompilerABI.cmake:49 (try_compile):
[INFO] [stderr]     Policy CMP0066 is not set: Honor per-config flags in try_compile()
[INFO] [stderr]     source-file signature.  Run "cmake --help-policy CMP0066" for policy
[INFO] [stderr]     details.  Use the cmake_policy command to set the policy and suppress this
[INFO] [stderr]     warning.
[INFO] [stderr] 
[INFO] [stderr]     For compatibility with older versions of CMake, try_compile is not honoring
[INFO] [stderr]     caller config-specific compiler flags (e.g.  CMAKE_C_FLAGS_DEBUG) in the
[INFO] [stderr]     test project.
[INFO] [stderr]   Call Stack (most recent call first):
[INFO] [stderr]     /usr/share/cmake-3.22/Modules/CMakeTestCXXCompiler.cmake:26 (CMAKE_DETERMINE_COMPILER_ABI)
[INFO] [stderr]     CMakeLists.txt:2 (project)
[INFO] [stderr]   This warning is for project developers.  Use -Wno-dev to suppress it.
[INFO] [stderr] 
[INFO] [stderr]      Called from: [3]	/usr/share/cmake-3.22/Modules/CMakeDetermineCompilerABI.cmake
[INFO] [stderr]                   [2]	/usr/share/cmake-3.22/Modules/CMakeTestCXXCompiler.cmake
[INFO] [stderr]                   [1]	/opt/rustwide/cargo-home/git/checkouts/rust-rocksdb-82ef6e5337b3fbe6/3cd18c4/librocksdb_sys/libtitan_sys/titan/CMakeLists.txt
[INFO] [stderr]   CMake Warning (dev) at /usr/share/cmake-3.22/Modules/CMakeDetermineCompilerABI.cmake:49 (try_compile):
[INFO] [stderr]     Policy CMP0056 is not set: Honor link flags in try_compile() source-file
[INFO] [stderr]     signature.  Run "cmake --help-policy CMP0056" for policy details.  Use the
[INFO] [stderr]     cmake_policy command to set the policy and suppress this warning.
[INFO] [stderr] 
[INFO] [stderr]     For compatibility with older versions of CMake, try_compile is not honoring
[INFO] [stderr]     caller link flags (e.g.  CMAKE_EXE_LINKER_FLAGS) in the test project.
[INFO] [stderr]   Call Stack (most recent call first):
[INFO] [stderr]     /usr/share/cmake-3.22/Modules/CMakeTestCXXCompiler.cmake:26 (CMAKE_DETERMINE_COMPILER_ABI)
[INFO] [stderr]     CMakeLists.txt:2 (project)
[INFO] [stderr]   This warning is for project developers.  Use -Wno-dev to suppress it.
[INFO] [stderr] 
[INFO] [stderr]      Called from: [3]	/usr/share/cmake-3.22/Modules/CMakeDetermineCompilerABI.cmake
[INFO] [stderr]                   [2]	/usr/share/cmake-3.22/Modules/CMakeTestCXXCompiler.cmake
[INFO] [stderr]                   [1]	/opt/rustwide/cargo-home/git/checkouts/rust-rocksdb-82ef6e5337b3fbe6/3cd18c4/librocksdb_sys/libtitan_sys/titan/CMakeLists.txt
[INFO] [stderr]   CMake Warning (dev) at /usr/share/cmake-3.22/Modules/Internal/CheckSourceCompiles.cmake:92 (try_compile):
[INFO] [stderr]     Policy CMP0066 is not set: Honor per-config flags in try_compile()
[INFO] [stderr]     source-file signature.  Run "cmake --help-policy CMP0066" for policy
[INFO] [stderr]     details.  Use the cmake_policy command to set the policy and suppress this
[INFO] [stderr]     warning.
[INFO] [stderr] 
[INFO] [stderr]     For compatibility with older versions of CMake, try_compile is not honoring
[INFO] [stderr]     caller config-specific compiler flags (e.g.  CMAKE_C_FLAGS_DEBUG) in the
[INFO] [stderr]     test project.
[INFO] [stderr]   Call Stack (most recent call first):
[INFO] [stderr]     /usr/share/cmake-3.22/Modules/CheckCXXSourceCompiles.cmake:76 (cmake_check_source_compiles)
[INFO] [stderr]     cmake/rocksdb_flags.cmake:110 (CHECK_CXX_SOURCE_COMPILES)
[INFO] [stderr]     CMakeLists.txt:31 (include)
[INFO] [stderr]   This warning is for project developers.  Use -Wno-dev to suppress it.
[INFO] [stderr] 
[INFO] [stderr]      Called from: [4]	/usr/share/cmake-3.22/Modules/Internal/CheckSourceCompiles.cmake
[INFO] [stderr]                   [3]	/usr/share/cmake-3.22/Modules/CheckCXXSourceCompiles.cmake
[INFO] [stderr]                   [2]	/opt/rustwide/cargo-home/git/checkouts/rust-rocksdb-82ef6e5337b3fbe6/3cd18c4/librocksdb_sys/libtitan_sys/titan/cmake/rocksdb_flags.cmake
[INFO] [stderr]                   [1]	/opt/rustwide/cargo-home/git/checkouts/rust-rocksdb-82ef6e5337b3fbe6/3cd18c4/librocksdb_sys/libtitan_sys/titan/CMakeLists.txt
[INFO] [stderr]   CMake Warning (dev) at /usr/share/cmake-3.22/Modules/Internal/CheckSourceCompiles.cmake:92 (try_compile):
[INFO] [stderr]     Policy CMP0056 is not set: Honor link flags in try_compile() source-file
[INFO] [stderr]     signature.  Run "cmake --help-policy CMP0056" for policy details.  Use the
[INFO] [stderr]     cmake_policy command to set the policy and suppress this warning.
[INFO] [stderr] 
[INFO] [stderr]     For compatibility with older versions of CMake, try_compile is not honoring
[INFO] [stderr]     caller link flags (e.g.  CMAKE_EXE_LINKER_FLAGS) in the test project.
[INFO] [stderr]   Call Stack (most recent call first):
[INFO] [stderr]     /usr/share/cmake-3.22/Modules/CheckCXXSourceCompiles.cmake:76 (cmake_check_source_compiles)
[INFO] [stderr]     cmake/rocksdb_flags.cmake:110 (CHECK_CXX_SOURCE_COMPILES)
[INFO] [stderr]     CMakeLists.txt:31 (include)
[INFO] [stderr]   This warning is for project developers.  Use -Wno-dev to suppress it.
[INFO] [stderr] 
[INFO] [stderr]      Called from: [4]	/usr/share/cmake-3.22/Modules/Internal/CheckSourceCompiles.cmake
[INFO] [stderr]                   [3]	/usr/share/cmake-3.22/Modules/CheckCXXSourceCompiles.cmake
[INFO] [stderr]                   [2]	/opt/rustwide/cargo-home/git/checkouts/rust-rocksdb-82ef6e5337b3fbe6/3cd18c4/librocksdb_sys/libtitan_sys/titan/cmake/rocksdb_flags.cmake
[INFO] [stderr]                   [1]	/opt/rustwide/cargo-home/git/checkouts/rust-rocksdb-82ef6e5337b3fbe6/3cd18c4/librocksdb_sys/libtitan_sys/titan/CMakeLists.txt
[INFO] [stderr]   CMake Warning (dev) at /usr/share/cmake-3.22/Modules/Internal/CheckSourceCompiles.cmake:92 (try_compile):
[INFO] [stderr]     Policy CMP0066 is not set: Honor per-config flags in try_compile()
[INFO] [stderr]     source-file signature.  Run "cmake --help-policy CMP0066" for policy
[INFO] [stderr]     details.  Use the cmake_policy command to set the policy and suppress this
[INFO] [stderr]     warning.
[INFO] [stderr] 
[INFO] [stderr]     For compatibility with older versions of CMake, try_compile is not honoring
[INFO] [stderr]     caller config-specific compiler flags (e.g.  CMAKE_C_FLAGS_DEBUG) in the
[INFO] [stderr]     test project.
[INFO] [stderr]   Call Stack (most recent call first):
[INFO] [stderr]     /usr/share/cmake-3.22/Modules/CheckCXXSourceCompiles.cmake:76 (cmake_check_source_compiles)
[INFO] [stderr]     cmake/rocksdb_flags.cmake:130 (CHECK_CXX_SOURCE_COMPILES)
[INFO] [stderr]     CMakeLists.txt:31 (include)
[INFO] [stderr]   This warning is for project developers.  Use -Wno-dev to suppress it.
[INFO] [stderr] 
[INFO] [stderr]      Called from: [4]	/usr/share/cmake-3.22/Modules/Internal/CheckSourceCompiles.cmake
[INFO] [stderr]                   [3]	/usr/share/cmake-3.22/Modules/CheckCXXSourceCompiles.cmake
[INFO] [stderr]                   [2]	/opt/rustwide/cargo-home/git/checkouts/rust-rocksdb-82ef6e5337b3fbe6/3cd18c4/librocksdb_sys/libtitan_sys/titan/cmake/rocksdb_flags.cmake
[INFO] [stderr]                   [1]	/opt/rustwide/cargo-home/git/checkouts/rust-rocksdb-82ef6e5337b3fbe6/3cd18c4/librocksdb_sys/libtitan_sys/titan/CMakeLists.txt
[INFO] [stderr]   CMake Warning (dev) at /usr/share/cmake-3.22/Modules/Internal/CheckSourceCompiles.cmake:92 (try_compile):
[INFO] [stderr]     Policy CMP0056 is not set: Honor link flags in try_compile() source-file
[INFO] [stderr]     signature.  Run "cmake --help-policy CMP0056" for policy details.  Use the
[INFO] [stderr]     cmake_policy command to set the policy and suppress this warning.
[INFO] [stderr] 
[INFO] [stderr]     For compatibility with older versions of CMake, try_compile is not honoring
[INFO] [stderr]     caller link flags (e.g.  CMAKE_EXE_LINKER_FLAGS) in the test project.
[INFO] [stderr]   Call Stack (most recent call first):
[INFO] [stderr]     /usr/share/cmake-3.22/Modules/CheckCXXSourceCompiles.cmake:76 (cmake_check_source_compiles)
[INFO] [stderr]     cmake/rocksdb_flags.cmake:130 (CHECK_CXX_SOURCE_COMPILES)
[INFO] [stderr]     CMakeLists.txt:31 (include)
[INFO] [stderr]   This warning is for project developers.  Use -Wno-dev to suppress it.
[INFO] [stderr] 
[INFO] [stderr]      Called from: [4]	/usr/share/cmake-3.22/Modules/Internal/CheckSourceCompiles.cmake
[INFO] [stderr]                   [3]	/usr/share/cmake-3.22/Modules/CheckCXXSourceCompiles.cmake
[INFO] [stderr]                   [2]	/opt/rustwide/cargo-home/git/checkouts/rust-rocksdb-82ef6e5337b3fbe6/3cd18c4/librocksdb_sys/libtitan_sys/titan/cmake/rocksdb_flags.cmake
[INFO] [stderr]                   [1]	/opt/rustwide/cargo-home/git/checkouts/rust-rocksdb-82ef6e5337b3fbe6/3cd18c4/librocksdb_sys/libtitan_sys/titan/CMakeLists.txt
[INFO] [stderr]   CMake Warning (dev) at /usr/share/cmake-3.22/Modules/Internal/CheckSourceCompiles.cmake:92 (try_compile):
[INFO] [stderr]     Policy CMP0066 is not set: Honor per-config flags in try_compile()
[INFO] [stderr]     source-file signature.  Run "cmake --help-policy CMP0066" for policy
[INFO] [stderr]     details.  Use the cmake_policy command to set the policy and suppress this
[INFO] [stderr]     warning.
[INFO] [stderr] 
[INFO] [stderr]     For compatibility with older versions of CMake, try_compile is not honoring
[INFO] [stderr]     caller config-specific compiler flags (e.g.  CMAKE_C_FLAGS_DEBUG) in the
[INFO] [stderr]     test project.
[INFO] [stderr]   Call Stack (most recent call first):
[INFO] [stderr]     /usr/share/cmake-3.22/Modules/CheckCXXSourceCompiles.cmake:76 (cmake_check_source_compiles)
[INFO] [stderr]     cmake/rocksdb_flags.cmake:287 (CHECK_CXX_SOURCE_COMPILES)
[INFO] [stderr]     CMakeLists.txt:31 (include)
[INFO] [stderr]   This warning is for project developers.  Use -Wno-dev to suppress it.
[INFO] [stderr] 
[INFO] [stderr]      Called from: [4]	/usr/share/cmake-3.22/Modules/Internal/CheckSourceCompiles.cmake
[INFO] [stderr]                   [3]	/usr/share/cmake-3.22/Modules/CheckCXXSourceCompiles.cmake
[INFO] [stderr]                   [2]	/opt/rustwide/cargo-home/git/checkouts/rust-rocksdb-82ef6e5337b3fbe6/3cd18c4/librocksdb_sys/libtitan_sys/titan/cmake/rocksdb_flags.cmake
[INFO] [stderr]                   [1]	/opt/rustwide/cargo-home/git/checkouts/rust-rocksdb-82ef6e5337b3fbe6/3cd18c4/librocksdb_sys/libtitan_sys/titan/CMakeLists.txt
[INFO] [stderr]   CMake Warning (dev) at /usr/share/cmake-3.22/Modules/Internal/CheckSourceCompiles.cmake:92 (try_compile):
[INFO] [stderr]     Policy CMP0056 is not set: Honor link flags in try_compile() source-file
[INFO] [stderr]     signature.  Run "cmake --help-policy CMP0056" for policy details.  Use the
[INFO] [stderr]     cmake_policy command to set the policy and suppress this warning.
[INFO] [stderr] 
[INFO] [stderr]     For compatibility with older versions of CMake, try_compile is not honoring
[INFO] [stderr]     caller link flags (e.g.  CMAKE_EXE_LINKER_FLAGS) in the test project.
[INFO] [stderr]   Call Stack (most recent call first):
[INFO] [stderr]     /usr/share/cmake-3.22/Modules/CheckCXXSourceCompiles.cmake:76 (cmake_check_source_compiles)
[INFO] [stderr]     cmake/rocksdb_flags.cmake:287 (CHECK_CXX_SOURCE_COMPILES)
[INFO] [stderr]     CMakeLists.txt:31 (include)
[INFO] [stderr]   This warning is for project developers.  Use -Wno-dev to suppress it.
[INFO] [stderr] 
[INFO] [stderr]      Called from: [4]	/usr/share/cmake-3.22/Modules/Internal/CheckSourceCompiles.cmake
[INFO] [stderr]                   [3]	/usr/share/cmake-3.22/Modules/CheckCXXSourceCompiles.cmake
[INFO] [stderr]                   [2]	/opt/rustwide/cargo-home/git/checkouts/rust-rocksdb-82ef6e5337b3fbe6/3cd18c4/librocksdb_sys/libtitan_sys/titan/cmake/rocksdb_flags.cmake
[INFO] [stderr]                   [1]	/opt/rustwide/cargo-home/git/checkouts/rust-rocksdb-82ef6e5337b3fbe6/3cd18c4/librocksdb_sys/libtitan_sys/titan/CMakeLists.txt
[INFO] [stderr]   CMake Warning (dev) at /usr/share/cmake-3.22/Modules/Internal/CheckSourceCompiles.cmake:92 (try_compile):
[INFO] [stderr]     Policy CMP0066 is not set: Honor per-config flags in try_compile()
[INFO] [stderr]     source-file signature.  Run "cmake --help-policy CMP0066" for policy
[INFO] [stderr]     details.  Use the cmake_policy command to set the policy and suppress this
[INFO] [stderr]     warning.
[INFO] [stderr] 
[INFO] [stderr]     For compatibility with older versions of CMake, try_compile is not honoring
[INFO] [stderr]     caller config-specific compiler flags (e.g.  CMAKE_C_FLAGS_DEBUG) in the
[INFO] [stderr]     test project.
[INFO] [stderr]   Call Stack (most recent call first):
[INFO] [stderr]     /usr/share/cmake-3.22/Modules/CheckCXXSourceCompiles.cmake:76 (cmake_check_source_compiles)
[INFO] [stderr]     cmake/rocksdb_flags.cmake:300 (CHECK_CXX_SOURCE_COMPILES)
[INFO] [stderr]     CMakeLists.txt:31 (include)
[INFO] [stderr]   This warning is for project developers.  Use -Wno-dev to suppress it.
[INFO] [stderr] 
[INFO] [stderr]      Called from: [4]	/usr/share/cmake-3.22/Modules/Internal/CheckSourceCompiles.cmake
[INFO] [stderr]                   [3]	/usr/share/cmake-3.22/Modules/CheckCXXSourceCompiles.cmake
[INFO] [stderr]                   [2]	/opt/rustwide/cargo-home/git/checkouts/rust-rocksdb-82ef6e5337b3fbe6/3cd18c4/librocksdb_sys/libtitan_sys/titan/cmake/rocksdb_flags.cmake
[INFO] [stderr]                   [1]	/opt/rustwide/cargo-home/git/checkouts/rust-rocksdb-82ef6e5337b3fbe6/3cd18c4/librocksdb_sys/libtitan_sys/titan/CMakeLists.txt
[INFO] [stderr]   CMake Warning (dev) at /usr/share/cmake-3.22/Modules/Internal/CheckSourceCompiles.cmake:92 (try_compile):
[INFO] [stderr]     Policy CMP0056 is not set: Honor link flags in try_compile() source-file
[INFO] [stderr]     signature.  Run "cmake --help-policy CMP0056" for policy details.  Use the
[INFO] [stderr]     cmake_policy command to set the policy and suppress this warning.
[INFO] [stderr] 
[INFO] [stderr]     For compatibility with older versions of CMake, try_compile is not honoring
[INFO] [stderr]     caller link flags (e.g.  CMAKE_EXE_LINKER_FLAGS) in the test project.
[INFO] [stderr]   Call Stack (most recent call first):
[INFO] [stderr]     /usr/share/cmake-3.22/Modules/CheckCXXSourceCompiles.cmake:76 (cmake_check_source_compiles)
[INFO] [stderr]     cmake/rocksdb_flags.cmake:300 (CHECK_CXX_SOURCE_COMPILES)
[INFO] [stderr]     CMakeLists.txt:31 (include)
[INFO] [stderr]   This warning is for project developers.  Use -Wno-dev to suppress it.
[INFO] [stderr] 
[INFO] [stderr]      Called from: [4]	/usr/share/cmake-3.22/Modules/Internal/CheckSourceCompiles.cmake
[INFO] [stderr]                   [3]	/usr/share/cmake-3.22/Modules/CheckCXXSourceCompiles.cmake
[INFO] [stderr]                   [2]	/opt/rustwide/cargo-home/git/checkouts/rust-rocksdb-82ef6e5337b3fbe6/3cd18c4/librocksdb_sys/libtitan_sys/titan/cmake/rocksdb_flags.cmake
[INFO] [stderr]                   [1]	/opt/rustwide/cargo-home/git/checkouts/rust-rocksdb-82ef6e5337b3fbe6/3cd18c4/librocksdb_sys/libtitan_sys/titan/CMakeLists.txt
[INFO] [stderr]   CMake Warning (dev) at /usr/share/cmake-3.22/Modules/Internal/CheckSourceCompiles.cmake:92 (try_compile):
[INFO] [stderr]     Policy CMP0066 is not set: Honor per-config flags in try_compile()
[INFO] [stderr]     source-file signature.  Run "cmake --help-policy CMP0066" for policy
[INFO] [stderr]     details.  Use the cmake_policy command to set the policy and suppress this
[INFO] [stderr]     warning.
[INFO] [stderr] 
[INFO] [stderr]     For compatibility with older versions of CMake, try_compile is not honoring
[INFO] [stderr]     caller config-specific compiler flags (e.g.  CMAKE_C_FLAGS_DEBUG) in the
[INFO] [stderr]     test project.
[INFO] [stderr]   Call Stack (most recent call first):
[INFO] [stderr]     /usr/share/cmake-3.22/Modules/CheckCXXSourceCompiles.cmake:76 (cmake_check_source_compiles)
[INFO] [stderr]     cmake/rocksdb_flags.cmake:311 (CHECK_CXX_SOURCE_COMPILES)
[INFO] [stderr]     CMakeLists.txt:31 (include)
[INFO] [stderr]   This warning is for project developers.  Use -Wno-dev to suppress it.
[INFO] [stderr] 
[INFO] [stderr]      Called from: [4]	/usr/share/cmake-3.22/Modules/Internal/CheckSourceCompiles.cmake
[INFO] [stderr]                   [3]	/usr/share/cmake-3.22/Modules/CheckCXXSourceCompiles.cmake
[INFO] [stderr]                   [2]	/opt/rustwide/cargo-home/git/checkouts/rust-rocksdb-82ef6e5337b3fbe6/3cd18c4/librocksdb_sys/libtitan_sys/titan/cmake/rocksdb_flags.cmake
[INFO] [stderr]                   [1]	/opt/rustwide/cargo-home/git/checkouts/rust-rocksdb-82ef6e5337b3fbe6/3cd18c4/librocksdb_sys/libtitan_sys/titan/CMakeLists.txt
[INFO] [stderr]   CMake Warning (dev) at /usr/share/cmake-3.22/Modules/Internal/CheckSourceCompiles.cmake:92 (try_compile):
[INFO] [stderr]     Policy CMP0056 is not set: Honor link flags in try_compile() source-file
[INFO] [stderr]     signature.  Run "cmake --help-policy CMP0056" for policy details.  Use the
[INFO] [stderr]     cmake_policy command to set the policy and suppress this warning.
[INFO] [stderr] 
[INFO] [stderr]     For compatibility with older versions of CMake, try_compile is not honoring
[INFO] [stderr]     caller link flags (e.g.  CMAKE_EXE_LINKER_FLAGS) in the test project.
[INFO] [stderr]   Call Stack (most recent call first):
[INFO] [stderr]     /usr/share/cmake-3.22/Modules/CheckCXXSourceCompiles.cmake:76 (cmake_check_source_compiles)
[INFO] [stderr]     cmake/rocksdb_flags.cmake:311 (CHECK_CXX_SOURCE_COMPILES)
[INFO] [stderr]     CMakeLists.txt:31 (include)
[INFO] [stderr]   This warning is for project developers.  Use -Wno-dev to suppress it.
[INFO] [stderr] 
[INFO] [stderr]      Called from: [4]	/usr/share/cmake-3.22/Modules/Internal/CheckSourceCompiles.cmake
[INFO] [stderr]                   [3]	/usr/share/cmake-3.22/Modules/CheckCXXSourceCompiles.cmake
[INFO] [stderr]                   [2]	/opt/rustwide/cargo-home/git/checkouts/rust-rocksdb-82ef6e5337b3fbe6/3cd18c4/librocksdb_sys/libtitan_sys/titan/cmake/rocksdb_flags.cmake
[INFO] [stderr]                   [1]	/opt/rustwide/cargo-home/git/checkouts/rust-rocksdb-82ef6e5337b3fbe6/3cd18c4/librocksdb_sys/libtitan_sys/titan/CMakeLists.txt
[INFO] [stderr]   CMake Warning (dev) at /usr/share/cmake-3.22/Modules/CheckSymbolExists.cmake:148 (try_compile):
[INFO] [stderr]     Policy CMP0066 is not set: Honor per-config flags in try_compile()
[INFO] [stderr]     source-file signature.  Run "cmake --help-policy CMP0066" for policy
[INFO] [stderr]     details.  Use the cmake_policy command to set the policy and suppress this
[INFO] [stderr]     warning.
[INFO] [stderr] 
[INFO] [stderr]     For compatibility with older versions of CMake, try_compile is not honoring
[INFO] [stderr]     caller config-specific compiler flags (e.g.  CMAKE_C_FLAGS_DEBUG) in the
[INFO] [stderr]     test project.
[INFO] [stderr]   Call Stack (most recent call first):
[INFO] [stderr]     /usr/share/cmake-3.22/Modules/CheckCXXSymbolExists.cmake:77 (__CHECK_SYMBOL_EXISTS_IMPL)
[INFO] [stderr]     cmake/rocksdb_flags.cmake:322 (check_cxx_symbol_exists)
[INFO] [stderr]     CMakeLists.txt:31 (include)
[INFO] [stderr]   This warning is for project developers.  Use -Wno-dev to suppress it.
[INFO] [stderr] 
[INFO] [stderr]      Called from: [4]	/usr/share/cmake-3.22/Modules/CheckSymbolExists.cmake
[INFO] [stderr]                   [3]	/usr/share/cmake-3.22/Modules/CheckCXXSymbolExists.cmake
[INFO] [stderr]                   [2]	/opt/rustwide/cargo-home/git/checkouts/rust-rocksdb-82ef6e5337b3fbe6/3cd18c4/librocksdb_sys/libtitan_sys/titan/cmake/rocksdb_flags.cmake
[INFO] [stderr]                   [1]	/opt/rustwide/cargo-home/git/checkouts/rust-rocksdb-82ef6e5337b3fbe6/3cd18c4/librocksdb_sys/libtitan_sys/titan/CMakeLists.txt
[INFO] [stderr]   CMake Warning (dev) at /usr/share/cmake-3.22/Modules/CheckSymbolExists.cmake:148 (try_compile):
[INFO] [stderr]     Policy CMP0056 is not set: Honor link flags in try_compile() source-file
[INFO] [stderr]     signature.  Run "cmake --help-policy CMP0056" for policy details.  Use the
[INFO] [stderr]     cmake_policy command to set the policy and suppress this warning.
[INFO] [stderr] 
[INFO] [stderr]     For compatibility with older versions of CMake, try_compile is not honoring
[INFO] [stderr]     caller link flags (e.g.  CMAKE_EXE_LINKER_FLAGS) in the test project.
[INFO] [stderr]   Call Stack (most recent call first):
[INFO] [stderr]     /usr/share/cmake-3.22/Modules/CheckCXXSymbolExists.cmake:77 (__CHECK_SYMBOL_EXISTS_IMPL)
[INFO] [stderr]     cmake/rocksdb_flags.cmake:322 (check_cxx_symbol_exists)
[INFO] [stderr]     CMakeLists.txt:31 (include)
[INFO] [stderr]   This warning is for project developers.  Use -Wno-dev to suppress it.
[INFO] [stderr] 
[INFO] [stderr]      Called from: [4]	/usr/share/cmake-3.22/Modules/CheckSymbolExists.cmake
[INFO] [stderr]                   [3]	/usr/share/cmake-3.22/Modules/CheckCXXSymbolExists.cmake
[INFO] [stderr]                   [2]	/opt/rustwide/cargo-home/git/checkouts/rust-rocksdb-82ef6e5337b3fbe6/3cd18c4/librocksdb_sys/libtitan_sys/titan/cmake/rocksdb_flags.cmake
[INFO] [stderr]                   [1]	/opt/rustwide/cargo-home/git/checkouts/rust-rocksdb-82ef6e5337b3fbe6/3cd18c4/librocksdb_sys/libtitan_sys/titan/CMakeLists.txt
[INFO] [stderr]   CMake Warning (dev) at /usr/share/cmake-3.22/Modules/CheckSymbolExists.cmake:148 (try_compile):
[INFO] [stderr]     Policy CMP0066 is not set: Honor per-config flags in try_compile()
[INFO] [stderr]     source-file signature.  Run "cmake --help-policy CMP0066" for policy
[INFO] [stderr]     details.  Use the cmake_policy command to set the policy and suppress this
[INFO] [stderr]     warning.
[INFO] [stderr] 
[INFO] [stderr]     For compatibility with older versions of CMake, try_compile is not honoring
[INFO] [stderr]     caller config-specific compiler flags (e.g.  CMAKE_C_FLAGS_DEBUG) in the
[INFO] [stderr]     test project.
[INFO] [stderr]   Call Stack (most recent call first):
[INFO] [stderr]     /usr/share/cmake-3.22/Modules/CheckCXXSymbolExists.cmake:77 (__CHECK_SYMBOL_EXISTS_IMPL)
[INFO] [stderr]     cmake/rocksdb_flags.cmake:327 (check_cxx_symbol_exists)
[INFO] [stderr]     CMakeLists.txt:31 (include)
[INFO] [stderr]   This warning is for project developers.  Use -Wno-dev to suppress it.
[INFO] [stderr] 
[INFO] [stderr]      Called from: [4]	/usr/share/cmake-3.22/Modules/CheckSymbolExists.cmake
[INFO] [stderr]                   [3]	/usr/share/cmake-3.22/Modules/CheckCXXSymbolExists.cmake
[INFO] [stderr]                   [2]	/opt/rustwide/cargo-home/git/checkouts/rust-rocksdb-82ef6e5337b3fbe6/3cd18c4/librocksdb_sys/libtitan_sys/titan/cmake/rocksdb_flags.cmake
[INFO] [stderr]                   [1]	/opt/rustwide/cargo-home/git/checkouts/rust-rocksdb-82ef6e5337b3fbe6/3cd18c4/librocksdb_sys/libtitan_sys/titan/CMakeLists.txt
[INFO] [stderr]   CMake Warning (dev) at /usr/share/cmake-3.22/Modules/CheckSymbolExists.cmake:148 (try_compile):
[INFO] [stderr]     Policy CMP0056 is not set: Honor link flags in try_compile() source-file
[INFO] [stderr]     signature.  Run "cmake --help-policy CMP0056" for policy details.  Use the
[INFO] [stderr]     cmake_policy command to set the policy and suppress this warning.
[INFO] [stderr] 
[INFO] [stderr]     For compatibility with older versions of CMake, try_compile is not honoring
[INFO] [stderr]     caller link flags (e.g.  CMAKE_EXE_LINKER_FLAGS) in the test project.
[INFO] [stderr]   Call Stack (most recent call first):
[INFO] [stderr]     /usr/share/cmake-3.22/Modules/CheckCXXSymbolExists.cmake:77 (__CHECK_SYMBOL_EXISTS_IMPL)
[INFO] [stderr]     cmake/rocksdb_flags.cmake:327 (check_cxx_symbol_exists)
[INFO] [stderr]     CMakeLists.txt:31 (include)
[INFO] [stderr]   This warning is for project developers.  Use -Wno-dev to suppress it.
[INFO] [stderr] 
[INFO] [stderr]      Called from: [4]	/usr/share/cmake-3.22/Modules/CheckSymbolExists.cmake
[INFO] [stderr]                   [3]	/usr/share/cmake-3.22/Modules/CheckCXXSymbolExists.cmake
[INFO] [stderr]                   [2]	/opt/rustwide/cargo-home/git/checkouts/rust-rocksdb-82ef6e5337b3fbe6/3cd18c4/librocksdb_sys/libtitan_sys/titan/cmake/rocksdb_flags.cmake
[INFO] [stderr]                   [1]	/opt/rustwide/cargo-home/git/checkouts/rust-rocksdb-82ef6e5337b3fbe6/3cd18c4/librocksdb_sys/libtitan_sys/titan/CMakeLists.txt
[INFO] [stderr]   fatal: not a git repository (or any parent up to mount point /opt/rustwide)
[INFO] [stderr]   Stopping at filesystem boundary (GIT_DISCOVERY_ACROSS_FILESYSTEM not set).
[INFO] [stderr]   c++: fatal error: Killed signal terminated program cc1plus
[INFO] [stderr]   compilation terminated.
[INFO] [stderr]   gmake[3]: *** [CMakeFiles/titan.dir/build.make:205: CMakeFiles/titan.dir/src/blob_gc_job.cc.o] Error 1
[INFO] [stderr]   gmake[3]: *** Waiting for unfinished jobs....
[INFO] [stderr]   c++: fatal error: Killed signal terminated program cc1plus
[INFO] [stderr]   compilation terminated.
[INFO] [stderr]   gmake[3]: *** [CMakeFiles/titan.dir/build.make:163: CMakeFiles/titan.dir/src/blob_file_size_collector.cc.o] Error 1
[INFO] [stderr]   c++: fatal error: Killed signal terminated program cc1plus
[INFO] [stderr]   compilation terminated.
[INFO] [stderr]   gmake[3]: *** [CMakeFiles/titan.dir/build.make:219: CMakeFiles/titan.dir/src/blob_gc_picker.cc.o] Error 1
[INFO] [stderr]   c++: fatal error: Killed signal terminated program cc1plus
[INFO] [stderr]   compilation terminated.
[INFO] [stderr]   gmake[3]: *** [CMakeFiles/titan.dir/build.make:247: CMakeFiles/titan.dir/src/db.cc.o] Error 1
[INFO] [stderr]   c++: fatal error: Killed signal terminated program cc1plus
[INFO] [stderr]   compilation terminated.
[INFO] [stderr]   gmake[3]: *** [CMakeFiles/titan.dir/build.make:275: CMakeFiles/titan.dir/src/db_impl_files.cc.o] Error 1
[INFO] [stderr]   c++: fatal error: Killed signal terminated program cc1plus
[INFO] [stderr]   compilation terminated.
[INFO] [stderr]   gmake[3]: *** [CMakeFiles/titan.dir/build.make:177: CMakeFiles/titan.dir/src/blob_format.cc.o] Error 1
[INFO] [stderr]   c++: fatal error: Killed signal terminated program cc1plus
[INFO] [stderr]   compilation terminated.
[INFO] [stderr]   gmake[3]: *** [CMakeFiles/titan.dir/build.make:93: CMakeFiles/titan.dir/src/blob_file_builder.cc.o] Error 1
[INFO] [stderr]   c++: fatal error: Killed signal terminated program cc1plus
[INFO] [stderr]   compilation terminated.
[INFO] [stderr]   gmake[3]: *** [CMakeFiles/titan.dir/build.make:191: CMakeFiles/titan.dir/src/blob_gc.cc.o] Error 1
[INFO] [stderr]   c++: fatal error: Killed signal terminated program cc1plus
[INFO] [stderr]   compilation terminated.
[INFO] [stderr]   gmake[3]: *** [CMakeFiles/titan.dir/build.make:261: CMakeFiles/titan.dir/src/db_impl.cc.o] Error 1
[INFO] [stderr]   c++: fatal error: Killed signal terminated program cc1plus
[INFO] [stderr]   compilation terminated.
[INFO] [stderr]   gmake[3]: *** [CMakeFiles/titan.dir/build.make:233: CMakeFiles/titan.dir/src/blob_storage.cc.o] Error 1
[INFO] [stderr]   gmake[2]: *** [CMakeFiles/Makefile2:88: CMakeFiles/titan.dir/all] Error 2
[INFO] [stderr]   gmake[1]: *** [CMakeFiles/Makefile2:95: CMakeFiles/titan.dir/rule] Error 2
[INFO] [stderr]   gmake: *** [Makefile:127: titan] Error 2
[INFO] [stderr]   thread 'main' panicked at '
[INFO] [stderr]   command did not execute successfully, got: exit status: 2
[INFO] [stderr] 
[INFO] [stderr]   build script failed, must exit now', /opt/rustwide/cargo-home/registry/src/index.crates.io-6f17d22bba15001f/cmake-0.1.42/src/lib.rs:861:5
[INFO] [stderr]   stack backtrace:
[INFO] [stderr]      0:     0x557b7942735a - std::backtrace_rs::backtrace::libunwind::trace::h2f05d0192276a8f6
[INFO] [stderr]                                  at /rustc/1b7dd2252b99671ce5d1cb9664c5f8636329436d/library/std/src/../../backtrace/src/backtrace/libunwind.rs:93:5
[INFO] [stderr]      1:     0x557b7942735a - std::backtrace_rs::backtrace::trace_unsynchronized::hedc23dff7a1af150
[INFO] [stderr]                                  at /rustc/1b7dd2252b99671ce5d1cb9664c5f8636329436d/library/std/src/../../backtrace/src/backtrace/mod.rs:66:5
[INFO] [stderr]      2:     0x557b7942735a - std::sys_common::backtrace::_print_fmt::h17541ef7592f3ce2
[INFO] [stderr]                                  at /rustc/1b7dd2252b99671ce5d1cb9664c5f8636329436d/library/std/src/sys_common/backtrace.rs:65:5
[INFO] [stderr]      3:     0x557b7942735a - <std::sys_common::backtrace::_print::DisplayBacktrace as core::fmt::Display>::fmt::h20f75df5ab0c0792
[INFO] [stderr]                                  at /rustc/1b7dd2252b99671ce5d1cb9664c5f8636329436d/library/std/src/sys_common/backtrace.rs:44:22
[INFO] [stderr]      4:     0x557b794475ef - core::fmt::write::h78109e6f466b3af6
[INFO] [stderr]                                  at /rustc/1b7dd2252b99671ce5d1cb9664c5f8636329436d/library/core/src/fmt/mod.rs:1254:17
[INFO] [stderr]      5:     0x557b79424405 - std::io::Write::write_fmt::hc59e1b02dd273c8a
[INFO] [stderr]                                  at /rustc/1b7dd2252b99671ce5d1cb9664c5f8636329436d/library/std/src/io/mod.rs:1698:15
[INFO] [stderr]      6:     0x557b79427125 - std::sys_common::backtrace::_print::h8dac57a9f8fbf9a5
[INFO] [stderr]                                  at /rustc/1b7dd2252b99671ce5d1cb9664c5f8636329436d/library/std/src/sys_common/backtrace.rs:47:5
[INFO] [stderr]      7:     0x557b79427125 - std::sys_common::backtrace::print::hf9ecbf41d1aa712f
[INFO] [stderr]                                  at /rustc/1b7dd2252b99671ce5d1cb9664c5f8636329436d/library/std/src/sys_common/backtrace.rs:34:9
[INFO] [stderr]      8:     0x557b794288ce - std::panicking::default_hook::{{closure}}::h04c07acfc84ca028
[INFO] [stderr]                                  at /rustc/1b7dd2252b99671ce5d1cb9664c5f8636329436d/library/std/src/panicking.rs:269:22
[INFO] [stderr]      9:     0x557b79428675 - std::panicking::default_hook::h01f6bb23e1eceb2c
[INFO] [stderr]                                  at /rustc/1b7dd2252b99671ce5d1cb9664c5f8636329436d/library/std/src/panicking.rs:288:9
[INFO] [stderr]     10:     0x557b79428e2e - std::panicking::rust_panic_with_hook::h2bb3722bbaf2f6df
[INFO] [stderr]                                  at /rustc/1b7dd2252b99671ce5d1cb9664c5f8636329436d/library/std/src/panicking.rs:691:13
[INFO] [stderr]     11:     0x557b79428d29 - std::panicking::begin_panic_handler::{{closure}}::h91bc7f36a4be011b
[INFO] [stderr]                                  at /rustc/1b7dd2252b99671ce5d1cb9664c5f8636329436d/library/std/src/panicking.rs:582:13
[INFO] [stderr]     12:     0x557b794277c6 - std::sys_common::backtrace::__rust_end_short_backtrace::h8b3d3717114f9e59
[INFO] [stderr]                                  at /rustc/1b7dd2252b99671ce5d1cb9664c5f8636329436d/library/std/src/sys_common/backtrace.rs:150:18
[INFO] [stderr]     13:     0x557b79428a82 - rust_begin_unwind
[INFO] [stderr]                                  at /rustc/1b7dd2252b99671ce5d1cb9664c5f8636329436d/library/std/src/panicking.rs:578:5
[INFO] [stderr]     14:     0x557b793c4ab3 - core::panicking::panic_fmt::hfd368e3fbdabea26
[INFO] [stderr]                                  at /rustc/1b7dd2252b99671ce5d1cb9664c5f8636329436d/library/core/src/panicking.rs:67:14
[INFO] [stderr]     15:     0x557b793cdc0f - cmake::fail::h6e9e2a6d60e1c630
[INFO] [stderr]     16:     0x557b793cd673 - cmake::run::h5451a439e509ab45
[INFO] [stderr]     17:     0x557b793cad72 - cmake::Config::build::h701068fe7a0223ac
[INFO] [stderr]     18:     0x557b793c6b65 - build_script_build::main::h8582befdbbe48725
[INFO] [stderr]     19:     0x557b793c51d3 - core::ops::function::FnOnce::call_once::hb376e78938256969
[INFO] [stderr]     20:     0x557b793c6226 - std::sys_common::backtrace::__rust_begin_short_backtrace::h3ddaa33cb86eaa50
[INFO] [stderr]     21:     0x557b793c5ff9 - std::rt::lang_start::{{closure}}::hc1793b5b51726a64
[INFO] [stderr]     22:     0x557b794208be - core::ops::function::impls::<impl core::ops::function::FnOnce<A> for &F>::call_once::h2eb19b8ce4148df4
[INFO] [stderr]                                  at /rustc/1b7dd2252b99671ce5d1cb9664c5f8636329436d/library/core/src/ops/function.rs:287:13
[INFO] [stderr]     23:     0x557b794208be - std::panicking::try::do_call::h2e900feff5d504c5
[INFO] [stderr]                                  at /rustc/1b7dd2252b99671ce5d1cb9664c5f8636329436d/library/std/src/panicking.rs:485:40
[INFO] [stderr]     24:     0x557b794208be - std::panicking::try::h8854836cb85aa9f2
[INFO] [stderr]                                  at /rustc/1b7dd2252b99671ce5d1cb9664c5f8636329436d/library/std/src/panicking.rs:449:19
[INFO] [stderr]     25:     0x557b794208be - std::panic::catch_unwind::h706025dd4c48f64b
[INFO] [stderr]                                  at /rustc/1b7dd2252b99671ce5d1cb9664c5f8636329436d/library/std/src/panic.rs:140:14
[INFO] [stderr]     26:     0x557b794208be - std::rt::lang_start_internal::{{closure}}::h7be5b97f4a07a91a
[INFO] [stderr]                                  at /rustc/1b7dd2252b99671ce5d1cb9664c5f8636329436d/library/std/src/rt.rs:148:48
[INFO] [stderr]     27:     0x557b794208be - std::panicking::try::do_call::h59847e9d0a176965
[INFO] [stderr]                                  at /rustc/1b7dd2252b99671ce5d1cb9664c5f8636329436d/library/std/src/panicking.rs:485:40
[INFO] [stderr]     28:     0x557b794208be - std::panicking::try::h399a918ba8522823
[INFO] [stderr]                                  at /rustc/1b7dd2252b99671ce5d1cb9664c5f8636329436d/library/std/src/panicking.rs:449:19
[INFO] [stderr]     29:     0x557b794208be - std::panic::catch_unwind::hca7ca6c55b2a2e26
[INFO] [stderr]                                  at /rustc/1b7dd2252b99671ce5d1cb9664c5f8636329436d/library/std/src/panic.rs:140:14
[INFO] [stderr]     30:     0x557b794208be - std::rt::lang_start_internal::h2c807a81560459eb
[INFO] [stderr]                                  at /rustc/1b7dd2252b99671ce5d1cb9664c5f8636329436d/library/std/src/rt.rs:148:20
[INFO] [stderr]     31:     0x557b793c5fd7 - std::rt::lang_start::hdaac256cc2659ef5
[INFO] [stderr]     32:     0x557b793c6ce5 - main
[INFO] [stderr]     33:     0x7f5009e6bd90 - <unknown>
[INFO] [stderr]     34:     0x7f5009e6be40 - __libc_start_main
[INFO] [stderr]     35:     0x557b793c4fe5 - _start
[INFO] [stderr]     36:                0x0 - <unknown>
[INFO] running `Command { std: "docker" "inspect" "c393dfe2a0d2207c8e82dd3fcd7b1e2c58c647c70f058bed91aa40bf2df2b049", kill_on_drop: false }`
[INFO] running `Command { std: "docker" "rm" "-f" "c393dfe2a0d2207c8e82dd3fcd7b1e2c58c647c70f058bed91aa40bf2df2b049", kill_on_drop: false }`
[INFO] [stdout] c393dfe2a0d2207c8e82dd3fcd7b1e2c58c647c70f058bed91aa40bf2df2b049
