[INFO] cloning repository https://github.com/luksab/wgpu_test
[INFO] running `Command { std: "git" "-c" "credential.helper=" "-c" "credential.helper=/workspace/cargo-home/bin/git-credential-null" "clone" "--bare" "https://github.com/luksab/wgpu_test" "/workspace/cache/git-repos/https%3A%2F%2Fgithub.com%2Fluksab%2Fwgpu_test", kill_on_drop: false }`
[INFO] [stderr] Cloning into bare repository '/workspace/cache/git-repos/https%3A%2F%2Fgithub.com%2Fluksab%2Fwgpu_test'...
[INFO] running `Command { std: "git" "rev-parse" "HEAD", kill_on_drop: false }`
[INFO] [stdout] eda26441e7bb254cfc06e3b36afbe58306cb6e8a
[INFO] documenting luksab/wgpu_test against beta-2023-04-20 for beta-1.70-rustdoc-1
[INFO] running `Command { std: "git" "clone" "/workspace/cache/git-repos/https%3A%2F%2Fgithub.com%2Fluksab%2Fwgpu_test" "/workspace/builds/worker-2-tc2/source", kill_on_drop: false }`
[INFO] [stderr] Cloning into '/workspace/builds/worker-2-tc2/source'...
[INFO] [stderr] done.
[INFO] validating manifest of git repo https://github.com/luksab/wgpu_test on toolchain beta-2023-04-20
[INFO] running `Command { std: CARGO_HOME="/workspace/cargo-home" RUSTUP_HOME="/workspace/rustup-home" "/workspace/cargo-home/bin/cargo" "+beta-2023-04-20" "metadata" "--manifest-path" "Cargo.toml" "--no-deps", kill_on_drop: false }`
[INFO] removed /workspace/builds/worker-2-tc2/source/.cargo/config
[INFO] started tweaking git repo https://github.com/luksab/wgpu_test
[INFO] finished tweaking git repo https://github.com/luksab/wgpu_test
[INFO] tweaked toml for git repo https://github.com/luksab/wgpu_test written to /workspace/builds/worker-2-tc2/source/Cargo.toml
[INFO] crate git repo https://github.com/luksab/wgpu_test already has a lockfile, it will not be regenerated
[INFO] running `Command { std: CARGO_HOME="/workspace/cargo-home" RUSTUP_HOME="/workspace/rustup-home" "/workspace/cargo-home/bin/cargo" "+beta-2023-04-20" "fetch" "--manifest-path" "Cargo.toml", kill_on_drop: false }`
[INFO] [stderr]     Updating crates.io index
[INFO] [stderr]  Downloading crates ...
[INFO] [stderr]   Downloaded intel-mkl-tool v0.1.0
[INFO] [stderr]   Downloaded imgui v0.8.2
[INFO] [stderr]   Downloaded blas-src v0.8.0
[INFO] [stderr]   Downloaded serde_arrays v0.1.0
[INFO] [stderr]   Downloaded intel-mkl-src v0.5.0
[INFO] [stderr]   Downloaded lapack-src v0.8.0
[INFO] [stderr]   Downloaded mathru v0.11.2
[INFO] [stderr]   Downloaded imgui-wgpu v0.19.0
[INFO] [stderr]   Downloaded imgui-sys v0.8.2
[INFO] [stderr]   Downloaded imgui-winit-support v0.8.2
[INFO] [stderr]   Downloaded autodiff v0.4.0
[INFO] [stderr]   Downloaded cgmath v0.18.0
[INFO] running `Command { std: "docker" "create" "-v" "/var/lib/crater-agent-workspace/builds/worker-2-tc2/target:/opt/rustwide/target:rw,Z" "-v" "/var/lib/crater-agent-workspace/builds/worker-2-tc2/source:/opt/rustwide/workdir:ro,Z" "-v" "/var/lib/crater-agent-workspace/cargo-home:/opt/rustwide/cargo-home:ro,Z" "-v" "/var/lib/crater-agent-workspace/rustup-home:/opt/rustwide/rustup-home:ro,Z" "-e" "SOURCE_DIR=/opt/rustwide/workdir" "-e" "CARGO_TARGET_DIR=/opt/rustwide/target" "-e" "CARGO_HOME=/opt/rustwide/cargo-home" "-e" "RUSTUP_HOME=/opt/rustwide/rustup-home" "-w" "/opt/rustwide/workdir" "-m" "1610612736" "--user" "0:0" "--network" "none" "ghcr.io/rust-lang/crates-build-env/linux@sha256:5ff2268d62e97bff2cde7d5815dd6ed5b47097566f13b8d0ca110b04b60e07ed" "/opt/rustwide/cargo-home/bin/cargo" "+beta-2023-04-20" "metadata" "--no-deps" "--format-version=1", kill_on_drop: false }`
[INFO] [stdout] 6a4ae986c720225064d946b154446fbeec224b3e533039f9e7ba159ec1fd76d7
[INFO] running `Command { std: "docker" "start" "-a" "6a4ae986c720225064d946b154446fbeec224b3e533039f9e7ba159ec1fd76d7", kill_on_drop: false }`
[INFO] running `Command { std: "docker" "inspect" "6a4ae986c720225064d946b154446fbeec224b3e533039f9e7ba159ec1fd76d7", kill_on_drop: false }`
[INFO] running `Command { std: "docker" "rm" "-f" "6a4ae986c720225064d946b154446fbeec224b3e533039f9e7ba159ec1fd76d7", kill_on_drop: false }`
[INFO] [stdout] 6a4ae986c720225064d946b154446fbeec224b3e533039f9e7ba159ec1fd76d7
[INFO] running `Command { std: "docker" "create" "-v" "/var/lib/crater-agent-workspace/builds/worker-2-tc2/target:/opt/rustwide/target:rw,Z" "-v" "/var/lib/crater-agent-workspace/builds/worker-2-tc2/source:/opt/rustwide/workdir:ro,Z" "-v" "/var/lib/crater-agent-workspace/cargo-home:/opt/rustwide/cargo-home:ro,Z" "-v" "/var/lib/crater-agent-workspace/rustup-home:/opt/rustwide/rustup-home:ro,Z" "-e" "SOURCE_DIR=/opt/rustwide/workdir" "-e" "CARGO_TARGET_DIR=/opt/rustwide/target" "-e" "CARGO_INCREMENTAL=0" "-e" "RUST_BACKTRACE=full" "-e" "RUSTFLAGS=--cap-lints=warn" "-e" "RUSTDOCFLAGS=--cap-lints=warn" "-e" "CARGO_HOME=/opt/rustwide/cargo-home" "-e" "RUSTUP_HOME=/opt/rustwide/rustup-home" "-w" "/opt/rustwide/workdir" "-m" "1610612736" "--user" "0:0" "--network" "none" "ghcr.io/rust-lang/crates-build-env/linux@sha256:5ff2268d62e97bff2cde7d5815dd6ed5b47097566f13b8d0ca110b04b60e07ed" "/opt/rustwide/cargo-home/bin/cargo" "+beta-2023-04-20" "doc" "--frozen" "--no-deps" "--document-private-items" "--message-format=json", kill_on_drop: false }`
[INFO] [stdout] b143a63c2516be317426095cd6c4f82d8f291c985db14408715cad0a73b705a7
[INFO] running `Command { std: "docker" "start" "-a" "b143a63c2516be317426095cd6c4f82d8f291c985db14408715cad0a73b705a7", kill_on_drop: false }`
[INFO] [stderr]    Compiling proc-macro2 v1.0.36
[INFO] [stderr]    Compiling libc v0.2.119
[INFO] [stderr]     Checking cfg-if v1.0.0
[INFO] [stderr]    Compiling syn v1.0.86
[INFO] [stderr]    Compiling pkg-config v0.3.24
[INFO] [stderr]    Compiling version_check v0.9.4
[INFO] [stderr]    Compiling serde_derive v1.0.136
[INFO] [stderr]    Compiling num-traits v0.2.14
[INFO] [stderr]    Compiling serde v1.0.136
[INFO] [stderr]     Checking scopeguard v1.1.0
[INFO] [stderr]    Compiling memoffset v0.6.5
[INFO] [stderr]    Compiling log v0.4.14
[INFO] [stderr]     Checking once_cell v1.10.0
[INFO] [stderr]    Compiling glob v0.3.0
[INFO] [stderr]    Compiling memchr v2.4.1
[INFO] [stderr]    Compiling quote v1.0.15
[INFO] [stderr]     Checking libloading v0.7.3
[INFO] [stderr]    Compiling jobserver v0.1.24
[INFO] [stderr]     Checking smallvec v1.8.0
[INFO] [stderr]    Compiling xml-rs v0.8.4
[INFO] [stderr]    Compiling crossbeam-utils v0.8.7
[INFO] [stderr]    Compiling cc v1.0.73
[INFO] [stderr]    Compiling crossbeam-epoch v0.9.7
[INFO] [stderr]     Checking getrandom v0.2.5
[INFO] [stderr]    Compiling either v1.6.1
[INFO] [stderr]     Checking dlib v0.5.0
[INFO] [stderr]    Compiling itertools v0.9.0
[INFO] [stderr]    Compiling num-integer v0.1.44
[INFO] [stderr]     Checking crossbeam-channel v0.5.2
[INFO] [stderr]     Checking lock_api v0.4.6
[INFO] [stderr]     Checking crossbeam-deque v0.8.1
[INFO] [stderr]    Compiling ahash v0.7.6
[INFO] [stderr]    Compiling miniz_oxide v0.4.4
[INFO] [stderr]    Compiling crc32fast v1.3.2
[INFO] [stderr]     Checking adler v1.0.2
[INFO] [stderr]     Checking num_cpus v1.13.1
[INFO] [stderr]    Compiling failure_derive v0.1.8
[INFO] [stderr]    Compiling libz-sys v1.1.3
[INFO] [stderr]    Compiling openssl-sys v0.9.72
[INFO] [stderr]    Compiling curl-sys v0.4.52+curl-7.81.0
[INFO] [stderr]    Compiling backtrace v0.3.64
[INFO] [stderr]    Compiling zstd-safe v2.0.6+zstd.1.4.7
[INFO] [stderr]    Compiling zstd-sys v1.4.18+zstd.1.4.7
[INFO] [stderr]    Compiling gimli v0.26.1
[INFO] [stderr]    Compiling rayon-core v1.9.1
[INFO] [stderr]    Compiling lazy_static v1.4.0
[INFO] [stderr]     Checking adler32 v1.2.0
[INFO] [stderr]    Compiling object v0.27.1
[INFO] [stderr]    Compiling curl v0.4.42
[INFO] [stderr]     Checking scoped-tls v1.0.0
[INFO] [stderr]    Compiling parking_lot_core v0.8.5
[INFO] [stderr]     Checking downcast-rs v1.2.0
[INFO] [stderr]    Compiling rustc-demangle v0.1.21
[INFO] [stderr]     Checking hashbrown v0.11.2
[INFO] [stderr]    Compiling wayland-scanner v0.29.4
[INFO] [stderr]    Compiling xattr v0.2.2
[INFO] [stderr]    Compiling dirs-sys v0.3.6
[INFO] [stderr]    Compiling socket2 v0.4.4
[INFO] [stderr]    Compiling filetime v0.2.15
[INFO] [stderr]    Compiling nom v7.1.0
[INFO] [stderr]     Checking instant v0.1.12
[INFO] [stderr]    Compiling indexmap v1.8.0
[INFO] [stderr]    Compiling rayon v1.5.1
[INFO] [stderr]    Compiling cfg-if v0.1.10
[INFO] [stderr]    Compiling openssl-probe v0.1.5
[INFO] [stderr]    Compiling dirs v2.0.2
[INFO] [stderr]    Compiling synstructure v0.12.6
[INFO] [stderr]    Compiling tar v0.4.38
[INFO] [stderr]    Compiling addr2line v0.17.0
[INFO] [stderr]    Compiling wayland-scanner v0.28.6
[INFO] [stderr]    Compiling wayland-sys v0.29.4
[INFO] [stderr]     Checking byteorder v1.4.3
[INFO] [stderr]     Checking minimal-lexical v0.2.1
[INFO] [stderr]     Checking cty v0.2.2
[INFO] [stderr]     Checking raw-window-handle v0.4.2
[INFO] [stderr]     Checking parking_lot v0.11.2
[INFO] [stderr]     Checking nix v0.22.3
[INFO] [stderr]    Compiling wayland-sys v0.28.6
[INFO] [stderr]    Compiling wasm-bindgen-shared v0.2.79
[INFO] [stderr]    Compiling wayland-client v0.29.4
[INFO] [stderr]    Compiling num-iter v0.1.42
[INFO] [stderr]     Checking ppv-lite86 v0.2.16
[INFO] [stderr]     Checking ryu v1.0.9
[INFO] [stderr]    Compiling wayland-client v0.28.6
[INFO] [stderr]     Checking xcursor v0.3.4
[INFO] [stderr]     Checking deflate v1.0.0
[INFO] [stderr]     Checking nix v0.20.0
[INFO] [stderr]     Checking num-complex v0.4.0
[INFO] [stderr]    Compiling num-rational v0.4.0
[INFO] [stderr]     Checking bit-vec v0.6.3
[INFO] [stderr]     Checking termcolor v1.1.3
[INFO] [stderr]    Compiling bumpalo v3.9.1
[INFO] [stderr]    Compiling khronos-egl v4.1.0
[INFO] [stderr]    Compiling bytemuck_derive v1.0.1
[INFO] [stderr]    Compiling thiserror-impl v1.0.30
[INFO] [stderr]    Compiling ash v0.34.0+1.2.203
[INFO] [stderr]    Compiling wasm-bindgen-backend v0.2.79
[INFO] [stderr]     Checking codespan-reporting v0.11.1
[INFO] [stderr]     Checking bytemuck v1.8.0
[INFO] [stderr]    Compiling failure v0.1.8
[INFO] [stderr]     Checking wayland-commons v0.29.4
[INFO] [stderr]     Checking bit-set v0.5.2
[INFO] [stderr]     Checking num-bigint v0.4.3
[INFO] [stderr]    Compiling wayland-protocols v0.29.4
[INFO] [stderr]     Checking thiserror v1.0.30
[INFO] [stderr]     Checking miniz_oxide v0.5.1
[INFO] [stderr]     Checking rand_core v0.6.3
[INFO] [stderr]     Checking spirv v0.2.0+1.5.4
[INFO] [stderr]    Compiling clang-sys v1.3.1
[INFO] [stderr]    Compiling x11-dl v2.19.1
[INFO] [stderr]    Compiling proc-macro-error-attr v1.0.4
[INFO] [stderr]     Checking wayland-commons v0.28.6
[INFO] [stderr]    Compiling nom v5.1.2
[INFO] [stderr]     Checking gpu-descriptor-types v0.1.1
[INFO] [stderr]     Checking gpu-alloc-types v0.2.0
[INFO] [stderr]     Checking ttf-parser v0.6.2
[INFO] [stderr]     Checking hexf-parse v0.2.1
[INFO] [stderr]    Compiling cgmath v0.18.0
[INFO] [stderr]    Compiling crossbeam-queue v0.3.4
[INFO] [stderr]     Checking weezl v0.1.5
[INFO] [stderr]    Compiling cfg_aliases v0.1.1
[INFO] [stderr]     Checking rustc-hash v1.1.0
[INFO] [stderr]    Compiling nix v0.18.0
[INFO] [stderr]    Compiling wgpu-core v0.12.2
[INFO] [stderr]     Checking gpu-alloc v0.5.3
[INFO] [stderr]     Checking gpu-descriptor v0.2.2
[INFO] [stderr]     Checking png v0.17.5
[INFO] [stderr]     Checking rand_chacha v0.3.1
[INFO] [stderr]    Compiling wasm-bindgen-macro-support v0.2.79
[INFO] [stderr]     Checking owned_ttf_parser v0.6.0
[INFO] [stderr]     Checking dirs v4.0.0
[INFO] [stderr]     Checking jpeg-decoder v0.1.22
[INFO] [stderr]    Compiling wayland-protocols v0.28.6
[INFO] [stderr]     Checking fxhash v0.2.1
[INFO] [stderr]    Compiling imgui-sys v0.8.2
[INFO] [stderr]    Compiling aho-corasick v0.7.18
[INFO] [stderr]     Checking lapack-sys v0.14.0
[INFO] [stderr]     Checking blas-sys v0.7.1
[INFO] [stderr]     Checking approx v0.4.0
[INFO] [stderr]    Compiling atty v0.2.14
[INFO] [stderr]    Compiling smithay-client-toolkit v0.15.3
[INFO] [stderr]    Compiling proc-macro-error v1.0.4
[INFO] [stderr]     Checking wgpu-types v0.12.0
[INFO] [stderr]     Checking glow v0.11.2
[INFO] [stderr]     Checking same-file v1.0.6
[INFO] [stderr]     Checking inplace_it v0.3.3
[INFO] [stderr]    Compiling regex-syntax v0.6.25
[INFO] [stderr]    Compiling wasm-bindgen v0.2.79
[INFO] [stderr]     Checking arrayvec v0.7.2
[INFO] [stderr]     Checking ab_glyph_rasterizer v0.1.5
[INFO] [stderr]     Checking renderdoc-sys v0.7.1
[INFO] [stderr]    Compiling unicode-width v0.1.9
[INFO] [stderr]     Checking profiling v1.0.5
[INFO] [stderr]     Checking regex-automata v0.1.10
[INFO] [stderr]    Compiling textwrap v0.11.0
[INFO] [stderr]     Checking rusttype v0.9.2
[INFO] [stderr]     Checking walkdir v2.3.2
[INFO] [stderr]    Compiling wasm-bindgen-macro v0.2.79
[INFO] [stderr]     Checking lapack v0.19.0
[INFO] [stderr]    Compiling regex v1.5.4
[INFO] [stderr]     Checking blas v0.22.0
[INFO] [stderr]     Checking xdg v2.4.1
[INFO] [stderr]     Checking rand v0.8.5
[INFO] [stderr]     Checking bstr v0.2.17
[INFO] [stderr]     Checking naga v0.8.5
[INFO] [stderr]     Checking calloop v0.9.3
[INFO] [stderr]     Checking wayland-cursor v0.29.4
[INFO] [stderr]     Checking safe_arch v0.5.2
[INFO] [stderr]     Checking csv-core v0.1.10
[INFO] [stderr]     Checking memmap2 v0.3.1
[INFO] [stderr]     Checking libloading v0.6.7
[INFO] [stderr]     Checking arrayvec v0.5.2
[INFO] [stderr]     Checking copyless v0.1.5
[INFO] [stderr]     Checking chlorine v1.0.10
[INFO] [stderr]    Compiling bindgen v0.58.1
[INFO] [stderr]     Checking color_quant v1.1.0
[INFO] [stderr]    Compiling humantime v2.1.0
[INFO] [stderr]    Compiling winit v0.26.1
[INFO] [stderr]    Compiling strsim v0.8.0
[INFO] [stderr]     Checking base64 v0.13.0
[INFO] [stderr]     Checking itoa v0.4.8
[INFO] [stderr]    Compiling unicode-segmentation v1.9.0
[INFO] [stderr]    Compiling bitflags v1.3.2
[INFO] [stderr]     Checking arrayref v0.3.6
[INFO] [stderr]    Compiling ansi_term v0.12.1
[INFO] [stderr]    Compiling vec_map v0.8.2
[INFO] [stderr]     Checking percent-encoding v2.1.0
[INFO] [stderr]     Checking ron v0.7.0
[INFO] [stderr]     Checking tiny-skia v0.6.3
[INFO] [stderr]     Checking csv v1.1.6
[INFO] [stderr]     Checking wgpu-hal v0.12.4
[INFO] [stderr]    Compiling heck v0.3.3
[INFO] [stderr]    Compiling clap v2.34.0
[INFO] [stderr]    Compiling env_logger v0.8.4
[INFO] [stderr]     Checking andrew v0.3.1
[INFO] [stderr]     Checking gif v0.11.3
[INFO] [stderr]    Compiling cexpr v0.4.0
[INFO] [stderr]     Checking dlib v0.4.2
[INFO] [stderr]     Checking crossbeam v0.8.1
[INFO] [stderr]     Checking calloop v0.6.5
[INFO] [stderr]     Checking mio v0.7.14
[INFO] [stderr]     Checking mio v0.8.0
[INFO] [stderr]     Checking serde_arrays v0.1.0
[INFO] [stderr]     Checking autodiff v0.4.0
[INFO] [stderr]     Checking wayland-cursor v0.28.6
[INFO] [stderr]     Checking num v0.4.0
[INFO] [stderr]     Checking flate2 v1.0.22
[INFO] [stderr]     Checking itertools v0.10.3
[INFO] [stderr]     Checking memmap2 v0.1.0
[INFO] [stderr]    Compiling which v3.1.1
[INFO] [stderr]    Compiling num-rational v0.3.2
[INFO] [stderr]    Compiling lazycell v1.3.0
[INFO] [stderr]    Compiling peeking_take_while v0.1.2
[INFO] [stderr]     Checking fastrand v1.7.0
[INFO] [stderr]    Compiling anyhow v1.0.55
[INFO] [stderr]    Compiling winit v0.25.0
[INFO] [stderr]    Compiling shlex v1.1.0
[INFO] [stderr]     Checking scoped_threadpool v0.1.9
[INFO] [stderr]    Compiling getrandom v0.1.16
[INFO] [stderr]    Compiling futures-core v0.3.21
[INFO] [stderr]     Checking mio-misc v1.2.2
[INFO] [stderr]     Checking wgpu v0.12.0
[INFO] [stderr]    Compiling structopt-derive v0.4.18
[INFO] [stderr]    Compiling pin-project-internal v1.0.10
[INFO] [stderr]     Checking raw-window-handle v0.3.4
[INFO] [stderr]     Checking deflate v0.8.6
[INFO] [stderr]     Checking miniz_oxide v0.3.7
[INFO] [stderr]     Checking linked-hash-map v0.5.4
[INFO] [stderr]     Checking traitobject v0.1.0
[INFO] [stderr]    Compiling serde_json v1.0.79
[INFO] [stderr]     Checking unsafe-any v0.4.2
[INFO] [stderr]     Checking png v0.16.8
[INFO] [stderr]     Checking yaml-rust v0.4.5
[INFO] [stderr]     Checking structopt v0.3.26
[INFO] [stderr]     Checking pin-project v1.0.10
[INFO] [stderr]     Checking js-sys v0.3.56
[INFO] [stderr]     Checking tiff v0.6.1
[INFO] [stderr]     Checking spin v0.9.2
[INFO] [stderr]     Checking nanorand v0.6.1
[INFO] [stderr]     Checking time v0.1.43
[INFO] [stderr]     Checking ordered-float v1.1.1
[INFO] [stderr]     Checking quick-error v1.2.3
[INFO] [stderr]     Checking siphasher v0.2.3
[INFO] [stderr]     Checking half v1.8.2
[INFO] [stderr]    Compiling gpu v0.1.0 (/opt/rustwide/workdir/gpu)
[INFO] [stderr]     Checking itoa v1.0.1
[INFO] [stderr]     Checking futures-sink v0.3.21
[INFO] [stderr]     Checking flume v0.10.11
[INFO] [stderr]     Checking phf_shared v0.7.24
[INFO] [stderr]     Checking image v0.23.14
[INFO] [stderr]     Checking serde-value v0.5.3
[INFO] [stderr]     Checking humantime v1.3.0
[INFO] [stderr]     Checking chrono v0.4.19
[INFO] [stderr]     Checking rand_core v0.5.1
[INFO] [stderr]     Checking serde_yaml v0.8.23
[INFO] [stderr]     Checking typemap v0.3.3
[INFO] [stderr]     Checking directories v4.0.1
[INFO] [stderr]     Checking inflate v0.4.5
[INFO] [stderr]     Checking threadpool v1.8.1
[INFO] [stderr]     Checking thread-id v3.3.0
[INFO] [stderr]     Checking arc-swap v0.3.11
[INFO] [stderr]     Checking fnv v1.0.7
[INFO] [stderr]     Checking log-mdc v0.1.0
[INFO] [stderr]     Checking bit_field v0.10.1
[INFO] [stderr]     Checking antidote v1.0.0
[INFO] [stderr]     Checking lebe v0.5.1
[INFO] [stderr]     Checking pollster v0.2.5
[INFO] [stderr]     Checking web-sys v0.3.56
[INFO] [stderr]     Checking log4rs v0.8.3
[INFO] [stderr]     Checking rand_chacha v0.2.2
[INFO] [stderr]     Checking exr v1.4.1
[INFO] [stderr]     Checking phf v0.7.24
[INFO] [stderr]     Checking tiff v0.7.1
[INFO] [stderr]     Checking jpeg-decoder v0.2.2
[INFO] [stderr]     Checking rand v0.7.3
[INFO] [stderr]     Checking wasm-bindgen-futures v0.4.29
[INFO] [stderr]     Checking console_error_panic_hook v0.1.7
[INFO] [stderr]    Compiling ofx_sys v0.2.0 (https://github.com/ilya-epifanov/ofx-rs.git?rev=211f74c7d2955e5c53166af4f2a00f35ae6a363a#211f74c7)
[INFO] [stderr]     Checking image v0.24.1
[INFO] [stderr]     Checking console_log v0.1.2
[INFO] [stderr]     Checking ofx v0.3.0 (https://github.com/ilya-epifanov/ofx-rs.git?rev=211f74c7d2955e5c53166af4f2a00f35ae6a363a#211f74c7)
[INFO] [stdout] error[E0554]: `#![feature]` may not be used on the beta release channel
[INFO] [stdout]  --> /opt/rustwide/cargo-home/git/checkouts/ofx-rs-3e92a0f47d94cd00/211f74c/ofx/src/lib.rs:2:1
[INFO] [stdout]   |
[INFO] [stdout] 2 | #![feature(concat_idents)]
[INFO] [stdout]   | ^^^^^^^^^^^^^^^^^^^^^^^^^^
[INFO] [stdout] 
[INFO] [stdout] 
[INFO] [stdout] error[E0554]: `#![feature]` may not be used on the beta release channel
[INFO] [stdout]  --> /opt/rustwide/cargo-home/git/checkouts/ofx-rs-3e92a0f47d94cd00/211f74c/ofx/src/lib.rs:3:1
[INFO] [stdout]   |
[INFO] [stdout] 3 | #![feature(specialization)]
[INFO] [stdout]   | ^^^^^^^^^^^^^^^^^^^^^^^^^^^
[INFO] [stdout] 
[INFO] [stdout] 
[INFO] [stdout] error[E0554]: `#![feature]` may not be used on the beta release channel
[INFO] [stdout]  --> /opt/rustwide/cargo-home/git/checkouts/ofx-rs-3e92a0f47d94cd00/211f74c/ofx/src/lib.rs:2:12
[INFO] [stdout]   |
[INFO] [stdout] 2 | #![feature(concat_idents)]
[INFO] [stdout]   |            ^^^^^^^^^^^^^
[INFO] [stdout] 
[INFO] [stdout] 
[INFO] [stdout] error: aborting due to 3 previous errors
[INFO] [stdout] 
[INFO] [stdout] 
[INFO] [stdout] For more information about this error, try `rustc --explain E0554`.
[INFO] [stdout] 
[INFO] [stderr] error: could not compile `ofx` (lib) due to 4 previous errors
[INFO] [stderr] warning: build failed, waiting for other jobs to finish...
[INFO] running `Command { std: "docker" "inspect" "b143a63c2516be317426095cd6c4f82d8f291c985db14408715cad0a73b705a7", kill_on_drop: false }`
[INFO] running `Command { std: "docker" "rm" "-f" "b143a63c2516be317426095cd6c4f82d8f291c985db14408715cad0a73b705a7", kill_on_drop: false }`
[INFO] [stdout] b143a63c2516be317426095cd6c4f82d8f291c985db14408715cad0a73b705a7
