[INFO] cloning repository https://github.com/lukechu10/maple-trunk-gitpod-template
[INFO] running `Command { std: "git" "-c" "credential.helper=" "-c" "credential.helper=/workspace/cargo-home/bin/git-credential-null" "clone" "--bare" "https://github.com/lukechu10/maple-trunk-gitpod-template" "/workspace/cache/git-repos/https%3A%2F%2Fgithub.com%2Flukechu10%2Fmaple-trunk-gitpod-template", kill_on_drop: false }`
[INFO] [stderr] Cloning into bare repository '/workspace/cache/git-repos/https%3A%2F%2Fgithub.com%2Flukechu10%2Fmaple-trunk-gitpod-template'...
[INFO] running `Command { std: "git" "rev-parse" "HEAD", kill_on_drop: false }`
[INFO] [stdout] 7432747acc996bd4b4139e660fd928b968470431
[INFO] documenting lukechu10/maple-trunk-gitpod-template against 1.69.0 for beta-1.70-rustdoc-1
[INFO] running `Command { std: "git" "clone" "/workspace/cache/git-repos/https%3A%2F%2Fgithub.com%2Flukechu10%2Fmaple-trunk-gitpod-template" "/workspace/builds/worker-0-tc1/source", kill_on_drop: false }`
[INFO] [stderr] Cloning into '/workspace/builds/worker-0-tc1/source'...
[INFO] [stderr] done.
[INFO] validating manifest of git repo https://github.com/lukechu10/maple-trunk-gitpod-template on toolchain 1.69.0
[INFO] running `Command { std: CARGO_HOME="/workspace/cargo-home" RUSTUP_HOME="/workspace/rustup-home" "/workspace/cargo-home/bin/cargo" "+1.69.0" "metadata" "--manifest-path" "Cargo.toml" "--no-deps", kill_on_drop: false }`
[INFO] started tweaking git repo https://github.com/lukechu10/maple-trunk-gitpod-template
[INFO] finished tweaking git repo https://github.com/lukechu10/maple-trunk-gitpod-template
[INFO] tweaked toml for git repo https://github.com/lukechu10/maple-trunk-gitpod-template written to /workspace/builds/worker-0-tc1/source/Cargo.toml
[INFO] crate git repo https://github.com/lukechu10/maple-trunk-gitpod-template already has a lockfile, it will not be regenerated
[INFO] running `Command { std: CARGO_HOME="/workspace/cargo-home" RUSTUP_HOME="/workspace/rustup-home" "/workspace/cargo-home/bin/cargo" "+1.69.0" "fetch" "--manifest-path" "Cargo.toml", kill_on_drop: false }`
[INFO] [stderr]  Downloading crates ...
[INFO] [stderr]   Downloaded sycamore-web v0.8.0
[INFO] [stderr]   Downloaded sycamore-reactive v0.8.0
[INFO] [stderr]   Downloaded sycamore v0.8.0
[INFO] [stderr]   Downloaded sycamore-macro v0.8.0
[INFO] [stderr]   Downloaded sycamore-core v0.8.0
[INFO] running `Command { std: "docker" "create" "-v" "/var/lib/crater-agent-workspace/builds/worker-0-tc1/target:/opt/rustwide/target:rw,Z" "-v" "/var/lib/crater-agent-workspace/builds/worker-0-tc1/source:/opt/rustwide/workdir:ro,Z" "-v" "/var/lib/crater-agent-workspace/cargo-home:/opt/rustwide/cargo-home:ro,Z" "-v" "/var/lib/crater-agent-workspace/rustup-home:/opt/rustwide/rustup-home:ro,Z" "-e" "SOURCE_DIR=/opt/rustwide/workdir" "-e" "CARGO_TARGET_DIR=/opt/rustwide/target" "-e" "CARGO_HOME=/opt/rustwide/cargo-home" "-e" "RUSTUP_HOME=/opt/rustwide/rustup-home" "-w" "/opt/rustwide/workdir" "-m" "1610612736" "--user" "0:0" "--network" "none" "ghcr.io/rust-lang/crates-build-env/linux@sha256:5ff2268d62e97bff2cde7d5815dd6ed5b47097566f13b8d0ca110b04b60e07ed" "/opt/rustwide/cargo-home/bin/cargo" "+1.69.0" "metadata" "--no-deps" "--format-version=1", kill_on_drop: false }`
[INFO] [stdout] aac21dec93426a779f342e35abcaec2112f0e9905c9f31f5d055f0fd8eb6afcd
[INFO] running `Command { std: "docker" "start" "-a" "aac21dec93426a779f342e35abcaec2112f0e9905c9f31f5d055f0fd8eb6afcd", kill_on_drop: false }`
[INFO] running `Command { std: "docker" "inspect" "aac21dec93426a779f342e35abcaec2112f0e9905c9f31f5d055f0fd8eb6afcd", kill_on_drop: false }`
[INFO] running `Command { std: "docker" "rm" "-f" "aac21dec93426a779f342e35abcaec2112f0e9905c9f31f5d055f0fd8eb6afcd", kill_on_drop: false }`
[INFO] [stdout] aac21dec93426a779f342e35abcaec2112f0e9905c9f31f5d055f0fd8eb6afcd
[INFO] running `Command { std: "docker" "create" "-v" "/var/lib/crater-agent-workspace/builds/worker-0-tc1/target:/opt/rustwide/target:rw,Z" "-v" "/var/lib/crater-agent-workspace/builds/worker-0-tc1/source:/opt/rustwide/workdir:ro,Z" "-v" "/var/lib/crater-agent-workspace/cargo-home:/opt/rustwide/cargo-home:ro,Z" "-v" "/var/lib/crater-agent-workspace/rustup-home:/opt/rustwide/rustup-home:ro,Z" "-e" "SOURCE_DIR=/opt/rustwide/workdir" "-e" "CARGO_TARGET_DIR=/opt/rustwide/target" "-e" "CARGO_INCREMENTAL=0" "-e" "RUST_BACKTRACE=full" "-e" "RUSTFLAGS=--cap-lints=warn" "-e" "RUSTDOCFLAGS=--cap-lints=warn" "-e" "CARGO_HOME=/opt/rustwide/cargo-home" "-e" "RUSTUP_HOME=/opt/rustwide/rustup-home" "-w" "/opt/rustwide/workdir" "-m" "1610612736" "--user" "0:0" "--network" "none" "ghcr.io/rust-lang/crates-build-env/linux@sha256:5ff2268d62e97bff2cde7d5815dd6ed5b47097566f13b8d0ca110b04b60e07ed" "/opt/rustwide/cargo-home/bin/cargo" "+1.69.0" "doc" "--frozen" "--no-deps" "--document-private-items" "--message-format=json", kill_on_drop: false }`
[INFO] [stdout] 4169c25a2463701e8657ae0ea5aaf44e1fb8f527b80b40b2bc550cb3b3b2fb20
[INFO] running `Command { std: "docker" "start" "-a" "4169c25a2463701e8657ae0ea5aaf44e1fb8f527b80b40b2bc550cb3b3b2fb20", kill_on_drop: false }`
[INFO] [stderr]    Compiling proc-macro2 v1.0.43
[INFO] [stderr]    Compiling unicode-ident v1.0.3
[INFO] [stderr]    Compiling quote v1.0.21
[INFO] [stderr]    Compiling syn v1.0.99
[INFO] [stderr]    Compiling log v0.4.17
[INFO] [stderr]    Compiling wasm-bindgen-shared v0.2.82
[INFO] [stderr]     Checking cfg-if v1.0.0
[INFO] [stderr]    Compiling once_cell v1.13.1
[INFO] [stderr]    Compiling bumpalo v3.12.0
[INFO] [stderr]    Compiling version_check v0.9.4
[INFO] [stderr]    Compiling libc v0.2.132
[INFO] [stderr]    Compiling wasm-bindgen v0.2.82
[INFO] [stderr]    Compiling autocfg v1.1.0
[INFO] [stderr]     Checking hashbrown v0.12.3
[INFO] [stderr]     Checking smallvec v1.9.0
[INFO] [stderr]     Checking utf8-width v0.1.6
[INFO] [stderr]    Compiling paste v1.0.8
[INFO] [stderr]     Checking html-escape v0.2.11
[INFO] [stderr]    Compiling ahash v0.7.6
[INFO] [stderr]    Compiling slotmap v1.0.6
[INFO] [stderr]    Compiling indexmap v1.9.1
[INFO] [stderr]     Checking getrandom v0.2.7
[INFO] [stderr]     Checking sycamore-reactive v0.8.0
[INFO] [stderr]     Checking sycamore-core v0.8.0
[INFO] [stderr]    Compiling wasm-bindgen-backend v0.2.82
[INFO] [stderr]    Compiling sycamore-macro v0.8.0
[INFO] [stderr]    Compiling wasm-bindgen-macro-support v0.2.82
[INFO] [stderr]    Compiling wasm-bindgen-macro v0.2.82
[INFO] [stderr]     Checking js-sys v0.3.59
[INFO] [stderr]     Checking console_error_panic_hook v0.1.7
[INFO] [stderr]     Checking web-sys v0.3.59
[INFO] [stderr]     Checking sycamore-web v0.8.0
[INFO] [stderr]     Checking console_log v0.2.0
[INFO] [stderr]     Checking sycamore v0.8.0
[INFO] [stdout] error[E0309]: the parameter type `impl AsRef<str>` may not live long enough
[INFO] [stdout]   --> /opt/rustwide/cargo-home/registry/src/github.com-1ecc6299db9ec823/sycamore-0.8.0/src/builder.rs:89:5
[INFO] [stdout]    |
[INFO] [stdout] 89 |     ElementBuilder::new(move |_| G::element_from_tag(t.as_ref()))
[INFO] [stdout]    |     ^^^^^^^^^^^^^^^^^^^ ...so that the type `impl AsRef<str>` will meet its required lifetime bounds
[INFO] [stdout]    |
[INFO] [stdout] help: consider adding an explicit lifetime bound...
[INFO] [stdout]    |
[INFO] [stdout] 87 |     t: impl AsRef<str> + 'a,
[INFO] [stdout]    |                        ++++
[INFO] [stdout] 
[INFO] [stdout] 
[INFO] [stdout] error[E0309]: the parameter type `impl AsRef<str>` may not live long enough
[INFO] [stdout]   --> /opt/rustwide/cargo-home/registry/src/github.com-1ecc6299db9ec823/sycamore-0.8.0/src/builder.rs:89:5
[INFO] [stdout]    |
[INFO] [stdout] 89 |     ElementBuilder::new(move |_| G::element_from_tag(t.as_ref()))
[INFO] [stdout]    |     ^^^^^^^^^^^^^^^^^^^^^^^^^^^^^^^^^^^^^^^^^^^^^^^^^^^^^^^^^^^^^ ...so that the type `impl AsRef<str>` will meet its required lifetime bounds
[INFO] [stdout]    |
[INFO] [stdout] help: consider adding an explicit lifetime bound...
[INFO] [stdout]    |
[INFO] [stdout] 87 |     t: impl AsRef<str> + 'a,
[INFO] [stdout]    |                        ++++
[INFO] [stdout] 
[INFO] [stdout] 
[INFO] [stdout] error[E0309]: the parameter type `impl ElementBuilderOrView<'a, G>` may not live long enough
[INFO] [stdout]    --> /opt/rustwide/cargo-home/registry/src/github.com-1ecc6299db9ec823/sycamore-0.8.0/src/builder.rs:428:9
[INFO] [stdout]     |
[INFO] [stdout] 428 |         self.map(|cx, el| render::insert(cx, el, c.into_view(cx), None, None, true))
[INFO] [stdout]     |         ^^^^^^^^^^^^^^^^^^^^^^^^^^^^^^^^^^^^^^^^^^^^^^^^^^^^^^^^^^^^^^^^^^^^^^^^^^^^ ...so that the type `impl ElementBuilderOrView<'a, G>` will meet its required lifetime bounds
[INFO] [stdout]     |
[INFO] [stdout] help: consider adding an explicit lifetime bound...
[INFO] [stdout]     |
[INFO] [stdout] 426 |         c: impl ElementBuilderOrView<'a, G> + 'a,
[INFO] [stdout]     |                                             ++++
[INFO] [stdout] 
[INFO] [stdout] 
[INFO] [stdout] error: aborting due to 3 previous errors
[INFO] [stdout] 
[INFO] [stdout] 
[INFO] [stdout] For more information about this error, try `rustc --explain E0309`.
[INFO] [stdout] 
[INFO] [stderr] error: could not compile `sycamore` due to 4 previous errors
[INFO] running `Command { std: "docker" "inspect" "4169c25a2463701e8657ae0ea5aaf44e1fb8f527b80b40b2bc550cb3b3b2fb20", kill_on_drop: false }`
[INFO] running `Command { std: "docker" "rm" "-f" "4169c25a2463701e8657ae0ea5aaf44e1fb8f527b80b40b2bc550cb3b3b2fb20", kill_on_drop: false }`
[INFO] [stdout] 4169c25a2463701e8657ae0ea5aaf44e1fb8f527b80b40b2bc550cb3b3b2fb20
