[INFO] cloning repository https://github.com/lukeasrodgers/rust-icmptime
[INFO] running `Command { std: "git" "-c" "credential.helper=" "-c" "credential.helper=/workspace/cargo-home/bin/git-credential-null" "clone" "--bare" "https://github.com/lukeasrodgers/rust-icmptime" "/workspace/cache/git-repos/https%3A%2F%2Fgithub.com%2Flukeasrodgers%2Frust-icmptime", kill_on_drop: false }`
[INFO] [stderr] Cloning into bare repository '/workspace/cache/git-repos/https%3A%2F%2Fgithub.com%2Flukeasrodgers%2Frust-icmptime'...
[INFO] running `Command { std: "git" "rev-parse" "HEAD", kill_on_drop: false }`
[INFO] [stdout] fd87e533c78b8b7a4e80057d819751cf67ad5152
[INFO] documenting lukeasrodgers/rust-icmptime against beta-2023-04-20 for beta-1.70-rustdoc-1
[INFO] running `Command { std: "git" "clone" "/workspace/cache/git-repos/https%3A%2F%2Fgithub.com%2Flukeasrodgers%2Frust-icmptime" "/workspace/builds/worker-1-tc2/source", kill_on_drop: false }`
[INFO] [stderr] Cloning into '/workspace/builds/worker-1-tc2/source'...
[INFO] [stderr] done.
[INFO] validating manifest of git repo https://github.com/lukeasrodgers/rust-icmptime on toolchain beta-2023-04-20
[INFO] running `Command { std: CARGO_HOME="/workspace/cargo-home" RUSTUP_HOME="/workspace/rustup-home" "/workspace/cargo-home/bin/cargo" "+beta-2023-04-20" "metadata" "--manifest-path" "Cargo.toml" "--no-deps", kill_on_drop: false }`
[INFO] started tweaking git repo https://github.com/lukeasrodgers/rust-icmptime
[INFO] finished tweaking git repo https://github.com/lukeasrodgers/rust-icmptime
[INFO] tweaked toml for git repo https://github.com/lukeasrodgers/rust-icmptime written to /workspace/builds/worker-1-tc2/source/Cargo.toml
[INFO] crate git repo https://github.com/lukeasrodgers/rust-icmptime already has a lockfile, it will not be regenerated
[INFO] running `Command { std: CARGO_HOME="/workspace/cargo-home" RUSTUP_HOME="/workspace/rustup-home" "/workspace/cargo-home/bin/cargo" "+beta-2023-04-20" "fetch" "--manifest-path" "Cargo.toml", kill_on_drop: false }`
[INFO] [stderr] warning: dependency (time) specified without providing a local path, Git repository, or version to use. This will be considered an error in future versions
[INFO] [stderr] warning: unused manifest key: dependencies.time.time
[INFO] [stderr]  Downloading crates ...
[INFO] [stderr]   Downloaded libc v0.1.3
[INFO] [stderr]   Downloaded getopts v0.2.4
[INFO] [stderr]   Downloaded log v0.2.6
[INFO] [stderr]   Downloaded time v0.1.21
[INFO] [stderr]   Downloaded gcc v0.3.2
[INFO] running `Command { std: "docker" "create" "-v" "/var/lib/crater-agent-workspace/builds/worker-1-tc2/target:/opt/rustwide/target:rw,Z" "-v" "/var/lib/crater-agent-workspace/builds/worker-1-tc2/source:/opt/rustwide/workdir:ro,Z" "-v" "/var/lib/crater-agent-workspace/cargo-home:/opt/rustwide/cargo-home:ro,Z" "-v" "/var/lib/crater-agent-workspace/rustup-home:/opt/rustwide/rustup-home:ro,Z" "-e" "SOURCE_DIR=/opt/rustwide/workdir" "-e" "CARGO_TARGET_DIR=/opt/rustwide/target" "-e" "CARGO_HOME=/opt/rustwide/cargo-home" "-e" "RUSTUP_HOME=/opt/rustwide/rustup-home" "-w" "/opt/rustwide/workdir" "-m" "1610612736" "--user" "0:0" "--network" "none" "ghcr.io/rust-lang/crates-build-env/linux@sha256:5ff2268d62e97bff2cde7d5815dd6ed5b47097566f13b8d0ca110b04b60e07ed" "/opt/rustwide/cargo-home/bin/cargo" "+beta-2023-04-20" "metadata" "--no-deps" "--format-version=1", kill_on_drop: false }`
[INFO] [stdout] a08ecbca4cf8d9951e2573cb081e8e4290ed1814209b95c2e088bd2ac2d60736
[INFO] running `Command { std: "docker" "start" "-a" "a08ecbca4cf8d9951e2573cb081e8e4290ed1814209b95c2e088bd2ac2d60736", kill_on_drop: false }`
[INFO] running `Command { std: "docker" "inspect" "a08ecbca4cf8d9951e2573cb081e8e4290ed1814209b95c2e088bd2ac2d60736", kill_on_drop: false }`
[INFO] running `Command { std: "docker" "rm" "-f" "a08ecbca4cf8d9951e2573cb081e8e4290ed1814209b95c2e088bd2ac2d60736", kill_on_drop: false }`
[INFO] [stdout] a08ecbca4cf8d9951e2573cb081e8e4290ed1814209b95c2e088bd2ac2d60736
[INFO] running `Command { std: "docker" "create" "-v" "/var/lib/crater-agent-workspace/builds/worker-1-tc2/target:/opt/rustwide/target:rw,Z" "-v" "/var/lib/crater-agent-workspace/builds/worker-1-tc2/source:/opt/rustwide/workdir:ro,Z" "-v" "/var/lib/crater-agent-workspace/cargo-home:/opt/rustwide/cargo-home:ro,Z" "-v" "/var/lib/crater-agent-workspace/rustup-home:/opt/rustwide/rustup-home:ro,Z" "-e" "SOURCE_DIR=/opt/rustwide/workdir" "-e" "CARGO_TARGET_DIR=/opt/rustwide/target" "-e" "CARGO_INCREMENTAL=0" "-e" "RUST_BACKTRACE=full" "-e" "RUSTFLAGS=--cap-lints=warn" "-e" "RUSTDOCFLAGS=--cap-lints=warn" "-e" "CARGO_HOME=/opt/rustwide/cargo-home" "-e" "RUSTUP_HOME=/opt/rustwide/rustup-home" "-w" "/opt/rustwide/workdir" "-m" "1610612736" "--user" "0:0" "--network" "none" "ghcr.io/rust-lang/crates-build-env/linux@sha256:5ff2268d62e97bff2cde7d5815dd6ed5b47097566f13b8d0ca110b04b60e07ed" "/opt/rustwide/cargo-home/bin/cargo" "+beta-2023-04-20" "doc" "--frozen" "--no-deps" "--document-private-items" "--message-format=json", kill_on_drop: false }`
[INFO] [stdout] 955133de53da3a67b2dcaa76052ce9cb0a84579f32bce9ed7884564c3c4d6d08
[INFO] running `Command { std: "docker" "start" "-a" "955133de53da3a67b2dcaa76052ce9cb0a84579f32bce9ed7884564c3c4d6d08", kill_on_drop: false }`
[INFO] [stderr] warning: dependency (time) specified without providing a local path, Git repository, or version to use. This will be considered an error in future versions
[INFO] [stderr] warning: unused manifest key: dependencies.time.time
[INFO] [stderr]    Compiling gcc v0.3.2
[INFO] [stderr]     Checking libc v0.1.3
[INFO] [stderr]    Compiling pnet v0.0.1 (https://github.com/libpnet/libpnet.git#ea45c1d8)
[INFO] [stdout] error: expected identifier, found `"std"`
[INFO] [stdout]   --> /opt/rustwide/cargo-home/registry/src/index.crates.io-6f17d22bba15001f/libc-0.1.3/rust/src/liblibc/lib.rs:79:46
[INFO] [stdout]    |
[INFO] [stdout] 79 | #[cfg(feature = "cargo-build")] extern crate "std" as core;
[INFO] [stdout]    |                                              ^^^^^ expected identifier
[INFO] [stdout] 
[INFO] [stdout] 
[INFO] [stdout] error: aborting due to previous error
[INFO] [stdout] 
[INFO] [stdout] 
[INFO] [stderr] error: could not compile `libc` (lib) due to 2 previous errors
[INFO] [stderr] warning: build failed, waiting for other jobs to finish...
[INFO] [stdout] error[E0432]: unresolved import `std::path::AsPath`
[INFO] [stdout]   --> /opt/rustwide/cargo-home/registry/src/index.crates.io-6f17d22bba15001f/gcc-0.3.2/src/lib.rs:52:26
[INFO] [stdout]    |
[INFO] [stdout] 52 | use std::path::{PathBuf, AsPath};
[INFO] [stdout]    |                          ^^^^^^
[INFO] [stdout]    |                          |
[INFO] [stdout]    |                          no `AsPath` in `path`
[INFO] [stdout]    |                          help: a similar name exists in the module: `Path`
[INFO] [stdout] 
[INFO] [stdout] 
[INFO] [stdout] error[E0554]: `#![feature]` may not be used on the beta release channel
[INFO] [stdout]   --> /opt/rustwide/cargo-home/registry/src/index.crates.io-6f17d22bba15001f/gcc-0.3.2/src/lib.rs:46:12
[INFO] [stdout]    |
[INFO] [stdout] 46 | #![feature(std_misc)]
[INFO] [stdout]    |            ^^^^^^^^
[INFO] [stdout] 
[INFO] [stdout] 
[INFO] [stdout] error[E0635]: unknown feature `std_misc`
[INFO] [stdout]   --> /opt/rustwide/cargo-home/registry/src/index.crates.io-6f17d22bba15001f/gcc-0.3.2/src/lib.rs:46:12
[INFO] [stdout]    |
[INFO] [stdout] 46 | #![feature(std_misc)]
[INFO] [stdout]    |            ^^^^^^^^
[INFO] [stdout] 
[INFO] [stdout] 
[INFO] [stdout] error: aborting due to 3 previous errors
[INFO] [stdout] 
[INFO] [stdout] 
[INFO] [stdout] Some errors have detailed explanations: E0432, E0554, E0635.
[INFO] [stdout] 
[INFO] [stdout] For more information about an error, try `rustc --explain E0432`.
[INFO] [stdout] 
[INFO] [stderr] error: could not compile `gcc` (lib) due to 4 previous errors
[INFO] running `Command { std: "docker" "inspect" "955133de53da3a67b2dcaa76052ce9cb0a84579f32bce9ed7884564c3c4d6d08", kill_on_drop: false }`
[INFO] running `Command { std: "docker" "rm" "-f" "955133de53da3a67b2dcaa76052ce9cb0a84579f32bce9ed7884564c3c4d6d08", kill_on_drop: false }`
[INFO] [stdout] 955133de53da3a67b2dcaa76052ce9cb0a84579f32bce9ed7884564c3c4d6d08
