[INFO] cloning repository https://github.com/luhuimao/morgan
[INFO] running `Command { std: "git" "-c" "credential.helper=" "-c" "credential.helper=/workspace/cargo-home/bin/git-credential-null" "clone" "--bare" "https://github.com/luhuimao/morgan" "/workspace/cache/git-repos/https%3A%2F%2Fgithub.com%2Fluhuimao%2Fmorgan", kill_on_drop: false }`
[INFO] [stderr] Cloning into bare repository '/workspace/cache/git-repos/https%3A%2F%2Fgithub.com%2Fluhuimao%2Fmorgan'...
[INFO] running `Command { std: "git" "rev-parse" "HEAD", kill_on_drop: false }`
[INFO] [stdout] 599fa26219457473df1cef9df41314cf62329510
[INFO] documenting luhuimao/morgan against beta-2023-04-20 for beta-1.70-rustdoc-1
[INFO] running `Command { std: "git" "clone" "/workspace/cache/git-repos/https%3A%2F%2Fgithub.com%2Fluhuimao%2Fmorgan" "/workspace/builds/worker-7-tc2/source", kill_on_drop: false }`
[INFO] [stderr] Cloning into '/workspace/builds/worker-7-tc2/source'...
[INFO] [stderr] done.
[INFO] validating manifest of git repo https://github.com/luhuimao/morgan on toolchain beta-2023-04-20
[INFO] running `Command { std: CARGO_HOME="/workspace/cargo-home" RUSTUP_HOME="/workspace/rustup-home" "/workspace/cargo-home/bin/cargo" "+beta-2023-04-20" "metadata" "--manifest-path" "Cargo.toml" "--no-deps", kill_on_drop: false }`
[INFO] started tweaking git repo https://github.com/luhuimao/morgan
[INFO] finished tweaking git repo https://github.com/luhuimao/morgan
[INFO] tweaked toml for git repo https://github.com/luhuimao/morgan written to /workspace/builds/worker-7-tc2/source/Cargo.toml
[INFO] crate git repo https://github.com/luhuimao/morgan already has a lockfile, it will not be regenerated
[INFO] running `Command { std: CARGO_HOME="/workspace/cargo-home" RUSTUP_HOME="/workspace/rustup-home" "/workspace/cargo-home/bin/cargo" "+beta-2023-04-20" "fetch" "--manifest-path" "Cargo.toml", kill_on_drop: false }`
[INFO] [stderr]     Updating crates.io index
[INFO] [stderr]  Downloading crates ...
[INFO] [stderr]   Downloaded jsonrpc-pubsub v11.0.0
[INFO] [stderr]   Downloaded reqwest v0.9.17
[INFO] [stderr]   Downloaded proc-macro-hack v0.5.5
[INFO] [stderr]   Downloaded ws v0.8.1
[INFO] [stderr]   Downloaded nix v0.14.0
[INFO] [stderr]   Downloaded console v0.7.5
[INFO] [stderr]   Downloaded sys-info v0.5.6
[INFO] [stderr]   Downloaded hyper v0.12.25
[INFO] [stderr]   Downloaded jsonrpc-http-server v11.0.0
[INFO] [stderr]   Downloaded cexpr v0.3.4
[INFO] [stderr]   Downloaded generic-array v0.13.0
[INFO] [stderr]   Downloaded proc-macro-crate v0.1.3
[INFO] [stderr]   Downloaded hex-literal v0.2.0
[INFO] [stderr]   Downloaded predicates v1.0.0
[INFO] [stderr]   Downloaded subtle v2.0.0
[INFO] [stderr]   Downloaded ar v0.6.2
[INFO] [stderr]   Downloaded core_affinity v0.5.9
[INFO] [stderr]   Downloaded hashbrown v0.2.2
[INFO] [stderr]   Downloaded hash32 v0.1.0
[INFO] [stderr]   Downloaded hex-literal-impl v0.2.0
[INFO] [stderr]   Downloaded jsonrpc-ws-server v11.0.0
[INFO] [stderr]   Downloaded jsonrpc-derive v11.0.0
[INFO] [stderr]   Downloaded bstr v0.1.2
[INFO] [stderr]   Downloaded jsonrpc-server-utils v11.0.0
[INFO] [stderr]   Downloaded generic-array v0.12.2
[INFO] [stderr]   Downloaded curve25519-dalek v1.1.3
[INFO] [stderr]   Downloaded cc v1.0.31
[INFO] [stderr]   Downloaded bloom v0.3.2
[INFO] [stderr]   Downloaded http v0.1.16
[INFO] [stderr]   Downloaded elfkit v0.0.6
[INFO] [stderr]   Downloaded librocksdb-sys v5.17.2
[INFO] [stderr]   Downloaded bv v0.11.0
[INFO] [stderr]   Downloaded reed-solomon-erasure v3.1.1
[INFO] [stderr]   Downloaded solana_rbpf v0.1.12
[INFO] [stderr]   Downloaded autocfg v0.1.3
[INFO] [stderr]   Downloaded jsonrpc-core v11.0.0
[INFO] [stderr]   Downloaded influx_db_client v0.3.6
[INFO] [stderr]   Downloaded solana-ed25519-dalek v0.2.0
[INFO] running `Command { std: "docker" "create" "-v" "/var/lib/crater-agent-workspace/builds/worker-7-tc2/target:/opt/rustwide/target:rw,Z" "-v" "/var/lib/crater-agent-workspace/builds/worker-7-tc2/source:/opt/rustwide/workdir:ro,Z" "-v" "/var/lib/crater-agent-workspace/cargo-home:/opt/rustwide/cargo-home:ro,Z" "-v" "/var/lib/crater-agent-workspace/rustup-home:/opt/rustwide/rustup-home:ro,Z" "-e" "SOURCE_DIR=/opt/rustwide/workdir" "-e" "CARGO_TARGET_DIR=/opt/rustwide/target" "-e" "CARGO_HOME=/opt/rustwide/cargo-home" "-e" "RUSTUP_HOME=/opt/rustwide/rustup-home" "-w" "/opt/rustwide/workdir" "-m" "1610612736" "--user" "0:0" "--network" "none" "ghcr.io/rust-lang/crates-build-env/linux@sha256:5ff2268d62e97bff2cde7d5815dd6ed5b47097566f13b8d0ca110b04b60e07ed" "/opt/rustwide/cargo-home/bin/cargo" "+beta-2023-04-20" "metadata" "--no-deps" "--format-version=1", kill_on_drop: false }`
[INFO] [stdout] dad44be1de50e1eaf8f02c969293fe0d4cea563abb857c9ff091bd3d3cc6a416
[INFO] running `Command { std: "docker" "start" "-a" "dad44be1de50e1eaf8f02c969293fe0d4cea563abb857c9ff091bd3d3cc6a416", kill_on_drop: false }`
[INFO] running `Command { std: "docker" "inspect" "dad44be1de50e1eaf8f02c969293fe0d4cea563abb857c9ff091bd3d3cc6a416", kill_on_drop: false }`
[INFO] running `Command { std: "docker" "rm" "-f" "dad44be1de50e1eaf8f02c969293fe0d4cea563abb857c9ff091bd3d3cc6a416", kill_on_drop: false }`
[INFO] [stdout] dad44be1de50e1eaf8f02c969293fe0d4cea563abb857c9ff091bd3d3cc6a416
[INFO] running `Command { std: "docker" "create" "-v" "/var/lib/crater-agent-workspace/builds/worker-7-tc2/target:/opt/rustwide/target:rw,Z" "-v" "/var/lib/crater-agent-workspace/builds/worker-7-tc2/source:/opt/rustwide/workdir:ro,Z" "-v" "/var/lib/crater-agent-workspace/cargo-home:/opt/rustwide/cargo-home:ro,Z" "-v" "/var/lib/crater-agent-workspace/rustup-home:/opt/rustwide/rustup-home:ro,Z" "-e" "SOURCE_DIR=/opt/rustwide/workdir" "-e" "CARGO_TARGET_DIR=/opt/rustwide/target" "-e" "CARGO_INCREMENTAL=0" "-e" "RUST_BACKTRACE=full" "-e" "RUSTFLAGS=--cap-lints=warn" "-e" "RUSTDOCFLAGS=--cap-lints=warn" "-e" "CARGO_HOME=/opt/rustwide/cargo-home" "-e" "RUSTUP_HOME=/opt/rustwide/rustup-home" "-w" "/opt/rustwide/workdir" "-m" "1610612736" "--user" "0:0" "--network" "none" "ghcr.io/rust-lang/crates-build-env/linux@sha256:5ff2268d62e97bff2cde7d5815dd6ed5b47097566f13b8d0ca110b04b60e07ed" "/opt/rustwide/cargo-home/bin/cargo" "+beta-2023-04-20" "doc" "--frozen" "--no-deps" "--document-private-items" "--message-format=json", kill_on_drop: false }`
[INFO] [stdout] 25e7e2d48cd947cee568d6809ef7200e65f271beba4711868749f47326f89b18
[INFO] running `Command { std: "docker" "start" "-a" "25e7e2d48cd947cee568d6809ef7200e65f271beba4711868749f47326f89b18", kill_on_drop: false }`
[INFO] [stderr] warning: output filename collision.
[INFO] [stderr] The bin target `morgan-tokenbot` in package `morgan-tokenbot v0.15.3 (/opt/rustwide/workdir/tokenbot)` has the same output filename as the lib target `morgan_tokenbot` in package `morgan-tokenbot v0.15.3 (/opt/rustwide/workdir/tokenbot)`.
[INFO] [stderr] Colliding filename is: /opt/rustwide/target/doc/morgan_tokenbot/index.html
[INFO] [stderr] The output filenames should be unique.
[INFO] [stderr] This is a known bug where multiple crates with the same name use
[INFO] [stderr] the same path; see <https://github.com/rust-lang/cargo/issues/6313>.
[INFO] [stderr] If this looks unexpected, it may be a bug in Cargo. Please file a bug report at
[INFO] [stderr] https://github.com/rust-lang/cargo/issues/ with as much information as you
[INFO] [stderr] can provide.
[INFO] [stderr] cargo 1.70.0-beta.1 (84b7041fd 2023-04-13) running on `x86_64-unknown-linux-gnu` target `x86_64-unknown-linux-gnu`
[INFO] [stderr] First unit: Unit { pkg: Package { id: PackageId { name: "morgan-tokenbot", version: "0.15.3", source: "/opt/rustwide/workdir/tokenbot" }, ..: ".." }, target: TargetInner { name: "morgan-tokenbot", doc: true, ..: with_path("/opt/rustwide/workdir/tokenbot/src/bin/drone.rs", Edition2018) }, profile: Profile { incremental: false, ..: default_dev() }, kind: Host, mode: Doc { deps: false }, features: [], artifact: false, artifact_target_for_features: None, is_std: false, dep_hash: 11358492855114286661 }
[INFO] [stderr] Second unit: Unit { pkg: Package { id: PackageId { name: "morgan-tokenbot", version: "0.15.3", source: "/opt/rustwide/workdir/tokenbot" }, ..: ".." }, target: TargetInner { ..: lib_target("morgan_tokenbot", ["lib"], "/opt/rustwide/workdir/tokenbot/src/lib.rs", Edition2018) }, profile: Profile { incremental: false, ..: default_dev() }, kind: Host, mode: Doc { deps: false }, features: [], artifact: false, artifact_target_for_features: None, is_std: false, dep_hash: 4784940680741269463 }
[INFO] [stderr] warning: output filename collision.
[INFO] [stderr] The bin target `morgan-vote-signer` in package `morgan-vote-signer v0.15.3 (/opt/rustwide/workdir/vote-signer)` has the same output filename as the lib target `morgan_vote_signer` in package `morgan-vote-signer v0.15.3 (/opt/rustwide/workdir/vote-signer)`.
[INFO] [stderr] Colliding filename is: /opt/rustwide/target/doc/morgan_vote_signer/index.html
[INFO] [stderr] The output filenames should be unique.
[INFO] [stderr] This is a known bug where multiple crates with the same name use
[INFO] [stderr] the same path; see <https://github.com/rust-lang/cargo/issues/6313>.
[INFO] [stderr] If this looks unexpected, it may be a bug in Cargo. Please file a bug report at
[INFO] [stderr] https://github.com/rust-lang/cargo/issues/ with as much information as you
[INFO] [stderr] can provide.
[INFO] [stderr] cargo 1.70.0-beta.1 (84b7041fd 2023-04-13) running on `x86_64-unknown-linux-gnu` target `x86_64-unknown-linux-gnu`
[INFO] [stderr] First unit: Unit { pkg: Package { id: PackageId { name: "morgan-vote-signer", version: "0.15.3", source: "/opt/rustwide/workdir/vote-signer" }, ..: ".." }, target: TargetInner { name: "morgan-vote-signer", doc: true, ..: with_path("/opt/rustwide/workdir/vote-signer/src/bin/main.rs", Edition2018) }, profile: Profile { incremental: false, ..: default_dev() }, kind: Host, mode: Doc { deps: false }, features: [], artifact: false, artifact_target_for_features: None, is_std: false, dep_hash: 8194173865876468328 }
[INFO] [stderr] Second unit: Unit { pkg: Package { id: PackageId { name: "morgan-vote-signer", version: "0.15.3", source: "/opt/rustwide/workdir/vote-signer" }, ..: ".." }, target: TargetInner { ..: lib_target("morgan_vote_signer", ["lib"], "/opt/rustwide/workdir/vote-signer/src/lib.rs", Edition2018) }, profile: Profile { incremental: false, ..: default_dev() }, kind: Host, mode: Doc { deps: false }, features: [], artifact: false, artifact_target_for_features: None, is_std: false, dep_hash: 1730710132780290220 }
[INFO] [stderr]    Compiling libc v0.2.55
[INFO] [stderr]    Compiling arrayvec v0.4.10
[INFO] [stderr]    Compiling autocfg v0.1.3
[INFO] [stderr]     Checking cfg-if v0.1.7
[INFO] [stderr]    Compiling lazy_static v1.3.0
[INFO] [stderr]    Compiling nodrop v0.1.13
[INFO] [stderr]    Compiling scopeguard v0.3.3
[INFO] [stderr]    Compiling memoffset v0.2.1
[INFO] [stderr]    Compiling crossbeam-utils v0.2.2
[INFO] [stderr]    Compiling either v1.5.1
[INFO] [stderr]    Compiling byteorder v1.3.1
[INFO] [stderr]    Compiling proc-macro2 v0.4.29
[INFO] [stderr]    Compiling unicode-xid v0.1.0
[INFO] [stderr]    Compiling syn v0.15.29
[INFO] [stderr]     Checking log v0.4.6
[INFO] [stderr]     Checking rand_core v0.4.0
[INFO] [stderr]    Compiling rand_pcg v0.1.2
[INFO] [stderr]    Compiling rand_chacha v0.1.1
[INFO] [stderr]    Compiling rand v0.6.5
[INFO] [stderr]     Checking rand_core v0.3.1
[INFO] [stderr]    Compiling serde v1.0.91
[INFO] [stderr]    Compiling crossbeam-epoch v0.3.1
[INFO] [stderr]     Checking rand_hc v0.1.0
[INFO] [stderr]     Checking rand_os v0.1.3
[INFO] [stderr]    Compiling num_cpus v1.10.0
[INFO] [stderr]     Checking rand_isaac v0.1.1
[INFO] [stderr]    Compiling quote v0.6.11
[INFO] [stderr]     Checking rand_xorshift v0.1.1
[INFO] [stderr]    Compiling crossbeam-deque v0.2.0
[INFO] [stderr]     Checking rand_jitter v0.1.3
[INFO] [stderr]    Compiling memchr v2.2.0
[INFO] [stderr]    Compiling regex v1.1.6
[INFO] [stderr]    Compiling rayon-core v1.4.1
[INFO] [stderr]    Compiling typenum v1.10.0
[INFO] [stderr]     Checking time v0.1.42
[INFO] [stderr]    Compiling num-traits v0.2.8
[INFO] [stderr]    Compiling rayon v1.0.3
[INFO] [stderr]    Compiling backtrace v0.3.14
[INFO] [stderr]     Checking ucd-util v0.1.3
[INFO] [stderr]     Checking aho-corasick v0.7.3
[INFO] [stderr]     Checking thread_local v0.3.6
[INFO] [stderr]     Checking regex-syntax v0.6.6
[INFO] [stderr]     Checking utf8-ranges v1.0.2
[INFO] [stderr]     Checking itoa v0.4.3
[INFO] [stderr]    Compiling failure_derive v0.1.5
[INFO] [stderr]    Compiling num-integer v0.1.39
[INFO] [stderr]    Compiling ryu v0.2.7
[INFO] [stderr]     Checking atty v0.2.11
[INFO] [stderr]     Checking smallvec v0.6.9
[INFO] [stderr]     Checking generic-array v0.12.2
[INFO] [stderr]     Checking fake-simd v0.1.2
[INFO] [stderr]    Compiling bincode v1.1.4
[INFO] [stderr]    Compiling cc v1.0.31
[INFO] [stderr]     Checking byte-tools v0.3.1
[INFO] [stderr]     Checking rustc-demangle v0.1.13
[INFO] [stderr]     Checking digest v0.8.0
[INFO] [stderr]     Checking block-padding v0.1.3
[INFO] [stderr]     Checking quick-error v1.2.2
[INFO] [stderr]     Checking futures v0.1.26
[INFO] [stderr]     Checking humantime v1.2.0
[INFO] [stderr]     Checking block-buffer v0.7.0
[INFO] [stderr]     Checking opaque-debug v0.2.2
[INFO] [stderr]     Checking termcolor v1.0.4
[INFO] [stderr]    Compiling subtle v2.0.0
[INFO] [stderr]     Checking iovec v0.1.2
[INFO] [stderr]    Compiling num-derive v0.2.5
[INFO] [stderr]     Checking sha2 v0.8.0
[INFO] [stderr]    Compiling backtrace-sys v0.1.28
[INFO] [stderr]    Compiling clear_on_drop v0.2.3
[INFO] [stderr]     Checking untrusted v0.6.2
[INFO] [stderr]     Checking itertools v0.8.0
[INFO] [stderr]     Checking crossbeam-utils v0.6.5
[INFO] [stderr]     Checking slab v0.4.2
[INFO] [stderr]     Checking bs58 v0.2.2
[INFO] [stderr]     Checking env_logger v0.6.1
[INFO] [stderr]    Compiling curve25519-dalek v1.1.3
[INFO] [stderr]     Checking hex v0.3.2
[INFO] [stderr]     Checking assert_matches v1.3.0
[INFO] [stderr]     Checking fnv v1.0.6
[INFO] [stderr]     Checking bytes v0.4.12
[INFO] [stderr]    Compiling parking_lot_core v0.4.0
[INFO] [stderr]     Checking stable_deref_trait v1.1.1
[INFO] [stderr]     Checking tokio-executor v0.1.7
[INFO] [stderr]     Checking owning_ref v0.4.0
[INFO] [stderr]     Checking net2 v0.2.33
[INFO] [stderr]    Compiling synstructure v0.10.1
[INFO] [stderr]     Checking lock_api v0.1.5
[INFO] [stderr]     Checking lazycell v1.2.1
[INFO] [stderr]     Checking bitflags v1.0.4
[INFO] [stderr]     Checking tokio-io v0.1.12
[INFO] [stderr]     Checking mio v0.6.16
[INFO] [stderr]     Checking tokio-sync v0.1.5
[INFO] [stderr]     Checking morgan-logger v0.15.3 (/opt/rustwide/workdir/logger)
[INFO] [stdout] warning: use of deprecated constant `std::sync::ONCE_INIT`: the `new` function is now preferred
[INFO] [stdout]  --> logger/src/lib.rs:5:23
[INFO] [stdout]   |
[INFO] [stdout] 5 | use std::sync::{Once, ONCE_INIT};
[INFO] [stdout]   |                       ^^^^^^^^^
[INFO] [stdout]   |
[INFO] [stdout]   = note: `#[warn(deprecated)]` on by default
[INFO] [stdout] 
[INFO] [stdout] 
[INFO] [stdout] warning: use of deprecated constant `std::sync::ONCE_INIT`: the `new` function is now preferred
[INFO] [stdout]  --> logger/src/lib.rs:7:21
[INFO] [stdout]   |
[INFO] [stdout] 7 | static INIT: Once = ONCE_INIT;
[INFO] [stdout]   |                     ^^^^^^^^^
[INFO] [stdout]   |
[INFO] [stdout] help: replace the use of the deprecated constant
[INFO] [stdout]   |
[INFO] [stdout] 7 | static INIT: Once = Once::new();
[INFO] [stdout]   |                     ~~~~~~~~~~~
[INFO] [stdout] 
[INFO] [stdout] 
[INFO] [stdout] warning: 2 warnings emitted
[INFO] [stdout] 
[INFO] [stdout] 
[INFO] [stderr]    Compiling unicase v1.4.2
[INFO] [stderr]     Checking parking_lot v0.7.1
[INFO] [stderr]     Checking crossbeam-epoch v0.7.1
[INFO] [stderr]     Checking tokio-codec v0.1.1
[INFO] [stderr]     Checking crossbeam-queue v0.1.2
[INFO] [stderr]     Checking matches v0.1.8
[INFO] [stderr]     Checking tokio-reactor v0.1.9
[INFO] [stderr]     Checking crossbeam-deque v0.7.1
[INFO] [stderr]     Checking mio-uds v0.6.7
[INFO] [stderr]     Checking unicode-normalization v0.1.8
[INFO] [stderr]     Checking unicode-bidi v0.3.4
[INFO] [stderr]     Checking tokio-timer v0.2.10
[INFO] [stderr]     Checking tokio-threadpool v0.1.14
[INFO] [stderr]     Checking tokio-current-thread v0.1.6
[INFO] [stderr]     Checking tokio-udp v0.1.3
[INFO] [stderr]     Checking tokio-uds v0.2.5
[INFO] [stderr]     Checking tokio-tcp v0.1.3
[INFO] [stderr]     Checking tokio-trace-core v0.1.0
[INFO] [stderr]     Checking percent-encoding v1.0.1
[INFO] [stderr]    Compiling httparse v1.3.3
[INFO] [stderr]    Compiling pkg-config v0.3.14
[INFO] [stderr]    Compiling unicase v2.3.0
[INFO] [stderr]     Checking tokio-fs v0.1.6
[INFO] [stderr]     Checking indexmap v1.0.2
[INFO] [stderr]     Checking tokio v0.1.20
[INFO] [stderr]     Checking idna v0.1.5
[INFO] [stderr]    Compiling openssl-sys v0.9.42
[INFO] [stderr]    Compiling openssl v0.10.19
[INFO] [stderr]     Checking url v1.7.2
[INFO] [stderr]    Compiling build_const v0.2.1
[INFO] [stderr]     Checking foreign-types-shared v0.1.1
[INFO] [stderr]    Compiling siphasher v0.2.3
[INFO] [stderr]     Checking foreign-types v0.3.2
[INFO] [stderr]    Compiling crc v1.8.1
[INFO] [stderr]    Compiling phf_shared v0.7.24
[INFO] [stderr]    Compiling native-tls v0.2.2
[INFO] [stderr]     Checking http v0.1.16
[INFO] [stderr]     Checking try-lock v0.2.2
[INFO] [stderr] The following warnings were emitted during compilation:
[INFO] [stderr] 
[INFO] [stderr] warning: build/expando.c:4:24: error: pasting "RUST_VERSION_OPENSSL_" and "(" does not give a valid preprocessing token
[INFO] [stderr] warning:     4 | #define VERSION2(n, v) RUST_VERSION_##n##_##v
[INFO] [stderr] warning:       |                        ^~~~~~~~~~~~~
[INFO] [stderr] warning: build/expando.c:5:23: note: in expansion of macro 'VERSION2'
[INFO] [stderr] warning:     5 | #define VERSION(n, v) VERSION2(n, v)
[INFO] [stderr] warning:       |                       ^~~~~~~~
[INFO] [stderr] warning: build/expando.c:10:1: note: in expansion of macro 'VERSION'
[INFO] [stderr] warning:    10 | VERSION(OPENSSL, OPENSSL_VERSION_NUMBER)
[INFO] [stderr] warning:       | ^~~~~~~
[INFO] [stderr] 
[INFO] [stderr] error: failed to run custom build command for `openssl-sys v0.9.42`
[INFO] [stderr] note: To improve backtraces for build dependencies, set the CARGO_PROFILE_DEV_BUILD_OVERRIDE_DEBUG=true environment variable to enable debug information generation.
[INFO] [stderr] 
[INFO] [stderr] Caused by:
[INFO] [stderr]   process didn't exit successfully: `/opt/rustwide/target/debug/build/openssl-sys-c27d54aac619a8e2/build-script-main` (exit status: 101)
[INFO] [stderr]   --- stdout
[INFO] [stderr]   cargo:rustc-cfg=const_fn
[INFO] [stderr]   cargo:rerun-if-env-changed=X86_64_UNKNOWN_LINUX_GNU_OPENSSL_LIB_DIR
[INFO] [stderr]   X86_64_UNKNOWN_LINUX_GNU_OPENSSL_LIB_DIR unset
[INFO] [stderr]   cargo:rerun-if-env-changed=OPENSSL_LIB_DIR
[INFO] [stderr]   OPENSSL_LIB_DIR unset
[INFO] [stderr]   cargo:rerun-if-env-changed=X86_64_UNKNOWN_LINUX_GNU_OPENSSL_INCLUDE_DIR
[INFO] [stderr]   X86_64_UNKNOWN_LINUX_GNU_OPENSSL_INCLUDE_DIR unset
[INFO] [stderr]   cargo:rerun-if-env-changed=OPENSSL_INCLUDE_DIR
[INFO] [stderr]   OPENSSL_INCLUDE_DIR unset
[INFO] [stderr]   cargo:rerun-if-env-changed=X86_64_UNKNOWN_LINUX_GNU_OPENSSL_DIR
[INFO] [stderr]   X86_64_UNKNOWN_LINUX_GNU_OPENSSL_DIR unset
[INFO] [stderr]   cargo:rerun-if-env-changed=OPENSSL_DIR
[INFO] [stderr]   OPENSSL_DIR unset
[INFO] [stderr]   cargo:rustc-link-lib=ssl
[INFO] [stderr]   cargo:rustc-link-lib=crypto
[INFO] [stderr]   OPT_LEVEL = Some("0")
[INFO] [stderr]   TARGET = Some("x86_64-unknown-linux-gnu")
[INFO] [stderr]   HOST = Some("x86_64-unknown-linux-gnu")
[INFO] [stderr]   CC_x86_64-unknown-linux-gnu = None
[INFO] [stderr]   CC_x86_64_unknown_linux_gnu = None
[INFO] [stderr]   HOST_CC = None
[INFO] [stderr]   CC = None
[INFO] [stderr]   CFLAGS_x86_64-unknown-linux-gnu = None
[INFO] [stderr]   CFLAGS_x86_64_unknown_linux_gnu = None
[INFO] [stderr]   HOST_CFLAGS = None
[INFO] [stderr]   CFLAGS = None
[INFO] [stderr]   CRATE_CC_NO_DEFAULTS = None
[INFO] [stderr]   DEBUG = Some("true")
[INFO] [stderr]   CARGO_CFG_TARGET_FEATURE = Some("fxsr,sse,sse2")
[INFO] [stderr]   running: "cc" "-O0" "-ffunction-sections" "-fdata-sections" "-fPIC" "-g" "-fno-omit-frame-pointer" "-m64" "-Wall" "-Wextra" "-E" "build/expando.c"
[INFO] [stderr]   cargo:warning=build/expando.c:4:24: error: pasting "RUST_VERSION_OPENSSL_" and "(" does not give a valid preprocessing token
[INFO] [stderr]   cargo:warning=    4 | #define VERSION2(n, v) RUST_VERSION_##n##_##v
[INFO] [stderr]   cargo:warning=      |                        ^~~~~~~~~~~~~
[INFO] [stderr]   cargo:warning=build/expando.c:5:23: note: in expansion of macro 'VERSION2'
[INFO] [stderr]   cargo:warning=    5 | #define VERSION(n, v) VERSION2(n, v)
[INFO] [stderr]   cargo:warning=      |                       ^~~~~~~~
[INFO] [stderr]   cargo:warning=build/expando.c:10:1: note: in expansion of macro 'VERSION'
[INFO] [stderr]   cargo:warning=   10 | VERSION(OPENSSL, OPENSSL_VERSION_NUMBER)
[INFO] [stderr]   cargo:warning=      | ^~~~~~~
[INFO] [stderr]   exit status: 1
[INFO] [stderr] 
[INFO] [stderr]   --- stderr
[INFO] [stderr]   thread 'main' panicked at '
[INFO] [stderr]   Header expansion error:
[INFO] [stderr]   Error { kind: ToolExecError, message: "Command \"cc\" \"-O0\" \"-ffunction-sections\" \"-fdata-sections\" \"-fPIC\" \"-g\" \"-fno-omit-frame-pointer\" \"-m64\" \"-Wall\" \"-Wextra\" \"-E\" \"build/expando.c\" with args \"cc\" did not execute successfully (status code exit status: 1)." }
[INFO] [stderr] 
[INFO] [stderr]   Failed to find OpenSSL development headers.
[INFO] [stderr] 
[INFO] [stderr]   You can try fixing this setting the `OPENSSL_DIR` environment variable
[INFO] [stderr]   pointing to your OpenSSL installation or installing OpenSSL headers package
[INFO] [stderr]   specific to your distribution:
[INFO] [stderr] 
[INFO] [stderr]       # On Ubuntu
[INFO] [stderr]       sudo apt-get install libssl-dev
[INFO] [stderr]       # On Arch Linux
[INFO] [stderr]       sudo pacman -S openssl
[INFO] [stderr]       # On Fedora
[INFO] [stderr]       sudo dnf install openssl-devel
[INFO] [stderr] 
[INFO] [stderr]   See rust-openssl README for more information:
[INFO] [stderr] 
[INFO] [stderr]       https://github.com/sfackler/rust-openssl#linux
[INFO] [stderr]   ', /opt/rustwide/cargo-home/registry/src/index.crates.io-6f17d22bba15001f/openssl-sys-0.9.42/build/main.rs:126:13
[INFO] [stderr]   stack backtrace:
[INFO] [stderr]      0:     0x5627cae80fba - std::backtrace_rs::backtrace::libunwind::trace::h2f05d0192276a8f6
[INFO] [stderr]                                  at /rustc/1b7dd2252b99671ce5d1cb9664c5f8636329436d/library/std/src/../../backtrace/src/backtrace/libunwind.rs:93:5
[INFO] [stderr]      1:     0x5627cae80fba - std::backtrace_rs::backtrace::trace_unsynchronized::hedc23dff7a1af150
[INFO] [stderr]                                  at /rustc/1b7dd2252b99671ce5d1cb9664c5f8636329436d/library/std/src/../../backtrace/src/backtrace/mod.rs:66:5
[INFO] [stderr]      2:     0x5627cae80fba - std::sys_common::backtrace::_print_fmt::h17541ef7592f3ce2
[INFO] [stderr]                                  at /rustc/1b7dd2252b99671ce5d1cb9664c5f8636329436d/library/std/src/sys_common/backtrace.rs:65:5
[INFO] [stderr]      3:     0x5627cae80fba - <std::sys_common::backtrace::_print::DisplayBacktrace as core::fmt::Display>::fmt::h20f75df5ab0c0792
[INFO] [stderr]                                  at /rustc/1b7dd2252b99671ce5d1cb9664c5f8636329436d/library/std/src/sys_common/backtrace.rs:44:22
[INFO] [stderr]      4:     0x5627caea170f - core::fmt::write::h78109e6f466b3af6
[INFO] [stderr]                                  at /rustc/1b7dd2252b99671ce5d1cb9664c5f8636329436d/library/core/src/fmt/mod.rs:1254:17
[INFO] [stderr]      5:     0x5627cae7e235 - std::io::Write::write_fmt::hc59e1b02dd273c8a
[INFO] [stderr]                                  at /rustc/1b7dd2252b99671ce5d1cb9664c5f8636329436d/library/std/src/io/mod.rs:1698:15
[INFO] [stderr]      6:     0x5627cae80d85 - std::sys_common::backtrace::_print::h8dac57a9f8fbf9a5
[INFO] [stderr]                                  at /rustc/1b7dd2252b99671ce5d1cb9664c5f8636329436d/library/std/src/sys_common/backtrace.rs:47:5
[INFO] [stderr]      7:     0x5627cae80d85 - std::sys_common::backtrace::print::hf9ecbf41d1aa712f
[INFO] [stderr]                                  at /rustc/1b7dd2252b99671ce5d1cb9664c5f8636329436d/library/std/src/sys_common/backtrace.rs:34:9
[INFO] [stderr]      8:     0x5627cae8264e - std::panicking::default_hook::{{closure}}::h04c07acfc84ca028
[INFO] [stderr]                                  at /rustc/1b7dd2252b99671ce5d1cb9664c5f8636329436d/library/std/src/panicking.rs:269:22
[INFO] [stderr]      9:     0x5627cae823f5 - std::panicking::default_hook::h01f6bb23e1eceb2c
[INFO] [stderr]                                  at /rustc/1b7dd2252b99671ce5d1cb9664c5f8636329436d/library/std/src/panicking.rs:288:9
[INFO] [stderr]     10:     0x5627cae82bae - std::panicking::rust_panic_with_hook::h2bb3722bbaf2f6df
[INFO] [stderr]                                  at /rustc/1b7dd2252b99671ce5d1cb9664c5f8636329436d/library/std/src/panicking.rs:691:13
[INFO] [stderr]     11:     0x5627cae82aa9 - std::panicking::begin_panic_handler::{{closure}}::h91bc7f36a4be011b
[INFO] [stderr]                                  at /rustc/1b7dd2252b99671ce5d1cb9664c5f8636329436d/library/std/src/panicking.rs:582:13
[INFO] [stderr]     12:     0x5627cae81426 - std::sys_common::backtrace::__rust_end_short_backtrace::h8b3d3717114f9e59
[INFO] [stderr]                                  at /rustc/1b7dd2252b99671ce5d1cb9664c5f8636329436d/library/std/src/sys_common/backtrace.rs:150:18
[INFO] [stderr]     13:     0x5627cae82802 - rust_begin_unwind
[INFO] [stderr]                                  at /rustc/1b7dd2252b99671ce5d1cb9664c5f8636329436d/library/std/src/panicking.rs:578:5
[INFO] [stderr]     14:     0x5627cadec7f3 - core::panicking::panic_fmt::hfd368e3fbdabea26
[INFO] [stderr]                                  at /rustc/1b7dd2252b99671ce5d1cb9664c5f8636329436d/library/core/src/panicking.rs:67:14
[INFO] [stderr]     15:     0x5627cadefa78 - build_script_main::validate_headers::hdf840cb48c525b07
[INFO] [stderr]     16:     0x5627cadf75d0 - build_script_main::find::try_pkg_config::h16ecabae27e23318
[INFO] [stderr]     17:     0x5627cadf63a6 - build_script_main::find::find_openssl_dir::hdcdc5d4e5fa18011
[INFO] [stderr]     18:     0x5627cadf61f2 - build_script_main::find::get_openssl::{{closure}}::h49375eed3d23572c
[INFO] [stderr]     19:     0x5627cadf3f0a - core::option::Option<T>::unwrap_or_else::h5d64b3d516d4b715
[INFO] [stderr]     20:     0x5627cadf5ef0 - build_script_main::find::get_openssl::hcc862649f24e7567
[INFO] [stderr]     21:     0x5627cadee805 - build_script_main::main::hfebd62907927a852
[INFO] [stderr]     22:     0x5627cadf39c3 - core::ops::function::FnOnce::call_once::ha53c79f176965862
[INFO] [stderr]     23:     0x5627cadf8146 - std::sys_common::backtrace::__rust_begin_short_backtrace::h782db99e589f52bd
[INFO] [stderr]     24:     0x5627cadf2359 - std::rt::lang_start::{{closure}}::hee15ac840a2f4b52
[INFO] [stderr]     25:     0x5627cae7b11e - core::ops::function::impls::<impl core::ops::function::FnOnce<A> for &F>::call_once::h2eb19b8ce4148df4
[INFO] [stderr]                                  at /rustc/1b7dd2252b99671ce5d1cb9664c5f8636329436d/library/core/src/ops/function.rs:287:13
[INFO] [stderr]     26:     0x5627cae7b11e - std::panicking::try::do_call::h2e900feff5d504c5
[INFO] [stderr]                                  at /rustc/1b7dd2252b99671ce5d1cb9664c5f8636329436d/library/std/src/panicking.rs:485:40
[INFO] [stderr]     27:     0x5627cae7b11e - std::panicking::try::h8854836cb85aa9f2
[INFO] [stderr]                                  at /rustc/1b7dd2252b99671ce5d1cb9664c5f8636329436d/library/std/src/panicking.rs:449:19
[INFO] [stderr]     28:     0x5627cae7b11e - std::panic::catch_unwind::h706025dd4c48f64b
[INFO] [stderr]                                  at /rustc/1b7dd2252b99671ce5d1cb9664c5f8636329436d/library/std/src/panic.rs:140:14
[INFO] [stderr]     29:     0x5627cae7b11e - std::rt::lang_start_internal::{{closure}}::h7be5b97f4a07a91a
[INFO] [stderr]                                  at /rustc/1b7dd2252b99671ce5d1cb9664c5f8636329436d/library/std/src/rt.rs:148:48
[INFO] [stderr]     30:     0x5627cae7b11e - std::panicking::try::do_call::h59847e9d0a176965
[INFO] [stderr]                                  at /rustc/1b7dd2252b99671ce5d1cb9664c5f8636329436d/library/std/src/panicking.rs:485:40
[INFO] [stderr]     31:     0x5627cae7b11e - std::panicking::try::h399a918ba8522823
[INFO] [stderr]                                  at /rustc/1b7dd2252b99671ce5d1cb9664c5f8636329436d/library/std/src/panicking.rs:449:19
[INFO] [stderr]     32:     0x5627cae7b11e - std::panic::catch_unwind::hca7ca6c55b2a2e26
[INFO] [stderr]                                  at /rustc/1b7dd2252b99671ce5d1cb9664c5f8636329436d/library/std/src/panic.rs:140:14
[INFO] [stderr]     33:     0x5627cae7b11e - std::rt::lang_start_internal::h2c807a81560459eb
[INFO] [stderr]                                  at /rustc/1b7dd2252b99671ce5d1cb9664c5f8636329436d/library/std/src/rt.rs:148:20
[INFO] [stderr]     34:     0x5627cadf2337 - std::rt::lang_start::h855d9d6298505a6c
[INFO] [stderr]     35:     0x5627cadf1635 - main
[INFO] [stderr]     36:     0x7f48a194ad90 - <unknown>
[INFO] [stderr]     37:     0x7f48a194ae40 - __libc_start_main
[INFO] [stderr]     38:     0x5627cadece65 - _start
[INFO] [stderr]     39:                0x0 - <unknown>
[INFO] [stderr] warning: build failed, waiting for other jobs to finish...
[INFO] running `Command { std: "docker" "inspect" "25e7e2d48cd947cee568d6809ef7200e65f271beba4711868749f47326f89b18", kill_on_drop: false }`
[INFO] running `Command { std: "docker" "rm" "-f" "25e7e2d48cd947cee568d6809ef7200e65f271beba4711868749f47326f89b18", kill_on_drop: false }`
[INFO] [stdout] 25e7e2d48cd947cee568d6809ef7200e65f271beba4711868749f47326f89b18
