[INFO] cloning repository https://github.com/lucis-fluxum/os
[INFO] running `Command { std: "git" "-c" "credential.helper=" "-c" "credential.helper=/workspace/cargo-home/bin/git-credential-null" "clone" "--bare" "https://github.com/lucis-fluxum/os" "/workspace/cache/git-repos/https%3A%2F%2Fgithub.com%2Flucis-fluxum%2Fos", kill_on_drop: false }`
[INFO] [stderr] Cloning into bare repository '/workspace/cache/git-repos/https%3A%2F%2Fgithub.com%2Flucis-fluxum%2Fos'...
[INFO] running `Command { std: "git" "rev-parse" "HEAD", kill_on_drop: false }`
[INFO] [stdout] 744e40795ae3bfa5e5ed09f342844ceca5267b16
[INFO] documenting lucis-fluxum/os against 1.69.0 for beta-1.70-rustdoc-1
[INFO] running `Command { std: "git" "clone" "/workspace/cache/git-repos/https%3A%2F%2Fgithub.com%2Flucis-fluxum%2Fos" "/workspace/builds/worker-1-tc1/source", kill_on_drop: false }`
[INFO] [stderr] Cloning into '/workspace/builds/worker-1-tc1/source'...
[INFO] [stderr] done.
[INFO] validating manifest of git repo https://github.com/lucis-fluxum/os on toolchain 1.69.0
[INFO] running `Command { std: CARGO_HOME="/workspace/cargo-home" RUSTUP_HOME="/workspace/rustup-home" "/workspace/cargo-home/bin/cargo" "+1.69.0" "metadata" "--manifest-path" "Cargo.toml" "--no-deps", kill_on_drop: false }`
[INFO] removed /workspace/builds/worker-1-tc1/source/.cargo/config.toml
[INFO] removed /workspace/builds/worker-1-tc1/source/rust-toolchain
[INFO] started tweaking git repo https://github.com/lucis-fluxum/os
[INFO] removed 0 missing tests
[INFO] finished tweaking git repo https://github.com/lucis-fluxum/os
[INFO] tweaked toml for git repo https://github.com/lucis-fluxum/os written to /workspace/builds/worker-1-tc1/source/Cargo.toml
[INFO] crate git repo https://github.com/lucis-fluxum/os already has a lockfile, it will not be regenerated
[INFO] running `Command { std: CARGO_HOME="/workspace/cargo-home" RUSTUP_HOME="/workspace/rustup-home" "/workspace/cargo-home/bin/cargo" "+1.69.0" "fetch" "--manifest-path" "Cargo.toml", kill_on_drop: false }`
[INFO] [stderr]     Updating git repository `https://github.com/0xSiO/ps2-rs`
[INFO] [stderr]     Updating git repository `https://github.com/trashbyte/tinypci`
[INFO] [stderr]  Downloading crates ...
[INFO] [stderr]   Downloaded linked_list_allocator v0.9.0
[INFO] [stderr]   Downloaded uart_16550 v0.2.15
[INFO] [stderr]   Downloaded pc-keyboard v0.5.1
[INFO] [stderr]   Downloaded pic8259 v0.10.2
[INFO] [stderr]   Downloaded conquer-once v0.3.2
[INFO] [stderr]   Downloaded x86_64 v0.14.6
[INFO] [stderr]   Downloaded bootloader v0.9.19
[INFO] [stderr]   Downloaded volatile v0.3.0
[INFO] [stderr]   Downloaded conquer-util v0.3.0
[INFO] [stderr]   Downloaded volatile v0.4.4
[INFO] running `Command { std: "docker" "create" "-v" "/var/lib/crater-agent-workspace/builds/worker-1-tc1/target:/opt/rustwide/target:rw,Z" "-v" "/var/lib/crater-agent-workspace/builds/worker-1-tc1/source:/opt/rustwide/workdir:ro,Z" "-v" "/var/lib/crater-agent-workspace/cargo-home:/opt/rustwide/cargo-home:ro,Z" "-v" "/var/lib/crater-agent-workspace/rustup-home:/opt/rustwide/rustup-home:ro,Z" "-e" "SOURCE_DIR=/opt/rustwide/workdir" "-e" "CARGO_TARGET_DIR=/opt/rustwide/target" "-e" "CARGO_HOME=/opt/rustwide/cargo-home" "-e" "RUSTUP_HOME=/opt/rustwide/rustup-home" "-w" "/opt/rustwide/workdir" "-m" "1610612736" "--user" "0:0" "--network" "none" "ghcr.io/rust-lang/crates-build-env/linux@sha256:5ff2268d62e97bff2cde7d5815dd6ed5b47097566f13b8d0ca110b04b60e07ed" "/opt/rustwide/cargo-home/bin/cargo" "+1.69.0" "metadata" "--no-deps" "--format-version=1", kill_on_drop: false }`
[INFO] [stdout] cfaf7bea70623efebe26a545e5912056c28723c826c329392829d6050a75843f
[INFO] running `Command { std: "docker" "start" "-a" "cfaf7bea70623efebe26a545e5912056c28723c826c329392829d6050a75843f", kill_on_drop: false }`
[INFO] running `Command { std: "docker" "inspect" "cfaf7bea70623efebe26a545e5912056c28723c826c329392829d6050a75843f", kill_on_drop: false }`
[INFO] running `Command { std: "docker" "rm" "-f" "cfaf7bea70623efebe26a545e5912056c28723c826c329392829d6050a75843f", kill_on_drop: false }`
[INFO] [stdout] cfaf7bea70623efebe26a545e5912056c28723c826c329392829d6050a75843f
[INFO] running `Command { std: "docker" "create" "-v" "/var/lib/crater-agent-workspace/builds/worker-1-tc1/target:/opt/rustwide/target:rw,Z" "-v" "/var/lib/crater-agent-workspace/builds/worker-1-tc1/source:/opt/rustwide/workdir:ro,Z" "-v" "/var/lib/crater-agent-workspace/cargo-home:/opt/rustwide/cargo-home:ro,Z" "-v" "/var/lib/crater-agent-workspace/rustup-home:/opt/rustwide/rustup-home:ro,Z" "-e" "SOURCE_DIR=/opt/rustwide/workdir" "-e" "CARGO_TARGET_DIR=/opt/rustwide/target" "-e" "CARGO_INCREMENTAL=0" "-e" "RUST_BACKTRACE=full" "-e" "RUSTFLAGS=--cap-lints=warn" "-e" "RUSTDOCFLAGS=--cap-lints=warn" "-e" "CARGO_HOME=/opt/rustwide/cargo-home" "-e" "RUSTUP_HOME=/opt/rustwide/rustup-home" "-w" "/opt/rustwide/workdir" "-m" "1610612736" "--user" "0:0" "--network" "none" "ghcr.io/rust-lang/crates-build-env/linux@sha256:5ff2268d62e97bff2cde7d5815dd6ed5b47097566f13b8d0ca110b04b60e07ed" "/opt/rustwide/cargo-home/bin/cargo" "+1.69.0" "doc" "--frozen" "--no-deps" "--document-private-items" "--message-format=json", kill_on_drop: false }`
[INFO] [stdout] b623f0d482edd935cb198dc18ea836ed25da04c090d273eada9125ae7045750e
[INFO] running `Command { std: "docker" "start" "-a" "b623f0d482edd935cb198dc18ea836ed25da04c090d273eada9125ae7045750e", kill_on_drop: false }`
[INFO] [stderr]    Compiling x86_64 v0.14.6
[INFO] [stderr]     Checking bit_field v0.10.1
[INFO] [stderr]     Checking volatile v0.4.4
[INFO] [stderr]     Checking bitflags v1.3.2
[INFO] [stderr]    Compiling crossbeam-utils v0.8.5
[INFO] [stderr]    Compiling futures-core v0.3.17
[INFO] [stderr]     Checking scopeguard v1.1.0
[INFO] [stderr]    Compiling futures-task v0.3.17
[INFO] [stderr]    Compiling crossbeam-queue v0.3.2
[INFO] [stderr]    Compiling bootloader v0.9.19
[INFO] [stderr]    Compiling log v0.4.14
[INFO] [stderr]     Checking pin-project-lite v0.2.7
[INFO] [stderr]     Checking conquer-util v0.3.0
[INFO] [stderr]    Compiling futures-util v0.3.17
[INFO] [stderr]     Checking tinypci v0.1.0 (https://github.com/trashbyte/tinypci#f1afba83)
[INFO] [stderr]     Checking pc-keyboard v0.5.1
[INFO] [stderr]     Checking volatile v0.3.0
[INFO] [stderr]     Checking lock_api v0.4.5
[INFO] [stderr]     Checking conquer-once v0.3.2
[INFO] [stdout] error: cannot find macro `llvm_asm` in this scope
[INFO] [stdout]   --> /opt/rustwide/cargo-home/git/checkouts/tinypci-9831d3a001cc0dab/f1afba8/src/lib.rs:33:5
[INFO] [stdout]    |
[INFO] [stdout] 33 |     llvm_asm!("inl %dx, %eax" : "={eax}"(value) : "{dx}"(port) :: "volatile");
[INFO] [stdout]    |     ^^^^^^^^
[INFO] [stdout] 
[INFO] [stdout] 
[INFO] [stdout] error: cannot find macro `llvm_asm` in this scope
[INFO] [stdout]   --> /opt/rustwide/cargo-home/git/checkouts/tinypci-9831d3a001cc0dab/f1afba8/src/lib.rs:40:5
[INFO] [stdout]    |
[INFO] [stdout] 40 |     llvm_asm!("outl %eax, %dx" :: "{dx}"(port), "{eax}"(value) :: "volatile");
[INFO] [stdout]    |     ^^^^^^^^
[INFO] [stdout] 
[INFO] [stdout] 
[INFO] [stdout] error[E0554]: `#![feature]` may not be used on the stable release channel
[INFO] [stdout]  --> /opt/rustwide/cargo-home/git/checkouts/tinypci-9831d3a001cc0dab/f1afba8/src/lib.rs:7:12
[INFO] [stdout]   |
[INFO] [stdout] 7 | #![feature(llvm_asm)]
[INFO] [stdout]   |            ^^^^^^^^
[INFO] [stdout] 
[INFO] [stdout] 
[INFO] [stdout] error[E0635]: unknown feature `llvm_asm`
[INFO] [stdout]  --> /opt/rustwide/cargo-home/git/checkouts/tinypci-9831d3a001cc0dab/f1afba8/src/lib.rs:7:12
[INFO] [stdout]   |
[INFO] [stdout] 7 | #![feature(llvm_asm)]
[INFO] [stdout]   |            ^^^^^^^^
[INFO] [stdout] 
[INFO] [stdout] 
[INFO] [stdout] error[E0554]: `#![feature]` may not be used on the stable release channel
[INFO] [stdout]   --> /opt/rustwide/cargo-home/registry/src/github.com-1ecc6299db9ec823/lock_api-0.4.5/src/lib.rs:93:34
[INFO] [stdout]    |
[INFO] [stdout] 93 | #![cfg_attr(feature = "nightly", feature(const_fn_trait_bound))]
[INFO] [stdout]    |                                  ^^^^^^^^^^^^^^^^^^^^^^^^^^^^^ help: remove the attribute
[INFO] [stdout]    |
[INFO] [stdout]    = help: the feature `const_fn_trait_bound` has been stable since `1.61.0` and no longer requires an attribute to enable
[INFO] [stdout] 
[INFO] [stdout] 
[INFO] [stdout] error: aborting due to 4 previous errors
[INFO] [stdout] 
[INFO] [stdout] 
[INFO] [stdout] Some errors have detailed explanations: E0554, E0635.
[INFO] [stdout] 
[INFO] [stdout] For more information about an error, try `rustc --explain E0554`.
[INFO] [stdout] 
[INFO] [stderr] error: could not compile `tinypci` due to 5 previous errors
[INFO] [stderr] warning: build failed, waiting for other jobs to finish...
[INFO] [stdout] error: aborting due to previous error
[INFO] [stdout] 
[INFO] [stdout] 
[INFO] [stdout] For more information about this error, try `rustc --explain E0554`.
[INFO] [stdout] 
[INFO] [stderr] error: could not compile `lock_api` due to 2 previous errors
[INFO] running `Command { std: "docker" "inspect" "b623f0d482edd935cb198dc18ea836ed25da04c090d273eada9125ae7045750e", kill_on_drop: false }`
[INFO] running `Command { std: "docker" "rm" "-f" "b623f0d482edd935cb198dc18ea836ed25da04c090d273eada9125ae7045750e", kill_on_drop: false }`
[INFO] [stdout] b623f0d482edd935cb198dc18ea836ed25da04c090d273eada9125ae7045750e
