[INFO] cloning repository https://github.com/logankeenan/typed-html-components
[INFO] running `Command { std: "git" "-c" "credential.helper=" "-c" "credential.helper=/workspace/cargo-home/bin/git-credential-null" "clone" "--bare" "https://github.com/logankeenan/typed-html-components" "/workspace/cache/git-repos/https%3A%2F%2Fgithub.com%2Flogankeenan%2Ftyped-html-components", kill_on_drop: false }`
[INFO] [stderr] Cloning into bare repository '/workspace/cache/git-repos/https%3A%2F%2Fgithub.com%2Flogankeenan%2Ftyped-html-components'...
[INFO] [stderr] /workspace/cache/git-repos/https%3A%2F%2Fgithub.com%2Flogankeenan%2Ftyped-html-components: No space left on device
[WARN] Retrying crate fetch in 3 seconds (attempt 1)
[INFO] cloning repository https://github.com/logankeenan/typed-html-components
[INFO] running `Command { std: "git" "-c" "credential.helper=" "-c" "credential.helper=/workspace/cargo-home/bin/git-credential-null" "clone" "--bare" "https://github.com/logankeenan/typed-html-components" "/workspace/cache/git-repos/https%3A%2F%2Fgithub.com%2Flogankeenan%2Ftyped-html-components", kill_on_drop: false }`
[INFO] [stderr] Cloning into bare repository '/workspace/cache/git-repos/https%3A%2F%2Fgithub.com%2Flogankeenan%2Ftyped-html-components'...
[INFO] [stderr] /workspace/cache/git-repos/https%3A%2F%2Fgithub.com%2Flogankeenan%2Ftyped-html-components: No space left on device
[WARN] Retrying crate fetch in 3 seconds (attempt 2)
[INFO] cloning repository https://github.com/logankeenan/typed-html-components
[INFO] running `Command { std: "git" "-c" "credential.helper=" "-c" "credential.helper=/workspace/cargo-home/bin/git-credential-null" "clone" "--bare" "https://github.com/logankeenan/typed-html-components" "/workspace/cache/git-repos/https%3A%2F%2Fgithub.com%2Flogankeenan%2Ftyped-html-components", kill_on_drop: false }`
[INFO] [stderr] Cloning into bare repository '/workspace/cache/git-repos/https%3A%2F%2Fgithub.com%2Flogankeenan%2Ftyped-html-components'...
[INFO] [stderr] /workspace/cache/git-repos/https%3A%2F%2Fgithub.com%2Flogankeenan%2Ftyped-html-components: No space left on device
[WARN] Retrying crate fetch in 3 seconds (attempt 3)
[INFO] cloning repository https://github.com/logankeenan/typed-html-components
[INFO] running `Command { std: "git" "-c" "credential.helper=" "-c" "credential.helper=/workspace/cargo-home/bin/git-credential-null" "clone" "--bare" "https://github.com/logankeenan/typed-html-components" "/workspace/cache/git-repos/https%3A%2F%2Fgithub.com%2Flogankeenan%2Ftyped-html-components", kill_on_drop: false }`
[INFO] [stderr] Cloning into bare repository '/workspace/cache/git-repos/https%3A%2F%2Fgithub.com%2Flogankeenan%2Ftyped-html-components'...
[INFO] [stderr] /workspace/cache/git-repos/https%3A%2F%2Fgithub.com%2Flogankeenan%2Ftyped-html-components: No space left on device
[WARN] Retrying crate fetch in 3 seconds (attempt 4)
[INFO] cloning repository https://github.com/logankeenan/typed-html-components
[INFO] running `Command { std: "git" "-c" "credential.helper=" "-c" "credential.helper=/workspace/cargo-home/bin/git-credential-null" "clone" "--bare" "https://github.com/logankeenan/typed-html-components" "/workspace/cache/git-repos/https%3A%2F%2Fgithub.com%2Flogankeenan%2Ftyped-html-components", kill_on_drop: false }`
[INFO] [stderr] Cloning into bare repository '/workspace/cache/git-repos/https%3A%2F%2Fgithub.com%2Flogankeenan%2Ftyped-html-components'...
[INFO] [stderr] /workspace/cache/git-repos/https%3A%2F%2Fgithub.com%2Flogankeenan%2Ftyped-html-components: No space left on device
[WARN] Retrying crate fetch in 3 seconds (attempt 5)
[INFO] cloning repository https://github.com/logankeenan/typed-html-components
[INFO] running `Command { std: "git" "-c" "credential.helper=" "-c" "credential.helper=/workspace/cargo-home/bin/git-credential-null" "clone" "--bare" "https://github.com/logankeenan/typed-html-components" "/workspace/cache/git-repos/https%3A%2F%2Fgithub.com%2Flogankeenan%2Ftyped-html-components", kill_on_drop: false }`
[INFO] [stderr] Cloning into bare repository '/workspace/cache/git-repos/https%3A%2F%2Fgithub.com%2Flogankeenan%2Ftyped-html-components'...
[INFO] [stderr] /workspace/cache/git-repos/https%3A%2F%2Fgithub.com%2Flogankeenan%2Ftyped-html-components: No space left on device
[WARN] Retrying crate fetch in 3 seconds (attempt 6)
[INFO] cloning repository https://github.com/logankeenan/typed-html-components
[INFO] running `Command { std: "git" "-c" "credential.helper=" "-c" "credential.helper=/workspace/cargo-home/bin/git-credential-null" "clone" "--bare" "https://github.com/logankeenan/typed-html-components" "/workspace/cache/git-repos/https%3A%2F%2Fgithub.com%2Flogankeenan%2Ftyped-html-components", kill_on_drop: false }`
[INFO] [stderr] Cloning into bare repository '/workspace/cache/git-repos/https%3A%2F%2Fgithub.com%2Flogankeenan%2Ftyped-html-components'...
[INFO] [stderr] /workspace/cache/git-repos/https%3A%2F%2Fgithub.com%2Flogankeenan%2Ftyped-html-components: No space left on device
[WARN] Retrying crate fetch in 3 seconds (attempt 7)
[INFO] cloning repository https://github.com/logankeenan/typed-html-components
[INFO] running `Command { std: "git" "-c" "credential.helper=" "-c" "credential.helper=/workspace/cargo-home/bin/git-credential-null" "clone" "--bare" "https://github.com/logankeenan/typed-html-components" "/workspace/cache/git-repos/https%3A%2F%2Fgithub.com%2Flogankeenan%2Ftyped-html-components", kill_on_drop: false }`
[INFO] [stderr] Cloning into bare repository '/workspace/cache/git-repos/https%3A%2F%2Fgithub.com%2Flogankeenan%2Ftyped-html-components'...
[INFO] [stderr] /workspace/cache/git-repos/https%3A%2F%2Fgithub.com%2Flogankeenan%2Ftyped-html-components: No space left on device
[WARN] Retrying crate fetch in 3 seconds (attempt 8)
[INFO] cloning repository https://github.com/logankeenan/typed-html-components
[INFO] running `Command { std: "git" "-c" "credential.helper=" "-c" "credential.helper=/workspace/cargo-home/bin/git-credential-null" "clone" "--bare" "https://github.com/logankeenan/typed-html-components" "/workspace/cache/git-repos/https%3A%2F%2Fgithub.com%2Flogankeenan%2Ftyped-html-components", kill_on_drop: false }`
[INFO] [stderr] Cloning into bare repository '/workspace/cache/git-repos/https%3A%2F%2Fgithub.com%2Flogankeenan%2Ftyped-html-components'...
[INFO] [stderr] /workspace/cache/git-repos/https%3A%2F%2Fgithub.com%2Flogankeenan%2Ftyped-html-components: No space left on device
[WARN] Retrying crate fetch in 3 seconds (attempt 9)
[INFO] cloning repository https://github.com/logankeenan/typed-html-components
[INFO] running `Command { std: "git" "-c" "credential.helper=" "-c" "credential.helper=/workspace/cargo-home/bin/git-credential-null" "clone" "--bare" "https://github.com/logankeenan/typed-html-components" "/workspace/cache/git-repos/https%3A%2F%2Fgithub.com%2Flogankeenan%2Ftyped-html-components", kill_on_drop: false }`
[INFO] [stderr] Cloning into bare repository '/workspace/cache/git-repos/https%3A%2F%2Fgithub.com%2Flogankeenan%2Ftyped-html-components'...
[INFO] [stderr] /workspace/cache/git-repos/https%3A%2F%2Fgithub.com%2Flogankeenan%2Ftyped-html-components: No space left on device
[WARN] Retrying crate fetch in 3 seconds (attempt 10)
[INFO] cloning repository https://github.com/logankeenan/typed-html-components
[INFO] running `Command { std: "git" "-c" "credential.helper=" "-c" "credential.helper=/workspace/cargo-home/bin/git-credential-null" "clone" "--bare" "https://github.com/logankeenan/typed-html-components" "/workspace/cache/git-repos/https%3A%2F%2Fgithub.com%2Flogankeenan%2Ftyped-html-components", kill_on_drop: false }`
[INFO] [stderr] Cloning into bare repository '/workspace/cache/git-repos/https%3A%2F%2Fgithub.com%2Flogankeenan%2Ftyped-html-components'...
[INFO] [stderr] error: unable to write symref for HEAD: No space left on device
[WARN] Retrying crate fetch in 3 seconds (attempt 11)
[INFO] cloning repository https://github.com/logankeenan/typed-html-components
[INFO] running `Command { std: "git" "-c" "credential.helper=" "-c" "credential.helper=/workspace/cargo-home/bin/git-credential-null" "clone" "--bare" "https://github.com/logankeenan/typed-html-components" "/workspace/cache/git-repos/https%3A%2F%2Fgithub.com%2Flogankeenan%2Ftyped-html-components", kill_on_drop: false }`
[INFO] [stderr] Cloning into bare repository '/workspace/cache/git-repos/https%3A%2F%2Fgithub.com%2Flogankeenan%2Ftyped-html-components'...
[INFO] [stderr] error: unable to write symref for HEAD: No space left on device
[WARN] Retrying crate fetch in 3 seconds (attempt 12)
[INFO] cloning repository https://github.com/logankeenan/typed-html-components
[INFO] running `Command { std: "git" "-c" "credential.helper=" "-c" "credential.helper=/workspace/cargo-home/bin/git-credential-null" "clone" "--bare" "https://github.com/logankeenan/typed-html-components" "/workspace/cache/git-repos/https%3A%2F%2Fgithub.com%2Flogankeenan%2Ftyped-html-components", kill_on_drop: false }`
[INFO] [stderr] Cloning into bare repository '/workspace/cache/git-repos/https%3A%2F%2Fgithub.com%2Flogankeenan%2Ftyped-html-components'...
[INFO] running `Command { std: "git" "rev-parse" "HEAD", kill_on_drop: false }`
[INFO] [stdout] b15384912255798c2518809fea593efd2176d6a3
[INFO] documenting logankeenan/typed-html-components against beta-2023-04-20 for beta-1.70-rustdoc-1
[INFO] running `Command { std: "git" "clone" "/workspace/cache/git-repos/https%3A%2F%2Fgithub.com%2Flogankeenan%2Ftyped-html-components" "/workspace/builds/worker-3-tc2/source", kill_on_drop: false }`
[INFO] [stderr] Cloning into '/workspace/builds/worker-3-tc2/source'...
[INFO] [stderr] done.
[INFO] validating manifest of git repo https://github.com/logankeenan/typed-html-components on toolchain beta-2023-04-20
[INFO] running `Command { std: CARGO_HOME="/workspace/cargo-home" RUSTUP_HOME="/workspace/rustup-home" "/workspace/cargo-home/bin/cargo" "+beta-2023-04-20" "metadata" "--manifest-path" "Cargo.toml" "--no-deps", kill_on_drop: false }`
[INFO] started tweaking git repo https://github.com/logankeenan/typed-html-components
[INFO] finished tweaking git repo https://github.com/logankeenan/typed-html-components
[INFO] tweaked toml for git repo https://github.com/logankeenan/typed-html-components written to /workspace/builds/worker-3-tc2/source/Cargo.toml
[INFO] crate git repo https://github.com/logankeenan/typed-html-components already has a lockfile, it will not be regenerated
[INFO] running `Command { std: CARGO_HOME="/workspace/cargo-home" RUSTUP_HOME="/workspace/rustup-home" "/workspace/cargo-home/bin/cargo" "+beta-2023-04-20" "fetch" "--manifest-path" "Cargo.toml", kill_on_drop: false }`
[INFO] running `Command { std: "docker" "create" "-v" "/var/lib/crater-agent-workspace/builds/worker-3-tc2/target:/opt/rustwide/target:rw,Z" "-v" "/var/lib/crater-agent-workspace/builds/worker-3-tc2/source:/opt/rustwide/workdir:ro,Z" "-v" "/var/lib/crater-agent-workspace/cargo-home:/opt/rustwide/cargo-home:ro,Z" "-v" "/var/lib/crater-agent-workspace/rustup-home:/opt/rustwide/rustup-home:ro,Z" "-e" "SOURCE_DIR=/opt/rustwide/workdir" "-e" "CARGO_TARGET_DIR=/opt/rustwide/target" "-e" "CARGO_HOME=/opt/rustwide/cargo-home" "-e" "RUSTUP_HOME=/opt/rustwide/rustup-home" "-w" "/opt/rustwide/workdir" "-m" "1610612736" "--user" "0:0" "--network" "none" "ghcr.io/rust-lang/crates-build-env/linux@sha256:5ff2268d62e97bff2cde7d5815dd6ed5b47097566f13b8d0ca110b04b60e07ed" "/opt/rustwide/cargo-home/bin/cargo" "+beta-2023-04-20" "metadata" "--no-deps" "--format-version=1", kill_on_drop: false }`
[INFO] [stdout] 2cf1835161c5d68156035753c199c4de624c872aa2d47ebca2f3fd135f9ebed1
[INFO] running `Command { std: "docker" "start" "-a" "2cf1835161c5d68156035753c199c4de624c872aa2d47ebca2f3fd135f9ebed1", kill_on_drop: false }`
[INFO] running `Command { std: "docker" "inspect" "2cf1835161c5d68156035753c199c4de624c872aa2d47ebca2f3fd135f9ebed1", kill_on_drop: false }`
[INFO] running `Command { std: "docker" "rm" "-f" "2cf1835161c5d68156035753c199c4de624c872aa2d47ebca2f3fd135f9ebed1", kill_on_drop: false }`
[INFO] [stdout] 2cf1835161c5d68156035753c199c4de624c872aa2d47ebca2f3fd135f9ebed1
[INFO] running `Command { std: "docker" "create" "-v" "/var/lib/crater-agent-workspace/builds/worker-3-tc2/target:/opt/rustwide/target:rw,Z" "-v" "/var/lib/crater-agent-workspace/builds/worker-3-tc2/source:/opt/rustwide/workdir:ro,Z" "-v" "/var/lib/crater-agent-workspace/cargo-home:/opt/rustwide/cargo-home:ro,Z" "-v" "/var/lib/crater-agent-workspace/rustup-home:/opt/rustwide/rustup-home:ro,Z" "-e" "SOURCE_DIR=/opt/rustwide/workdir" "-e" "CARGO_TARGET_DIR=/opt/rustwide/target" "-e" "CARGO_INCREMENTAL=0" "-e" "RUST_BACKTRACE=full" "-e" "RUSTFLAGS=--cap-lints=warn" "-e" "RUSTDOCFLAGS=--cap-lints=warn" "-e" "CARGO_HOME=/opt/rustwide/cargo-home" "-e" "RUSTUP_HOME=/opt/rustwide/rustup-home" "-w" "/opt/rustwide/workdir" "-m" "1610612736" "--user" "0:0" "--network" "none" "ghcr.io/rust-lang/crates-build-env/linux@sha256:5ff2268d62e97bff2cde7d5815dd6ed5b47097566f13b8d0ca110b04b60e07ed" "/opt/rustwide/cargo-home/bin/cargo" "+beta-2023-04-20" "doc" "--frozen" "--no-deps" "--document-private-items" "--message-format=json", kill_on_drop: false }`
[INFO] [stdout] 202812b0a8fc1658eddc362df2aac67ab0d4267f05a59e7d416f99ad572959e9
[INFO] running `Command { std: "docker" "start" "-a" "202812b0a8fc1658eddc362df2aac67ab0d4267f05a59e7d416f99ad572959e9", kill_on_drop: false }`
[INFO] [stderr]     Blocking waiting for file lock on package cache
[INFO] [stderr]    Compiling rand_core v0.4.2
[INFO] [stderr]    Compiling autocfg v0.1.7
[INFO] [stderr]    Compiling libc v0.2.66
[INFO] [stderr]    Compiling proc-macro2 v1.0.6
[INFO] [stderr]    Compiling unicode-xid v0.2.0
[INFO] [stderr]    Compiling syn v1.0.11
[INFO] [stderr]    Compiling byteorder v1.3.2
[INFO] [stderr]    Compiling typenum v1.11.2
[INFO] [stderr]    Compiling siphasher v0.2.3
[INFO] [stderr]    Compiling memchr v2.2.1
[INFO] [stderr]    Compiling unicode-xid v0.1.0
[INFO] [stderr]    Compiling lazy_static v1.4.0
[INFO] [stderr]    Compiling string_cache_shared v0.3.0
[INFO] [stderr]    Compiling serde v1.0.103
[INFO] [stderr]    Compiling byte-tools v0.3.1
[INFO] [stderr]    Compiling log v0.4.8
[INFO] [stderr]    Compiling block-padding v0.1.5
[INFO] [stderr]    Compiling thread_local v0.3.6
[INFO] [stderr]    Compiling proc-macro2 v0.4.30
[INFO] [stderr]    Compiling cfg-if v0.1.10
[INFO] [stderr]    Compiling regex-syntax v0.6.12
[INFO] [stderr]    Compiling rand_core v0.3.1
[INFO] [stderr]    Compiling rand_jitter v0.1.4
[INFO] [stderr] LLVM ERROR: IO failure on output stream: No space left on device
[INFO] [stderr] LLVM ERROR: IO failure on output stream: No space left on device
[INFO] [stderr] LLVM ERROR: IO failure on output stream: No space left on device
[INFO] [stdout] error: couldn't create a temp dir: No space left on device (os error 28) at path "/tmp/rustcNMzB7q"
[INFO] [stdout] 
[INFO] [stdout] 
[INFO] [stderr] LLVM ERROR: IO failure on output stream: No space left on device
[INFO] [stderr] error: could not compile `block-padding` (lib)
[INFO] [stderr] warning: build failed, waiting for other jobs to finish...
[INFO] [stderr] error: could not compile `syn` (build script)
[INFO] [stderr] LLVM ERROR: IO failure on output stream: No space left on device
[INFO] [stderr] error: could not compile `rand_core` (lib) due to previous error
[INFO] [stderr] error: could not compile `proc-macro2` (build script)
[INFO] [stderr] LLVM ERROR: IO failure on output stream: No space left on device
[INFO] [stderr] error: could not compile `memchr` (build script)
[INFO] [stderr] LLVM ERROR: IO failure on output stream: No space left on device
[INFO] [stderr] LLVM ERROR: IO failure on output stream: No space left on device
[INFO] [stderr] error: could not compile `byteorder` (build script)
[INFO] [stderr] error: could not compile `autocfg` (lib)
[INFO] [stderr] error: could not compile `proc-macro2` (build script)
[INFO] [stderr] error: could not compile `typenum` (build script)
[INFO] [stdout] error: couldn't create a temp dir: No space left on device (os error 28) at path "/opt/rustwide/target/debug/deps/rmetaDmalWK"
[INFO] [stdout] 
[INFO] [stdout] 
[INFO] [stderr] error: could not compile `thread_local` (lib) due to previous error
[INFO] [stdout] error: couldn't create a temp dir: No space left on device (os error 28) at path "/opt/rustwide/target/debug/deps/rmetaaYvfb7"
[INFO] [stdout] 
[INFO] [stdout] 
[INFO] [stderr] error: could not compile `rand_core` (lib) due to previous error
[INFO] [stdout] error: linking with `cc` failed: exit status: 1
[INFO] [stdout]   |
[INFO] [stdout]   = note: LC_ALL="C" PATH="/opt/rustwide/rustup-home/toolchains/beta-2023-04-20-x86_64-unknown-linux-gnu/lib/rustlib/x86_64-unknown-linux-gnu/bin:/opt/rustwide/cargo-home/bin:/usr/local/sbin:/usr/local/bin:/usr/sbin:/usr/bin:/sbin:/bin" VSLANG="1033" "cc" "-m64" "/tmp/rustcRPYQoZ/symbols.o" "/opt/rustwide/target/debug/build/log-6a2e3d4659975662/build_script_build-6a2e3d4659975662.build_script_build.b6e92b32-cgu.0.rcgu.o" "/opt/rustwide/target/debug/build/log-6a2e3d4659975662/build_script_build-6a2e3d4659975662.build_script_build.b6e92b32-cgu.1.rcgu.o" "/opt/rustwide/target/debug/build/log-6a2e3d4659975662/build_script_build-6a2e3d4659975662.build_script_build.b6e92b32-cgu.10.rcgu.o" "/opt/rustwide/target/debug/build/log-6a2e3d4659975662/build_script_build-6a2e3d4659975662.build_script_build.b6e92b32-cgu.11.rcgu.o" "/opt/rustwide/target/debug/build/log-6a2e3d4659975662/build_script_build-6a2e3d4659975662.build_script_build.b6e92b32-cgu.12.rcgu.o" "/opt/rustwide/target/debug/build/log-6a2e3d4659975662/build_script_build-6a2e3d4659975662.build_script_build.b6e92b32-cgu.13.rcgu.o" "/opt/rustwide/target/debug/build/log-6a2e3d4659975662/build_script_build-6a2e3d4659975662.build_script_build.b6e92b32-cgu.14.rcgu.o" "/opt/rustwide/target/debug/build/log-6a2e3d4659975662/build_script_build-6a2e3d4659975662.build_script_build.b6e92b32-cgu.15.rcgu.o" "/opt/rustwide/target/debug/build/log-6a2e3d4659975662/build_script_build-6a2e3d4659975662.build_script_build.b6e92b32-cgu.2.rcgu.o" "/opt/rustwide/target/debug/build/log-6a2e3d4659975662/build_script_build-6a2e3d4659975662.build_script_build.b6e92b32-cgu.3.rcgu.o" "/opt/rustwide/target/debug/build/log-6a2e3d4659975662/build_script_build-6a2e3d4659975662.build_script_build.b6e92b32-cgu.4.rcgu.o" "/opt/rustwide/target/debug/build/log-6a2e3d4659975662/build_script_build-6a2e3d4659975662.build_script_build.b6e92b32-cgu.5.rcgu.o" "/opt/rustwide/target/debug/build/log-6a2e3d4659975662/build_script_build-6a2e3d4659975662.build_script_build.b6e92b32-cgu.6.rcgu.o" "/opt/rustwide/target/debug/build/log-6a2e3d4659975662/build_script_build-6a2e3d4659975662.build_script_build.b6e92b32-cgu.7.rcgu.o" "/opt/rustwide/target/debug/build/log-6a2e3d4659975662/build_script_build-6a2e3d4659975662.build_script_build.b6e92b32-cgu.8.rcgu.o" "/opt/rustwide/target/debug/build/log-6a2e3d4659975662/build_script_build-6a2e3d4659975662.build_script_build.b6e92b32-cgu.9.rcgu.o" "/opt/rustwide/target/debug/build/log-6a2e3d4659975662/build_script_build-6a2e3d4659975662.12xok5ed9e0g1gcq.rcgu.o" "-Wl,--as-needed" "-L" "/opt/rustwide/target/debug/deps" "-L" "/opt/rustwide/rustup-home/toolchains/beta-2023-04-20-x86_64-unknown-linux-gnu/lib/rustlib/x86_64-unknown-linux-gnu/lib" "-Wl,-Bstatic" "/opt/rustwide/rustup-home/toolchains/beta-2023-04-20-x86_64-unknown-linux-gnu/lib/rustlib/x86_64-unknown-linux-gnu/lib/libstd-0e29cc23c5e02021.rlib" "/opt/rustwide/rustup-home/toolchains/beta-2023-04-20-x86_64-unknown-linux-gnu/lib/rustlib/x86_64-unknown-linux-gnu/lib/libpanic_unwind-d903621768a861d9.rlib" "/opt/rustwide/rustup-home/toolchains/beta-2023-04-20-x86_64-unknown-linux-gnu/lib/rustlib/x86_64-unknown-linux-gnu/lib/libobject-6d0225e655f31c13.rlib" "/opt/rustwide/rustup-home/toolchains/beta-2023-04-20-x86_64-unknown-linux-gnu/lib/rustlib/x86_64-unknown-linux-gnu/lib/libmemchr-9dbaf4eac7eaa079.rlib" "/opt/rustwide/rustup-home/toolchains/beta-2023-04-20-x86_64-unknown-linux-gnu/lib/rustlib/x86_64-unknown-linux-gnu/lib/libaddr2line-27f05b3d42a66dd0.rlib" "/opt/rustwide/rustup-home/toolchains/beta-2023-04-20-x86_64-unknown-linux-gnu/lib/rustlib/x86_64-unknown-linux-gnu/lib/libgimli-4d73f1030321c9a2.rlib" "/opt/rustwide/rustup-home/toolchains/beta-2023-04-20-x86_64-unknown-linux-gnu/lib/rustlib/x86_64-unknown-linux-gnu/lib/librustc_demangle-2846c9e58abd0acb.rlib" "/opt/rustwide/rustup-home/toolchains/beta-2023-04-20-x86_64-unknown-linux-gnu/lib/rustlib/x86_64-unknown-linux-gnu/lib/libstd_detect-a53d0f50415947be.rlib" "/opt/rustwide/rustup-home/toolchains/beta-2023-04-20-x86_64-unknown-linux-gnu/lib/rustlib/x86_64-unknown-linux-gnu/lib/libhashbrown-d48e4b6abc25b9dc.rlib" "/opt/rustwide/rustup-home/toolchains/beta-2023-04-20-x86_64-unknown-linux-gnu/lib/rustlib/x86_64-unknown-linux-gnu/lib/libminiz_oxide-2991859439ef1207.rlib" "/opt/rustwide/rustup-home/toolchains/beta-2023-04-20-x86_64-unknown-linux-gnu/lib/rustlib/x86_64-unknown-linux-gnu/lib/libadler-8a687517e4221bae.rlib" "/opt/rustwide/rustup-home/toolchains/beta-2023-04-20-x86_64-unknown-linux-gnu/lib/rustlib/x86_64-unknown-linux-gnu/lib/librustc_std_workspace_alloc-e07b554f6a67f5b3.rlib" "/opt/rustwide/rustup-home/toolchains/beta-2023-04-20-x86_64-unknown-linux-gnu/lib/rustlib/x86_64-unknown-linux-gnu/lib/libunwind-b68238b7c3c619dd.rlib" "/opt/rustwide/rustup-home/toolchains/beta-2023-04-20-x86_64-unknown-linux-gnu/lib/rustlib/x86_64-unknown-linux-gnu/lib/libcfg_if-d5e213e896c017e4.rlib" "/opt/rustwide/rustup-home/toolchains/beta-2023-04-20-x86_64-unknown-linux-gnu/lib/rustlib/x86_64-unknown-linux-gnu/lib/liblibc-0211a3b2e61d8689.rlib" "/opt/rustwide/rustup-home/toolchains/beta-2023-04-20-x86_64-unknown-linux-gnu/lib/rustlib/x86_64-unknown-linux-gnu/lib/liballoc-b371f055239ba51f.rlib" "/opt/rustwide/rustup-home/toolchains/beta-2023-04-20-x86_64-unknown-linux-gnu/lib/rustlib/x86_64-unknown-linux-gnu/lib/librustc_std_workspace_core-e60518d2760eb01e.rlib" "/opt/rustwide/rustup-home/toolchains/beta-2023-04-20-x86_64-unknown-linux-gnu/lib/rustlib/x86_64-unknown-linux-gnu/lib/libcore-1ad943f92a4b1081.rlib" "/opt/rustwide/rustup-home/toolchains/beta-2023-04-20-x86_64-unknown-linux-gnu/lib/rustlib/x86_64-unknown-linux-gnu/lib/libcompiler_builtins-f0d6e4d0fc1e80b4.rlib" "-Wl,-Bdynamic" "-lgcc_s" "-lutil" "-lrt" "-lpthread" "-lm" "-ldl" "-lc" "-Wl,--eh-frame-hdr" "-Wl,-z,noexecstack" "-L" "/opt/rustwide/rustup-home/toolchains/beta-2023-04-20-x86_64-unknown-linux-gnu/lib/rustlib/x86_64-unknown-linux-gnu/lib" "-o" "/opt/rustwide/target/debug/build/log-6a2e3d4659975662/build_script_build-6a2e3d4659975662" "-Wl,--gc-sections" "-pie" "-Wl,-z,relro,-z,now" "-nodefaultlibs"
[INFO] [stdout]   = note: /usr/bin/ld: final link failed: No space left on device
[INFO] [stdout]           collect2: error: ld returned 1 exit status
[INFO] [stdout]           
[INFO] [stdout] 
[INFO] [stdout] 
[INFO] [stderr] error: could not compile `log` (build script) due to previous error
[INFO] [stdout] error: linking with `cc` failed: exit status: 1
[INFO] [stdout]   |
[INFO] [stdout]   = note: LC_ALL="C" PATH="/opt/rustwide/rustup-home/toolchains/beta-2023-04-20-x86_64-unknown-linux-gnu/lib/rustlib/x86_64-unknown-linux-gnu/bin:/opt/rustwide/cargo-home/bin:/usr/local/sbin:/usr/local/bin:/usr/sbin:/usr/bin:/sbin:/bin" VSLANG="1033" "cc" "-m64" "/tmp/rustcrr7dPj/symbols.o" "/opt/rustwide/target/debug/build/libc-38a9f9d4bebb27e1/build_script_build-38a9f9d4bebb27e1.build_script_build.5186913a-cgu.0.rcgu.o" "/opt/rustwide/target/debug/build/libc-38a9f9d4bebb27e1/build_script_build-38a9f9d4bebb27e1.build_script_build.5186913a-cgu.1.rcgu.o" "/opt/rustwide/target/debug/build/libc-38a9f9d4bebb27e1/build_script_build-38a9f9d4bebb27e1.build_script_build.5186913a-cgu.10.rcgu.o" "/opt/rustwide/target/debug/build/libc-38a9f9d4bebb27e1/build_script_build-38a9f9d4bebb27e1.build_script_build.5186913a-cgu.11.rcgu.o" "/opt/rustwide/target/debug/build/libc-38a9f9d4bebb27e1/build_script_build-38a9f9d4bebb27e1.build_script_build.5186913a-cgu.12.rcgu.o" "/opt/rustwide/target/debug/build/libc-38a9f9d4bebb27e1/build_script_build-38a9f9d4bebb27e1.build_script_build.5186913a-cgu.13.rcgu.o" "/opt/rustwide/target/debug/build/libc-38a9f9d4bebb27e1/build_script_build-38a9f9d4bebb27e1.build_script_build.5186913a-cgu.14.rcgu.o" "/opt/rustwide/target/debug/build/libc-38a9f9d4bebb27e1/build_script_build-38a9f9d4bebb27e1.build_script_build.5186913a-cgu.15.rcgu.o" "/opt/rustwide/target/debug/build/libc-38a9f9d4bebb27e1/build_script_build-38a9f9d4bebb27e1.build_script_build.5186913a-cgu.2.rcgu.o" "/opt/rustwide/target/debug/build/libc-38a9f9d4bebb27e1/build_script_build-38a9f9d4bebb27e1.build_script_build.5186913a-cgu.3.rcgu.o" "/opt/rustwide/target/debug/build/libc-38a9f9d4bebb27e1/build_script_build-38a9f9d4bebb27e1.build_script_build.5186913a-cgu.4.rcgu.o" "/opt/rustwide/target/debug/build/libc-38a9f9d4bebb27e1/build_script_build-38a9f9d4bebb27e1.build_script_build.5186913a-cgu.5.rcgu.o" "/opt/rustwide/target/debug/build/libc-38a9f9d4bebb27e1/build_script_build-38a9f9d4bebb27e1.build_script_build.5186913a-cgu.6.rcgu.o" "/opt/rustwide/target/debug/build/libc-38a9f9d4bebb27e1/build_script_build-38a9f9d4bebb27e1.build_script_build.5186913a-cgu.7.rcgu.o" "/opt/rustwide/target/debug/build/libc-38a9f9d4bebb27e1/build_script_build-38a9f9d4bebb27e1.build_script_build.5186913a-cgu.8.rcgu.o" "/opt/rustwide/target/debug/build/libc-38a9f9d4bebb27e1/build_script_build-38a9f9d4bebb27e1.build_script_build.5186913a-cgu.9.rcgu.o" "/opt/rustwide/target/debug/build/libc-38a9f9d4bebb27e1/build_script_build-38a9f9d4bebb27e1.52yxrbfq26mt8ee7.rcgu.o" "-Wl,--as-needed" "-L" "/opt/rustwide/target/debug/deps" "-L" "/opt/rustwide/rustup-home/toolchains/beta-2023-04-20-x86_64-unknown-linux-gnu/lib/rustlib/x86_64-unknown-linux-gnu/lib" "-Wl,-Bstatic" "/opt/rustwide/rustup-home/toolchains/beta-2023-04-20-x86_64-unknown-linux-gnu/lib/rustlib/x86_64-unknown-linux-gnu/lib/libstd-0e29cc23c5e02021.rlib" "/opt/rustwide/rustup-home/toolchains/beta-2023-04-20-x86_64-unknown-linux-gnu/lib/rustlib/x86_64-unknown-linux-gnu/lib/libpanic_unwind-d903621768a861d9.rlib" "/opt/rustwide/rustup-home/toolchains/beta-2023-04-20-x86_64-unknown-linux-gnu/lib/rustlib/x86_64-unknown-linux-gnu/lib/libobject-6d0225e655f31c13.rlib" "/opt/rustwide/rustup-home/toolchains/beta-2023-04-20-x86_64-unknown-linux-gnu/lib/rustlib/x86_64-unknown-linux-gnu/lib/libmemchr-9dbaf4eac7eaa079.rlib" "/opt/rustwide/rustup-home/toolchains/beta-2023-04-20-x86_64-unknown-linux-gnu/lib/rustlib/x86_64-unknown-linux-gnu/lib/libaddr2line-27f05b3d42a66dd0.rlib" "/opt/rustwide/rustup-home/toolchains/beta-2023-04-20-x86_64-unknown-linux-gnu/lib/rustlib/x86_64-unknown-linux-gnu/lib/libgimli-4d73f1030321c9a2.rlib" "/opt/rustwide/rustup-home/toolchains/beta-2023-04-20-x86_64-unknown-linux-gnu/lib/rustlib/x86_64-unknown-linux-gnu/lib/librustc_demangle-2846c9e58abd0acb.rlib" "/opt/rustwide/rustup-home/toolchains/beta-2023-04-20-x86_64-unknown-linux-gnu/lib/rustlib/x86_64-unknown-linux-gnu/lib/libstd_detect-a53d0f50415947be.rlib" "/opt/rustwide/rustup-home/toolchains/beta-2023-04-20-x86_64-unknown-linux-gnu/lib/rustlib/x86_64-unknown-linux-gnu/lib/libhashbrown-d48e4b6abc25b9dc.rlib" "/opt/rustwide/rustup-home/toolchains/beta-2023-04-20-x86_64-unknown-linux-gnu/lib/rustlib/x86_64-unknown-linux-gnu/lib/libminiz_oxide-2991859439ef1207.rlib" "/opt/rustwide/rustup-home/toolchains/beta-2023-04-20-x86_64-unknown-linux-gnu/lib/rustlib/x86_64-unknown-linux-gnu/lib/libadler-8a687517e4221bae.rlib" "/opt/rustwide/rustup-home/toolchains/beta-2023-04-20-x86_64-unknown-linux-gnu/lib/rustlib/x86_64-unknown-linux-gnu/lib/librustc_std_workspace_alloc-e07b554f6a67f5b3.rlib" "/opt/rustwide/rustup-home/toolchains/beta-2023-04-20-x86_64-unknown-linux-gnu/lib/rustlib/x86_64-unknown-linux-gnu/lib/libunwind-b68238b7c3c619dd.rlib" "/opt/rustwide/rustup-home/toolchains/beta-2023-04-20-x86_64-unknown-linux-gnu/lib/rustlib/x86_64-unknown-linux-gnu/lib/libcfg_if-d5e213e896c017e4.rlib" "/opt/rustwide/rustup-home/toolchains/beta-2023-04-20-x86_64-unknown-linux-gnu/lib/rustlib/x86_64-unknown-linux-gnu/lib/liblibc-0211a3b2e61d8689.rlib" "/opt/rustwide/rustup-home/toolchains/beta-2023-04-20-x86_64-unknown-linux-gnu/lib/rustlib/x86_64-unknown-linux-gnu/lib/liballoc-b371f055239ba51f.rlib" "/opt/rustwide/rustup-home/toolchains/beta-2023-04-20-x86_64-unknown-linux-gnu/lib/rustlib/x86_64-unknown-linux-gnu/lib/librustc_std_workspace_core-e60518d2760eb01e.rlib" "/opt/rustwide/rustup-home/toolchains/beta-2023-04-20-x86_64-unknown-linux-gnu/lib/rustlib/x86_64-unknown-linux-gnu/lib/libcore-1ad943f92a4b1081.rlib" "/opt/rustwide/rustup-home/toolchains/beta-2023-04-20-x86_64-unknown-linux-gnu/lib/rustlib/x86_64-unknown-linux-gnu/lib/libcompiler_builtins-f0d6e4d0fc1e80b4.rlib" "-Wl,-Bdynamic" "-lgcc_s" "-lutil" "-lrt" "-lpthread" "-lm" "-ldl" "-lc" "-Wl,--eh-frame-hdr" "-Wl,-z,noexecstack" "-L" "/opt/rustwide/rustup-home/toolchains/beta-2023-04-20-x86_64-unknown-linux-gnu/lib/rustlib/x86_64-unknown-linux-gnu/lib" "-o" "/opt/rustwide/target/debug/build/libc-38a9f9d4bebb27e1/build_script_build-38a9f9d4bebb27e1" "-Wl,--gc-sections" "-pie" "-Wl,-z,relro,-z,now" "-nodefaultlibs"
[INFO] [stdout]   = note: /usr/bin/ld: final link failed: No space left on device
[INFO] [stdout]           collect2: error: ld returned 1 exit status
[INFO] [stdout]           
[INFO] [stdout] 
[INFO] [stdout] 
[INFO] [stderr] error: could not compile `libc` (build script) due to previous error
[INFO] [stdout] error: linking with `cc` failed: exit status: 1
[INFO] [stdout]   |
[INFO] [stdout]   = note: LC_ALL="C" PATH="/opt/rustwide/rustup-home/toolchains/beta-2023-04-20-x86_64-unknown-linux-gnu/lib/rustlib/x86_64-unknown-linux-gnu/bin:/opt/rustwide/cargo-home/bin:/usr/local/sbin:/usr/local/bin:/usr/sbin:/usr/bin:/sbin:/bin" VSLANG="1033" "cc" "-m64" "/tmp/rustc8BeEUF/symbols.o" "/opt/rustwide/target/debug/build/serde-2ebc29d6b4395a98/build_script_build-2ebc29d6b4395a98.build_script_build.bace1186-cgu.0.rcgu.o" "/opt/rustwide/target/debug/build/serde-2ebc29d6b4395a98/build_script_build-2ebc29d6b4395a98.build_script_build.bace1186-cgu.1.rcgu.o" "/opt/rustwide/target/debug/build/serde-2ebc29d6b4395a98/build_script_build-2ebc29d6b4395a98.build_script_build.bace1186-cgu.10.rcgu.o" "/opt/rustwide/target/debug/build/serde-2ebc29d6b4395a98/build_script_build-2ebc29d6b4395a98.build_script_build.bace1186-cgu.11.rcgu.o" "/opt/rustwide/target/debug/build/serde-2ebc29d6b4395a98/build_script_build-2ebc29d6b4395a98.build_script_build.bace1186-cgu.12.rcgu.o" "/opt/rustwide/target/debug/build/serde-2ebc29d6b4395a98/build_script_build-2ebc29d6b4395a98.build_script_build.bace1186-cgu.13.rcgu.o" "/opt/rustwide/target/debug/build/serde-2ebc29d6b4395a98/build_script_build-2ebc29d6b4395a98.build_script_build.bace1186-cgu.14.rcgu.o" "/opt/rustwide/target/debug/build/serde-2ebc29d6b4395a98/build_script_build-2ebc29d6b4395a98.build_script_build.bace1186-cgu.15.rcgu.o" "/opt/rustwide/target/debug/build/serde-2ebc29d6b4395a98/build_script_build-2ebc29d6b4395a98.build_script_build.bace1186-cgu.2.rcgu.o" "/opt/rustwide/target/debug/build/serde-2ebc29d6b4395a98/build_script_build-2ebc29d6b4395a98.build_script_build.bace1186-cgu.3.rcgu.o" "/opt/rustwide/target/debug/build/serde-2ebc29d6b4395a98/build_script_build-2ebc29d6b4395a98.build_script_build.bace1186-cgu.4.rcgu.o" "/opt/rustwide/target/debug/build/serde-2ebc29d6b4395a98/build_script_build-2ebc29d6b4395a98.build_script_build.bace1186-cgu.5.rcgu.o" "/opt/rustwide/target/debug/build/serde-2ebc29d6b4395a98/build_script_build-2ebc29d6b4395a98.build_script_build.bace1186-cgu.6.rcgu.o" "/opt/rustwide/target/debug/build/serde-2ebc29d6b4395a98/build_script_build-2ebc29d6b4395a98.build_script_build.bace1186-cgu.7.rcgu.o" "/opt/rustwide/target/debug/build/serde-2ebc29d6b4395a98/build_script_build-2ebc29d6b4395a98.build_script_build.bace1186-cgu.8.rcgu.o" "/opt/rustwide/target/debug/build/serde-2ebc29d6b4395a98/build_script_build-2ebc29d6b4395a98.build_script_build.bace1186-cgu.9.rcgu.o" "/opt/rustwide/target/debug/build/serde-2ebc29d6b4395a98/build_script_build-2ebc29d6b4395a98.3d27k8x8gmv8ta1z.rcgu.o" "-Wl,--as-needed" "-L" "/opt/rustwide/target/debug/deps" "-L" "/opt/rustwide/rustup-home/toolchains/beta-2023-04-20-x86_64-unknown-linux-gnu/lib/rustlib/x86_64-unknown-linux-gnu/lib" "-Wl,-Bstatic" "/opt/rustwide/rustup-home/toolchains/beta-2023-04-20-x86_64-unknown-linux-gnu/lib/rustlib/x86_64-unknown-linux-gnu/lib/libstd-0e29cc23c5e02021.rlib" "/opt/rustwide/rustup-home/toolchains/beta-2023-04-20-x86_64-unknown-linux-gnu/lib/rustlib/x86_64-unknown-linux-gnu/lib/libpanic_unwind-d903621768a861d9.rlib" "/opt/rustwide/rustup-home/toolchains/beta-2023-04-20-x86_64-unknown-linux-gnu/lib/rustlib/x86_64-unknown-linux-gnu/lib/libobject-6d0225e655f31c13.rlib" "/opt/rustwide/rustup-home/toolchains/beta-2023-04-20-x86_64-unknown-linux-gnu/lib/rustlib/x86_64-unknown-linux-gnu/lib/libmemchr-9dbaf4eac7eaa079.rlib" "/opt/rustwide/rustup-home/toolchains/beta-2023-04-20-x86_64-unknown-linux-gnu/lib/rustlib/x86_64-unknown-linux-gnu/lib/libaddr2line-27f05b3d42a66dd0.rlib" "/opt/rustwide/rustup-home/toolchains/beta-2023-04-20-x86_64-unknown-linux-gnu/lib/rustlib/x86_64-unknown-linux-gnu/lib/libgimli-4d73f1030321c9a2.rlib" "/opt/rustwide/rustup-home/toolchains/beta-2023-04-20-x86_64-unknown-linux-gnu/lib/rustlib/x86_64-unknown-linux-gnu/lib/librustc_demangle-2846c9e58abd0acb.rlib" "/opt/rustwide/rustup-home/toolchains/beta-2023-04-20-x86_64-unknown-linux-gnu/lib/rustlib/x86_64-unknown-linux-gnu/lib/libstd_detect-a53d0f50415947be.rlib" "/opt/rustwide/rustup-home/toolchains/beta-2023-04-20-x86_64-unknown-linux-gnu/lib/rustlib/x86_64-unknown-linux-gnu/lib/libhashbrown-d48e4b6abc25b9dc.rlib" "/opt/rustwide/rustup-home/toolchains/beta-2023-04-20-x86_64-unknown-linux-gnu/lib/rustlib/x86_64-unknown-linux-gnu/lib/libminiz_oxide-2991859439ef1207.rlib" "/opt/rustwide/rustup-home/toolchains/beta-2023-04-20-x86_64-unknown-linux-gnu/lib/rustlib/x86_64-unknown-linux-gnu/lib/libadler-8a687517e4221bae.rlib" "/opt/rustwide/rustup-home/toolchains/beta-2023-04-20-x86_64-unknown-linux-gnu/lib/rustlib/x86_64-unknown-linux-gnu/lib/librustc_std_workspace_alloc-e07b554f6a67f5b3.rlib" "/opt/rustwide/rustup-home/toolchains/beta-2023-04-20-x86_64-unknown-linux-gnu/lib/rustlib/x86_64-unknown-linux-gnu/lib/libunwind-b68238b7c3c619dd.rlib" "/opt/rustwide/rustup-home/toolchains/beta-2023-04-20-x86_64-unknown-linux-gnu/lib/rustlib/x86_64-unknown-linux-gnu/lib/libcfg_if-d5e213e896c017e4.rlib" "/opt/rustwide/rustup-home/toolchains/beta-2023-04-20-x86_64-unknown-linux-gnu/lib/rustlib/x86_64-unknown-linux-gnu/lib/liblibc-0211a3b2e61d8689.rlib" "/opt/rustwide/rustup-home/toolchains/beta-2023-04-20-x86_64-unknown-linux-gnu/lib/rustlib/x86_64-unknown-linux-gnu/lib/liballoc-b371f055239ba51f.rlib" "/opt/rustwide/rustup-home/toolchains/beta-2023-04-20-x86_64-unknown-linux-gnu/lib/rustlib/x86_64-unknown-linux-gnu/lib/librustc_std_workspace_core-e60518d2760eb01e.rlib" "/opt/rustwide/rustup-home/toolchains/beta-2023-04-20-x86_64-unknown-linux-gnu/lib/rustlib/x86_64-unknown-linux-gnu/lib/libcore-1ad943f92a4b1081.rlib" "/opt/rustwide/rustup-home/toolchains/beta-2023-04-20-x86_64-unknown-linux-gnu/lib/rustlib/x86_64-unknown-linux-gnu/lib/libcompiler_builtins-f0d6e4d0fc1e80b4.rlib" "-Wl,-Bdynamic" "-lgcc_s" "-lutil" "-lrt" "-lpthread" "-lm" "-ldl" "-lc" "-Wl,--eh-frame-hdr" "-Wl,-z,noexecstack" "-L" "/opt/rustwide/rustup-home/toolchains/beta-2023-04-20-x86_64-unknown-linux-gnu/lib/rustlib/x86_64-unknown-linux-gnu/lib" "-o" "/opt/rustwide/target/debug/build/serde-2ebc29d6b4395a98/build_script_build-2ebc29d6b4395a98" "-Wl,--gc-sections" "-pie" "-Wl,-z,relro,-z,now" "-nodefaultlibs"
[INFO] [stdout]   = note: /usr/bin/ld: final link failed: No space left on device
[INFO] [stdout]           collect2: error: ld returned 1 exit status
[INFO] [stdout]           
[INFO] [stdout] 
[INFO] [stdout] 
[INFO] [stderr] error: could not compile `serde` (build script) due to previous error
[INFO] [stdout] error: couldn't create a temp dir: No space left on device (os error 28) at path "/opt/rustwide/target/debug/deps/rmetapgDc8l"
[INFO] [stdout] 
[INFO] [stdout] 
[INFO] [stderr] error: could not compile `rand_jitter` (lib) due to previous error
[INFO] [stderr] thread 'rustc' panicked at 'assertion failed: pos.get() <= self.position()', compiler/rustc_metadata/src/rmeta/encoder.rs:433:9
[INFO] [stderr] error: could not compile `regex-syntax` (lib)
[INFO] running `Command { std: "docker" "inspect" "202812b0a8fc1658eddc362df2aac67ab0d4267f05a59e7d416f99ad572959e9", kill_on_drop: false }`
[INFO] running `Command { std: "docker" "rm" "-f" "202812b0a8fc1658eddc362df2aac67ab0d4267f05a59e7d416f99ad572959e9", kill_on_drop: false }`
[INFO] [stdout] 202812b0a8fc1658eddc362df2aac67ab0d4267f05a59e7d416f99ad572959e9
