[INFO] cloning repository https://github.com/lnicola/tile-server
[INFO] running `Command { std: "git" "-c" "credential.helper=" "-c" "credential.helper=/workspace/cargo-home/bin/git-credential-null" "clone" "--bare" "https://github.com/lnicola/tile-server" "/workspace/cache/git-repos/https%3A%2F%2Fgithub.com%2Flnicola%2Ftile-server", kill_on_drop: false }`
[INFO] [stderr] Cloning into bare repository '/workspace/cache/git-repos/https%3A%2F%2Fgithub.com%2Flnicola%2Ftile-server'...
[INFO] running `Command { std: "git" "rev-parse" "HEAD", kill_on_drop: false }`
[INFO] [stdout] 138e3fd3e9b580e1182a19456113af71d37d412c
[INFO] documenting lnicola/tile-server against beta-2023-04-20 for beta-1.70-rustdoc-1
[INFO] running `Command { std: "git" "clone" "/workspace/cache/git-repos/https%3A%2F%2Fgithub.com%2Flnicola%2Ftile-server" "/workspace/builds/worker-6-tc2/source", kill_on_drop: false }`
[INFO] [stderr] Cloning into '/workspace/builds/worker-6-tc2/source'...
[INFO] [stderr] done.
[INFO] validating manifest of git repo https://github.com/lnicola/tile-server on toolchain beta-2023-04-20
[INFO] running `Command { std: CARGO_HOME="/workspace/cargo-home" RUSTUP_HOME="/workspace/rustup-home" "/workspace/cargo-home/bin/cargo" "+beta-2023-04-20" "metadata" "--manifest-path" "Cargo.toml" "--no-deps", kill_on_drop: false }`
[INFO] removed /workspace/builds/worker-6-tc2/source/.cargo/config.toml
[INFO] started tweaking git repo https://github.com/lnicola/tile-server
[INFO] finished tweaking git repo https://github.com/lnicola/tile-server
[INFO] tweaked toml for git repo https://github.com/lnicola/tile-server written to /workspace/builds/worker-6-tc2/source/Cargo.toml
[INFO] crate git repo https://github.com/lnicola/tile-server already has a lockfile, it will not be regenerated
[INFO] running `Command { std: CARGO_HOME="/workspace/cargo-home" RUSTUP_HOME="/workspace/rustup-home" "/workspace/cargo-home/bin/cargo" "+beta-2023-04-20" "fetch" "--manifest-path" "Cargo.toml", kill_on_drop: false }`
[INFO] [stderr]     Updating crates.io index
[INFO] [stderr]  Downloading crates ...
[INFO] [stderr]   Downloaded gdal v0.10.0
[INFO] [stderr]   Downloaded gdal-sys v0.5.0
[INFO] [stderr]   Downloaded axum-core v0.2.3
[INFO] [stderr]   Downloaded geo-types v0.7.2
[INFO] [stderr]   Downloaded axum v0.5.4
[INFO] running `Command { std: "docker" "create" "-v" "/var/lib/crater-agent-workspace/builds/worker-6-tc2/target:/opt/rustwide/target:rw,Z" "-v" "/var/lib/crater-agent-workspace/builds/worker-6-tc2/source:/opt/rustwide/workdir:ro,Z" "-v" "/var/lib/crater-agent-workspace/cargo-home:/opt/rustwide/cargo-home:ro,Z" "-v" "/var/lib/crater-agent-workspace/rustup-home:/opt/rustwide/rustup-home:ro,Z" "-e" "SOURCE_DIR=/opt/rustwide/workdir" "-e" "CARGO_TARGET_DIR=/opt/rustwide/target" "-e" "CARGO_HOME=/opt/rustwide/cargo-home" "-e" "RUSTUP_HOME=/opt/rustwide/rustup-home" "-w" "/opt/rustwide/workdir" "-m" "1610612736" "--user" "0:0" "--network" "none" "ghcr.io/rust-lang/crates-build-env/linux@sha256:5ff2268d62e97bff2cde7d5815dd6ed5b47097566f13b8d0ca110b04b60e07ed" "/opt/rustwide/cargo-home/bin/cargo" "+beta-2023-04-20" "metadata" "--no-deps" "--format-version=1", kill_on_drop: false }`
[INFO] [stdout] 4ca8e04433a75e7a7d2fb7a37cd278a5b248e0998a00df3768107773840245cb
[INFO] running `Command { std: "docker" "start" "-a" "4ca8e04433a75e7a7d2fb7a37cd278a5b248e0998a00df3768107773840245cb", kill_on_drop: false }`
[INFO] running `Command { std: "docker" "inspect" "4ca8e04433a75e7a7d2fb7a37cd278a5b248e0998a00df3768107773840245cb", kill_on_drop: false }`
[INFO] running `Command { std: "docker" "rm" "-f" "4ca8e04433a75e7a7d2fb7a37cd278a5b248e0998a00df3768107773840245cb", kill_on_drop: false }`
[INFO] [stdout] 4ca8e04433a75e7a7d2fb7a37cd278a5b248e0998a00df3768107773840245cb
[INFO] running `Command { std: "docker" "create" "-v" "/var/lib/crater-agent-workspace/builds/worker-6-tc2/target:/opt/rustwide/target:rw,Z" "-v" "/var/lib/crater-agent-workspace/builds/worker-6-tc2/source:/opt/rustwide/workdir:ro,Z" "-v" "/var/lib/crater-agent-workspace/cargo-home:/opt/rustwide/cargo-home:ro,Z" "-v" "/var/lib/crater-agent-workspace/rustup-home:/opt/rustwide/rustup-home:ro,Z" "-e" "SOURCE_DIR=/opt/rustwide/workdir" "-e" "CARGO_TARGET_DIR=/opt/rustwide/target" "-e" "CARGO_INCREMENTAL=0" "-e" "RUST_BACKTRACE=full" "-e" "RUSTFLAGS=--cap-lints=warn" "-e" "RUSTDOCFLAGS=--cap-lints=warn" "-e" "CARGO_HOME=/opt/rustwide/cargo-home" "-e" "RUSTUP_HOME=/opt/rustwide/rustup-home" "-w" "/opt/rustwide/workdir" "-m" "1610612736" "--user" "0:0" "--network" "none" "ghcr.io/rust-lang/crates-build-env/linux@sha256:5ff2268d62e97bff2cde7d5815dd6ed5b47097566f13b8d0ca110b04b60e07ed" "/opt/rustwide/cargo-home/bin/cargo" "+beta-2023-04-20" "doc" "--frozen" "--no-deps" "--document-private-items" "--message-format=json", kill_on_drop: false }`
[INFO] [stdout] 57b5ccc370b91024512ea8a5a6f25bc3db4a20aa7cfec149ed2211f9ebca634b
[INFO] running `Command { std: "docker" "start" "-a" "57b5ccc370b91024512ea8a5a6f25bc3db4a20aa7cfec149ed2211f9ebca634b", kill_on_drop: false }`
[INFO] [stderr]    Compiling proc-macro2 v1.0.29
[INFO] [stderr]    Compiling unicode-xid v0.2.2
[INFO] [stderr]    Compiling libc v0.2.132
[INFO] [stderr]    Compiling memchr v2.4.1
[INFO] [stderr]    Compiling log v0.4.14
[INFO] [stderr]    Compiling syn v1.0.80
[INFO] [stderr]    Compiling autocfg v1.0.1
[INFO] [stderr]     Checking cfg-if v1.0.0
[INFO] [stderr]     Checking pin-project-lite v0.2.7
[INFO] [stderr]     Checking lazy_static v1.4.0
[INFO] [stderr]    Compiling glob v0.3.0
[INFO] [stderr]    Compiling futures-core v0.3.17
[INFO] [stderr]     Checking tracing-core v0.1.21
[INFO] [stderr]     Checking once_cell v1.8.0
[INFO] [stderr]    Compiling clang-sys v1.3.3
[INFO] [stderr]    Compiling aho-corasick v0.7.18
[INFO] [stderr]    Compiling regex-syntax v0.6.25
[INFO] [stderr]    Compiling unicode-width v0.1.9
[INFO] [stderr]     Checking itoa v0.4.8
[INFO] [stderr]    Compiling quote v1.0.10
[INFO] [stderr]    Compiling minimal-lexical v0.2.1
[INFO] [stderr]     Checking bytes v1.1.0
[INFO] [stderr]    Compiling atty v0.2.14
[INFO] [stderr]    Compiling textwrap v0.11.0
[INFO] [stderr]    Compiling nom v7.1.1
[INFO] [stderr]    Compiling libloading v0.7.3
[INFO] [stderr]    Compiling ansi_term v0.12.1
[INFO] [stderr]    Compiling bindgen v0.59.2
[INFO] [stderr]    Compiling vec_map v0.8.2
[INFO] [stderr]    Compiling strsim v0.8.0
[INFO] [stderr]    Compiling either v1.8.0
[INFO] [stderr]    Compiling termcolor v1.1.3
[INFO] [stderr]    Compiling bitflags v1.3.2
[INFO] [stderr]    Compiling humantime v2.1.0
[INFO] [stderr]    Compiling semver v1.0.4
[INFO] [stderr]    Compiling futures-task v0.3.17
[INFO] [stderr]    Compiling clap v2.34.0
[INFO] [stderr]    Compiling which v4.2.4
[INFO] [stderr]    Compiling futures-util v0.3.17
[INFO] [stderr]    Compiling rustc-hash v1.1.0
[INFO] [stderr]    Compiling lazycell v1.3.0
[INFO] [stderr]    Compiling serde_derive v1.0.130
[INFO] [stderr]    Compiling regex v1.5.4
[INFO] [stderr]    Compiling peeking_take_while v0.1.2
[INFO] [stderr]    Compiling shlex v1.1.0
[INFO] [stderr]    Compiling cexpr v0.6.0
[INFO] [stderr]     Checking num_cpus v1.13.0
[INFO] [stderr]    Compiling env_logger v0.9.0
[INFO] [stderr]     Checking mio v0.8.4
[INFO] [stderr]     Checking socket2 v0.4.6
[INFO] [stderr]    Compiling num-traits v0.2.14
[INFO] [stderr]    Compiling serde v1.0.130
[INFO] [stderr]     Checking pin-utils v0.1.0
[INFO] [stderr]     Checking fnv v1.0.7
[INFO] [stderr]    Compiling pkg-config v0.3.20
[INFO] [stderr]     Checking http v0.2.5
[INFO] [stderr]     Checking tokio v1.19.2
[INFO] [stderr]    Compiling ryu v1.0.5
[INFO] [stderr]     Checking futures-sink v0.3.17
[INFO] [stderr]    Compiling indexmap v1.7.0
[INFO] [stderr]     Checking http-body v0.4.5
[INFO] [stderr]    Compiling num-integer v0.1.44
[INFO] [stderr]    Compiling httparse v1.8.0
[INFO] [stderr]     Checking hashbrown v0.11.2
[INFO] [stderr]    Compiling futures-channel v0.3.17
[INFO] [stderr]     Checking tower-service v0.3.1
[INFO] [stderr]    Compiling serde_json v1.0.68
[INFO] [stderr]    Compiling async-trait v0.1.51
[INFO] [stderr]     Checking percent-encoding v2.1.0
[INFO] [stderr]     Checking try-lock v0.2.3
[INFO] [stderr]     Checking slab v0.4.4
[INFO] [stderr]     Checking matches v0.1.9
[INFO] [stderr]     Checking tower-layer v0.3.1
[INFO] [stderr]     Checking want v0.3.0
[INFO] [stderr]     Checking form_urlencoded v1.0.1
[INFO] [stderr]     Checking itoa v1.0.3
[INFO] [stderr]     Checking http-range-header v0.3.0
[INFO] [stderr]     Checking mime v0.3.16
[INFO] [stderr]     Checking httpdate v1.0.1
[INFO] [stderr]     Checking chrono v0.4.19
[INFO] [stderr]     Checking geo-types v0.7.2
[INFO] [stderr]     Checking tracing-log v0.1.2
[INFO] [stderr]     Checking thread_local v1.1.3
[INFO] [stderr]     Checking sharded-slab v0.1.3
[INFO] [stderr]     Checking sync_wrapper v0.1.1
[INFO] [stderr]     Checking matchit v0.5.0
[INFO] [stderr]    Compiling tracing-attributes v0.1.18
[INFO] [stderr]    Compiling pin-project-internal v1.0.8
[INFO] [stderr]     Checking regex-automata v0.1.10
[INFO] [stderr]    Compiling thiserror-impl v1.0.29
[INFO] [stderr]     Checking matchers v0.0.1
[INFO] [stderr]     Checking smallvec v1.7.0
[INFO] [stderr]     Checking tracing v0.1.29
[INFO] [stderr]     Checking tokio-util v0.7.3
[INFO] [stderr]     Checking axum-core v0.2.3
[INFO] [stderr]    Compiling gdal-sys v0.5.0
[INFO] [stderr]     Checking pin-project v1.0.8
[INFO] [stderr]     Checking h2 v0.3.14
[INFO] [stderr]     Checking tower v0.4.13
[INFO] [stderr]     Checking thiserror v1.0.29
[INFO] [stderr]     Checking tower-http v0.3.4
[INFO] [stderr] error: failed to run custom build command for `gdal-sys v0.5.0`
[INFO] [stderr] note: To improve backtraces for build dependencies, set the CARGO_PROFILE_DEV_BUILD_OVERRIDE_DEBUG=true environment variable to enable debug information generation.
[INFO] [stderr] 
[INFO] [stderr] Caused by:
[INFO] [stderr]   process didn't exit successfully: `/opt/rustwide/target/debug/build/gdal-sys-360c24faedbcc929/build-script-build` (exit status: 101)
[INFO] [stderr]   --- stdout
[INFO] [stderr]   cargo:rerun-if-env-changed=GDAL_STATIC
[INFO] [stderr]   cargo:rerun-if-env-changed=GDAL_DYNAMIC
[INFO] [stderr]   cargo:rerun-if-env-changed=GDAL_INCLUDE_DIR
[INFO] [stderr]   cargo:rerun-if-env-changed=GDAL_LIB_DIR
[INFO] [stderr]   cargo:rerun-if-env-changed=GDAL_HOME
[INFO] [stderr]   cargo:rerun-if-env-changed=GDAL_VERSION
[INFO] [stderr]   cargo:rerun-if-env-changed=GDAL_NO_PKG_CONFIG
[INFO] [stderr]   cargo:rerun-if-env-changed=PKG_CONFIG_x86_64-unknown-linux-gnu
[INFO] [stderr]   cargo:rerun-if-env-changed=PKG_CONFIG_x86_64_unknown_linux_gnu
[INFO] [stderr]   cargo:rerun-if-env-changed=HOST_PKG_CONFIG
[INFO] [stderr]   cargo:rerun-if-env-changed=PKG_CONFIG
[INFO] [stderr]   cargo:rerun-if-env-changed=PKG_CONFIG_PATH_x86_64-unknown-linux-gnu
[INFO] [stderr]   cargo:rerun-if-env-changed=PKG_CONFIG_PATH_x86_64_unknown_linux_gnu
[INFO] [stderr]   cargo:rerun-if-env-changed=HOST_PKG_CONFIG_PATH
[INFO] [stderr]   cargo:rerun-if-env-changed=PKG_CONFIG_PATH
[INFO] [stderr]   cargo:rerun-if-env-changed=PKG_CONFIG_LIBDIR_x86_64-unknown-linux-gnu
[INFO] [stderr]   cargo:rerun-if-env-changed=PKG_CONFIG_LIBDIR_x86_64_unknown_linux_gnu
[INFO] [stderr]   cargo:rerun-if-env-changed=HOST_PKG_CONFIG_LIBDIR
[INFO] [stderr]   cargo:rerun-if-env-changed=PKG_CONFIG_LIBDIR
[INFO] [stderr]   cargo:rerun-if-env-changed=PKG_CONFIG_SYSROOT_DIR_x86_64-unknown-linux-gnu
[INFO] [stderr]   cargo:rerun-if-env-changed=PKG_CONFIG_SYSROOT_DIR_x86_64_unknown_linux_gnu
[INFO] [stderr]   cargo:rerun-if-env-changed=HOST_PKG_CONFIG_SYSROOT_DIR
[INFO] [stderr]   cargo:rerun-if-env-changed=PKG_CONFIG_SYSROOT_DIR
[INFO] [stderr] 
[INFO] [stderr]   --- stderr
[INFO] [stderr]   wrapper.h:5:10: fatal error: 'cpl_atomic_ops.h' file not found
[INFO] [stderr]   wrapper.h:5:10: fatal error: 'cpl_atomic_ops.h' file not found, err: true
[INFO] [stderr]   thread 'main' panicked at 'Unable to generate bindings: ()', /opt/rustwide/cargo-home/registry/src/index.crates.io-6f17d22bba15001f/gdal-sys-0.5.0/build.rs:31:10
[INFO] [stderr]   stack backtrace:
[INFO] [stderr]      0:     0x5557f9b1788a - std::backtrace_rs::backtrace::libunwind::trace::h2f05d0192276a8f6
[INFO] [stderr]                                  at /rustc/1b7dd2252b99671ce5d1cb9664c5f8636329436d/library/std/src/../../backtrace/src/backtrace/libunwind.rs:93:5
[INFO] [stderr]      1:     0x5557f9b1788a - std::backtrace_rs::backtrace::trace_unsynchronized::hedc23dff7a1af150
[INFO] [stderr]                                  at /rustc/1b7dd2252b99671ce5d1cb9664c5f8636329436d/library/std/src/../../backtrace/src/backtrace/mod.rs:66:5
[INFO] [stderr]      2:     0x5557f9b1788a - std::sys_common::backtrace::_print_fmt::h17541ef7592f3ce2
[INFO] [stderr]                                  at /rustc/1b7dd2252b99671ce5d1cb9664c5f8636329436d/library/std/src/sys_common/backtrace.rs:65:5
[INFO] [stderr]      3:     0x5557f9b1788a - <std::sys_common::backtrace::_print::DisplayBacktrace as core::fmt::Display>::fmt::h20f75df5ab0c0792
[INFO] [stderr]                                  at /rustc/1b7dd2252b99671ce5d1cb9664c5f8636329436d/library/std/src/sys_common/backtrace.rs:44:22
[INFO] [stderr]      4:     0x5557f9b3db5f - core::fmt::write::h78109e6f466b3af6
[INFO] [stderr]                                  at /rustc/1b7dd2252b99671ce5d1cb9664c5f8636329436d/library/core/src/fmt/mod.rs:1254:17
[INFO] [stderr]      5:     0x5557f9b148c5 - std::io::Write::write_fmt::hc59e1b02dd273c8a
[INFO] [stderr]                                  at /rustc/1b7dd2252b99671ce5d1cb9664c5f8636329436d/library/std/src/io/mod.rs:1698:15
[INFO] [stderr]      6:     0x5557f9b17655 - std::sys_common::backtrace::_print::h8dac57a9f8fbf9a5
[INFO] [stderr]                                  at /rustc/1b7dd2252b99671ce5d1cb9664c5f8636329436d/library/std/src/sys_common/backtrace.rs:47:5
[INFO] [stderr]      7:     0x5557f9b17655 - std::sys_common::backtrace::print::hf9ecbf41d1aa712f
[INFO] [stderr]                                  at /rustc/1b7dd2252b99671ce5d1cb9664c5f8636329436d/library/std/src/sys_common/backtrace.rs:34:9
[INFO] [stderr]      8:     0x5557f9b1927e - std::panicking::default_hook::{{closure}}::h04c07acfc84ca028
[INFO] [stderr]                                  at /rustc/1b7dd2252b99671ce5d1cb9664c5f8636329436d/library/std/src/panicking.rs:269:22
[INFO] [stderr]      9:     0x5557f9b19025 - std::panicking::default_hook::h01f6bb23e1eceb2c
[INFO] [stderr]                                  at /rustc/1b7dd2252b99671ce5d1cb9664c5f8636329436d/library/std/src/panicking.rs:288:9
[INFO] [stderr]     10:     0x5557f9b197de - std::panicking::rust_panic_with_hook::h2bb3722bbaf2f6df
[INFO] [stderr]                                  at /rustc/1b7dd2252b99671ce5d1cb9664c5f8636329436d/library/std/src/panicking.rs:691:13
[INFO] [stderr]     11:     0x5557f9b196d9 - std::panicking::begin_panic_handler::{{closure}}::h91bc7f36a4be011b
[INFO] [stderr]                                  at /rustc/1b7dd2252b99671ce5d1cb9664c5f8636329436d/library/std/src/panicking.rs:582:13
[INFO] [stderr]     12:     0x5557f9b17cf6 - std::sys_common::backtrace::__rust_end_short_backtrace::h8b3d3717114f9e59
[INFO] [stderr]                                  at /rustc/1b7dd2252b99671ce5d1cb9664c5f8636329436d/library/std/src/sys_common/backtrace.rs:150:18
[INFO] [stderr]     13:     0x5557f9b19432 - rust_begin_unwind
[INFO] [stderr]                                  at /rustc/1b7dd2252b99671ce5d1cb9664c5f8636329436d/library/std/src/panicking.rs:578:5
[INFO] [stderr]     14:     0x5557f96e35d3 - core::panicking::panic_fmt::hfd368e3fbdabea26
[INFO] [stderr]                                  at /rustc/1b7dd2252b99671ce5d1cb9664c5f8636329436d/library/core/src/panicking.rs:67:14
[INFO] [stderr]     15:     0x5557f96e3b73 - core::result::unwrap_failed::he54eb4b2f125b26f
[INFO] [stderr]                                  at /rustc/1b7dd2252b99671ce5d1cb9664c5f8636329436d/library/core/src/result.rs:1687:5
[INFO] [stderr]     16:     0x5557f96e945b - core::result::Result<T,E>::expect::hff1de8847644dd1b
[INFO] [stderr]     17:     0x5557f96e433b - build_script_build::write_bindings::h40223e667d916a10
[INFO] [stderr]     18:     0x5557f96e6bb7 - build_script_build::main::h0310b84b984f7864
[INFO] [stderr]     19:     0x5557f96e9aa3 - core::ops::function::FnOnce::call_once::hdb9945d0b8721196
[INFO] [stderr]     20:     0x5557f96e99a6 - std::sys_common::backtrace::__rust_begin_short_backtrace::h8998b5b2c42aed28
[INFO] [stderr]     21:     0x5557f96e7f09 - std::rt::lang_start::{{closure}}::h97559dbd629f3129
[INFO] [stderr]     22:     0x5557f9b1103e - core::ops::function::impls::<impl core::ops::function::FnOnce<A> for &F>::call_once::h2eb19b8ce4148df4
[INFO] [stderr]                                  at /rustc/1b7dd2252b99671ce5d1cb9664c5f8636329436d/library/core/src/ops/function.rs:287:13
[INFO] [stderr]     23:     0x5557f9b1103e - std::panicking::try::do_call::h2e900feff5d504c5
[INFO] [stderr]                                  at /rustc/1b7dd2252b99671ce5d1cb9664c5f8636329436d/library/std/src/panicking.rs:485:40
[INFO] [stderr]     24:     0x5557f9b1103e - std::panicking::try::h8854836cb85aa9f2
[INFO] [stderr]                                  at /rustc/1b7dd2252b99671ce5d1cb9664c5f8636329436d/library/std/src/panicking.rs:449:19
[INFO] [stderr]     25:     0x5557f9b1103e - std::panic::catch_unwind::h706025dd4c48f64b
[INFO] [stderr]                                  at /rustc/1b7dd2252b99671ce5d1cb9664c5f8636329436d/library/std/src/panic.rs:140:14
[INFO] [stderr]     26:     0x5557f9b1103e - std::rt::lang_start_internal::{{closure}}::h7be5b97f4a07a91a
[INFO] [stderr]                                  at /rustc/1b7dd2252b99671ce5d1cb9664c5f8636329436d/library/std/src/rt.rs:148:48
[INFO] [stderr]     27:     0x5557f9b1103e - std::panicking::try::do_call::h59847e9d0a176965
[INFO] [stderr]                                  at /rustc/1b7dd2252b99671ce5d1cb9664c5f8636329436d/library/std/src/panicking.rs:485:40
[INFO] [stderr]     28:     0x5557f9b1103e - std::panicking::try::h399a918ba8522823
[INFO] [stderr]                                  at /rustc/1b7dd2252b99671ce5d1cb9664c5f8636329436d/library/std/src/panicking.rs:449:19
[INFO] [stderr]     29:     0x5557f9b1103e - std::panic::catch_unwind::hca7ca6c55b2a2e26
[INFO] [stderr]                                  at /rustc/1b7dd2252b99671ce5d1cb9664c5f8636329436d/library/std/src/panic.rs:140:14
[INFO] [stderr]     30:     0x5557f9b1103e - std::rt::lang_start_internal::h2c807a81560459eb
[INFO] [stderr]                                  at /rustc/1b7dd2252b99671ce5d1cb9664c5f8636329436d/library/std/src/rt.rs:148:20
[INFO] [stderr]     31:     0x5557f96e7ee7 - std::rt::lang_start::h03f29b647a576ea6
[INFO] [stderr]     32:     0x5557f96e6e75 - main
[INFO] [stderr]     33:     0x7f8770396d90 - <unknown>
[INFO] [stderr]     34:     0x7f8770396e40 - __libc_start_main
[INFO] [stderr]     35:     0x5557f96e3d55 - _start
[INFO] [stderr]     36:                0x0 - <unknown>
[INFO] [stderr] warning: build failed, waiting for other jobs to finish...
[INFO] running `Command { std: "docker" "inspect" "57b5ccc370b91024512ea8a5a6f25bc3db4a20aa7cfec149ed2211f9ebca634b", kill_on_drop: false }`
[INFO] running `Command { std: "docker" "rm" "-f" "57b5ccc370b91024512ea8a5a6f25bc3db4a20aa7cfec149ed2211f9ebca634b", kill_on_drop: false }`
[INFO] [stdout] 57b5ccc370b91024512ea8a5a6f25bc3db4a20aa7cfec149ed2211f9ebca634b
