[INFO] cloning repository https://github.com/litemaker/substrate
[INFO] running `Command { std: "git" "-c" "credential.helper=" "-c" "credential.helper=/workspace/cargo-home/bin/git-credential-null" "clone" "--bare" "https://github.com/litemaker/substrate" "/workspace/cache/git-repos/https%3A%2F%2Fgithub.com%2Flitemaker%2Fsubstrate", kill_on_drop: false }`
[INFO] [stderr] Cloning into bare repository '/workspace/cache/git-repos/https%3A%2F%2Fgithub.com%2Flitemaker%2Fsubstrate'...
[INFO] running `Command { std: "git" "rev-parse" "HEAD", kill_on_drop: false }`
[INFO] [stdout] d7fdb8633d81a7216e141a4a85423badb80d4738
[INFO] documenting litemaker/substrate against 1.69.0 for beta-1.70-rustdoc-1
[INFO] running `Command { std: "git" "clone" "/workspace/cache/git-repos/https%3A%2F%2Fgithub.com%2Flitemaker%2Fsubstrate" "/workspace/builds/worker-1-tc1/source", kill_on_drop: false }`
[INFO] [stderr] Cloning into '/workspace/builds/worker-1-tc1/source'...
[INFO] [stderr] done.
[INFO] validating manifest of git repo https://github.com/litemaker/substrate on toolchain 1.69.0
[INFO] running `Command { std: CARGO_HOME="/workspace/cargo-home" RUSTUP_HOME="/workspace/rustup-home" "/workspace/cargo-home/bin/cargo" "+1.69.0" "metadata" "--manifest-path" "Cargo.toml" "--no-deps", kill_on_drop: false }`
[INFO] started tweaking git repo https://github.com/litemaker/substrate
[INFO] finished tweaking git repo https://github.com/litemaker/substrate
[INFO] tweaked toml for git repo https://github.com/litemaker/substrate written to /workspace/builds/worker-1-tc1/source/Cargo.toml
[INFO] crate git repo https://github.com/litemaker/substrate already has a lockfile, it will not be regenerated
[INFO] running `Command { std: CARGO_HOME="/workspace/cargo-home" RUSTUP_HOME="/workspace/rustup-home" "/workspace/cargo-home/bin/cargo" "+1.69.0" "fetch" "--manifest-path" "Cargo.toml", kill_on_drop: false }`
[INFO] [stderr]  Downloading crates ...
[INFO] [stderr]   Downloaded signal-hook v0.3.6
[INFO] [stderr]   Downloaded libp2p v0.37.1
[INFO] [stderr]   Downloaded parity-multiaddr v0.11.2
[INFO] [stderr]   Downloaded libp2p-yamux v0.32.0
[INFO] [stderr]   Downloaded wasm-bindgen-test v0.3.20
[INFO] [stderr]   Downloaded libp2p-uds v0.28.0
[INFO] [stderr]   Downloaded libp2p-swarm v0.29.0
[INFO] [stderr]   Downloaded libp2p-noise v0.30.0
[INFO] [stderr]   Downloaded parity-db v0.2.4
[INFO] [stderr]   Downloaded wasm-bindgen-test-macro v0.3.20
[INFO] [stderr]   Downloaded libp2p-deflate v0.28.0
[INFO] [stderr]   Downloaded kvdb-rocksdb v0.12.0
[INFO] [stderr]   Downloaded libp2p-kad v0.30.0
[INFO] [stderr]   Downloaded libp2p-mplex v0.28.0
[INFO] [stderr]   Downloaded libp2p-mdns v0.30.0
[INFO] [stderr]   Downloaded salsa20 v0.7.2
[INFO] [stderr]   Downloaded libp2p-dns v0.28.1
[INFO] [stderr]   Downloaded libp2p-floodsub v0.29.0
[INFO] [stderr]   Downloaded libp2p-gossipsub v0.30.0
[INFO] [stderr]   Downloaded libp2p-identify v0.29.0
[INFO] [stderr]   Downloaded libp2p-ping v0.29.0
[INFO] [stderr]   Downloaded libp2p-pnet v0.20.0
[INFO] [stderr]   Downloaded libp2p-plaintext v0.28.0
[INFO] [stderr]   Downloaded libp2p-relay v0.2.0
[INFO] [stderr]   Downloaded libp2p-request-response v0.11.0
[INFO] [stderr]   Downloaded libp2p-swarm-derive v0.23.0
[INFO] [stderr]   Downloaded libp2p-tcp v0.28.0
[INFO] [stderr]   Downloaded libp2p-wasm-ext v0.28.1
[INFO] [stderr]   Downloaded libp2p-websocket v0.29.0
[INFO] [stderr]   Downloaded libp2p-core v0.28.2
[INFO] [stderr]   Downloaded librocksdb-sys v6.17.3
[INFO] running `Command { std: "docker" "create" "-v" "/var/lib/crater-agent-workspace/builds/worker-1-tc1/target:/opt/rustwide/target:rw,Z" "-v" "/var/lib/crater-agent-workspace/builds/worker-1-tc1/source:/opt/rustwide/workdir:ro,Z" "-v" "/var/lib/crater-agent-workspace/cargo-home:/opt/rustwide/cargo-home:ro,Z" "-v" "/var/lib/crater-agent-workspace/rustup-home:/opt/rustwide/rustup-home:ro,Z" "-e" "SOURCE_DIR=/opt/rustwide/workdir" "-e" "CARGO_TARGET_DIR=/opt/rustwide/target" "-e" "CARGO_HOME=/opt/rustwide/cargo-home" "-e" "RUSTUP_HOME=/opt/rustwide/rustup-home" "-w" "/opt/rustwide/workdir" "-m" "1610612736" "--user" "0:0" "--network" "none" "ghcr.io/rust-lang/crates-build-env/linux@sha256:5ff2268d62e97bff2cde7d5815dd6ed5b47097566f13b8d0ca110b04b60e07ed" "/opt/rustwide/cargo-home/bin/cargo" "+1.69.0" "metadata" "--no-deps" "--format-version=1", kill_on_drop: false }`
[INFO] [stdout] 7ec2247c5dd4a49c0d30898499cf5817c0c79c36aa0a63c3b9f63aaf95a0ebd5
[INFO] running `Command { std: "docker" "start" "-a" "7ec2247c5dd4a49c0d30898499cf5817c0c79c36aa0a63c3b9f63aaf95a0ebd5", kill_on_drop: false }`
[INFO] running `Command { std: "docker" "inspect" "7ec2247c5dd4a49c0d30898499cf5817c0c79c36aa0a63c3b9f63aaf95a0ebd5", kill_on_drop: false }`
[INFO] running `Command { std: "docker" "rm" "-f" "7ec2247c5dd4a49c0d30898499cf5817c0c79c36aa0a63c3b9f63aaf95a0ebd5", kill_on_drop: false }`
[INFO] [stdout] 7ec2247c5dd4a49c0d30898499cf5817c0c79c36aa0a63c3b9f63aaf95a0ebd5
[INFO] running `Command { std: "docker" "create" "-v" "/var/lib/crater-agent-workspace/builds/worker-1-tc1/target:/opt/rustwide/target:rw,Z" "-v" "/var/lib/crater-agent-workspace/builds/worker-1-tc1/source:/opt/rustwide/workdir:ro,Z" "-v" "/var/lib/crater-agent-workspace/cargo-home:/opt/rustwide/cargo-home:ro,Z" "-v" "/var/lib/crater-agent-workspace/rustup-home:/opt/rustwide/rustup-home:ro,Z" "-e" "SOURCE_DIR=/opt/rustwide/workdir" "-e" "CARGO_TARGET_DIR=/opt/rustwide/target" "-e" "CARGO_INCREMENTAL=0" "-e" "RUST_BACKTRACE=full" "-e" "RUSTFLAGS=--cap-lints=warn" "-e" "RUSTDOCFLAGS=--cap-lints=warn" "-e" "CARGO_HOME=/opt/rustwide/cargo-home" "-e" "RUSTUP_HOME=/opt/rustwide/rustup-home" "-w" "/opt/rustwide/workdir" "-m" "1610612736" "--user" "0:0" "--network" "none" "ghcr.io/rust-lang/crates-build-env/linux@sha256:5ff2268d62e97bff2cde7d5815dd6ed5b47097566f13b8d0ca110b04b60e07ed" "/opt/rustwide/cargo-home/bin/cargo" "+1.69.0" "doc" "--frozen" "--no-deps" "--document-private-items" "--message-format=json", kill_on_drop: false }`
[INFO] [stdout] b9e951c5de86f7323382a20f9ab56a6b99db18e1d882e7bfab8797c7ba86ce5c
[INFO] running `Command { std: "docker" "start" "-a" "b9e951c5de86f7323382a20f9ab56a6b99db18e1d882e7bfab8797c7ba86ce5c", kill_on_drop: false }`
[INFO] [stderr]    Compiling proc-macro2 v1.0.28
[INFO] [stderr]    Compiling syn v1.0.69
[INFO] [stderr]    Compiling libc v0.2.95
[INFO] [stderr]    Compiling autocfg v1.0.1
[INFO] [stderr]    Compiling value-bag v1.0.0-alpha.6
[INFO] [stderr]    Compiling log v0.4.14
[INFO] [stderr]    Compiling serde_derive v1.0.126
[INFO] [stderr]    Compiling serde v1.0.126
[INFO] [stderr]    Compiling memchr v2.3.4
[INFO] [stderr]    Compiling byteorder v1.3.4
[INFO] [stderr]    Compiling futures-core v0.3.15
[INFO] [stderr]    Compiling typenum v1.12.0
[INFO] [stderr]    Compiling proc-macro-hack v0.5.19
[INFO] [stderr]    Compiling futures-channel v0.3.15
[INFO] [stderr]    Compiling proc-macro-nested v0.1.7
[INFO] [stderr]    Compiling quote v1.0.9
[INFO] [stderr]    Compiling jobserver v0.1.21
[INFO] [stderr]    Compiling futures-task v0.3.15
[INFO] [stderr]    Compiling futures-macro v0.3.15
[INFO] [stderr]    Compiling futures-util v0.3.15
[INFO] [stderr]    Compiling scopeguard v1.1.0
[INFO] [stderr]    Compiling cc v1.0.67
[INFO] [stderr]    Compiling generic-array v0.14.4
[INFO] [stderr]    Compiling smallvec v1.6.1
[INFO] [stderr]    Compiling ryu v1.0.5
[INFO] [stderr]    Compiling instant v0.1.9
[INFO] [stderr]    Compiling lock_api v0.4.2
[INFO] [stderr]    Compiling parking_lot_core v0.8.3
[INFO] [stderr]    Compiling serde_json v1.0.64
[INFO] [stderr]    Compiling anyhow v1.0.38
[INFO] [stderr]    Compiling crunchy v0.2.2
[INFO] [stderr]    Compiling libm v0.2.1
[INFO] [stderr]    Compiling parking_lot v0.11.1
[INFO] [stderr]    Compiling num-traits v0.2.14
[INFO] [stderr]    Compiling once_cell v1.7.2
[INFO] [stderr]    Compiling radium v0.6.2
[INFO] [stderr]    Compiling num-integer v0.1.44
[INFO] [stderr]    Compiling regex-syntax v0.6.22
[INFO] [stderr]    Compiling thread_local v1.1.3
[INFO] [stderr]    Compiling aho-corasick v0.7.15
[INFO] [stderr]     Checking futures v0.1.31
[INFO] [stderr]    Compiling ahash v0.7.4
[INFO] [stderr]    Compiling num-bigint v0.2.6
[INFO] [stderr]    Compiling parity-util-mem v0.10.0
[INFO] [stderr]    Compiling ref-cast v1.0.6
[INFO] [stderr]     Checking num_cpus v1.13.0
[INFO] [stderr]    Compiling num-rational v0.2.4
[INFO] [stderr]     Checking ppv-lite86 v0.2.10
[INFO] [stderr]    Compiling arrayvec v0.4.12
[INFO] [stderr]    Compiling slog v2.7.0
[INFO] [stderr]    Compiling miniz_oxide v0.4.4
[INFO] [stderr]     Checking pin-project-lite v0.2.6
[INFO] [stderr]     Checking itoa v0.4.7
[INFO] [stderr]    Compiling zstd-sys v1.4.20+zstd.1.4.9
[INFO] [stderr]    Compiling tiny-keccak v2.0.2
[INFO] [stderr]     Checking futures-io v0.3.15
[INFO] [stderr]    Compiling zstd-safe v3.0.1+zstd.1.4.9
[INFO] [stderr]    Compiling regex v1.4.3
[INFO] [stderr]     Checking futures-sink v0.3.15
[INFO] [stderr]    Compiling async-trait v0.1.50
[INFO] [stderr]     Checking pin-utils v0.1.0
[INFO] [stderr]     Checking getrandom v0.1.16
[INFO] [stderr]     Checking static_assertions v1.1.0
[INFO] [stderr]     Checking getrandom v0.2.3
[INFO] [stderr]     Checking tinyvec_macros v0.1.0
[INFO] [stderr]     Checking rand_core v0.5.1
[INFO] [stderr]     Checking subtle v2.4.0
[INFO] [stderr]     Checking rand_core v0.6.2
[INFO] [stderr]     Checking tinyvec v1.1.1
[INFO] [stderr]     Checking rand_pcg v0.2.1
[INFO] [stderr]     Checking rand_chacha v0.2.2
[INFO] [stderr]     Checking rand_chacha v0.3.0
[INFO] [stderr]     Checking generic-array v0.12.4
[INFO] [stderr]     Checking digest v0.9.0
[INFO] [stderr]     Checking rand v0.7.3
[INFO] [stderr]     Checking block-buffer v0.9.0
[INFO] [stderr]     Checking rand v0.8.4
[INFO] [stderr]    Compiling synstructure v0.12.4
[INFO] [stderr]    Compiling Inflector v0.11.4
[INFO] [stderr]     Checking cpuid-bool v0.1.2
[INFO] [stderr]     Checking unicode-normalization v0.1.17
[INFO] [stderr]     Checking digest v0.8.1
[INFO] [stderr]     Checking byte-tools v0.3.1
[INFO] [stderr]     Checking block-padding v0.1.5
[INFO] [stderr]     Checking wyz v0.2.0
[INFO] [stderr]     Checking keccak v0.1.0
[INFO] [stderr]     Checking funty v1.1.0
[INFO] [stderr]     Checking tap v1.0.1
[INFO] [stderr]     Checking arrayvec v0.5.2
[INFO] [stderr]     Checking block-buffer v0.7.3
[INFO] [stderr]     Checking sha2 v0.9.3
[INFO] [stderr]     Checking crypto-mac v0.8.0
[INFO] [stderr]     Checking byte-slice-cast v1.0.0
[INFO] [stderr]     Checking fake-simd v0.1.2
[INFO] [stderr]     Checking bitvec v0.20.2
[INFO] [stderr]     Checking arrayvec v0.7.0
[INFO] [stderr]     Checking opaque-debug v0.2.3
[INFO] [stderr]     Checking subtle v1.0.0
[INFO] [stderr]    Compiling paste v1.0.4
[INFO] [stderr]     Checking crypto-mac v0.7.0
[INFO] [stderr]     Checking sha2 v0.8.2
[INFO] [stderr]     Checking hmac v0.7.1
[INFO] [stderr]     Checking signature v1.3.0
[INFO] [stderr]     Checking either v1.6.1
[INFO] [stderr]     Checking ed25519 v1.0.3
[INFO] [stderr]     Checking hmac-drbg v0.2.0
[INFO] [stderr]     Checking libsecp256k1 v0.3.5
[INFO] [stderr]     Checking hex v0.4.3
[INFO] [stderr]     Checking lock_api v0.3.4
[INFO] [stderr]     Checking uint v0.9.0
[INFO] [stderr]     Checking tracing-core v0.1.17
[INFO] [stderr]     Checking sp-std v4.0.0-dev (/opt/rustwide/workdir/primitives/std)
[INFO] [stderr]     Checking rustc-hex v2.1.0
[INFO] [stderr]     Checking rustc-hash v1.1.0
[INFO] [stderr]     Checking time v0.1.44
[INFO] [stderr]     Checking fixed-hash v0.7.0
[INFO] [stderr]     Checking parking_lot_core v0.7.2
[INFO] [stderr]     Checking parking_lot v0.10.2
[INFO] [stderr]    Compiling ctor v0.1.19
[INFO] [stderr]    Compiling thiserror-impl v1.0.24
[INFO] [stderr]    Compiling zeroize_derive v1.0.1
[INFO] [stderr]    Compiling impl-trait-for-tuples v0.2.1
[INFO] [stderr]    Compiling tracing-attributes v0.1.15
[INFO] [stderr]    Compiling sp-debug-derive v3.0.0 (/opt/rustwide/workdir/primitives/debug-derive)
[INFO] [stderr]    Compiling parity-util-mem-derive v0.1.0
[INFO] [stderr]    Compiling thiserror v1.0.24
[INFO] [stderr]    Compiling ref-cast-impl v1.0.6
[INFO] [stderr]    Compiling dyn-clonable-impl v0.9.0
[INFO] [stderr]    Compiling derive_more v0.99.11
[INFO] [stderr]     Checking zeroize v1.2.0
[INFO] [stderr]     Checking curve25519-dalek v3.0.2
[INFO] [stderr]     Checking tracing v0.1.25
[INFO] [stderr]     Checking hashbrown v0.11.2
[INFO] [stderr]     Checking chrono v0.4.19
[INFO] [stderr]     Checking errno v0.2.7
[INFO] [stderr]     Checking parity-wasm v0.42.2
[INFO] [stderr]     Checking regex-automata v0.1.9
[INFO] [stderr]     Checking ansi_term v0.12.1
[INFO] [stderr]     Checking tracing-log v0.1.2
[INFO] [stderr]     Checking matchers v0.0.1
[INFO] [stderr]     Checking sharded-slab v0.1.1
[INFO] [stderr]     Checking memory_units v0.3.0
[INFO] [stderr]     Checking downcast-rs v1.2.0
[INFO] [stderr]     Checking nodrop v0.1.14
[INFO] [stderr]     Checking wasmi-validation v0.4.0
[INFO] [stderr]     Checking environmental v1.1.3
[INFO] [stderr]     Checking hash-db v0.15.2
[INFO] [stderr]     Checking blake2-rfc v0.2.18
[INFO] [stderr]     Checking wasmi v0.9.0
[INFO] [stderr]     Checking curve25519-dalek v2.1.2
[INFO] [stderr]     Checking merlin v2.0.1
[INFO] [stderr]     Checking adler v1.0.2
[INFO] [stderr]     Checking schnorrkel v0.9.1
[INFO] [stderr]     Checking pbkdf2 v0.3.0
[INFO] [stderr]     Checking hmac v0.8.1
[INFO] [stderr]     Checking futures-executor v0.3.15
[INFO] [stderr]     Checking pbkdf2 v0.4.0
[INFO] [stderr]     Checking dyn-clone v1.0.4
[INFO] [stderr]     Checking tiny-bip39 v0.8.0
[INFO] [stderr]     Checking dyn-clonable v0.9.0
[INFO] [stderr]     Checking futures v0.3.15
[INFO] [stderr]     Checking secrecy v0.7.0
[INFO] [stderr]     Checking twox-hash v1.6.0
[INFO] [stderr]     Checking hash256-std-hasher v0.15.2
[INFO] [stderr]     Checking base58 v0.1.0
[INFO] [stderr]     Checking substrate-bip39 v0.4.2
[INFO] [stderr]     Checking rustc-demangle v0.1.18
[INFO] [stderr]     Checking gimli v0.23.0
[INFO] [stderr]     Checking object v0.23.0
[INFO] [stderr]     Checking trie-db v0.22.6
[INFO] [stderr]     Checking trie-root v0.16.0
[INFO] [stderr]    Compiling constant_time_eq v0.1.5
[INFO] [stderr]     Checking integer-sqrt v0.1.5
[INFO] [stderr]    Compiling pin-project-internal v1.0.5
[INFO] [stderr]     Checking ed25519-dalek v1.0.1
[INFO] [stderr]     Checking impl-serde v0.3.1
[INFO] [stderr]     Checking tracing-serde v0.1.2
[INFO] [stderr]    Compiling toml v0.5.8
[INFO] [stderr]     Checking erased-serde v0.3.13
[INFO] [stderr]    Compiling wasm-bindgen-shared v0.2.73
[INFO] [stderr]    Compiling bumpalo v3.6.1
[INFO] [stderr]     Checking addr2line v0.14.1
[INFO] [stderr]    Compiling unicode-segmentation v1.7.1
[INFO] [stderr]     Checking tracing-subscriber v0.2.18
[INFO] [stderr]    Compiling bytes v1.0.1
[INFO] [stderr]     Checking backtrace v0.3.56
[INFO] [stderr]    Compiling httparse v1.3.5
[INFO] [stderr]    Compiling wasm-bindgen-backend v0.2.73
[INFO] [stderr]     Checking sp-panic-handler v3.0.0 (/opt/rustwide/workdir/primitives/panic-handler)
[INFO] [stderr]    Compiling heck v0.3.2
[INFO] [stderr]    Compiling remove_dir_all v0.5.3
[INFO] [stderr]    Compiling ahash v0.4.7
[INFO] [stderr]    Compiling tempfile v3.2.0
[INFO] [stderr]    Compiling indexmap v1.6.2
[INFO] [stderr]    Compiling crossbeam-utils v0.8.3
[INFO] [stderr]    Compiling hashbrown v0.9.1
[INFO] [stderr]    Compiling proc-macro-crate v1.0.0
[INFO] [stderr]     Checking fnv v1.0.7
[INFO] [stderr]    Compiling ring v0.16.20
[INFO] [stderr]    Compiling signal-hook v0.3.6
[INFO] [stderr]    Compiling tokio-macros v0.2.6
[INFO] [stderr]    Compiling itertools v0.9.0
[INFO] [stderr]    Compiling wasm-bindgen v0.2.73
[INFO] [stderr]    Compiling which v4.0.2
[INFO] [stderr]    Compiling wasm-bindgen-macro-support v0.2.73
[INFO] [stderr]    Compiling fixedbitset v0.2.0
[INFO] [stderr]    Compiling parity-scale-codec-derive v2.2.0
[INFO] [stderr]    Compiling sp-runtime-interface-proc-macro v4.0.0-dev (/opt/rustwide/workdir/primitives/runtime-interface/proc-macro)
[INFO] [stderr]    Compiling sp-api-proc-macro v4.0.0-dev (/opt/rustwide/workdir/primitives/api/proc-macro)
[INFO] [stderr]    Compiling prost-build v0.7.0
[INFO] [stderr]    Compiling petgraph v0.5.1
[INFO] [stderr]    Compiling prost-derive v0.7.0
[INFO] [stderr]    Compiling prometheus v0.11.0
[INFO] [stderr]    Compiling wasm-bindgen-macro v0.2.73
[INFO] [stderr]    Compiling multimap v0.8.2
[INFO] [stderr]    Compiling proc-macro-error-attr v1.0.4
[INFO] [stderr]     Checking iovec v0.1.4
[INFO] [stderr]     Checking send_wrapper v0.4.0
[INFO] [stderr]    Compiling proc-macro-error v1.0.4
[INFO] [stderr]    Compiling proc-macro-crate v0.1.5
[INFO] [stderr]     Checking js-sys v0.3.50
[INFO] [stderr]     Checking parity-scale-codec v2.2.0
[INFO] [stderr]     Checking pin-project v1.0.5
[INFO] [stderr]    Compiling frame-support-procedural-tools-derive v3.0.0 (/opt/rustwide/workdir/frame/support/procedural/tools/derive)
[INFO] [stderr]    Compiling prost v0.7.0
[INFO] [stderr]     Checking impl-codec v0.5.1
[INFO] [stderr]     Checking primitive-types v0.10.0
[INFO] [stderr]     Checking sp-storage v4.0.0-dev (/opt/rustwide/workdir/primitives/storage)
[INFO] [stderr]     Checking sp-wasm-interface v4.0.0-dev (/opt/rustwide/workdir/primitives/wasm-interface)
[INFO] [stderr]     Checking sp-tracing v4.0.0-dev (/opt/rustwide/workdir/primitives/tracing)
[INFO] [stderr]     Checking sp-externalities v0.10.0-dev (/opt/rustwide/workdir/primitives/externalities)
[INFO] [stderr]    Compiling sp-version-proc-macro v4.0.0-dev (/opt/rustwide/workdir/primitives/version/proc-macro)
[INFO] [stderr]     Checking sp-arithmetic v4.0.0-dev (/opt/rustwide/workdir/primitives/arithmetic)
[INFO] [stderr]    Compiling prost-types v0.7.0
[INFO] [stderr]     Checking web-sys v0.3.47
[INFO] [stderr]    Compiling blake3 v0.3.7
[INFO] [stderr]     Checking memory-db v0.27.0
[INFO] [stderr]    Compiling frame-support-procedural-tools v4.0.0-dev (/opt/rustwide/workdir/frame/support/procedural/tools)
[INFO] [stderr]     Checking net2 v0.2.37
[INFO] [stderr]    Compiling frame-support-procedural v4.0.0-dev (/opt/rustwide/workdir/frame/support/procedural)
[INFO] [stderr]     Checking sp-runtime-interface v4.0.0-dev (/opt/rustwide/workdir/primitives/runtime-interface)
[INFO] [stderr]     Checking mio v0.6.23
[INFO] [stderr]     Checking sp-core v4.0.0-dev (/opt/rustwide/workdir/primitives/core)
[INFO] [stderr]     Checking gloo-timers v0.2.1
[INFO] [stderr]     Checking futures-timer v3.0.2
[INFO] [stderr]    Compiling multihash-derive v0.7.1
[INFO] [stderr]    Compiling pin-project-internal v0.4.27
[INFO] [stderr]    Compiling cfg-if v0.1.10
[INFO] [stderr]     Checking mio-uds v0.6.8
[INFO] [stderr]    Compiling libp2p-core v0.28.2
[INFO] [stderr]     Checking signal-hook-registry v1.3.0
[INFO] [stderr]    Compiling crc32fast v1.2.1
[INFO] [stderr]     Checking sp-trie v4.0.0-dev (/opt/rustwide/workdir/primitives/trie)
[INFO] [stderr]     Checking sp-keystore v0.10.0-dev (/opt/rustwide/workdir/primitives/keystore)
[INFO] [stderr]     Checking sp-state-machine v0.10.0-dev (/opt/rustwide/workdir/primitives/state-machine)
[INFO] [stderr]     Checking wasm-timer v0.2.5
[INFO] [stderr]     Checking socket2 v0.3.19
[INFO] [stderr]    Compiling slab v0.4.2
[INFO] [stderr]     Checking frame-metadata v14.0.0-dev (/opt/rustwide/workdir/frame/metadata)
[INFO] [stderr]     Checking bytes v0.5.6
[INFO] [stderr]     Checking cache-padded v1.1.1
[INFO] [stderr]     Checking concurrent-queue v1.2.2
[INFO] [stderr]     Checking parking v2.0.0
[INFO] [stderr]     Checking fastrand v1.4.0
[INFO] [stderr]     Checking waker-fn v1.1.0
[INFO] [stderr]     Checking pin-project-lite v0.1.12
[INFO] [stderr]     Checking vec-arena v1.0.0
[INFO] [stderr]     Checking nb-connect v1.0.3
[INFO] [stderr]     Checking polling v2.0.2
[INFO] [stderr]     Checking futures-lite v1.11.3
[INFO] [stderr]     Checking event-listener v2.5.1
[INFO] [stderr]     Checking try-lock v0.2.3
[INFO] [stderr]     Checking async-task v4.0.3
[INFO] [stderr]     Checking async-channel v1.6.1
[INFO] [stderr]     Checking atomic-waker v1.0.0
[INFO] [stderr]     Checking async-mutex v1.4.0
[INFO] [stderr]     Checking tokio v0.2.25
[INFO] [stderr]     Checking http v0.2.3
[INFO] [stderr]     Checking async-lock v2.3.0
[INFO] [stderr]     Checking async-io v1.3.1
[INFO] [stderr]     Checking blocking v1.0.2
[INFO] [stderr]     Checking async-executor v1.4.0
[INFO] [stderr]     Checking kv-log-macro v1.0.7
[INFO] [stderr]     Checking want v0.3.0
[INFO] [stderr]     Checking httpdate v0.3.2
[INFO] [stderr]     Checking tower-service v0.3.1
[INFO] [stderr]     Checking async-process v1.0.2
[INFO] [stderr]     Checking async-global-executor v2.0.2
[INFO] [stderr]     Checking async-std v1.9.0
[INFO] [stderr]     Checking tracing-futures v0.2.5
[INFO] [stderr]     Checking matches v0.1.8
[INFO] [stderr]     Checking unicode-bidi v0.3.4
[INFO] [stderr]    Compiling glob v0.3.0
[INFO] [stderr]     Checking sp-utils v4.0.0-dev (/opt/rustwide/workdir/primitives/utils)
[INFO] [stderr]     Checking http-body v0.3.1
[INFO] [stderr]     Checking untrusted v0.7.1
[INFO] [stderr]     Checking spin v0.5.2
[INFO] [stderr]    Compiling pkg-config v0.3.19
[INFO] [stderr]     Checking base64 v0.13.0
[INFO] [stderr]    Compiling libz-sys v1.1.2
[INFO] [stderr]     Checking tokio-util v0.3.1
[INFO] [stderr]    Compiling data-encoding v2.3.2
[INFO] [stderr]     Checking h2 v0.2.7
[INFO] [stderr]     Checking percent-encoding v2.1.0
[INFO] [stderr]     Checking form_urlencoded v1.0.1
[INFO] [stderr]     Checking idna v0.2.2
[INFO] [stderr]    Compiling enum-as-inner v0.3.3
[INFO] [stderr]    Compiling crossbeam-utils v0.7.2
[INFO] [stderr]     Checking quick-error v1.2.3
[INFO] [stderr]     Checking stable_deref_trait v1.2.0
[INFO] [stderr]     Checking url v2.2.1
[INFO] [stderr]     Checking atty v0.2.14
[INFO] [stderr]    Compiling cranelift-codegen-shared v0.74.0
[INFO] [stderr]    Compiling cranelift-entity v0.74.0
[INFO] [stderr]     Checking fallible-iterator v0.2.0
[INFO] [stderr]    Compiling target-lexicon v0.12.0
[INFO] [stderr]    Compiling snow v0.7.2
[INFO] [stderr]    Compiling cranelift-codegen-meta v0.74.0
[INFO] [stderr]     Checking gimli v0.24.0
[INFO] [stderr]     Checking cranelift-bforest v0.74.0
[INFO] [stderr]     Checking regalloc v0.0.31
[INFO] [stderr]    Compiling minicbor-derive v0.6.2
[INFO] [stderr]    Compiling libp2p-kad v0.30.0
[INFO] [stderr]    Compiling libp2p-floodsub v0.29.0
[INFO] [stderr]     Checking hyper v0.13.10
[INFO] [stderr]    Compiling libp2p-relay v0.2.0
[INFO] [stderr]    Compiling libp2p-plaintext v0.28.0
[INFO] [stderr]    Compiling libp2p-identify v0.29.0
[INFO] [stderr]    Compiling libp2p-noise v0.30.0
[INFO] [stderr]    Compiling libp2p-gossipsub v0.30.0
[INFO] [stderr]    Compiling atomic v0.5.0
[INFO] [stderr]    Compiling memoffset v0.6.1
[INFO] [stderr]     Checking lru v0.6.5
[INFO] [stderr]     Checking itertools v0.10.0
[INFO] [stderr]     Checking termcolor v1.1.2
[INFO] [stderr]     Checking wasmparser v0.78.2
[INFO] [stderr]     Checking pwasm-utils v0.18.1
[INFO] [stderr]    Compiling libp2p-swarm-derive v0.23.0
[INFO] [stderr]     Checking sha3 v0.9.1
[INFO] [stderr]     Checking more-asserts v0.2.1
[INFO] [stderr]     Checking kvdb v0.10.0
[INFO] [stderr]     Checking asynchronous-codec v0.6.0
[INFO] [stderr]     Checking blake2b_simd v0.5.11
[INFO] [stderr]     Checking blake2s_simd v0.5.11
[INFO] [stderr]     Checking substrate-prometheus-endpoint v0.9.0 (/opt/rustwide/workdir/utils/prometheus)
[INFO] [stderr]     Checking unsigned-varint v0.5.1
[INFO] [stderr]     Checking unsigned-varint v0.7.0
[INFO] [stderr]    Compiling rayon-core v1.9.0
[INFO] [stderr]     Checking crossbeam-epoch v0.9.3
[INFO] [stderr]     Checking pin-project v0.4.27
[INFO] [stderr]    Compiling wasmtime-runtime v0.27.0
[INFO] [stderr]     Checking rw-stream-sink v0.2.1
[INFO] [stderr]     Checking multistream-select v0.10.2
[INFO] [stderr]     Checking crossbeam-deque v0.8.0
[INFO] [stderr]     Checking object v0.24.0
[INFO] [stderr]     Checking humantime v1.3.0
[INFO] [stderr]     Checking crossbeam-channel v0.5.0
[INFO] [stderr]     Checking sc-allocator v4.0.0-dev (/opt/rustwide/workdir/client/allocator)
[INFO] [stderr]     Checking sp-serializer v3.0.0 (/opt/rustwide/workdir/primitives/serializer)
[INFO] [stderr]     Checking region v2.2.0
[INFO] [stderr]    Compiling rayon v1.5.0
[INFO] [stderr]     Checking void v1.0.2
[INFO] [stderr]     Checking asn1_der v0.7.4
[INFO] [stderr]     Checking env_logger v0.7.1
[INFO] [stderr]     Checking sp-database v4.0.0-dev (/opt/rustwide/workdir/primitives/database)
[INFO] [stderr]    Compiling cpp_demangle v0.3.2
[INFO] [stderr]    Compiling psm v0.1.12
[INFO] [stderr]     Checking dirs-sys-next v0.1.2
[INFO] [stderr]    Compiling wasmtime-cache v0.27.0
[INFO] [stderr]     Checking file-per-thread-logger v0.1.4
[INFO] [stderr]     Checking directories-next v2.0.0
[INFO] [stderr]     Checking addr2line v0.15.1
[INFO] [stderr]    Compiling parking_lot_core v0.6.2
[INFO] [stderr]     Checking bincode v1.3.2
[INFO] [stderr]    Compiling arrayref v0.3.6
[INFO] [stderr]     Checking scoped-tls v1.0.0
[INFO] [stderr]    Compiling parking_lot v0.9.0
[INFO] [stderr]    Compiling memoffset v0.5.6
[INFO] [stderr]    Compiling crossbeam-epoch v0.8.2
[INFO] [stderr]     Checking webpki v0.21.4
[INFO] [stderr]     Checking sct v0.6.0
[INFO] [stderr]     Checking linked-hash-map v0.5.4
[INFO] [stderr]     Checking rustls v0.19.1
[INFO] [stderr]     Checking sha-1 v0.9.4
[INFO] [stderr]     Checking ipnet v2.3.0
[INFO] [stderr]     Checking base64 v0.12.3
[INFO] [stderr]     Checking match_cfg v0.1.0
[INFO] [stderr]     Checking hostname v0.3.1
[INFO] [stderr]     Checking resolv-conf v0.7.0
[INFO] [stderr]     Checking flate2 v1.0.20
[INFO] [stderr]     Checking trust-dns-proto v0.20.1
[INFO] [stderr]     Checking lru-cache v0.1.2
[INFO] [stderr]     Checking nohash-hasher v0.2.0
[INFO] [stderr]     Checking if-watch v0.2.0
[INFO] [stderr]     Checking wasm-bindgen-futures v0.4.20
[INFO] [stderr]     Checking cipher v0.2.5
[INFO] [stderr]     Checking socket2 v0.4.0
[INFO] [stderr]    Compiling cranelift-codegen v0.74.0
[INFO] [stderr]     Checking yamux v0.9.0
[INFO] [stderr]     Checking salsa20 v0.7.2
[INFO] [stderr]     Checking soketto v0.4.2
[INFO] [stderr]     Checking futures-rustls v0.21.1
[INFO] [stderr]     Checking webpki-roots v0.21.0
[INFO] [stderr]     Checking minicbor v0.8.0
[INFO] [stderr]     Checking dns-parser v0.8.0
[INFO] [stderr]     Checking quicksink v0.1.2
[INFO] [stderr]     Checking cuckoofilter v0.5.0
[INFO] [stderr]     Checking x25519-dalek v1.1.0
[INFO] [stderr]     Checking trust-dns-resolver v0.20.1
[INFO] [stderr]    Compiling num-rational v0.4.0
[INFO] [stderr]     Checking parity-send-wrapper v0.1.0
[INFO] [stderr]     Checking hex_fmt v0.3.0
[INFO] [stderr]     Checking libp2p-pnet v0.20.0
[INFO] [stderr]    Compiling data-encoding-macro-internal v0.1.9
[INFO] [stderr]     Checking async-std-resolver v0.20.1
[INFO] [stderr]     Checking bytes v0.4.12
[INFO] [stderr]    Compiling nalgebra-macros v0.1.0
[INFO] [stderr]    Compiling sc-network v0.10.0-dev (/opt/rustwide/workdir/client/network)
[INFO] [stderr]     Checking tokio-executor v0.1.10
[INFO] [stderr]    Compiling hyper v0.12.36
[INFO] [stderr]     Checking tokio-io v0.1.13
[INFO] [stderr]     Checking smallvec v0.6.14
[INFO] [stderr]     Checking num-complex v0.4.0
[INFO] [stderr]     Checking approx v0.5.0
[INFO] [stderr]     Checking rawpointer v0.2.1
[INFO] [stderr]     Checking matrixmultiply v0.3.1
[INFO] [stderr]     Checking simba v0.5.1
[INFO] [stderr]     Checking rand_distr v0.4.1
[INFO] [stderr]     Checking tokio-sync v0.1.8
[INFO] [stderr]    Compiling failure_derive v0.1.8
[INFO] [stderr]     Checking tokio-reactor v0.1.12
[INFO] [stderr]     Checking finality-grandpa v0.14.1
[INFO] [stderr]     Checking crossbeam-deque v0.7.3
[INFO] [stderr]     Checking tokio-codec v0.1.2
[INFO] [stderr]     Checking crossbeam-queue v0.2.3
[INFO] [stderr]    Compiling sc-consensus-slots v0.10.0-dev (/opt/rustwide/workdir/client/consensus/slots)
[INFO] [stderr]     Checking tokio-threadpool v0.1.18
[INFO] [stderr]     Checking nalgebra v0.27.1
[INFO] [stderr]     Checking tokio-fs v0.1.7
[INFO] [stderr]     Checking tokio-uds v0.2.7
[INFO] [stderr]     Checking tokio-udp v0.1.6
[INFO] [stderr]     Checking tokio-tcp v0.1.4
[INFO] [stderr]     Checking tokio-timer v0.2.13
[INFO] [stderr]     Checking tokio-current-thread v0.1.7
[INFO] [stderr]     Checking tokio v0.1.22
[INFO] [stderr]     Checking fork-tree v3.0.0 (/opt/rustwide/workdir/utils/fork-tree)
[INFO] [stderr]     Checking jsonrpc-core v15.1.0
[INFO] [stderr]     Checking http v0.1.21
[INFO] [stderr]     Checking cranelift-frontend v0.74.0
[INFO] [stderr]     Checking cranelift-wasm v0.74.0
[INFO] [stderr]     Checking cranelift-native v0.74.0
[INFO] [stderr]    Compiling jsonrpc-derive v15.1.0
[INFO] [stderr]    Compiling bitflags v1.2.1
[INFO] [stderr]     Checking take_mut v0.2.2
[INFO] [stderr]     Checking string v0.2.1
[INFO] [stderr]     Checking tokio-buf v0.1.1
[INFO] [stderr]    Compiling unicase v2.6.0
[INFO] [stderr]     Checking wasmtime-environ v0.27.0
[INFO] [stderr]     Checking http-body v0.1.0
[INFO] [stderr]     Checking h2 v0.1.26
[INFO] [stderr]     Checking data-encoding-macro v0.1.10
[INFO] [stderr]     Checking want v0.2.0
[INFO] [stderr]     Checking futures-cpupool v0.1.8
[INFO] [stderr]     Checking base-x v0.2.8
[INFO] [stderr]     Checking multibase v0.8.0
[INFO] [stderr]     Checking asynchronous-codec v0.5.0
[INFO] [stderr]    Compiling winapi v0.3.9
[INFO] [stderr]     Checking unsigned-varint v0.6.0
[INFO] [stderr]     Checking wasmtime-debug v0.27.0
[INFO] [stderr]     Checking wasmtime-cranelift v0.27.0
[INFO] [stderr]     Checking jsonrpc-pubsub v15.1.0
[INFO] [stderr]     Checking linked_hash_set v0.1.4
[INFO] [stderr]     Checking wasmtime-obj v0.27.0
[INFO] [stderr]     Checking ip_network v0.3.4
[INFO] [stderr]     Checking wasmtime-profiling v0.27.0
[INFO] [stderr]     Checking wasmtime-jit v0.27.0
[INFO] [stderr]    Compiling sc-chain-spec-derive v4.0.0-dev (/opt/rustwide/workdir/client/chain-spec/derive)
[INFO] [stderr]     Checking idna v0.1.5
[INFO] [stderr]     Checking percent-encoding v1.0.1
[INFO] [stderr]     Checking failure v0.1.8
[INFO] [stderr]     Checking statrs v0.15.0
[INFO] [stderr]    Compiling lazycell v1.3.0
[INFO] [stderr]     Checking url v1.7.2
[INFO] [stderr]     Checking jsonrpc-client-transports v15.1.0
[INFO] [stderr]     Checking linregress v0.4.3
[INFO] [stderr]     Checking sp-rpc v4.0.0-dev (/opt/rustwide/workdir/primitives/rpc)
[INFO] [stderr]     Checking jsonrpc-core-client v15.1.0
[INFO] [stderr]     Checking retain_mut v0.1.3
[INFO] [stderr]    Compiling clang-sys v1.2.0
[INFO] [stderr]    Compiling nom v5.1.2
[INFO] [stderr]     Checking pdqselect v0.1.0
[INFO] [stderr]    Compiling libloading v0.7.0
[INFO] [stderr]    Compiling bindgen v0.57.0
[INFO] [stderr]    Compiling ucd-trie v0.1.3
[INFO] [stderr]    Compiling pest v2.1.3
[INFO] [stderr]    Compiling peeking_take_while v0.1.2
[INFO] [stderr]    Compiling shlex v0.1.1
[INFO] [stderr]    Compiling sc-tracing-proc-macro v4.0.0-dev (/opt/rustwide/workdir/client/tracing/proc-macro)
[INFO] [stderr]    Compiling strum_macros v0.20.1
[INFO] [stderr]    Compiling cexpr v0.4.0
[INFO] [stderr]     Checking bstr v0.2.15
[INFO] [stderr]     Checking globset v0.4.6
[INFO] [stderr]     Checking jsonrpc-server-utils v15.1.0
[INFO] [stderr]     Checking mio-named-pipes v0.1.7
[INFO] [stderr]     Checking mio-extras v2.0.6
[INFO] [stderr]     Checking tokio-named-pipes v0.1.0
[INFO] [stderr]     Checking miow v0.3.6
[INFO] [stderr]     Checking sha-1 v0.8.2
[INFO] [stderr]    Compiling camino v1.0.4
[INFO] [stderr]     Checking parity-ws v0.10.0
[INFO] [stderr]     Checking parity-tokio-ipc v0.4.0
[INFO] [stderr]     Checking tokio-service v0.1.0
[INFO] [stderr]     Checking jsonrpc-ws-server v15.1.0
[INFO] [stderr]     Checking jsonrpc-ipc-server v15.1.0
[INFO] [stderr]     Checking jsonrpc-http-server v15.1.0
[INFO] [stderr]    Compiling semver-parser v0.10.2
[INFO] [stderr]    Compiling parity-wasm v0.32.0
[INFO] [stderr]    Compiling semver v0.6.0
[INFO] [stderr]    Compiling semver v0.11.0
[INFO] [stderr]    Compiling cargo-platform v0.1.1
[INFO] [stderr]     Checking openssl-probe v0.1.2
[INFO] [stderr]    Compiling same-file v1.0.6
[INFO] [stderr]    Compiling cargo_metadata v0.13.1
[INFO] [stderr]    Compiling build-helper v0.1.1
[INFO] [stderr]    Compiling walkdir v2.3.2
[INFO] [stderr]     Checking strum v0.20.0
[INFO] [stderr]     Checking rustls v0.18.1
[INFO] [stderr]    Compiling wasm-gc-api v0.1.11
[INFO] [stderr]     Checking futures-timer v2.0.2
[INFO] [stderr]     Checking intervalier v0.4.0
[INFO] [stderr]     Checking tokio-rustls v0.14.1
[INFO] [stderr]     Checking rustls-native-certs v0.4.0
[INFO] [stderr]     Checking ct-logs v0.7.0
[INFO] [stderr]     Checking owning_ref v0.4.1
[INFO] [stderr]     Checking memmap2 v0.2.1
[INFO] [stderr]     Checking fs2 v0.4.3
[INFO] [stderr]     Checking fs-swap v0.2.6
[INFO] [stderr]     Checking hyper-rustls v0.21.0
[INFO] [stderr]     Checking kvdb-memorydb v0.10.0
[INFO] [stderr]     Checking parity-db v0.2.4
[INFO] [stderr]     Checking threadpool v1.8.1
[INFO] [stderr]    Compiling librocksdb-sys v6.17.3
[INFO] [stderr]    Compiling maybe-uninit v2.0.0
[INFO] [stderr]     Checking dirs-sys v0.3.5
[INFO] [stderr]     Checking directories v3.0.1
[INFO] [stderr]     Checking exit-future v0.2.0
[INFO] [stderr]    Compiling structopt-derive v0.4.14
[INFO] [stderr]    Compiling sp-npos-elections-compact v4.0.0-dev (/opt/rustwide/workdir/primitives/npos-elections/compact)
[INFO] [stderr]    Compiling names v0.11.0
[INFO] [stderr]     Checking clap v2.33.3
[INFO] [stderr]     Checking sp-npos-elections v4.0.0-dev (/opt/rustwide/workdir/primitives/npos-elections)
[INFO] [stderr]     Checking structopt v0.3.21
[INFO] [stderr]    Compiling tokio v1.6.0
[INFO] [stderr]     Checking rand v0.4.6
[INFO] [stderr]     Checking rand v0.3.23
[INFO] [stderr]     Checking fdlimit v0.2.1
[INFO] [stderr]    Compiling enumflags2_derive v0.6.4
[INFO] [stderr]     Checking rpassword v5.0.1
[INFO] [stderr]     Checking unicode-xid v0.2.1
[INFO] [stderr]     Checking enumflags2 v0.6.4
[INFO] [stderr]    Compiling proc-macro-error-attr v0.4.12
[INFO] [stderr]    Compiling syn-mid v0.5.3
[INFO] [stderr]    Compiling proc-macro-error v0.4.12
[INFO] [stderr]     Checking safe-mix v1.0.1
[INFO] [stderr]    Compiling maplit v1.0.2
[INFO] [stderr]    Compiling pest_meta v2.1.3
[INFO] [stderr]    Compiling platforms v1.1.0
[INFO] [stderr]    Compiling unicode-width v0.1.8
[INFO] [stderr]    Compiling textwrap v0.11.0
[INFO] [stderr]    Compiling pest_generator v2.1.3
[INFO] [stderr]    Compiling bae v0.1.6
[INFO] [stderr]    Compiling pallet-contracts-proc-macro v4.0.0-dev (/opt/rustwide/workdir/frame/contracts/proc-macro)
[INFO] [stderr]     Checking ckb-merkle-mountain-range v0.3.1
[INFO] [stderr]    Compiling vec_map v0.8.2
[INFO] [stderr]    Compiling ansi_term v0.11.0
[INFO] [stderr]    Compiling strsim v0.8.0
[INFO] [stderr]    Compiling jsonrpsee-proc-macros v0.3.0
[INFO] [stderr]    Compiling pest_derive v2.1.0
[INFO] [stderr]    Compiling http-body v0.4.2
[INFO] [stderr]    Compiling pallet-staking-reward-curve v4.0.0-dev (/opt/rustwide/workdir/frame/staking/reward-curve)
[INFO] [stderr]     Checking hyper v0.14.5
[INFO] [stderr]    Compiling soketto v0.6.0
[INFO] [stderr]     Checking sc-proposer-metrics v0.9.0 (/opt/rustwide/workdir/client/proposer-metrics)
[INFO] [stderr]    Compiling beef v0.5.0
[INFO] [stderr]    Compiling honggfuzz v0.5.54
[INFO] [stderr]    Compiling substrate-build-script-utils v3.0.0 (/opt/rustwide/workdir/utils/build-script-utils)
[INFO] [stderr]    Compiling jsonrpsee-types v0.3.0
[INFO] [stderr]    Compiling rustls-native-certs v0.5.0
[INFO] [stderr]    Compiling tokio-rustls v0.15.0
[INFO] [stderr]     Checking arbitrary v1.0.0
[INFO] [stderr]    Compiling humantime v2.1.0
[INFO] [stderr]     Checking env_logger v0.8.3
[INFO] [stderr]    Compiling jsonrpsee-ws-client v0.3.0
[INFO] [stderr]    Compiling quick-error v2.0.0
[INFO] [stderr]     Checking handlebars v3.5.3
[INFO] [stderr]    Compiling sc-authority-discovery v0.10.0-dev (/opt/rustwide/workdir/client/authority-discovery)
[INFO] [stderr]     Checking console_error_panic_hook v0.1.6
[INFO] [stderr]    Compiling hex-literal v0.3.1
[INFO] [stderr]     Checking assert_matches v1.5.0
[INFO] [stderr]    Compiling paste-impl v0.1.18
[INFO] [stderr]    Compiling trybuild v1.0.43
[INFO] [stderr]     Checking fs_extra v1.2.0
[INFO] [stderr]    Compiling rustversion v1.0.4
[INFO] [stderr]     Checking paste v0.1.18
[INFO] [stderr]     Checking semver-parser v0.7.0
[INFO] [stderr]     Checking lite-parser v0.1.2
[INFO] [stderr]    Compiling node-template v3.0.0 (/opt/rustwide/workdir/bin/node-template/node)
[INFO] [stderr]    Compiling wasm-bindgen-test-macro v0.3.20
[INFO] [stderr]     Checking difference v2.0.0
[INFO] [stderr]    Compiling chain-spec-builder v2.0.0 (/opt/rustwide/workdir/bin/utils/chain-spec-builder)
[INFO] [stderr]     Checking pretty_assertions v0.6.1
[INFO] [stderr]     Checking wasm-bindgen-test v0.3.20
[INFO] [stderr]     Checking lite-json v0.1.3
[INFO] [stderr]    Compiling substrate-test-utils-derive v0.10.0-dev (/opt/rustwide/workdir/test-utils/derive)
[INFO] [stderr]  Documenting frame-support-procedural v4.0.0-dev (/opt/rustwide/workdir/frame/support/procedural)
[INFO] [stderr]  Documenting sp-runtime-interface-proc-macro v4.0.0-dev (/opt/rustwide/workdir/primitives/runtime-interface/proc-macro)
[INFO] [stderr]  Documenting substrate-build-script-utils v3.0.0 (/opt/rustwide/workdir/utils/build-script-utils)
[INFO] [stderr]  Documenting sp-arithmetic-fuzzer v2.0.0 (/opt/rustwide/workdir/primitives/arithmetic/fuzzer)
[INFO] [stderr]  Documenting substrate-test-utils v4.0.0-dev (/opt/rustwide/workdir/test-utils)
[INFO] [stderr]  Documenting sp-api-proc-macro v4.0.0-dev (/opt/rustwide/workdir/primitives/api/proc-macro)
[INFO] [stderr]  Documenting pallet-staking-reward-curve v4.0.0-dev (/opt/rustwide/workdir/frame/staking/reward-curve)
[INFO] [stderr]  Documenting substrate-test-utils-derive v0.10.0-dev (/opt/rustwide/workdir/test-utils/derive)
[INFO] [stderr]  Documenting sp-npos-elections-compact v4.0.0-dev (/opt/rustwide/workdir/primitives/npos-elections/compact)
[INFO] [stderr]  Documenting sp-version-proc-macro v4.0.0-dev (/opt/rustwide/workdir/primitives/version/proc-macro)
[INFO] [stderr]  Documenting sc-chain-spec-derive v4.0.0-dev (/opt/rustwide/workdir/client/chain-spec/derive)
[INFO] [stderr]  Documenting sc-tracing-proc-macro v4.0.0-dev (/opt/rustwide/workdir/client/tracing/proc-macro)
[INFO] [stderr]  Documenting frame-support-procedural-tools-derive v3.0.0 (/opt/rustwide/workdir/frame/support/procedural/tools/derive)
[INFO] [stderr]  Documenting sp-debug-derive v3.0.0 (/opt/rustwide/workdir/primitives/debug-derive)
[INFO] [stderr]  Documenting pallet-contracts-proc-macro v4.0.0-dev (/opt/rustwide/workdir/frame/contracts/proc-macro)
[INFO] [stderr]  Documenting frame-support-procedural-tools v4.0.0-dev (/opt/rustwide/workdir/frame/support/procedural/tools)
[INFO] [stderr]  Documenting sp-npos-elections v4.0.0-dev (/opt/rustwide/workdir/primitives/npos-elections)
[INFO] [stderr]  Documenting sc-proposer-metrics v0.9.0 (/opt/rustwide/workdir/client/proposer-metrics)
[INFO] [stdout] warning: unresolved link to `pallet::storage_prefix`
[INFO] [stdout]   --> frame/support/procedural/src/pallet/expand/storage.rs:33:44
[INFO] [stdout]    |
[INFO] [stdout] 33 | /// alternative storage prefix using the #[pallet::storage_prefix] syntax, and we need to ensure
[INFO] [stdout]    |                                            ^^^^^^^^^^^^^^^^^^^^^^ no item named `pallet` in scope
[INFO] [stdout]    |
[INFO] [stdout]    = note: `#[warn(rustdoc::broken_intra_doc_links)]` on by default
[INFO] [stdout] 
[INFO] [stdout] 
[INFO] [stdout] warning: unresolved link to `pallet::compact`
[INFO] [stdout]   --> frame/support/procedural/src/pallet/parse/call.rs:83:18
[INFO] [stdout]    |
[INFO] [stdout] 83 | /// Parse for `#[pallet::compact]|
[INFO] [stdout]    |                  ^^^^^^^^^^^^^^^ no item named `pallet` in scope
[INFO] [stdout] 
[INFO] [stdout] 
[INFO] [stdout] warning: unresolved link to `storage_prefix`
[INFO] [stdout]    --> frame/support/procedural/src/pallet/parse/storage.rs:568:8
[INFO] [stdout]     |
[INFO] [stdout] 568 |     /// #[storage_prefix] attribute
[INFO] [stdout]     |           ^^^^^^^^^^^^^^ no item named `storage_prefix` in scope
[INFO] [stdout]     |
[INFO] [stdout]     = help: to escape `[` and `]` characters, add '\' before them like `\[` or `\]`
[INFO] [stdout] 
[INFO] [stdout] 
[INFO] [stderr]  Documenting substrate-prometheus-endpoint v0.9.0 (/opt/rustwide/workdir/utils/prometheus)
[INFO] [stderr]  Documenting sp-database v4.0.0-dev (/opt/rustwide/workdir/primitives/database)
[INFO] [stderr]  Documenting sp-utils v4.0.0-dev (/opt/rustwide/workdir/primitives/utils)
[INFO] [stdout] warning: 3 warnings emitted
[INFO] [stdout] 
[INFO] [stdout] 
[INFO] [stderr]  Documenting sp-state-machine v0.10.0-dev (/opt/rustwide/workdir/primitives/state-machine)
[INFO] [stderr]  Documenting frame-metadata v14.0.0-dev (/opt/rustwide/workdir/frame/metadata)
[INFO] [stderr]  Documenting sp-keystore v0.10.0-dev (/opt/rustwide/workdir/primitives/keystore)
[INFO] [stderr]  Documenting sp-rpc v4.0.0-dev (/opt/rustwide/workdir/primitives/rpc)
[INFO] [stderr]  Documenting sp-trie v4.0.0-dev (/opt/rustwide/workdir/primitives/trie)
[INFO] [stderr]  Documenting sc-allocator v4.0.0-dev (/opt/rustwide/workdir/client/allocator)
[INFO] [stdout] warning: unresolved link to `root_unchecked`
[INFO] [stdout]    --> primitives/npos-elections/src/node.rs:119:61
[INFO] [stdout]     |
[INFO] [stdout] 119 |     /// If you are certain that no cycles exist, you can use [`root_unchecked`].
[INFO] [stdout]     |                                                                ^^^^^^^^^^^^^^ no item named `root_unchecked` in scope
[INFO] [stdout]     |
[INFO] [stdout]     = help: to escape `[` and `]` characters, add '\' before them like `\[` or `\]`
[INFO] [stdout]     = note: `#[warn(rustdoc::broken_intra_doc_links)]` on by default
[INFO] [stdout] 
[INFO] [stdout] 
[INFO] [stdout] warning: unresolved link to `Candidate::backing_stake`
[INFO] [stdout]    --> primitives/npos-elections/src/pjr.rs:225:36
[INFO] [stdout]     |
[INFO] [stdout] 225 | /// 1. Candidate [`backing_stake`](Candidate::backing_stake) and [`elected`](Candidate::elected) if they are a winner.
[INFO] [stdout]     |                                    ^^^^^^^^^^^^^^^^^^^^^^^^ the struct `Candidate` has no field or associated item named `backing_stake`
[INFO] [stdout] 
[INFO] [stdout] 
[INFO] [stdout] warning: unresolved link to `setup_inputs`
[INFO] [stdout]    --> primitives/npos-elections/src/pjr.rs:230:7
[INFO] [stdout]     |
[INFO] [stdout] 230 | /// [`setup_inputs`] function of this crate.
[INFO] [stdout]     |       ^^^^^^^^^^^^ no item named `setup_inputs` in scope
[INFO] [stdout]     |
[INFO] [stdout]     = help: to escape `[` and `]` characters, add '\' before them like `\[` or `\]`
[INFO] [stdout] 
[INFO] [stdout] 
[INFO] [stdout] warning: 3 warnings emitted
[INFO] [stdout] 
[INFO] [stdout] 
[INFO] [stderr]  Documenting sp-core v4.0.0-dev (/opt/rustwide/workdir/primitives/core)
[INFO] [stderr]  Documenting sp-runtime-interface v4.0.0-dev (/opt/rustwide/workdir/primitives/runtime-interface)
[INFO] [stderr]  Documenting pallet-staking-reward-fn v4.0.0-dev (/opt/rustwide/workdir/frame/staking/reward-fn)
[INFO] [stderr]  Documenting sp-externalities v0.10.0-dev (/opt/rustwide/workdir/primitives/externalities)
[INFO] [stderr]  Documenting sp-storage v4.0.0-dev (/opt/rustwide/workdir/primitives/storage)
[INFO] [stderr]  Documenting fork-tree v3.0.0 (/opt/rustwide/workdir/utils/fork-tree)
[INFO] [stderr]  Documenting sp-wasm-interface v4.0.0-dev (/opt/rustwide/workdir/primitives/wasm-interface)
[INFO] [stderr]  Documenting sp-arithmetic v4.0.0-dev (/opt/rustwide/workdir/primitives/arithmetic)
[INFO] [stderr]  Documenting sp-tracing v4.0.0-dev (/opt/rustwide/workdir/primitives/tracing)
[INFO] [stderr]  Documenting sp-panic-handler v3.0.0 (/opt/rustwide/workdir/primitives/panic-handler)
[INFO] [stderr]  Documenting sp-serializer v3.0.0 (/opt/rustwide/workdir/primitives/serializer)
[INFO] [stderr]  Documenting sp-std v4.0.0-dev (/opt/rustwide/workdir/primitives/std)
[INFO] [stderr]  Documenting substrate-test-utils-test-crate v0.1.0 (/opt/rustwide/workdir/test-utils/test-crate)
[INFO] [stderr]     Checking multihash v0.13.2
[INFO] [stderr]     Checking parity-multiaddr v0.11.2
[INFO] [stderr]     Checking cid v0.6.1
[INFO] [stderr]     Checking libp2p-swarm v0.29.0
[INFO] [stderr]     Checking libp2p-deflate v0.28.0
[INFO] [stderr]     Checking libp2p-yamux v0.32.0
[INFO] [stderr]     Checking libp2p-wasm-ext v0.28.1
[INFO] [stderr]     Checking libp2p-request-response v0.11.0
[INFO] [stderr]     Checking libp2p-ping v0.29.0
[INFO] [stderr]     Checking libp2p-mdns v0.30.0
[INFO] [stderr]     Checking libp2p-mplex v0.28.0
[INFO] [stderr]     Checking libp2p-dns v0.28.1
[INFO] [stderr]     Checking libp2p-uds v0.28.0
[INFO] [stderr]     Checking libp2p-tcp v0.28.0
[INFO] [stderr]     Checking libp2p-websocket v0.29.0
[INFO] [stderr]     Checking libp2p v0.37.1
[INFO] [stderr]     Checking sc-telemetry v4.0.0-dev (/opt/rustwide/workdir/client/telemetry)
[INFO] [stderr]     Checking sc-peerset v4.0.0-dev (/opt/rustwide/workdir/client/peerset)
[INFO] [stderr]  Documenting sc-telemetry v4.0.0-dev (/opt/rustwide/workdir/client/telemetry)
[INFO] [stderr]  Documenting sc-peerset v4.0.0-dev (/opt/rustwide/workdir/client/peerset)
[INFO] [stdout] warning: unresolved link to `PeersState::set`
[INFO] [stdout]   --> client/peerset/src/peersstate.rs:98:52
[INFO] [stdout]    |
[INFO] [stdout] 98 |     /// Always has a fixed size equal to the one of [`PeersState::set`]. The various possible sets
[INFO] [stdout]    |                                                       ^^^^^^^^^^^^^^^ the struct `PeersState` has no field or associated item named `set`
[INFO] [stdout]    |
[INFO] [stdout]    = note: `#[warn(rustdoc::broken_intra_doc_links)]` on by default
[INFO] [stdout] 
[INFO] [stdout] 
[INFO] [stdout] warning: 1 warning emitted
[INFO] [stdout] 
[INFO] [stdout] 
[INFO] [stdout] warning: unresolved link to `tracing::info`
[INFO] [stdout]    --> client/telemetry/src/lib.rs:452:21
[INFO] [stdout]     |
[INFO] [stdout] 452 | /// Translates to [`tracing::info`], but contains an additional verbosity parameter which the log
[INFO] [stdout]     |                     ^^^^^^^^^^^^^ no item named `tracing` in scope
[INFO] [stdout]     |
[INFO] [stdout]     = note: `#[warn(rustdoc::broken_intra_doc_links)]` on by default
[INFO] [stdout] 
[INFO] [stdout] 
[INFO] [stdout] warning: 1 warning emitted
[INFO] [stdout] 
[INFO] [stdout] 
[INFO] [stderr] The following warnings were emitted during compilation:
[INFO] [stderr] 
[INFO] [stderr] warning: c++: fatal error: Killed signal terminated program cc1plus
[INFO] [stderr] warning: compilation terminated.
[INFO] [stderr] warning: c++: fatal error: Killed signal terminated program cc1plus
[INFO] [stderr] warning: compilation terminated.
[INFO] [stderr] warning: c++: fatal error: Killed signal terminated program cc1plus
[INFO] [stderr] warning: compilation terminated.
[INFO] [stderr] 
[INFO] [stderr] error: failed to run custom build command for `librocksdb-sys v6.17.3`
[INFO] [stderr] note: To improve backtraces for build dependencies, set the CARGO_PROFILE_DEV_BUILD_OVERRIDE_DEBUG=true environment variable to enable debug information generation.
[INFO] [stderr] 
[INFO] [stderr] Caused by:
[INFO] [stderr]   process didn't exit successfully: `/opt/rustwide/target/debug/build/librocksdb-sys-cc7754441791f22b/build-script-build` (exit status: 1)
[INFO] [stderr]   --- stdout
[INFO] [stderr]   cargo:rerun-if-changed=rocksdb/
[INFO] [stderr]   TARGET = Some("x86_64-unknown-linux-gnu")
[INFO] [stderr]   OPT_LEVEL = Some("3")
[INFO] [stderr]   HOST = Some("x86_64-unknown-linux-gnu")
[INFO] [stderr]   CXX_x86_64-unknown-linux-gnu = None
[INFO] [stderr]   CXX_x86_64_unknown_linux_gnu = None
[INFO] [stderr]   HOST_CXX = None
[INFO] [stderr]   CXX = None
[INFO] [stderr]   CXXFLAGS_x86_64-unknown-linux-gnu = None
[INFO] [stderr]   CXXFLAGS_x86_64_unknown_linux_gnu = None
[INFO] [stderr]   HOST_CXXFLAGS = None
[INFO] [stderr]   CXXFLAGS = None
[INFO] [stderr]   CRATE_CC_NO_DEFAULTS = None
[INFO] [stderr]   DEBUG = Some("true")
[INFO] [stderr]   CARGO_CFG_TARGET_FEATURE = Some("fxsr,sse,sse2")
[INFO] [stderr]   CXX_x86_64-unknown-linux-gnu = None
[INFO] [stderr]   CXX_x86_64_unknown_linux_gnu = None
[INFO] [stderr]   HOST_CXX = None
[INFO] [stderr]   CXX = None
[INFO] [stderr]   CXXFLAGS_x86_64-unknown-linux-gnu = None
[INFO] [stderr]   CXXFLAGS_x86_64_unknown_linux_gnu = None
[INFO] [stderr]   HOST_CXXFLAGS = None
[INFO] [stderr]   CXXFLAGS = None
[INFO] [stderr]   CRATE_CC_NO_DEFAULTS = None
[INFO] [stderr]   CARGO_CFG_TARGET_FEATURE = Some("fxsr,sse,sse2")
[INFO] [stderr]   CXX_x86_64-unknown-linux-gnu = None
[INFO] [stderr]   CXX_x86_64_unknown_linux_gnu = None
[INFO] [stderr]   HOST_CXX = None
[INFO] [stderr]   CXX = None
[INFO] [stderr]   CXXFLAGS_x86_64-unknown-linux-gnu = None
[INFO] [stderr]   CXXFLAGS_x86_64_unknown_linux_gnu = None
[INFO] [stderr]   HOST_CXXFLAGS = None
[INFO] [stderr]   CXXFLAGS = None
[INFO] [stderr]   CRATE_CC_NO_DEFAULTS = None
[INFO] [stderr]   CARGO_CFG_TARGET_FEATURE = Some("fxsr,sse,sse2")
[INFO] [stderr]   CXX_x86_64-unknown-linux-gnu = None
[INFO] [stderr]   CXX_x86_64_unknown_linux_gnu = None
[INFO] [stderr]   HOST_CXX = None
[INFO] [stderr]   CXX = None
[INFO] [stderr]   CXXFLAGS_x86_64-unknown-linux-gnu = None
[INFO] [stderr]   CXXFLAGS_x86_64_unknown_linux_gnu = None
[INFO] [stderr]   HOST_CXXFLAGS = None
[INFO] [stderr]   CXXFLAGS = None
[INFO] [stderr]   CRATE_CC_NO_DEFAULTS = None
[INFO] [stderr]   CARGO_CFG_TARGET_FEATURE = Some("fxsr,sse,sse2")
[INFO] [stderr]   CXX_x86_64-unknown-linux-gnu = None
[INFO] [stderr]   CXX_x86_64_unknown_linux_gnu = None
[INFO] [stderr]   HOST_CXX = None
[INFO] [stderr]   CXX = None
[INFO] [stderr]   CXXFLAGS_x86_64-unknown-linux-gnu = None
[INFO] [stderr]   CXXFLAGS_x86_64_unknown_linux_gnu = None
[INFO] [stderr]   HOST_CXXFLAGS = None
[INFO] [stderr]   CXXFLAGS = None
[INFO] [stderr]   CRATE_CC_NO_DEFAULTS = None
[INFO] [stderr]   CARGO_CFG_TARGET_FEATURE = Some("fxsr,sse,sse2")
[INFO] [stderr]   running: "c++" "-O3" "-ffunction-sections" "-fdata-sections" "-fPIC" "-g" "-fno-omit-frame-pointer" "-m64" "-I" "rocksdb/include/" "-I" "rocksdb/" "-I" "rocksdb/third-party/gtest-1.8.1/fused-src/" "-I" "snappy/" "-I" "." "-Wall" "-Wextra" "-std=c++11" "-Wno-unused-parameter" "-msse2" "-msse4.1" "-msse4.2" "-mpclmul" "-DSNAPPY=1" "-DNDEBUG=1" "-DHAVE_SSE42=1" "-DHAVE_PCLMUL=1" "-DOS_LINUX" "-DROCKSDB_PLATFORM_POSIX" "-DROCKSDB_LIB_IO_POSIX" "-o" "/opt/rustwide/target/debug/build/librocksdb-sys-1755a7badc633ae8/out/rocksdb/cache/cache.o" "-c" "rocksdb/cache/cache.cc"
[INFO] [stderr]   exit status: 0
[INFO] [stderr]   running: "c++" "-O3" "-ffunction-sections" "-fdata-sections" "-fPIC" "-g" "-fno-omit-frame-pointer" "-m64" "-I" "rocksdb/include/" "-I" "rocksdb/" "-I" "rocksdb/third-party/gtest-1.8.1/fused-src/" "-I" "snappy/" "-I" "." "-Wall" "-Wextra" "-std=c++11" "-Wno-unused-parameter" "-msse2" "-msse4.1" "-msse4.2" "-mpclmul" "-DSNAPPY=1" "-DNDEBUG=1" "-DHAVE_SSE42=1" "-DHAVE_PCLMUL=1" "-DOS_LINUX" "-DROCKSDB_PLATFORM_POSIX" "-DROCKSDB_LIB_IO_POSIX" "-o" "/opt/rustwide/target/debug/build/librocksdb-sys-1755a7badc633ae8/out/rocksdb/cache/clock_cache.o" "-c" "rocksdb/cache/clock_cache.cc"
[INFO] [stderr]   exit status: 0
[INFO] [stderr]   running: "c++" "-O3" "-ffunction-sections" "-fdata-sections" "-fPIC" "-g" "-fno-omit-frame-pointer" "-m64" "-I" "rocksdb/include/" "-I" "rocksdb/" "-I" "rocksdb/third-party/gtest-1.8.1/fused-src/" "-I" "snappy/" "-I" "." "-Wall" "-Wextra" "-std=c++11" "-Wno-unused-parameter" "-msse2" "-msse4.1" "-msse4.2" "-mpclmul" "-DSNAPPY=1" "-DNDEBUG=1" "-DHAVE_SSE42=1" "-DHAVE_PCLMUL=1" "-DOS_LINUX" "-DROCKSDB_PLATFORM_POSIX" "-DROCKSDB_LIB_IO_POSIX" "-o" "/opt/rustwide/target/debug/build/librocksdb-sys-1755a7badc633ae8/out/rocksdb/cache/lru_cache.o" "-c" "rocksdb/cache/lru_cache.cc"
[INFO] [stderr]   exit status: 0
[INFO] [stderr]   running: "c++" "-O3" "-ffunction-sections" "-fdata-sections" "-fPIC" "-g" "-fno-omit-frame-pointer" "-m64" "-I" "rocksdb/include/" "-I" "rocksdb/" "-I" "rocksdb/third-party/gtest-1.8.1/fused-src/" "-I" "snappy/" "-I" "." "-Wall" "-Wextra" "-std=c++11" "-Wno-unused-parameter" "-msse2" "-msse4.1" "-msse4.2" "-mpclmul" "-DSNAPPY=1" "-DNDEBUG=1" "-DHAVE_SSE42=1" "-DHAVE_PCLMUL=1" "-DOS_LINUX" "-DROCKSDB_PLATFORM_POSIX" "-DROCKSDB_LIB_IO_POSIX" "-o" "/opt/rustwide/target/debug/build/librocksdb-sys-1755a7badc633ae8/out/rocksdb/cache/sharded_cache.o" "-c" "rocksdb/cache/sharded_cache.cc"
[INFO] [stderr]   exit status: 0
[INFO] [stderr]   running: "c++" "-O3" "-ffunction-sections" "-fdata-sections" "-fPIC" "-g" "-fno-omit-frame-pointer" "-m64" "-I" "rocksdb/include/" "-I" "rocksdb/" "-I" "rocksdb/third-party/gtest-1.8.1/fused-src/" "-I" "snappy/" "-I" "." "-Wall" "-Wextra" "-std=c++11" "-Wno-unused-parameter" "-msse2" "-msse4.1" "-msse4.2" "-mpclmul" "-DSNAPPY=1" "-DNDEBUG=1" "-DHAVE_SSE42=1" "-DHAVE_PCLMUL=1" "-DOS_LINUX" "-DROCKSDB_PLATFORM_POSIX" "-DROCKSDB_LIB_IO_POSIX" "-o" "/opt/rustwide/target/debug/build/librocksdb-sys-1755a7badc633ae8/out/rocksdb/db/arena_wrapped_db_iter.o" "-c" "rocksdb/db/arena_wrapped_db_iter.cc"
[INFO] [stderr]   exit status: 0
[INFO] [stderr]   running: "c++" "-O3" "-ffunction-sections" "-fdata-sections" "-fPIC" "-g" "-fno-omit-frame-pointer" "-m64" "-I" "rocksdb/include/" "-I" "rocksdb/" "-I" "rocksdb/third-party/gtest-1.8.1/fused-src/" "-I" "snappy/" "-I" "." "-Wall" "-Wextra" "-std=c++11" "-Wno-unused-parameter" "-msse2" "-msse4.1" "-msse4.2" "-mpclmul" "-DSNAPPY=1" "-DNDEBUG=1" "-DHAVE_SSE42=1" "-DHAVE_PCLMUL=1" "-DOS_LINUX" "-DROCKSDB_PLATFORM_POSIX" "-DROCKSDB_LIB_IO_POSIX" "-o" "/opt/rustwide/target/debug/build/librocksdb-sys-1755a7badc633ae8/out/rocksdb/db/blob/blob_file_addition.o" "-c" "rocksdb/db/blob/blob_file_addition.cc"
[INFO] [stderr]   exit status: 0
[INFO] [stderr]   running: "c++" "-O3" "-ffunction-sections" "-fdata-sections" "-fPIC" "-g" "-fno-omit-frame-pointer" "-m64" "-I" "rocksdb/include/" "-I" "rocksdb/" "-I" "rocksdb/third-party/gtest-1.8.1/fused-src/" "-I" "snappy/" "-I" "." "-Wall" "-Wextra" "-std=c++11" "-Wno-unused-parameter" "-msse2" "-msse4.1" "-msse4.2" "-mpclmul" "-DSNAPPY=1" "-DNDEBUG=1" "-DHAVE_SSE42=1" "-DHAVE_PCLMUL=1" "-DOS_LINUX" "-DROCKSDB_PLATFORM_POSIX" "-DROCKSDB_LIB_IO_POSIX" "-o" "/opt/rustwide/target/debug/build/librocksdb-sys-1755a7badc633ae8/out/rocksdb/db/blob/blob_file_builder.o" "-c" "rocksdb/db/blob/blob_file_builder.cc"
[INFO] [stderr]   exit status: 0
[INFO] [stderr]   running: "c++" "-O3" "-ffunction-sections" "-fdata-sections" "-fPIC" "-g" "-fno-omit-frame-pointer" "-m64" "-I" "rocksdb/include/" "-I" "rocksdb/" "-I" "rocksdb/third-party/gtest-1.8.1/fused-src/" "-I" "snappy/" "-I" "." "-Wall" "-Wextra" "-std=c++11" "-Wno-unused-parameter" "-msse2" "-msse4.1" "-msse4.2" "-mpclmul" "-DSNAPPY=1" "-DNDEBUG=1" "-DHAVE_SSE42=1" "-DHAVE_PCLMUL=1" "-DOS_LINUX" "-DROCKSDB_PLATFORM_POSIX" "-DROCKSDB_LIB_IO_POSIX" "-o" "/opt/rustwide/target/debug/build/librocksdb-sys-1755a7badc633ae8/out/rocksdb/db/blob/blob_file_cache.o" "-c" "rocksdb/db/blob/blob_file_cache.cc"
[INFO] [stderr]   exit status: 0
[INFO] [stderr]   running: "c++" "-O3" "-ffunction-sections" "-fdata-sections" "-fPIC" "-g" "-fno-omit-frame-pointer" "-m64" "-I" "rocksdb/include/" "-I" "rocksdb/" "-I" "rocksdb/third-party/gtest-1.8.1/fused-src/" "-I" "snappy/" "-I" "." "-Wall" "-Wextra" "-std=c++11" "-Wno-unused-parameter" "-msse2" "-msse4.1" "-msse4.2" "-mpclmul" "-DSNAPPY=1" "-DNDEBUG=1" "-DHAVE_SSE42=1" "-DHAVE_PCLMUL=1" "-DOS_LINUX" "-DROCKSDB_PLATFORM_POSIX" "-DROCKSDB_LIB_IO_POSIX" "-o" "/opt/rustwide/target/debug/build/librocksdb-sys-1755a7badc633ae8/out/rocksdb/db/blob/blob_file_garbage.o" "-c" "rocksdb/db/blob/blob_file_garbage.cc"
[INFO] [stderr]   exit status: 0
[INFO] [stderr]   running: "c++" "-O3" "-ffunction-sections" "-fdata-sections" "-fPIC" "-g" "-fno-omit-frame-pointer" "-m64" "-I" "rocksdb/include/" "-I" "rocksdb/" "-I" "rocksdb/third-party/gtest-1.8.1/fused-src/" "-I" "snappy/" "-I" "." "-Wall" "-Wextra" "-std=c++11" "-Wno-unused-parameter" "-msse2" "-msse4.1" "-msse4.2" "-mpclmul" "-DSNAPPY=1" "-DNDEBUG=1" "-DHAVE_SSE42=1" "-DHAVE_PCLMUL=1" "-DOS_LINUX" "-DROCKSDB_PLATFORM_POSIX" "-DROCKSDB_LIB_IO_POSIX" "-o" "/opt/rustwide/target/debug/build/librocksdb-sys-1755a7badc633ae8/out/rocksdb/db/blob/blob_file_meta.o" "-c" "rocksdb/db/blob/blob_file_meta.cc"
[INFO] [stderr]   exit status: 0
[INFO] [stderr]   running: "c++" "-O3" "-ffunction-sections" "-fdata-sections" "-fPIC" "-g" "-fno-omit-frame-pointer" "-m64" "-I" "rocksdb/include/" "-I" "rocksdb/" "-I" "rocksdb/third-party/gtest-1.8.1/fused-src/" "-I" "snappy/" "-I" "." "-Wall" "-Wextra" "-std=c++11" "-Wno-unused-parameter" "-msse2" "-msse4.1" "-msse4.2" "-mpclmul" "-DSNAPPY=1" "-DNDEBUG=1" "-DHAVE_SSE42=1" "-DHAVE_PCLMUL=1" "-DOS_LINUX" "-DROCKSDB_PLATFORM_POSIX" "-DROCKSDB_LIB_IO_POSIX" "-o" "/opt/rustwide/target/debug/build/librocksdb-sys-1755a7badc633ae8/out/rocksdb/db/blob/blob_file_reader.o" "-c" "rocksdb/db/blob/blob_file_reader.cc"
[INFO] [stderr]   exit status: 0
[INFO] [stderr]   running: "c++" "-O3" "-ffunction-sections" "-fdata-sections" "-fPIC" "-g" "-fno-omit-frame-pointer" "-m64" "-I" "rocksdb/include/" "-I" "rocksdb/" "-I" "rocksdb/third-party/gtest-1.8.1/fused-src/" "-I" "snappy/" "-I" "." "-Wall" "-Wextra" "-std=c++11" "-Wno-unused-parameter" "-msse2" "-msse4.1" "-msse4.2" "-mpclmul" "-DSNAPPY=1" "-DNDEBUG=1" "-DHAVE_SSE42=1" "-DHAVE_PCLMUL=1" "-DOS_LINUX" "-DROCKSDB_PLATFORM_POSIX" "-DROCKSDB_LIB_IO_POSIX" "-o" "/opt/rustwide/target/debug/build/librocksdb-sys-1755a7badc633ae8/out/rocksdb/db/blob/blob_log_format.o" "-c" "rocksdb/db/blob/blob_log_format.cc"
[INFO] [stderr]   running: "c++" "-O3" "-ffunction-sections" "-fdata-sections" "-fPIC" "-g" "-fno-omit-frame-pointer" "-m64" "-I" "rocksdb/include/" "-I" "rocksdb/" "-I" "rocksdb/third-party/gtest-1.8.1/fused-src/" "-I" "snappy/" "-I" "." "-Wall" "-Wextra" "-std=c++11" "-Wno-unused-parameter" "-msse2" "-msse4.1" "-msse4.2" "-mpclmul" "-DSNAPPY=1" "-DNDEBUG=1" "-DHAVE_SSE42=1" "-DHAVE_PCLMUL=1" "-DOS_LINUX" "-DROCKSDB_PLATFORM_POSIX" "-DROCKSDB_LIB_IO_POSIX" "-o" "/opt/rustwide/target/debug/build/librocksdb-sys-1755a7badc633ae8/out/rocksdb/db/blob/blob_log_sequential_reader.o" "-c" "rocksdb/db/blob/blob_log_sequential_reader.cc"
[INFO] [stderr]   running: "c++" "-O3" "-ffunction-sections" "-fdata-sections" "-fPIC" "-g" "-fno-omit-frame-pointer" "-m64" "-I" "rocksdb/include/" "-I" "rocksdb/" "-I" "rocksdb/third-party/gtest-1.8.1/fused-src/" "-I" "snappy/" "-I" "." "-Wall" "-Wextra" "-std=c++11" "-Wno-unused-parameter" "-msse2" "-msse4.1" "-msse4.2" "-mpclmul" "-DSNAPPY=1" "-DNDEBUG=1" "-DHAVE_SSE42=1" "-DHAVE_PCLMUL=1" "-DOS_LINUX" "-DROCKSDB_PLATFORM_POSIX" "-DROCKSDB_LIB_IO_POSIX" "-o" "/opt/rustwide/target/debug/build/librocksdb-sys-1755a7badc633ae8/out/rocksdb/db/blob/blob_log_writer.o" "-c" "rocksdb/db/blob/blob_log_writer.cc"
[INFO] [stderr]   exit status: 0
[INFO] [stderr]   running: "c++" "-O3" "-ffunction-sections" "-fdata-sections" "-fPIC" "-g" "-fno-omit-frame-pointer" "-m64" "-I" "rocksdb/include/" "-I" "rocksdb/" "-I" "rocksdb/third-party/gtest-1.8.1/fused-src/" "-I" "snappy/" "-I" "." "-Wall" "-Wextra" "-std=c++11" "-Wno-unused-parameter" "-msse2" "-msse4.1" "-msse4.2" "-mpclmul" "-DSNAPPY=1" "-DNDEBUG=1" "-DHAVE_SSE42=1" "-DHAVE_PCLMUL=1" "-DOS_LINUX" "-DROCKSDB_PLATFORM_POSIX" "-DROCKSDB_LIB_IO_POSIX" "-o" "/opt/rustwide/target/debug/build/librocksdb-sys-1755a7badc633ae8/out/rocksdb/db/builder.o" "-c" "rocksdb/db/builder.cc"
[INFO] [stderr]   running: "c++" "-O3" "-ffunction-sections" "-fdata-sections" "-fPIC" "-g" "-fno-omit-frame-pointer" "-m64" "-I" "rocksdb/include/" "-I" "rocksdb/" "-I" "rocksdb/third-party/gtest-1.8.1/fused-src/" "-I" "snappy/" "-I" "." "-Wall" "-Wextra" "-std=c++11" "-Wno-unused-parameter" "-msse2" "-msse4.1" "-msse4.2" "-mpclmul" "-DSNAPPY=1" "-DNDEBUG=1" "-DHAVE_SSE42=1" "-DHAVE_PCLMUL=1" "-DOS_LINUX" "-DROCKSDB_PLATFORM_POSIX" "-DROCKSDB_LIB_IO_POSIX" "-o" "/opt/rustwide/target/debug/build/librocksdb-sys-1755a7badc633ae8/out/rocksdb/db/c.o" "-c" "rocksdb/db/c.cc"
[INFO] [stderr]   exit status: 0
[INFO] [stderr]   running: "c++" "-O3" "-ffunction-sections" "-fdata-sections" "-fPIC" "-g" "-fno-omit-frame-pointer" "-m64" "-I" "rocksdb/include/" "-I" "rocksdb/" "-I" "rocksdb/third-party/gtest-1.8.1/fused-src/" "-I" "snappy/" "-I" "." "-Wall" "-Wextra" "-std=c++11" "-Wno-unused-parameter" "-msse2" "-msse4.1" "-msse4.2" "-mpclmul" "-DSNAPPY=1" "-DNDEBUG=1" "-DHAVE_SSE42=1" "-DHAVE_PCLMUL=1" "-DOS_LINUX" "-DROCKSDB_PLATFORM_POSIX" "-DROCKSDB_LIB_IO_POSIX" "-o" "/opt/rustwide/target/debug/build/librocksdb-sys-1755a7badc633ae8/out/rocksdb/db/column_family.o" "-c" "rocksdb/db/column_family.cc"
[INFO] [stderr]   exit status: 0
[INFO] [stderr]   running: "c++" "-O3" "-ffunction-sections" "-fdata-sections" "-fPIC" "-g" "-fno-omit-frame-pointer" "-m64" "-I" "rocksdb/include/" "-I" "rocksdb/" "-I" "rocksdb/third-party/gtest-1.8.1/fused-src/" "-I" "snappy/" "-I" "." "-Wall" "-Wextra" "-std=c++11" "-Wno-unused-parameter" "-msse2" "-msse4.1" "-msse4.2" "-mpclmul" "-DSNAPPY=1" "-DNDEBUG=1" "-DHAVE_SSE42=1" "-DHAVE_PCLMUL=1" "-DOS_LINUX" "-DROCKSDB_PLATFORM_POSIX" "-DROCKSDB_LIB_IO_POSIX" "-o" "/opt/rustwide/target/debug/build/librocksdb-sys-1755a7badc633ae8/out/rocksdb/db/compacted_db_impl.o" "-c" "rocksdb/db/compacted_db_impl.cc"
[INFO] [stderr]   cargo:warning=c++: fatal error: Killed signal terminated program cc1plus
[INFO] [stderr]   cargo:warning=compilation terminated.
[INFO] [stderr]   exit status: 1
[INFO] [stderr]   running: "c++" "-O3" "-ffunction-sections" "-fdata-sections" "-fPIC" "-g" "-fno-omit-frame-pointer" "-m64" "-I" "rocksdb/include/" "-I" "rocksdb/" "-I" "rocksdb/third-party/gtest-1.8.1/fused-src/" "-I" "snappy/" "-I" "." "-Wall" "-Wextra" "-std=c++11" "-Wno-unused-parameter" "-msse2" "-msse4.1" "-msse4.2" "-mpclmul" "-DSNAPPY=1" "-DNDEBUG=1" "-DHAVE_SSE42=1" "-DHAVE_PCLMUL=1" "-DOS_LINUX" "-DROCKSDB_PLATFORM_POSIX" "-DROCKSDB_LIB_IO_POSIX" "-o" "/opt/rustwide/target/debug/build/librocksdb-sys-1755a7badc633ae8/out/rocksdb/db/compaction/compaction.o" "-c" "rocksdb/db/compaction/compaction.cc"
[INFO] [stderr]   cargo:warning=c++: fatal error: Killed signal terminated program cc1plus
[INFO] [stderr]   cargo:warning=compilation terminated.
[INFO] [stderr]   exit status: 1
[INFO] [stderr]   cargo:warning=c++: fatal error: Killed signal terminated program cc1plus
[INFO] [stderr]   cargo:warning=compilation terminated.
[INFO] [stderr]   exit status: 1
[INFO] [stderr]   exit status: 0
[INFO] [stderr]   exit status: 0
[INFO] [stderr] 
[INFO] [stderr]   --- stderr
[INFO] [stderr]   error: 'rustfmt' is not installed for the toolchain '1.69.0-x86_64-unknown-linux-gnu'
[INFO] [stderr]   To install, run `rustup component add rustfmt --toolchain 1.69.0-x86_64-unknown-linux-gnu`
[INFO] [stderr]   Failed to run rustfmt: Internal rustfmt error (non-fatal, continuing)
[INFO] [stderr] 
[INFO] [stderr] 
[INFO] [stderr]   error occurred: Command "c++" "-O3" "-ffunction-sections" "-fdata-sections" "-fPIC" "-g" "-fno-omit-frame-pointer" "-m64" "-I" "rocksdb/include/" "-I" "rocksdb/" "-I" "rocksdb/third-party/gtest-1.8.1/fused-src/" "-I" "snappy/" "-I" "." "-Wall" "-Wextra" "-std=c++11" "-Wno-unused-parameter" "-msse2" "-msse4.1" "-msse4.2" "-mpclmul" "-DSNAPPY=1" "-DNDEBUG=1" "-DHAVE_SSE42=1" "-DHAVE_PCLMUL=1" "-DOS_LINUX" "-DROCKSDB_PLATFORM_POSIX" "-DROCKSDB_LIB_IO_POSIX" "-o" "/opt/rustwide/target/debug/build/librocksdb-sys-1755a7badc633ae8/out/rocksdb/db/builder.o" "-c" "rocksdb/db/builder.cc" with args "c++" did not execute successfully (status code exit status: 1).
[INFO] [stderr] 
[INFO] [stderr] 
[INFO] [stderr] warning: build failed, waiting for other jobs to finish...
[INFO] running `Command { std: "docker" "inspect" "b9e951c5de86f7323382a20f9ab56a6b99db18e1d882e7bfab8797c7ba86ce5c", kill_on_drop: false }`
[INFO] running `Command { std: "docker" "rm" "-f" "b9e951c5de86f7323382a20f9ab56a6b99db18e1d882e7bfab8797c7ba86ce5c", kill_on_drop: false }`
[INFO] [stdout] b9e951c5de86f7323382a20f9ab56a6b99db18e1d882e7bfab8797c7ba86ce5c
