[INFO] cloning repository https://github.com/lflxp/showme-rs
[INFO] running `Command { std: "git" "-c" "credential.helper=" "-c" "credential.helper=/workspace/cargo-home/bin/git-credential-null" "clone" "--bare" "https://github.com/lflxp/showme-rs" "/workspace/cache/git-repos/https%3A%2F%2Fgithub.com%2Flflxp%2Fshowme-rs", kill_on_drop: false }`
[INFO] [stderr] Cloning into bare repository '/workspace/cache/git-repos/https%3A%2F%2Fgithub.com%2Flflxp%2Fshowme-rs'...
[INFO] running `Command { std: "git" "rev-parse" "HEAD", kill_on_drop: false }`
[INFO] [stdout] c92a245c11f1b3c77db06ebe77033107c3cfebb2
[INFO] documenting lflxp/showme-rs against 1.69.0 for beta-1.70-rustdoc-1
[INFO] running `Command { std: "git" "clone" "/workspace/cache/git-repos/https%3A%2F%2Fgithub.com%2Flflxp%2Fshowme-rs" "/workspace/builds/worker-2-tc1/source", kill_on_drop: false }`
[INFO] [stderr] Cloning into '/workspace/builds/worker-2-tc1/source'...
[INFO] [stderr] done.
[INFO] validating manifest of git repo https://github.com/lflxp/showme-rs on toolchain 1.69.0
[INFO] running `Command { std: CARGO_HOME="/workspace/cargo-home" RUSTUP_HOME="/workspace/rustup-home" "/workspace/cargo-home/bin/cargo" "+1.69.0" "metadata" "--manifest-path" "Cargo.toml" "--no-deps", kill_on_drop: false }`
[INFO] started tweaking git repo https://github.com/lflxp/showme-rs
[INFO] finished tweaking git repo https://github.com/lflxp/showme-rs
[INFO] tweaked toml for git repo https://github.com/lflxp/showme-rs written to /workspace/builds/worker-2-tc1/source/Cargo.toml
[INFO] crate git repo https://github.com/lflxp/showme-rs already has a lockfile, it will not be regenerated
[INFO] running `Command { std: CARGO_HOME="/workspace/cargo-home" RUSTUP_HOME="/workspace/rustup-home" "/workspace/cargo-home/bin/cargo" "+1.69.0" "fetch" "--manifest-path" "Cargo.toml", kill_on_drop: false }`
[INFO] [stderr]     Updating git repository `https://github.com/eclipse/paho.mqtt.rust.git`
[INFO] [stderr]     Updating git submodule `https://github.com/eclipse/paho.mqtt.c.git`
[INFO] [stderr]  Downloading crates ...
[INFO] [stderr]   Downloaded darwin-libproc-sys v0.1.2
[INFO] [stderr]   Downloaded tiny_http v0.10.0
[INFO] [stderr]   Downloaded prometheus_exporter v0.8.4
[INFO] [stderr]   Downloaded darwin-libproc v0.1.2
[INFO] [stderr]   Downloaded log4rs v0.10.0
[INFO] [stderr]   Downloaded oping v0.3.5
[INFO] [stderr]   Downloaded psutil v3.2.1
[INFO] running `Command { std: "docker" "create" "-v" "/var/lib/crater-agent-workspace/builds/worker-2-tc1/target:/opt/rustwide/target:rw,Z" "-v" "/var/lib/crater-agent-workspace/builds/worker-2-tc1/source:/opt/rustwide/workdir:ro,Z" "-v" "/var/lib/crater-agent-workspace/cargo-home:/opt/rustwide/cargo-home:ro,Z" "-v" "/var/lib/crater-agent-workspace/rustup-home:/opt/rustwide/rustup-home:ro,Z" "-e" "SOURCE_DIR=/opt/rustwide/workdir" "-e" "CARGO_TARGET_DIR=/opt/rustwide/target" "-e" "CARGO_HOME=/opt/rustwide/cargo-home" "-e" "RUSTUP_HOME=/opt/rustwide/rustup-home" "-w" "/opt/rustwide/workdir" "-m" "1610612736" "--user" "0:0" "--network" "none" "ghcr.io/rust-lang/crates-build-env/linux@sha256:5ff2268d62e97bff2cde7d5815dd6ed5b47097566f13b8d0ca110b04b60e07ed" "/opt/rustwide/cargo-home/bin/cargo" "+1.69.0" "metadata" "--no-deps" "--format-version=1", kill_on_drop: false }`
[INFO] [stdout] 301a8265592d3800e3965cc9ba7541d888385eca6e1b5f3c7d9a966fefe3d5cc
[INFO] running `Command { std: "docker" "start" "-a" "301a8265592d3800e3965cc9ba7541d888385eca6e1b5f3c7d9a966fefe3d5cc", kill_on_drop: false }`
[INFO] running `Command { std: "docker" "inspect" "301a8265592d3800e3965cc9ba7541d888385eca6e1b5f3c7d9a966fefe3d5cc", kill_on_drop: false }`
[INFO] running `Command { std: "docker" "rm" "-f" "301a8265592d3800e3965cc9ba7541d888385eca6e1b5f3c7d9a966fefe3d5cc", kill_on_drop: false }`
[INFO] [stdout] 301a8265592d3800e3965cc9ba7541d888385eca6e1b5f3c7d9a966fefe3d5cc
[INFO] running `Command { std: "docker" "create" "-v" "/var/lib/crater-agent-workspace/builds/worker-2-tc1/target:/opt/rustwide/target:rw,Z" "-v" "/var/lib/crater-agent-workspace/builds/worker-2-tc1/source:/opt/rustwide/workdir:ro,Z" "-v" "/var/lib/crater-agent-workspace/cargo-home:/opt/rustwide/cargo-home:ro,Z" "-v" "/var/lib/crater-agent-workspace/rustup-home:/opt/rustwide/rustup-home:ro,Z" "-e" "SOURCE_DIR=/opt/rustwide/workdir" "-e" "CARGO_TARGET_DIR=/opt/rustwide/target" "-e" "CARGO_INCREMENTAL=0" "-e" "RUST_BACKTRACE=full" "-e" "RUSTFLAGS=--cap-lints=warn" "-e" "RUSTDOCFLAGS=--cap-lints=warn" "-e" "CARGO_HOME=/opt/rustwide/cargo-home" "-e" "RUSTUP_HOME=/opt/rustwide/rustup-home" "-w" "/opt/rustwide/workdir" "-m" "1610612736" "--user" "0:0" "--network" "none" "ghcr.io/rust-lang/crates-build-env/linux@sha256:5ff2268d62e97bff2cde7d5815dd6ed5b47097566f13b8d0ca110b04b60e07ed" "/opt/rustwide/cargo-home/bin/cargo" "+1.69.0" "doc" "--frozen" "--no-deps" "--document-private-items" "--message-format=json", kill_on_drop: false }`
[INFO] [stdout] 7bac84bd0e6a9dd170fd2fc181c3f8c1162725db7f6eefb03b06395e5e17e82b
[INFO] running `Command { std: "docker" "start" "-a" "7bac84bd0e6a9dd170fd2fc181c3f8c1162725db7f6eefb03b06395e5e17e82b", kill_on_drop: false }`
[INFO] [stderr]    Compiling libc v0.2.121
[INFO] [stderr]    Compiling autocfg v1.0.1
[INFO] [stderr]    Compiling proc-macro2 v1.0.29
[INFO] [stderr]    Compiling unicode-xid v0.2.2
[INFO] [stderr]    Compiling syn v1.0.76
[INFO] [stderr]    Compiling version_check v0.9.3
[INFO] [stderr]     Checking cfg-if v1.0.0
[INFO] [stderr]    Compiling serde_derive v1.0.130
[INFO] [stderr]    Compiling serde v1.0.130
[INFO] [stderr]    Compiling log v0.4.14
[INFO] [stderr]    Compiling memchr v2.4.1
[INFO] [stderr]    Compiling futures-core v0.3.17
[INFO] [stderr]    Compiling value-bag v1.0.0-alpha.7
[INFO] [stderr]    Compiling cc v1.0.70
[INFO] [stderr]     Checking pin-project-lite v0.2.7
[INFO] [stderr]     Checking once_cell v1.8.0
[INFO] [stderr]    Compiling pkg-config v0.3.19
[INFO] [stderr]    Compiling num-traits v0.2.14
[INFO] [stderr]     Checking smallvec v1.6.1
[INFO] [stderr]     Checking scopeguard v1.1.0
[INFO] [stderr]    Compiling quote v1.0.9
[INFO] [stderr]    Compiling parking_lot_core v0.8.5
[INFO] [stderr]     Checking instant v0.1.10
[INFO] [stderr]     Checking lock_api v0.4.5
[INFO] [stderr]     Checking futures-io v0.3.17
[INFO] [stderr]     Checking lazy_static v1.4.0
[INFO] [stderr]     Checking itoa v1.0.1
[INFO] [stderr]     Checking bytes v1.1.0
[INFO] [stderr]     Checking bitflags v1.3.2
[INFO] [stderr]     Checking signal-hook-registry v1.4.0
[INFO] [stderr]     Checking fnv v1.0.7
[INFO] [stderr]    Compiling typenum v1.15.0
[INFO] [stderr]     Checking slab v0.4.4
[INFO] [stderr]     Checking num_cpus v1.13.0
[INFO] [stderr]    Compiling generic-array v0.14.5
[INFO] [stderr]     Checking parking_lot v0.11.2
[INFO] [stderr]    Compiling num-integer v0.1.44
[INFO] [stderr]    Compiling proc-macro-hack v0.5.19
[INFO] [stderr]    Compiling openssl-sys v0.9.72
[INFO] [stderr]    Compiling futures-macro v0.3.17
[INFO] [stderr]    Compiling futures-channel v0.3.17
[INFO] [stderr]     Checking futures-sink v0.3.17
[INFO] [stderr]    Compiling proc-macro-nested v0.1.7
[INFO] [stderr]    Compiling futures-task v0.3.17
[INFO] [stderr]     Checking getrandom v0.2.3
[INFO] [stderr]    Compiling tokio v1.11.0
[INFO] [stderr]    Compiling futures-util v0.3.17
[INFO] [stderr]     Checking pin-utils v0.1.0
[INFO] [stderr]     Checking http v0.2.6
[INFO] [stderr]     Checking tinyvec_macros v0.1.0
[INFO] [stderr]     Checking matches v0.1.9
[INFO] [stderr]     Checking tinyvec v1.5.1
[INFO] [stderr]    Compiling indexmap v1.7.0
[INFO] [stderr]     Checking percent-encoding v2.1.0
[INFO] [stderr]    Compiling httparse v1.6.0
[INFO] [stderr]    Compiling unicase v2.6.0
[INFO] [stderr]     Checking form_urlencoded v1.0.1
[INFO] [stderr]     Checking cache-padded v1.1.1
[INFO] [stderr]     Checking hashbrown v0.11.2
[INFO] [stderr]     Checking unicode-bidi v0.3.7
[INFO] [stderr]     Checking unicode-normalization v0.1.19
[INFO] [stderr]     Checking concurrent-queue v1.2.2
[INFO] [stderr]     Checking rand_core v0.6.3
[INFO] [stderr]     Checking socket2 v0.4.2
[INFO] [stderr]    Compiling num-iter v0.1.42
[INFO] [stderr]    Compiling ident_case v1.0.1
[INFO] [stderr]     Checking ppv-lite86 v0.2.16
[INFO] [stderr]    Compiling signal-hook v0.3.10
[INFO] [stderr]    Compiling strsim v0.9.3
[INFO] [stderr]    Compiling ryu v1.0.5
[INFO] [stderr]    Compiling crossbeam-utils v0.8.5
[INFO] [stderr]     Checking event-listener v2.5.1
[INFO] [stderr]     Checking idna v0.2.3
[INFO] [stderr]     Checking rand_chacha v0.3.1
[INFO] [stderr]     Checking tracing-core v0.1.23
[INFO] [stderr]     Checking fastrand v1.5.0
[INFO] [stderr]    Compiling openssl v0.10.38
[INFO] [stderr]     Checking foreign-types-shared v0.1.1
[INFO] [stderr]     Checking parking v2.0.0
[INFO] [stderr]     Checking cpufeatures v0.2.2
[INFO] [stderr]    Compiling darling_core v0.10.2
[INFO] [stderr]     Checking waker-fn v1.1.0
[INFO] [stderr]     Checking quick-error v1.2.3
[INFO] [stderr]     Checking foreign-types v0.3.2
[INFO] [stderr]     Checking futures-lite v1.12.0
[INFO] [stderr]     Checking url v2.2.2
[INFO] [stderr]     Checking rand v0.8.5
[INFO] [stderr]     Checking atty v0.2.14
[INFO] [stderr]    Compiling num-rational v0.3.2
[INFO] [stderr]     Checking httpdate v1.0.2
[INFO] [stderr]     Checking try-lock v0.2.3
[INFO] [stderr]     Checking base64 v0.13.0
[INFO] [stderr]     Checking unicode-width v0.1.8
[INFO] [stderr]     Checking rustc-serialize v0.3.24
[INFO] [stderr]    Compiling native-tls v0.2.8
[INFO] [stderr]     Checking mime v0.3.16
[INFO] [stderr]    Compiling mime_guess v2.0.4
[INFO] [stderr]     Checking async-channel v1.6.1
[INFO] [stderr]     Checking http-body v0.4.4
[INFO] [stderr]     Checking crypto-common v0.1.3
[INFO] [stderr]     Checking block-buffer v0.9.0
[INFO] [stderr]     Checking block-buffer v0.10.2
[INFO] [stderr]     Checking digest v0.9.0
[INFO] [stderr]     Checking time v0.1.43
[INFO] [stderr]     Checking rand v0.4.6
[INFO] [stderr]     Checking aho-corasick v0.7.18
[INFO] [stderr]    Compiling cmake v0.1.45
[INFO] [stderr]    Compiling ahash v0.6.3
[INFO] [stderr]    Compiling miniz_oxide v0.4.4
[INFO] [stderr]    Compiling memoffset v0.6.4
[INFO] [stderr]     Checking openssl-probe v0.1.5
[INFO] [stderr]     Checking cfg-if v0.1.10
[INFO] [stderr]     Checking tower-service v0.3.1
[INFO] [stderr]     Checking opaque-debug v0.3.0
[INFO] [stderr]     Checking async-task v4.0.3
[INFO] [stderr]    Compiling crc32fast v1.2.1
[INFO] [stderr]    Compiling serde_json v1.0.68
[INFO] [stderr]     Checking regex-syntax v0.6.25
[INFO] [stderr]     Checking sha-1 v0.9.8
[INFO] [stderr]     Checking num-bigint v0.1.44
[INFO] [stderr]    Compiling paho-mqtt-sys v0.6.0 (https://github.com/eclipse/paho.mqtt.rust.git?branch=master#9df0e507)
[INFO] [stderr]     Checking chrono v0.4.19
[INFO] [stderr]     Checking digest v0.10.3
[INFO] [stderr]     Checking crossbeam-channel v0.5.1
[INFO] [stderr]     Checking humantime v1.3.0
[INFO] [stderr]    Compiling ctor v0.1.21
[INFO] [stderr]    Compiling tokio-macros v1.3.0
[INFO] [stderr]    Compiling thiserror-impl v1.0.29
[INFO] [stderr]    Compiling darling_macro v0.10.2
[INFO] [stderr]    Compiling pin-project-internal v1.0.10
[INFO] [stderr]     Checking regex v1.5.5
[INFO] [stderr]    Compiling enum-map-derive v0.4.6
[INFO] [stderr]     Checking num-complex v0.3.1
[INFO] [stderr]    Compiling darling v0.10.2
[INFO] [stderr]    Compiling wasmer_enumset_derive v0.5.0
[INFO] [stderr]    Compiling ncurses v5.101.0
[INFO] [stderr]     Checking adler v1.0.2
[INFO] [stderr]    Compiling prometheus v0.13.0
[INFO] [stderr]     Checking atomic-waker v1.0.0
[INFO] [stderr]     Checking unicode-segmentation v1.8.0
[INFO] [stderr]     Checking safemem v0.3.3
[INFO] [stderr]     Checking thiserror v1.0.29
[INFO] [stderr]     Checking utf-8 v0.7.6
[INFO] [stderr]     Checking termcolor v1.1.3
[INFO] [stderr]     Checking byteorder v1.4.3
[INFO] [stderr]     Checking itoa v0.4.8
[INFO] [stderr]    Compiling time-macros v0.2.4
[INFO] [stderr]     Checking traitobject v0.1.0
[INFO] [stderr]    Compiling encoding_rs v0.8.30
[INFO] [stderr]     Checking linked-hash-map v0.5.4
[INFO] [stderr]     Checking stable_deref_trait v1.2.0
[INFO] [stderr]     Checking array-macro v1.0.5
[INFO] [stderr]    Compiling nix v0.17.0
[INFO] [stderr]     Checking remove_dir_all v0.5.3
[INFO] [stderr]     Checking num_threads v0.1.5
[INFO] [stderr]     Checking enum-map v0.6.4
[INFO] [stderr]     Checking tempfile v3.2.0
[INFO] [stderr]     Checking owning_ref v0.4.1
[INFO] [stderr]     Checking wasmer_enumset v1.0.1
[INFO] [stderr]     Checking yaml-rust v0.4.5
[INFO] [stderr]     Checking unsafe-any v0.4.2
[INFO] [stderr]     Checking buf_redux v0.8.4
[INFO] [stderr]     Checking blocking v1.0.2
[INFO] [stderr]     Checking pin-project v1.0.10
[INFO] [stderr]     Checking num v0.3.1
[INFO] [stderr]     Checking num-rational v0.1.42
[INFO] [stderr]     Checking sha-1 v0.10.0
[INFO] [stderr]     Checking async-executor v1.4.1
[INFO] [stderr]     Checking num-complex v0.1.43
[INFO] [stderr]     Checking time v0.3.9
[INFO] [stderr]     Checking async-mutex v1.4.0
[INFO] [stderr]     Checking headers-core v0.2.0
[INFO] [stderr]     Checking ordered-float v1.1.1
[INFO] [stderr]    Compiling oping v0.3.5
[INFO] [stderr]     Checking twoway v0.1.8
[INFO] [stderr]     Checking xi-unicode v0.3.0
[INFO] [stderr]     Checking futures-executor v0.3.17
[INFO] [stderr]     Checking dtoa v0.4.8
[INFO] [stderr]     Checking chunked_transfer v1.4.0
[INFO] [stderr]     Checking ascii v1.0.0
[INFO] [stderr]     Checking void v1.0.2
[INFO] [stderr]     Checking futures v0.3.17
[INFO] [stderr]     Checking num v0.1.42
[INFO] [stderr]     Checking headers v0.3.7
[INFO] [stderr]     Checking nix v0.22.0
[INFO] [stderr]     Checking flate2 v1.0.22
[INFO] [stderr]     Checking typemap v0.3.3
[INFO] [stderr]    Compiling async-attributes v1.1.2
[INFO] [stderr]    Compiling derive_more v0.99.16
[INFO] [stderr]     Checking parking_lot_core v0.7.2
[INFO] [stderr]     Checking textwrap v0.9.0
[INFO] [stderr]     Checking async-lock v2.4.0
[INFO] [stderr] error: failed to run custom build command for `oping v0.3.5`
[INFO] [stderr] note: To improve backtraces for build dependencies, set the CARGO_PROFILE_DEV_BUILD_OVERRIDE_DEBUG=true environment variable to enable debug information generation.
[INFO] [stderr] 
[INFO] [stderr] Caused by:
[INFO] [stderr]   process didn't exit successfully: `/opt/rustwide/target/debug/build/oping-cb8ce327e4ef20ad/build-script-build` (exit status: 101)
[INFO] [stderr]   --- stderr
[INFO] [stderr]   aclocal: warning: couldn't open directory 'm4': No such file or directory
[INFO] [stderr]   autom4te: error: cannot create autom4te.cache in /opt/rustwide/cargo-home/registry/src/github.com-1ecc6299db9ec823/oping-0.3.5/liboping: Read-only file system
[INFO] [stderr]   aclocal: error: /usr/bin/autom4te failed with exit status: 1
[INFO] [stderr]   autoreconf: error: aclocal failed with exit status: 1
[INFO] [stderr]   thread 'main' panicked at 'called `Result::unwrap()` on an `Err` value: Os { code: 2, kind: NotFound, message: "No such file or directory" }', /opt/rustwide/cargo-home/registry/src/github.com-1ecc6299db9ec823/oping-0.3.5/build.rs:38:10
[INFO] [stderr]   stack backtrace:
[INFO] [stderr]      0:     0x55ffa73472ea - std::backtrace_rs::backtrace::libunwind::trace::ha9053a9a07ca49cb
[INFO] [stderr]                                  at /rustc/84c898d65adf2f39a5a98507f1fe0ce10a2b8dbc/library/std/src/../../backtrace/src/backtrace/libunwind.rs:93:5
[INFO] [stderr]      1:     0x55ffa73472ea - std::backtrace_rs::backtrace::trace_unsynchronized::h9c2852a457ad564e
[INFO] [stderr]                                  at /rustc/84c898d65adf2f39a5a98507f1fe0ce10a2b8dbc/library/std/src/../../backtrace/src/backtrace/mod.rs:66:5
[INFO] [stderr]      2:     0x55ffa73472ea - std::sys_common::backtrace::_print_fmt::h457936fbfaa0070f
[INFO] [stderr]                                  at /rustc/84c898d65adf2f39a5a98507f1fe0ce10a2b8dbc/library/std/src/sys_common/backtrace.rs:65:5
[INFO] [stderr]      3:     0x55ffa73472ea - <std::sys_common::backtrace::_print::DisplayBacktrace as core::fmt::Display>::fmt::h5779d7bf7f70cb0c
[INFO] [stderr]                                  at /rustc/84c898d65adf2f39a5a98507f1fe0ce10a2b8dbc/library/std/src/sys_common/backtrace.rs:44:22
[INFO] [stderr]      4:     0x55ffa73673ce - core::fmt::write::h5a4baaff1bcd3eb5
[INFO] [stderr]                                  at /rustc/84c898d65adf2f39a5a98507f1fe0ce10a2b8dbc/library/core/src/fmt/mod.rs:1232:17
[INFO] [stderr]      5:     0x55ffa7343be5 - std::io::Write::write_fmt::h4bc1f301cb9e9cce
[INFO] [stderr]                                  at /rustc/84c898d65adf2f39a5a98507f1fe0ce10a2b8dbc/library/std/src/io/mod.rs:1684:15
[INFO] [stderr]      6:     0x55ffa73470b5 - std::sys_common::backtrace::_print::h5fcdc36060f177e8
[INFO] [stderr]                                  at /rustc/84c898d65adf2f39a5a98507f1fe0ce10a2b8dbc/library/std/src/sys_common/backtrace.rs:47:5
[INFO] [stderr]      7:     0x55ffa73470b5 - std::sys_common::backtrace::print::h54ca9458b876c8bf
[INFO] [stderr]                                  at /rustc/84c898d65adf2f39a5a98507f1fe0ce10a2b8dbc/library/std/src/sys_common/backtrace.rs:34:9
[INFO] [stderr]      8:     0x55ffa7348a8f - std::panicking::default_hook::{{closure}}::hbe471161c7664ed6
[INFO] [stderr]                                  at /rustc/84c898d65adf2f39a5a98507f1fe0ce10a2b8dbc/library/std/src/panicking.rs:271:22
[INFO] [stderr]      9:     0x55ffa73487cb - std::panicking::default_hook::ha3500da57aa4ac4f
[INFO] [stderr]                                  at /rustc/84c898d65adf2f39a5a98507f1fe0ce10a2b8dbc/library/std/src/panicking.rs:290:9
[INFO] [stderr]     10:     0x55ffa7349038 - std::panicking::rust_panic_with_hook::h50c09d000dc561d2
[INFO] [stderr]                                  at /rustc/84c898d65adf2f39a5a98507f1fe0ce10a2b8dbc/library/std/src/panicking.rs:692:13
[INFO] [stderr]     11:     0x55ffa7348f39 - std::panicking::begin_panic_handler::{{closure}}::h9e2b2176e00e0d9c
[INFO] [stderr]                                  at /rustc/84c898d65adf2f39a5a98507f1fe0ce10a2b8dbc/library/std/src/panicking.rs:583:13
[INFO] [stderr]     12:     0x55ffa7347756 - std::sys_common::backtrace::__rust_end_short_backtrace::h5739b8e512c09d02
[INFO] [stderr]                                  at /rustc/84c898d65adf2f39a5a98507f1fe0ce10a2b8dbc/library/std/src/sys_common/backtrace.rs:150:18
[INFO] [stderr]     13:     0x55ffa7348c42 - rust_begin_unwind
[INFO] [stderr]                                  at /rustc/84c898d65adf2f39a5a98507f1fe0ce10a2b8dbc/library/std/src/panicking.rs:579:5
[INFO] [stderr]     14:     0x55ffa72b9723 - core::panicking::panic_fmt::hf33a1475b4dc5c3e
[INFO] [stderr]                                  at /rustc/84c898d65adf2f39a5a98507f1fe0ce10a2b8dbc/library/core/src/panicking.rs:64:14
[INFO] [stderr]     15:     0x55ffa72b9b13 - core::result::unwrap_failed::hdff5465d74574b44
[INFO] [stderr]                                  at /rustc/84c898d65adf2f39a5a98507f1fe0ce10a2b8dbc/library/core/src/result.rs:1750:5
[INFO] [stderr]     16:     0x55ffa72bab84 - core::result::Result<T,E>::unwrap::h5db3f157fe258234
[INFO] [stderr]     17:     0x55ffa72ba942 - build_script_build::build_and_statically_link::ha8c602489499c421
[INFO] [stderr]     18:     0x55ffa72ba47f - build_script_build::main::h6dcd38e859119846
[INFO] [stderr]     19:     0x55ffa72bb093 - core::ops::function::FnOnce::call_once::h1be997664c2432b3
[INFO] [stderr]     20:     0x55ffa72baee9 - std::sys_common::backtrace::__rust_begin_short_backtrace::h94fe62b94a82135f
[INFO] [stderr]     21:     0x55ffa72bb069 - std::rt::lang_start::{{closure}}::h7c5feb0929ca54a2
[INFO] [stderr]     22:     0x55ffa73400ac - core::ops::function::impls::<impl core::ops::function::FnOnce<A> for &F>::call_once::hd6efcd3bec896f2c
[INFO] [stderr]                                  at /rustc/84c898d65adf2f39a5a98507f1fe0ce10a2b8dbc/library/core/src/ops/function.rs:287:13
[INFO] [stderr]     23:     0x55ffa73400ac - std::panicking::try::do_call::hce04e543bb1f4cbb
[INFO] [stderr]                                  at /rustc/84c898d65adf2f39a5a98507f1fe0ce10a2b8dbc/library/std/src/panicking.rs:487:40
[INFO] [stderr]     24:     0x55ffa73400ac - std::panicking::try::h3342dd4e1f680968
[INFO] [stderr]                                  at /rustc/84c898d65adf2f39a5a98507f1fe0ce10a2b8dbc/library/std/src/panicking.rs:451:19
[INFO] [stderr]     25:     0x55ffa73400ac - std::panic::catch_unwind::h148ce1e59ac0cee7
[INFO] [stderr]                                  at /rustc/84c898d65adf2f39a5a98507f1fe0ce10a2b8dbc/library/std/src/panic.rs:140:14
[INFO] [stderr]     26:     0x55ffa73400ac - std::rt::lang_start_internal::{{closure}}::h25f9dda2057a67fe
[INFO] [stderr]                                  at /rustc/84c898d65adf2f39a5a98507f1fe0ce10a2b8dbc/library/std/src/rt.rs:148:48
[INFO] [stderr]     27:     0x55ffa73400ac - std::panicking::try::do_call::h7caaaeaf9401650b
[INFO] [stderr]                                  at /rustc/84c898d65adf2f39a5a98507f1fe0ce10a2b8dbc/library/std/src/panicking.rs:487:40
[INFO] [stderr]     28:     0x55ffa73400ac - std::panicking::try::he7d15285746cbbc2
[INFO] [stderr]                                  at /rustc/84c898d65adf2f39a5a98507f1fe0ce10a2b8dbc/library/std/src/panicking.rs:451:19
[INFO] [stderr]     29:     0x55ffa73400ac - std::panic::catch_unwind::h89fb4f50c0301fe0
[INFO] [stderr]                                  at /rustc/84c898d65adf2f39a5a98507f1fe0ce10a2b8dbc/library/std/src/panic.rs:140:14
[INFO] [stderr]     30:     0x55ffa73400ac - std::rt::lang_start_internal::h078acd489417d3c1
[INFO] [stderr]                                  at /rustc/84c898d65adf2f39a5a98507f1fe0ce10a2b8dbc/library/std/src/rt.rs:148:20
[INFO] [stderr]     31:     0x55ffa72bb047 - std::rt::lang_start::h8c6a61c579a1a5f0
[INFO] [stderr]     32:     0x55ffa72baa55 - main
[INFO] [stderr]     33:     0x7f609edc0d90 - <unknown>
[INFO] [stderr]     34:     0x7f609edc0e40 - __libc_start_main
[INFO] [stderr]     35:     0x55ffa72b9ca5 - _start
[INFO] [stderr]     36:                0x0 - <unknown>
[INFO] [stderr] warning: build failed, waiting for other jobs to finish...
[INFO] running `Command { std: "docker" "inspect" "7bac84bd0e6a9dd170fd2fc181c3f8c1162725db7f6eefb03b06395e5e17e82b", kill_on_drop: false }`
[INFO] running `Command { std: "docker" "rm" "-f" "7bac84bd0e6a9dd170fd2fc181c3f8c1162725db7f6eefb03b06395e5e17e82b", kill_on_drop: false }`
[INFO] [stdout] 7bac84bd0e6a9dd170fd2fc181c3f8c1162725db7f6eefb03b06395e5e17e82b
