[INFO] cloning repository https://github.com/levex/chessory
[INFO] running `Command { std: "git" "-c" "credential.helper=" "-c" "credential.helper=/workspace/cargo-home/bin/git-credential-null" "clone" "--bare" "https://github.com/levex/chessory" "/workspace/cache/git-repos/https%3A%2F%2Fgithub.com%2Flevex%2Fchessory", kill_on_drop: false }`
[INFO] [stderr] Cloning into bare repository '/workspace/cache/git-repos/https%3A%2F%2Fgithub.com%2Flevex%2Fchessory'...
[INFO] running `Command { std: "git" "rev-parse" "HEAD", kill_on_drop: false }`
[INFO] [stdout] 00b744f807aaab3fe28cc237ca69931f75d54a2c
[INFO] documenting levex/chessory against beta-2023-04-20 for beta-1.70-rustdoc-1
[INFO] running `Command { std: "git" "clone" "/workspace/cache/git-repos/https%3A%2F%2Fgithub.com%2Flevex%2Fchessory" "/workspace/builds/worker-3-tc2/source", kill_on_drop: false }`
[INFO] [stderr] Cloning into '/workspace/builds/worker-3-tc2/source'...
[INFO] [stderr] done.
[INFO] validating manifest of git repo https://github.com/levex/chessory on toolchain beta-2023-04-20
[INFO] running `Command { std: CARGO_HOME="/workspace/cargo-home" RUSTUP_HOME="/workspace/rustup-home" "/workspace/cargo-home/bin/cargo" "+beta-2023-04-20" "metadata" "--manifest-path" "Cargo.toml" "--no-deps", kill_on_drop: false }`
[INFO] started tweaking git repo https://github.com/levex/chessory
[INFO] finished tweaking git repo https://github.com/levex/chessory
[INFO] tweaked toml for git repo https://github.com/levex/chessory written to /workspace/builds/worker-3-tc2/source/Cargo.toml
[INFO] crate git repo https://github.com/levex/chessory already has a lockfile, it will not be regenerated
[INFO] running `Command { std: CARGO_HOME="/workspace/cargo-home" RUSTUP_HOME="/workspace/rustup-home" "/workspace/cargo-home/bin/cargo" "+beta-2023-04-20" "fetch" "--manifest-path" "Cargo.toml", kill_on_drop: false }`
[INFO] [stderr]  Downloading crates ...
[INFO] [stderr]   Downloaded epi v0.12.0
[INFO] [stderr]   Downloaded egui_web v0.12.0
[INFO] [stderr]   Downloaded egui_glium v0.12.0
[INFO] [stderr]   Downloaded emath v0.12.0
[INFO] [stderr]   Downloaded eframe v0.12.0
[INFO] [stderr]   Downloaded ordered-float v2.2.0
[INFO] [stderr]   Downloaded ureq v2.1.1
[INFO] [stderr]   Downloaded egui v0.12.0
[INFO] [stderr]   Downloaded epaint v0.12.0
[INFO] [stderr]   Downloaded glium v0.29.1
[INFO] running `Command { std: "docker" "create" "-v" "/var/lib/crater-agent-workspace/builds/worker-3-tc2/target:/opt/rustwide/target:rw,Z" "-v" "/var/lib/crater-agent-workspace/builds/worker-3-tc2/source:/opt/rustwide/workdir:ro,Z" "-v" "/var/lib/crater-agent-workspace/cargo-home:/opt/rustwide/cargo-home:ro,Z" "-v" "/var/lib/crater-agent-workspace/rustup-home:/opt/rustwide/rustup-home:ro,Z" "-e" "SOURCE_DIR=/opt/rustwide/workdir" "-e" "CARGO_TARGET_DIR=/opt/rustwide/target" "-e" "CARGO_HOME=/opt/rustwide/cargo-home" "-e" "RUSTUP_HOME=/opt/rustwide/rustup-home" "-w" "/opt/rustwide/workdir" "-m" "1610612736" "--user" "0:0" "--network" "none" "ghcr.io/rust-lang/crates-build-env/linux@sha256:5ff2268d62e97bff2cde7d5815dd6ed5b47097566f13b8d0ca110b04b60e07ed" "/opt/rustwide/cargo-home/bin/cargo" "+beta-2023-04-20" "metadata" "--no-deps" "--format-version=1", kill_on_drop: false }`
[INFO] [stdout] 14cbb202bbb607bc3e236e0c66235753e39c26a283741eca9ff1291dfa2c275e
[INFO] running `Command { std: "docker" "start" "-a" "14cbb202bbb607bc3e236e0c66235753e39c26a283741eca9ff1291dfa2c275e", kill_on_drop: false }`
[INFO] running `Command { std: "docker" "inspect" "14cbb202bbb607bc3e236e0c66235753e39c26a283741eca9ff1291dfa2c275e", kill_on_drop: false }`
[INFO] running `Command { std: "docker" "rm" "-f" "14cbb202bbb607bc3e236e0c66235753e39c26a283741eca9ff1291dfa2c275e", kill_on_drop: false }`
[INFO] [stdout] 14cbb202bbb607bc3e236e0c66235753e39c26a283741eca9ff1291dfa2c275e
[INFO] running `Command { std: "docker" "create" "-v" "/var/lib/crater-agent-workspace/builds/worker-3-tc2/target:/opt/rustwide/target:rw,Z" "-v" "/var/lib/crater-agent-workspace/builds/worker-3-tc2/source:/opt/rustwide/workdir:ro,Z" "-v" "/var/lib/crater-agent-workspace/cargo-home:/opt/rustwide/cargo-home:ro,Z" "-v" "/var/lib/crater-agent-workspace/rustup-home:/opt/rustwide/rustup-home:ro,Z" "-e" "SOURCE_DIR=/opt/rustwide/workdir" "-e" "CARGO_TARGET_DIR=/opt/rustwide/target" "-e" "CARGO_INCREMENTAL=0" "-e" "RUST_BACKTRACE=full" "-e" "RUSTFLAGS=--cap-lints=warn" "-e" "RUSTDOCFLAGS=--cap-lints=warn" "-e" "CARGO_HOME=/opt/rustwide/cargo-home" "-e" "RUSTUP_HOME=/opt/rustwide/rustup-home" "-w" "/opt/rustwide/workdir" "-m" "1610612736" "--user" "0:0" "--network" "none" "ghcr.io/rust-lang/crates-build-env/linux@sha256:5ff2268d62e97bff2cde7d5815dd6ed5b47097566f13b8d0ca110b04b60e07ed" "/opt/rustwide/cargo-home/bin/cargo" "+beta-2023-04-20" "doc" "--frozen" "--no-deps" "--document-private-items" "--message-format=json", kill_on_drop: false }`
[INFO] [stdout] 72cf83ea76e47899bfafeaad01edd68bebffaca78061e5987d99e937dd9271c4
[INFO] running `Command { std: "docker" "start" "-a" "72cf83ea76e47899bfafeaad01edd68bebffaca78061e5987d99e937dd9271c4", kill_on_drop: false }`
[INFO] [stderr]    Compiling libc v0.2.94
[INFO] [stderr]     Checking cfg-if v1.0.0
[INFO] [stderr]    Compiling xml-rs v0.8.3
[INFO] [stderr]    Compiling log v0.4.14
[INFO] [stderr]    Compiling proc-macro2 v1.0.26
[INFO] [stderr]    Compiling pkg-config v0.3.19
[INFO] [stderr]    Compiling bitflags v1.2.1
[INFO] [stderr]    Compiling unicode-xid v0.2.2
[INFO] [stderr]    Compiling version_check v0.9.3
[INFO] [stderr]     Checking lazy_static v1.4.0
[INFO] [stderr]     Checking once_cell v1.7.2
[INFO] [stderr]    Compiling autocfg v1.0.1
[INFO] [stderr]    Compiling khronos_api v3.1.0
[INFO] [stderr]     Checking smallvec v1.6.1
[INFO] [stderr]     Checking ttf-parser v0.6.2
[INFO] [stderr]     Checking libloading v0.7.0
[INFO] [stderr]    Compiling memchr v2.4.0
[INFO] [stderr]     Checking ab_glyph_rasterizer v0.1.4
[INFO] [stderr]     Checking cfg-if v0.1.10
[INFO] [stderr]     Checking downcast-rs v1.2.0
[INFO] [stderr]     Checking scoped-tls v1.0.0
[INFO] [stderr]    Compiling nix v0.18.0
[INFO] [stderr] LLVM ERROR: IO failure on output stream: No space left on device
[INFO] [stderr] LLVM ERROR: IO failure on output stream: No space left on device
[INFO] [stderr] thread 'rustc' panicked at 'make sure that the calls to `lazy*` are in the same order as the metadata fields', compiler/rustc_metadata/src/rmeta/encoder.rs:410:17
[INFO] [stderr] LLVM ERROR: IO failure on output stream: No space left on device
[INFO] [stderr] stack backtrace:
[INFO] [stderr] error: could not compile `memchr` (build script)
[INFO] [stderr] warning: build failed, waiting for other jobs to finish...
[INFO] [stderr] error: could not compile `proc-macro2` (build script)
[INFO] [stderr]    0:     0x7f64c4cb9cca - std::backtrace_rs::backtrace::libunwind::trace::h2f05d0192276a8f6
[INFO] [stderr]                                at /rustc/1b7dd2252b99671ce5d1cb9664c5f8636329436d/library/std/src/../../backtrace/src/backtrace/libunwind.rs:93:5
[INFO] [stderr]    1:     0x7f64c4cb9cca - std::backtrace_rs::backtrace::trace_unsynchronized::hedc23dff7a1af150
[INFO] [stderr]                                at /rustc/1b7dd2252b99671ce5d1cb9664c5f8636329436d/library/std/src/../../backtrace/src/backtrace/mod.rs:66:5
[INFO] [stderr]    2:     0x7f64c4cb9cca - std::sys_common::backtrace::_print_fmt::h17541ef7592f3ce2
[INFO] [stderr]                                at /rustc/1b7dd2252b99671ce5d1cb9664c5f8636329436d/library/std/src/sys_common/backtrace.rs:65:5
[INFO] [stderr]    3:     0x7f64c4cb9cca - <std::sys_common::backtrace::_print::DisplayBacktrace as core::fmt::Display>::fmt::h20f75df5ab0c0792
[INFO] [stderr]                                at /rustc/1b7dd2252b99671ce5d1cb9664c5f8636329436d/library/std/src/sys_common/backtrace.rs:44:22
[INFO] [stderr]    4:     0x7f64c4d1e0cf - core::fmt::write::h78109e6f466b3af6
[INFO] [stderr]                                at /rustc/1b7dd2252b99671ce5d1cb9664c5f8636329436d/library/core/src/fmt/mod.rs:1254:17
[INFO] [stderr]    5:     0x7f64c4cac805 - std::io::Write::write_fmt::hc59e1b02dd273c8a
[INFO] [stderr]                                at /rustc/1b7dd2252b99671ce5d1cb9664c5f8636329436d/library/std/src/io/mod.rs:1698:15
[INFO] [stderr]    6:     0x7f64c4cb9a95 - std::sys_common::backtrace::_print::h8dac57a9f8fbf9a5
[INFO] [stderr]                                at /rustc/1b7dd2252b99671ce5d1cb9664c5f8636329436d/library/std/src/sys_common/backtrace.rs:47:5
[INFO] [stderr]    7:     0x7f64c4cb9a95 - std::sys_common::backtrace::print::hf9ecbf41d1aa712f
[INFO] [stderr]                                at /rustc/1b7dd2252b99671ce5d1cb9664c5f8636329436d/library/std/src/sys_common/backtrace.rs:34:9
[INFO] [stderr]    8:     0x7f64c4cbc73e - std::panicking::default_hook::{{closure}}::h04c07acfc84ca028
[INFO] [stderr]                                at /rustc/1b7dd2252b99671ce5d1cb9664c5f8636329436d/library/std/src/panicking.rs:269:22
[INFO] [stderr]    9:     0x7f64c4cbc4e5 - std::panicking::default_hook::h01f6bb23e1eceb2c
[INFO] [stderr]                                at /rustc/1b7dd2252b99671ce5d1cb9664c5f8636329436d/library/std/src/panicking.rs:288:9
[INFO] [stdout] error: linking with `cc` failed: exit status: 1
[INFO] [stdout]   |
[INFO] [stdout]   = note: LC_ALL="C" PATH="/opt/rustwide/rustup-home/toolchains/beta-2023-04-20-x86_64-unknown-linux-gnu/lib/rustlib/x86_64-unknown-linux-gnu/bin:/opt/rustwide/cargo-home/bin:/usr/local/sbin:/usr/local/bin:/usr/sbin:/usr/bin:/sbin:/bin" VSLANG="1033" "cc" "-m64" "/tmp/rustcayEQXO/symbols.o" "/opt/rustwide/target/debug/build/log-cef58145de0bad63/build_script_build-cef58145de0bad63.build_script_build.519d7b43-cgu.0.rcgu.o" "/opt/rustwide/target/debug/build/log-cef58145de0bad63/build_script_build-cef58145de0bad63.build_script_build.519d7b43-cgu.1.rcgu.o" "/opt/rustwide/target/debug/build/log-cef58145de0bad63/build_script_build-cef58145de0bad63.build_script_build.519d7b43-cgu.10.rcgu.o" "/opt/rustwide/target/debug/build/log-cef58145de0bad63/build_script_build-cef58145de0bad63.build_script_build.519d7b43-cgu.11.rcgu.o" "/opt/rustwide/target/debug/build/log-cef58145de0bad63/build_script_build-cef58145de0bad63.build_script_build.519d7b43-cgu.12.rcgu.o" "/opt/rustwide/target/debug/build/log-cef58145de0bad63/build_script_build-cef58145de0bad63.build_script_build.519d7b43-cgu.13.rcgu.o" "/opt/rustwide/target/debug/build/log-cef58145de0bad63/build_script_build-cef58145de0bad63.build_script_build.519d7b43-cgu.14.rcgu.o" "/opt/rustwide/target/debug/build/log-cef58145de0bad63/build_script_build-cef58145de0bad63.build_script_build.519d7b43-cgu.15.rcgu.o" "/opt/rustwide/target/debug/build/log-cef58145de0bad63/build_script_build-cef58145de0bad63.build_script_build.519d7b43-cgu.2.rcgu.o" "/opt/rustwide/target/debug/build/log-cef58145de0bad63/build_script_build-cef58145de0bad63.build_script_build.519d7b43-cgu.3.rcgu.o" "/opt/rustwide/target/debug/build/log-cef58145de0bad63/build_script_build-cef58145de0bad63.build_script_build.519d7b43-cgu.4.rcgu.o" "/opt/rustwide/target/debug/build/log-cef58145de0bad63/build_script_build-cef58145de0bad63.build_script_build.519d7b43-cgu.5.rcgu.o" "/opt/rustwide/target/debug/build/log-cef58145de0bad63/build_script_build-cef58145de0bad63.build_script_build.519d7b43-cgu.6.rcgu.o" "/opt/rustwide/target/debug/build/log-cef58145de0bad63/build_script_build-cef58145de0bad63.build_script_build.519d7b43-cgu.7.rcgu.o" "/opt/rustwide/target/debug/build/log-cef58145de0bad63/build_script_build-cef58145de0bad63.build_script_build.519d7b43-cgu.8.rcgu.o" "/opt/rustwide/target/debug/build/log-cef58145de0bad63/build_script_build-cef58145de0bad63.build_script_build.519d7b43-cgu.9.rcgu.o" "/opt/rustwide/target/debug/build/log-cef58145de0bad63/build_script_build-cef58145de0bad63.4j2i1i2k9wruf336.rcgu.o" "-Wl,--as-needed" "-L" "/opt/rustwide/target/debug/deps" "-L" "/opt/rustwide/rustup-home/toolchains/beta-2023-04-20-x86_64-unknown-linux-gnu/lib/rustlib/x86_64-unknown-linux-gnu/lib" "-Wl,-Bstatic" "/opt/rustwide/rustup-home/toolchains/beta-2023-04-20-x86_64-unknown-linux-gnu/lib/rustlib/x86_64-unknown-linux-gnu/lib/libstd-0e29cc23c5e02021.rlib" "/opt/rustwide/rustup-home/toolchains/beta-2023-04-20-x86_64-unknown-linux-gnu/lib/rustlib/x86_64-unknown-linux-gnu/lib/libpanic_unwind-d903621768a861d9.rlib" "/opt/rustwide/rustup-home/toolchains/beta-2023-04-20-x86_64-unknown-linux-gnu/lib/rustlib/x86_64-unknown-linux-gnu/lib/libobject-6d0225e655f31c13.rlib" "/opt/rustwide/rustup-home/toolchains/beta-2023-04-20-x86_64-unknown-linux-gnu/lib/rustlib/x86_64-unknown-linux-gnu/lib/libmemchr-9dbaf4eac7eaa079.rlib" "/opt/rustwide/rustup-home/toolchains/beta-2023-04-20-x86_64-unknown-linux-gnu/lib/rustlib/x86_64-unknown-linux-gnu/lib/libaddr2line-27f05b3d42a66dd0.rlib" "/opt/rustwide/rustup-home/toolchains/beta-2023-04-20-x86_64-unknown-linux-gnu/lib/rustlib/x86_64-unknown-linux-gnu/lib/libgimli-4d73f1030321c9a2.rlib" "/opt/rustwide/rustup-home/toolchains/beta-2023-04-20-x86_64-unknown-linux-gnu/lib/rustlib/x86_64-unknown-linux-gnu/lib/librustc_demangle-2846c9e58abd0acb.rlib" "/opt/rustwide/rustup-home/toolchains/beta-2023-04-20-x86_64-unknown-linux-gnu/lib/rustlib/x86_64-unknown-linux-gnu/lib/libstd_detect-a53d0f50415947be.rlib" "/opt/rustwide/rustup-home/toolchains/beta-2023-04-20-x86_64-unknown-linux-gnu/lib/rustlib/x86_64-unknown-linux-gnu/lib/libhashbrown-d48e4b6abc25b9dc.rlib" "/opt/rustwide/rustup-home/toolchains/beta-2023-04-20-x86_64-unknown-linux-gnu/lib/rustlib/x86_64-unknown-linux-gnu/lib/libminiz_oxide-2991859439ef1207.rlib" "/opt/rustwide/rustup-home/toolchains/beta-2023-04-20-x86_64-unknown-linux-gnu/lib/rustlib/x86_64-unknown-linux-gnu/lib/libadler-8a687517e4221bae.rlib" "/opt/rustwide/rustup-home/toolchains/beta-2023-04-20-x86_64-unknown-linux-gnu/lib/rustlib/x86_64-unknown-linux-gnu/lib/librustc_std_workspace_alloc-e07b554f6a67f5b3.rlib" "/opt/rustwide/rustup-home/toolchains/beta-2023-04-20-x86_64-unknown-linux-gnu/lib/rustlib/x86_64-unknown-linux-gnu/lib/libunwind-b68238b7c3c619dd.rlib" "/opt/rustwide/rustup-home/toolchains/beta-2023-04-20-x86_64-unknown-linux-gnu/lib/rustlib/x86_64-unknown-linux-gnu/lib/libcfg_if-d5e213e896c017e4.rlib" "/opt/rustwide/rustup-home/toolchains/beta-2023-04-20-x86_64-unknown-linux-gnu/lib/rustlib/x86_64-unknown-linux-gnu/lib/liblibc-0211a3b2e61d8689.rlib" "/opt/rustwide/rustup-home/toolchains/beta-2023-04-20-x86_64-unknown-linux-gnu/lib/rustlib/x86_64-unknown-linux-gnu/lib/liballoc-b371f055239ba51f.rlib" "/opt/rustwide/rustup-home/toolchains/beta-2023-04-20-x86_64-unknown-linux-gnu/lib/rustlib/x86_64-unknown-linux-gnu/lib/librustc_std_workspace_core-e60518d2760eb01e.rlib" "/opt/rustwide/rustup-home/toolchains/beta-2023-04-20-x86_64-unknown-linux-gnu/lib/rustlib/x86_64-unknown-linux-gnu/lib/libcore-1ad943f92a4b1081.rlib" "/opt/rustwide/rustup-home/toolchains/beta-2023-04-20-x86_64-unknown-linux-gnu/lib/rustlib/x86_64-unknown-linux-gnu/lib/libcompiler_builtins-f0d6e4d0fc1e80b4.rlib" "-Wl,-Bdynamic" "-lgcc_s" "-lutil" "-lrt" "-lpthread" "-lm" "-ldl" "-lc" "-Wl,--eh-frame-hdr" "-Wl,-z,noexecstack" "-L" "/opt/rustwide/rustup-home/toolchains/beta-2023-04-20-x86_64-unknown-linux-gnu/lib/rustlib/x86_64-unknown-linux-gnu/lib" "-o" "/opt/rustwide/target/debug/build/log-cef58145de0bad63/build_script_build-cef58145de0bad63" "-Wl,--gc-sections" "-pie" "-Wl,-z,relro,-z,now" "-nodefaultlibs"
[INFO] [stdout]   = note: /usr/bin/ld: final link failed: No space left on device
[INFO] [stdout]           collect2: error: ld returned 1 exit status
[INFO] [stdout]           
[INFO] [stdout] 
[INFO] [stdout] 
[INFO] [stdout] error: aborting due to previous error
[INFO] [stdout] 
[INFO] [stdout] 
[INFO] [stderr] error: could not compile `autocfg` (lib)
[INFO] [stderr] error: could not compile `log` (build script) due to 2 previous errors
[INFO] [stderr] error: failed to write `/opt/rustwide/target/debug/.fingerprint/ab_glyph_rasterizer-2578fb5fc7b8e8ff/lib-ab_glyph_rasterizer.json`
[INFO] [stderr] 
[INFO] [stderr] Caused by:
[INFO] [stderr]   No space left on device (os error 28)
[INFO] [stdout] error: couldn't create a temp dir: No space left on device (os error 28) at path "/opt/rustwide/target/debug/deps/rmetaNMtsqH"
[INFO] [stdout] 
[INFO] [stdout] 
[INFO] [stderr] LLVM ERROR: LLVM ERROR: IO failure on output stream: No space left on device
[INFO] [stderr] LLVM ERROR: IO failure on output stream: No space left on device
[INFO] [stderr] error: could not compile `downcast-rs` (lib) due to previous error
[INFO] [stderr] error: could not compile `version_check` (lib)
[INFO] [stderr] error: could not compile `pkg-config` (lib)
[INFO] [stderr]   10:     0x7f64c7faca35 - rustc_driver_impl[dc743aefd116e4d1]::DEFAULT_HOOK::{closure#0}::{closure#0}
[INFO] [stderr]   11:     0x7f64c4cbcf34 - <alloc::boxed::Box<F,A> as core::ops::function::Fn<Args>>::call::h3f2d6d8b14c4769f
[INFO] [stderr]                                at /rustc/1b7dd2252b99671ce5d1cb9664c5f8636329436d/library/alloc/src/boxed.rs:1987:9
[INFO] [stderr]   12:     0x7f64c4cbcf34 - std::panicking::rust_panic_with_hook::h2bb3722bbaf2f6df
[INFO] [stderr]                                at /rustc/1b7dd2252b99671ce5d1cb9664c5f8636329436d/library/std/src/panicking.rs:695:13
[INFO] [stderr]   13:     0x7f64c4cbcc62 - std::panicking::begin_panic_handler::{{closure}}::h91bc7f36a4be011b
[INFO] [stderr]                                at /rustc/1b7dd2252b99671ce5d1cb9664c5f8636329436d/library/std/src/panicking.rs:580:13
[INFO] [stderr]   14:     0x7f64c4cba136 - std::sys_common::backtrace::__rust_end_short_backtrace::h8b3d3717114f9e59
[INFO] [stderr]                                at /rustc/1b7dd2252b99671ce5d1cb9664c5f8636329436d/library/std/src/sys_common/backtrace.rs:150:18
[INFO] [stderr]   15:     0x7f64c4cbca02 - rust_begin_unwind
[INFO] [stderr]                                at /rustc/1b7dd2252b99671ce5d1cb9664c5f8636329436d/library/std/src/panicking.rs:578:5
[INFO] [stderr]   16:     0x7f64c4d1a443 - core::panicking::panic_fmt::hfd368e3fbdabea26
[INFO] [stderr]                                at /rustc/1b7dd2252b99671ce5d1cb9664c5f8636329436d/library/core/src/panicking.rs:67:14
[INFO] [stderr]   17:     0x7f64c731883e - <rustc_metadata[265efc8f25a37d70]::rmeta::encoder::EncodeContext>::emit_lazy_distance
[INFO] [stderr]   18:     0x7f64c731661e - <rustc_metadata[265efc8f25a37d70]::rmeta::LazyTables as rustc_serialize[20cb644d1efae588]::serialize::Encodable<rustc_metadata[265efc8f25a37d70]::rmeta::encoder::EncodeContext>>::encode
[INFO] [stderr]   19:     0x7f64c7315415 - <rustc_metadata[265efc8f25a37d70]::rmeta::CrateRoot as rustc_serialize[20cb644d1efae588]::serialize::Encodable<rustc_metadata[265efc8f25a37d70]::rmeta::encoder::EncodeContext>>::encode
[INFO] [stdout] error: couldn't create a temp dir: No space left on device (os error 28) at path "/opt/rustwide/target/debug/deps/rmetanzXSRw"
[INFO] [stdout] 
[INFO] [stdout] 
[INFO] [stdout] error: aborting due to previous error
[INFO] [stdout] 
[INFO] [stdout] 
[INFO] [stderr] error: could not compile `scoped-tls` (lib) due to 2 previous errors
[INFO] [stderr] error: could not compile `libloading` (lib)
[INFO] [stdout] error: linking with `cc` failed: exit status: 1
[INFO] [stdout]   |
[INFO] [stdout]   = note: LC_ALL="C" PATH="/opt/rustwide/rustup-home/toolchains/beta-2023-04-20-x86_64-unknown-linux-gnu/lib/rustlib/x86_64-unknown-linux-gnu/bin:/opt/rustwide/cargo-home/bin:/usr/local/sbin:/usr/local/bin:/usr/sbin:/usr/bin:/sbin:/bin" VSLANG="1033" "cc" "-m64" "/tmp/rustcCKqxsi/symbols.o" "/opt/rustwide/target/debug/build/khronos_api-375c6e5e4e8645c9/build_script_build-375c6e5e4e8645c9.build_script_build.188b591e-cgu.0.rcgu.o" "/opt/rustwide/target/debug/build/khronos_api-375c6e5e4e8645c9/build_script_build-375c6e5e4e8645c9.build_script_build.188b591e-cgu.1.rcgu.o" "/opt/rustwide/target/debug/build/khronos_api-375c6e5e4e8645c9/build_script_build-375c6e5e4e8645c9.build_script_build.188b591e-cgu.10.rcgu.o" "/opt/rustwide/target/debug/build/khronos_api-375c6e5e4e8645c9/build_script_build-375c6e5e4e8645c9.build_script_build.188b591e-cgu.11.rcgu.o" "/opt/rustwide/target/debug/build/khronos_api-375c6e5e4e8645c9/build_script_build-375c6e5e4e8645c9.build_script_build.188b591e-cgu.12.rcgu.o" "/opt/rustwide/target/debug/build/khronos_api-375c6e5e4e8645c9/build_script_build-375c6e5e4e8645c9.build_script_build.188b591e-cgu.13.rcgu.o" "/opt/rustwide/target/debug/build/khronos_api-375c6e5e4e8645c9/build_script_build-375c6e5e4e8645c9.build_script_build.188b591e-cgu.14.rcgu.o" "/opt/rustwide/target/debug/build/khronos_api-375c6e5e4e8645c9/build_script_build-375c6e5e4e8645c9.build_script_build.188b591e-cgu.15.rcgu.o" "/opt/rustwide/target/debug/build/khronos_api-375c6e5e4e8645c9/build_script_build-375c6e5e4e8645c9.build_script_build.188b591e-cgu.2.rcgu.o" "/opt/rustwide/target/debug/build/khronos_api-375c6e5e4e8645c9/build_script_build-375c6e5e4e8645c9.build_script_build.188b591e-cgu.3.rcgu.o" "/opt/rustwide/target/debug/build/khronos_api-375c6e5e4e8645c9/build_script_build-375c6e5e4e8645c9.build_script_build.188b591e-cgu.4.rcgu.o" "/opt/rustwide/target/debug/build/khronos_api-375c6e5e4e8645c9/build_script_build-375c6e5e4e8645c9.build_script_build.188b591e-cgu.5.rcgu.o" "/opt/rustwide/target/debug/build/khronos_api-375c6e5e4e8645c9/build_script_build-375c6e5e4e8645c9.build_script_build.188b591e-cgu.6.rcgu.o" "/opt/rustwide/target/debug/build/khronos_api-375c6e5e4e8645c9/build_script_build-375c6e5e4e8645c9.build_script_build.188b591e-cgu.7.rcgu.o" "/opt/rustwide/target/debug/build/khronos_api-375c6e5e4e8645c9/build_script_build-375c6e5e4e8645c9.build_script_build.188b591e-cgu.8.rcgu.o" "/opt/rustwide/target/debug/build/khronos_api-375c6e5e4e8645c9/build_script_build-375c6e5e4e8645c9.build_script_build.188b591e-cgu.9.rcgu.o" "/opt/rustwide/target/debug/build/khronos_api-375c6e5e4e8645c9/build_script_build-375c6e5e4e8645c9.a9ebtqexuh18ue2.rcgu.o" "-Wl,--as-needed" "-L" "/opt/rustwide/target/debug/deps" "-L" "/opt/rustwide/rustup-home/toolchains/beta-2023-04-20-x86_64-unknown-linux-gnu/lib/rustlib/x86_64-unknown-linux-gnu/lib" "-Wl,-Bstatic" "/opt/rustwide/rustup-home/toolchains/beta-2023-04-20-x86_64-unknown-linux-gnu/lib/rustlib/x86_64-unknown-linux-gnu/lib/libstd-0e29cc23c5e02021.rlib" "/opt/rustwide/rustup-home/toolchains/beta-2023-04-20-x86_64-unknown-linux-gnu/lib/rustlib/x86_64-unknown-linux-gnu/lib/libpanic_unwind-d903621768a861d9.rlib" "/opt/rustwide/rustup-home/toolchains/beta-2023-04-20-x86_64-unknown-linux-gnu/lib/rustlib/x86_64-unknown-linux-gnu/lib/libobject-6d0225e655f31c13.rlib" "/opt/rustwide/rustup-home/toolchains/beta-2023-04-20-x86_64-unknown-linux-gnu/lib/rustlib/x86_64-unknown-linux-gnu/lib/libmemchr-9dbaf4eac7eaa079.rlib" "/opt/rustwide/rustup-home/toolchains/beta-2023-04-20-x86_64-unknown-linux-gnu/lib/rustlib/x86_64-unknown-linux-gnu/lib/libaddr2line-27f05b3d42a66dd0.rlib" "/opt/rustwide/rustup-home/toolchains/beta-2023-04-20-x86_64-unknown-linux-gnu/lib/rustlib/x86_64-unknown-linux-gnu/lib/libgimli-4d73f1030321c9a2.rlib" "/opt/rustwide/rustup-home/toolchains/beta-2023-04-20-x86_64-unknown-linux-gnu/lib/rustlib/x86_64-unknown-linux-gnu/lib/librustc_demangle-2846c9e58abd0acb.rlib" "/opt/rustwide/rustup-home/toolchains/beta-2023-04-20-x86_64-unknown-linux-gnu/lib/rustlib/x86_64-unknown-linux-gnu/lib/libstd_detect-a53d0f50415947be.rlib" "/opt/rustwide/rustup-home/toolchains/beta-2023-04-20-x86_64-unknown-linux-gnu/lib/rustlib/x86_64-unknown-linux-gnu/lib/libhashbrown-d48e4b6abc25b9dc.rlib" "/opt/rustwide/rustup-home/toolchains/beta-2023-04-20-x86_64-unknown-linux-gnu/lib/rustlib/x86_64-unknown-linux-gnu/lib/libminiz_oxide-2991859439ef1207.rlib" "/opt/rustwide/rustup-home/toolchains/beta-2023-04-20-x86_64-unknown-linux-gnu/lib/rustlib/x86_64-unknown-linux-gnu/lib/libadler-8a687517e4221bae.rlib" "/opt/rustwide/rustup-home/toolchains/beta-2023-04-20-x86_64-unknown-linux-gnu/lib/rustlib/x86_64-unknown-linux-gnu/lib/librustc_std_workspace_alloc-e07b554f6a67f5b3.rlib" "/opt/rustwide/rustup-home/toolchains/beta-2023-04-20-x86_64-unknown-linux-gnu/lib/rustlib/x86_64-unknown-linux-gnu/lib/libunwind-b68238b7c3c619dd.rlib" "/opt/rustwide/rustup-home/toolchains/beta-2023-04-20-x86_64-unknown-linux-gnu/lib/rustlib/x86_64-unknown-linux-gnu/lib/libcfg_if-d5e213e896c017e4.rlib" "/opt/rustwide/rustup-home/toolchains/beta-2023-04-20-x86_64-unknown-linux-gnu/lib/rustlib/x86_64-unknown-linux-gnu/lib/liblibc-0211a3b2e61d8689.rlib" "/opt/rustwide/rustup-home/toolchains/beta-2023-04-20-x86_64-unknown-linux-gnu/lib/rustlib/x86_64-unknown-linux-gnu/lib/liballoc-b371f055239ba51f.rlib" "/opt/rustwide/rustup-home/toolchains/beta-2023-04-20-x86_64-unknown-linux-gnu/lib/rustlib/x86_64-unknown-linux-gnu/lib/librustc_std_workspace_core-e60518d2760eb01e.rlib" "/opt/rustwide/rustup-home/toolchains/beta-2023-04-20-x86_64-unknown-linux-gnu/lib/rustlib/x86_64-unknown-linux-gnu/lib/libcore-1ad943f92a4b1081.rlib" "/opt/rustwide/rustup-home/toolchains/beta-2023-04-20-x86_64-unknown-linux-gnu/lib/rustlib/x86_64-unknown-linux-gnu/lib/libcompiler_builtins-f0d6e4d0fc1e80b4.rlib" "-Wl,-Bdynamic" "-lgcc_s" "-lutil" "-lrt" "-lpthread" "-lm" "-ldl" "-lc" "-Wl,--eh-frame-hdr" "-Wl,-z,noexecstack" "-L" "/opt/rustwide/rustup-home/toolchains/beta-2023-04-20-x86_64-unknown-linux-gnu/lib/rustlib/x86_64-unknown-linux-gnu/lib" "-o" "/opt/rustwide/target/debug/build/khronos_api-375c6e5e4e8645c9/build_script_build-375c6e5e4e8645c9" "-Wl,--gc-sections" "-pie" "-Wl,-z,relro,-z,now" "-nodefaultlibs"
[INFO] [stdout]   = note: /usr/bin/ld: final link failed: No space left on device
[INFO] [stdout]           collect2: error: ld returned 1 exit status
[INFO] [stdout]           
[INFO] [stdout] 
[INFO] [stdout] 
[INFO] [stdout] error: linking with `cc` failed: exit status: 1
[INFO] [stdout]   |
[INFO] [stdout]   = note: LC_ALL="C" PATH="/opt/rustwide/rustup-home/toolchains/beta-2023-04-20-x86_64-unknown-linux-gnu/lib/rustlib/x86_64-unknown-linux-gnu/bin:/opt/rustwide/cargo-home/bin:/usr/local/sbin:/usr/local/bin:/usr/sbin:/usr/bin:/sbin:/bin" VSLANG="1033" "cc" "-m64" "/tmp/rustc0qptbd/symbols.o" "/opt/rustwide/target/debug/build/bitflags-f9295a527840cd94/build_script_build-f9295a527840cd94.build_script_build.620f6dd0-cgu.0.rcgu.o" "/opt/rustwide/target/debug/build/bitflags-f9295a527840cd94/build_script_build-f9295a527840cd94.build_script_build.620f6dd0-cgu.1.rcgu.o" "/opt/rustwide/target/debug/build/bitflags-f9295a527840cd94/build_script_build-f9295a527840cd94.build_script_build.620f6dd0-cgu.10.rcgu.o" "/opt/rustwide/target/debug/build/bitflags-f9295a527840cd94/build_script_build-f9295a527840cd94.build_script_build.620f6dd0-cgu.11.rcgu.o" "/opt/rustwide/target/debug/build/bitflags-f9295a527840cd94/build_script_build-f9295a527840cd94.build_script_build.620f6dd0-cgu.12.rcgu.o" "/opt/rustwide/target/debug/build/bitflags-f9295a527840cd94/build_script_build-f9295a527840cd94.build_script_build.620f6dd0-cgu.13.rcgu.o" "/opt/rustwide/target/debug/build/bitflags-f9295a527840cd94/build_script_build-f9295a527840cd94.build_script_build.620f6dd0-cgu.14.rcgu.o" "/opt/rustwide/target/debug/build/bitflags-f9295a527840cd94/build_script_build-f9295a527840cd94.build_script_build.620f6dd0-cgu.15.rcgu.o" "/opt/rustwide/target/debug/build/bitflags-f9295a527840cd94/build_script_build-f9295a527840cd94.build_script_build.620f6dd0-cgu.2.rcgu.o" "/opt/rustwide/target/debug/build/bitflags-f9295a527840cd94/build_script_build-f9295a527840cd94.build_script_build.620f6dd0-cgu.3.rcgu.o" "/opt/rustwide/target/debug/build/bitflags-f9295a527840cd94/build_script_build-f9295a527840cd94.build_script_build.620f6dd0-cgu.4.rcgu.o" "/opt/rustwide/target/debug/build/bitflags-f9295a527840cd94/build_script_build-f9295a527840cd94.build_script_build.620f6dd0-cgu.5.rcgu.o" "/opt/rustwide/target/debug/build/bitflags-f9295a527840cd94/build_script_build-f9295a527840cd94.build_script_build.620f6dd0-cgu.6.rcgu.o" "/opt/rustwide/target/debug/build/bitflags-f9295a527840cd94/build_script_build-f9295a527840cd94.build_script_build.620f6dd0-cgu.7.rcgu.o" "/opt/rustwide/target/debug/build/bitflags-f9295a527840cd94/build_script_build-f9295a527840cd94.build_script_build.620f6dd0-cgu.8.rcgu.o" "/opt/rustwide/target/debug/build/bitflags-f9295a527840cd94/build_script_build-f9295a527840cd94.build_script_build.620f6dd0-cgu.9.rcgu.o" "/opt/rustwide/target/debug/build/bitflags-f9295a527840cd94/build_script_build-f9295a527840cd94.2nsvolk6ujm3rj5r.rcgu.o" "-Wl,--as-needed" "-L" "/opt/rustwide/target/debug/deps" "-L" "/opt/rustwide/rustup-home/toolchains/beta-2023-04-20-x86_64-unknown-linux-gnu/lib/rustlib/x86_64-unknown-linux-gnu/lib" "-Wl,-Bstatic" "/opt/rustwide/rustup-home/toolchains/beta-2023-04-20-x86_64-unknown-linux-gnu/lib/rustlib/x86_64-unknown-linux-gnu/lib/libstd-0e29cc23c5e02021.rlib" "/opt/rustwide/rustup-home/toolchains/beta-2023-04-20-x86_64-unknown-linux-gnu/lib/rustlib/x86_64-unknown-linux-gnu/lib/libpanic_unwind-d903621768a861d9.rlib" "/opt/rustwide/rustup-home/toolchains/beta-2023-04-20-x86_64-unknown-linux-gnu/lib/rustlib/x86_64-unknown-linux-gnu/lib/libobject-6d0225e655f31c13.rlib" "/opt/rustwide/rustup-home/toolchains/beta-2023-04-20-x86_64-unknown-linux-gnu/lib/rustlib/x86_64-unknown-linux-gnu/lib/libmemchr-9dbaf4eac7eaa079.rlib" "/opt/rustwide/rustup-home/toolchains/beta-2023-04-20-x86_64-unknown-linux-gnu/lib/rustlib/x86_64-unknown-linux-gnu/lib/libaddr2line-27f05b3d42a66dd0.rlib" "/opt/rustwide/rustup-home/toolchains/beta-2023-04-20-x86_64-unknown-linux-gnu/lib/rustlib/x86_64-unknown-linux-gnu/lib/libgimli-4d73f1030321c9a2.rlib" "/opt/rustwide/rustup-home/toolchains/beta-2023-04-20-x86_64-unknown-linux-gnu/lib/rustlib/x86_64-unknown-linux-gnu/lib/librustc_demangle-2846c9e58abd0acb.rlib" "/opt/rustwide/rustup-home/toolchains/beta-2023-04-20-x86_64-unknown-linux-gnu/lib/rustlib/x86_64-unknown-linux-gnu/lib/libstd_detect-a53d0f50415947be.rlib" "/opt/rustwide/rustup-home/toolchains/beta-2023-04-20-x86_64-unknown-linux-gnu/lib/rustlib/x86_64-unknown-linux-gnu/lib/libhashbrown-d48e4b6abc25b9dc.rlib" "/opt/rustwide/rustup-home/toolchains/beta-2023-04-20-x86_64-unknown-linux-gnu/lib/rustlib/x86_64-unknown-linux-gnu/lib/libminiz_oxide-2991859439ef1207.rlib" "/opt/rustwide/rustup-home/toolchains/beta-2023-04-20-x86_64-unknown-linux-gnu/lib/rustlib/x86_64-unknown-linux-gnu/lib/libadler-8a687517e4221bae.rlib" "/opt/rustwide/rustup-home/toolchains/beta-2023-04-20-x86_64-unknown-linux-gnu/lib/rustlib/x86_64-unknown-linux-gnu/lib/librustc_std_workspace_alloc-e07b554f6a67f5b3.rlib" "/opt/rustwide/rustup-home/toolchains/beta-2023-04-20-x86_64-unknown-linux-gnu/lib/rustlib/x86_64-unknown-linux-gnu/lib/libunwind-b68238b7c3c619dd.rlib" "/opt/rustwide/rustup-home/toolchains/beta-2023-04-20-x86_64-unknown-linux-gnu/lib/rustlib/x86_64-unknown-linux-gnu/lib/libcfg_if-d5e213e896c017e4.rlib" "/opt/rustwide/rustup-home/toolchains/beta-2023-04-20-x86_64-unknown-linux-gnu/lib/rustlib/x86_64-unknown-linux-gnu/lib/liblibc-0211a3b2e61d8689.rlib" "/opt/rustwide/rustup-home/toolchains/beta-2023-04-20-x86_64-unknown-linux-gnu/lib/rustlib/x86_64-unknown-linux-gnu/lib/liballoc-b371f055239ba51f.rlib" "/opt/rustwide/rustup-home/toolchains/beta-2023-04-20-x86_64-unknown-linux-gnu/lib/rustlib/x86_64-unknown-linux-gnu/lib/librustc_std_workspace_core-e60518d2760eb01e.rlib" "/opt/rustwide/rustup-home/toolchains/beta-2023-04-20-x86_64-unknown-linux-gnu/lib/rustlib/x86_64-unknown-linux-gnu/lib/libcore-1ad943f92a4b1081.rlib" "/opt/rustwide/rustup-home/toolchains/beta-2023-04-20-x86_64-unknown-linux-gnu/lib/rustlib/x86_64-unknown-linux-gnu/lib/libcompiler_builtins-f0d6e4d0fc1e80b4.rlib" "-Wl,-Bdynamic" "-lgcc_s" "-lutil" "-lrt" "-lpthread" "-lm" "-ldl" "-lc" "-Wl,--eh-frame-hdr" "-Wl,-z,noexecstack" "-L" "/opt/rustwide/rustup-home/toolchains/beta-2023-04-20-x86_64-unknown-linux-gnu/lib/rustlib/x86_64-unknown-linux-gnu/lib" "-o" "/opt/rustwide/target/debug/build/bitflags-f9295a527840cd94/build_script_build-f9295a527840cd94" "-Wl,--gc-sections" "-pie" "-Wl,-z,relro,-z,now" "-nodefaultlibs"
[INFO] [stdout]   = note: /usr/bin/ld: final link failed: No space left on device
[INFO] [stdout]           collect2: error: ld returned 1 exit status
[INFO] [stdout]           
[INFO] [stdout] 
[INFO] [stdout] 
[INFO] [stderr] error: could not compile `khronos_api` (build script) due to previous error
[INFO] [stderr] error: could not compile `bitflags` (build script) due to previous error
[INFO] [stdout] error: linking with `cc` failed: exit status: 1
[INFO] [stdout]   |
[INFO] [stdout]   = note: LC_ALL="C" PATH="/opt/rustwide/rustup-home/toolchains/beta-2023-04-20-x86_64-unknown-linux-gnu/lib/rustlib/x86_64-unknown-linux-gnu/bin:/opt/rustwide/cargo-home/bin:/usr/local/sbin:/usr/local/bin:/usr/sbin:/usr/bin:/sbin:/bin" VSLANG="1033" "cc" "-m64" "/tmp/rustcVtdm6Z/symbols.o" "/opt/rustwide/target/debug/build/libc-ff607891b316f08e/build_script_build-ff607891b316f08e.build_script_build.beb613d9-cgu.0.rcgu.o" "/opt/rustwide/target/debug/build/libc-ff607891b316f08e/build_script_build-ff607891b316f08e.build_script_build.beb613d9-cgu.1.rcgu.o" "/opt/rustwide/target/debug/build/libc-ff607891b316f08e/build_script_build-ff607891b316f08e.build_script_build.beb613d9-cgu.10.rcgu.o" "/opt/rustwide/target/debug/build/libc-ff607891b316f08e/build_script_build-ff607891b316f08e.build_script_build.beb613d9-cgu.11.rcgu.o" "/opt/rustwide/target/debug/build/libc-ff607891b316f08e/build_script_build-ff607891b316f08e.build_script_build.beb613d9-cgu.12.rcgu.o" "/opt/rustwide/target/debug/build/libc-ff607891b316f08e/build_script_build-ff607891b316f08e.build_script_build.beb613d9-cgu.13.rcgu.o" "/opt/rustwide/target/debug/build/libc-ff607891b316f08e/build_script_build-ff607891b316f08e.build_script_build.beb613d9-cgu.14.rcgu.o" "/opt/rustwide/target/debug/build/libc-ff607891b316f08e/build_script_build-ff607891b316f08e.build_script_build.beb613d9-cgu.15.rcgu.o" "/opt/rustwide/target/debug/build/libc-ff607891b316f08e/build_script_build-ff607891b316f08e.build_script_build.beb613d9-cgu.2.rcgu.o" "/opt/rustwide/target/debug/build/libc-ff607891b316f08e/build_script_build-ff607891b316f08e.build_script_build.beb613d9-cgu.3.rcgu.o" "/opt/rustwide/target/debug/build/libc-ff607891b316f08e/build_script_build-ff607891b316f08e.build_script_build.beb613d9-cgu.4.rcgu.o" "/opt/rustwide/target/debug/build/libc-ff607891b316f08e/build_script_build-ff607891b316f08e.build_script_build.beb613d9-cgu.5.rcgu.o" "/opt/rustwide/target/debug/build/libc-ff607891b316f08e/build_script_build-ff607891b316f08e.build_script_build.beb613d9-cgu.6.rcgu.o" "/opt/rustwide/target/debug/build/libc-ff607891b316f08e/build_script_build-ff607891b316f08e.build_script_build.beb613d9-cgu.7.rcgu.o" "/opt/rustwide/target/debug/build/libc-ff607891b316f08e/build_script_build-ff607891b316f08e.build_script_build.beb613d9-cgu.8.rcgu.o" "/opt/rustwide/target/debug/build/libc-ff607891b316f08e/build_script_build-ff607891b316f08e.build_script_build.beb613d9-cgu.9.rcgu.o" "/opt/rustwide/target/debug/build/libc-ff607891b316f08e/build_script_build-ff607891b316f08e.2p5fzrfsfajr548f.rcgu.o" "-Wl,--as-needed" "-L" "/opt/rustwide/target/debug/deps" "-L" "/opt/rustwide/rustup-home/toolchains/beta-2023-04-20-x86_64-unknown-linux-gnu/lib/rustlib/x86_64-unknown-linux-gnu/lib" "-Wl,-Bstatic" "/opt/rustwide/rustup-home/toolchains/beta-2023-04-20-x86_64-unknown-linux-gnu/lib/rustlib/x86_64-unknown-linux-gnu/lib/libstd-0e29cc23c5e02021.rlib" "/opt/rustwide/rustup-home/toolchains/beta-2023-04-20-x86_64-unknown-linux-gnu/lib/rustlib/x86_64-unknown-linux-gnu/lib/libpanic_unwind-d903621768a861d9.rlib" "/opt/rustwide/rustup-home/toolchains/beta-2023-04-20-x86_64-unknown-linux-gnu/lib/rustlib/x86_64-unknown-linux-gnu/lib/libobject-6d0225e655f31c13.rlib" "/opt/rustwide/rustup-home/toolchains/beta-2023-04-20-x86_64-unknown-linux-gnu/lib/rustlib/x86_64-unknown-linux-gnu/lib/libmemchr-9dbaf4eac7eaa079.rlib" "/opt/rustwide/rustup-home/toolchains/beta-2023-04-20-x86_64-unknown-linux-gnu/lib/rustlib/x86_64-unknown-linux-gnu/lib/libaddr2line-27f05b3d42a66dd0.rlib" "/opt/rustwide/rustup-home/toolchains/beta-2023-04-20-x86_64-unknown-linux-gnu/lib/rustlib/x86_64-unknown-linux-gnu/lib/libgimli-4d73f1030321c9a2.rlib" "/opt/rustwide/rustup-home/toolchains/beta-2023-04-20-x86_64-unknown-linux-gnu/lib/rustlib/x86_64-unknown-linux-gnu/lib/librustc_demangle-2846c9e58abd0acb.rlib" "/opt/rustwide/rustup-home/toolchains/beta-2023-04-20-x86_64-unknown-linux-gnu/lib/rustlib/x86_64-unknown-linux-gnu/lib/libstd_detect-a53d0f50415947be.rlib" "/opt/rustwide/rustup-home/toolchains/beta-2023-04-20-x86_64-unknown-linux-gnu/lib/rustlib/x86_64-unknown-linux-gnu/lib/libhashbrown-d48e4b6abc25b9dc.rlib" "/opt/rustwide/rustup-home/toolchains/beta-2023-04-20-x86_64-unknown-linux-gnu/lib/rustlib/x86_64-unknown-linux-gnu/lib/libminiz_oxide-2991859439ef1207.rlib" "/opt/rustwide/rustup-home/toolchains/beta-2023-04-20-x86_64-unknown-linux-gnu/lib/rustlib/x86_64-unknown-linux-gnu/lib/libadler-8a687517e4221bae.rlib" "/opt/rustwide/rustup-home/toolchains/beta-2023-04-20-x86_64-unknown-linux-gnu/lib/rustlib/x86_64-unknown-linux-gnu/lib/librustc_std_workspace_alloc-e07b554f6a67f5b3.rlib" "/opt/rustwide/rustup-home/toolchains/beta-2023-04-20-x86_64-unknown-linux-gnu/lib/rustlib/x86_64-unknown-linux-gnu/lib/libunwind-b68238b7c3c619dd.rlib" "/opt/rustwide/rustup-home/toolchains/beta-2023-04-20-x86_64-unknown-linux-gnu/lib/rustlib/x86_64-unknown-linux-gnu/lib/libcfg_if-d5e213e896c017e4.rlib" "/opt/rustwide/rustup-home/toolchains/beta-2023-04-20-x86_64-unknown-linux-gnu/lib/rustlib/x86_64-unknown-linux-gnu/lib/liblibc-0211a3b2e61d8689.rlib" "/opt/rustwide/rustup-home/toolchains/beta-2023-04-20-x86_64-unknown-linux-gnu/lib/rustlib/x86_64-unknown-linux-gnu/lib/liballoc-b371f055239ba51f.rlib" "/opt/rustwide/rustup-home/toolchains/beta-2023-04-20-x86_64-unknown-linux-gnu/lib/rustlib/x86_64-unknown-linux-gnu/lib/librustc_std_workspace_core-e60518d2760eb01e.rlib" "/opt/rustwide/rustup-home/toolchains/beta-2023-04-20-x86_64-unknown-linux-gnu/lib/rustlib/x86_64-unknown-linux-gnu/lib/libcore-1ad943f92a4b1081.rlib" "/opt/rustwide/rustup-home/toolchains/beta-2023-04-20-x86_64-unknown-linux-gnu/lib/rustlib/x86_64-unknown-linux-gnu/lib/libcompiler_builtins-f0d6e4d0fc1e80b4.rlib" "-Wl,-Bdynamic" "-lgcc_s" "-lutil" "-lrt" "-lpthread" "-lm" "-ldl" "-lc" "-Wl,--eh-frame-hdr" "-Wl,-z,noexecstack" "-L" "/opt/rustwide/rustup-home/toolchains/beta-2023-04-20-x86_64-unknown-linux-gnu/lib/rustlib/x86_64-unknown-linux-gnu/lib" "-o" "/opt/rustwide/target/debug/build/libc-ff607891b316f08e/build_script_build-ff607891b316f08e" "-Wl,--gc-sections" "-pie" "-Wl,-z,relro,-z,now" "-nodefaultlibs"
[INFO] [stdout]   = note: /usr/bin/ld: final link failed: No space left on device
[INFO] [stdout]           collect2: error: ld returned 1 exit status
[INFO] [stdout]           
[INFO] [stdout] 
[INFO] [stdout] 
[INFO] [stderr] error: could not compile `libc` (build script) due to previous error
[INFO] [stdout] error: linking with `cc` failed: exit status: 1
[INFO] [stdout]   |
[INFO] [stdout]   = note: LC_ALL="C" PATH="/opt/rustwide/rustup-home/toolchains/beta-2023-04-20-x86_64-unknown-linux-gnu/lib/rustlib/x86_64-unknown-linux-gnu/bin:/opt/rustwide/cargo-home/bin:/usr/local/sbin:/usr/local/bin:/usr/sbin:/usr/bin:/sbin:/bin" VSLANG="1033" "cc" "-m64" "/tmp/rustcvc8Jnr/symbols.o" "/opt/rustwide/target/debug/build/nix-b1f5439a523f8518/build_script_build-b1f5439a523f8518.build_script_build.7cfdc9ef-cgu.0.rcgu.o" "/opt/rustwide/target/debug/build/nix-b1f5439a523f8518/build_script_build-b1f5439a523f8518.build_script_build.7cfdc9ef-cgu.1.rcgu.o" "/opt/rustwide/target/debug/build/nix-b1f5439a523f8518/build_script_build-b1f5439a523f8518.build_script_build.7cfdc9ef-cgu.2.rcgu.o" "/opt/rustwide/target/debug/build/nix-b1f5439a523f8518/build_script_build-b1f5439a523f8518.build_script_build.7cfdc9ef-cgu.3.rcgu.o" "/opt/rustwide/target/debug/build/nix-b1f5439a523f8518/build_script_build-b1f5439a523f8518.build_script_build.7cfdc9ef-cgu.4.rcgu.o" "/opt/rustwide/target/debug/build/nix-b1f5439a523f8518/build_script_build-b1f5439a523f8518.3u9jojktxeii6by4.rcgu.o" "-Wl,--as-needed" "-L" "/opt/rustwide/target/debug/deps" "-L" "/opt/rustwide/rustup-home/toolchains/beta-2023-04-20-x86_64-unknown-linux-gnu/lib/rustlib/x86_64-unknown-linux-gnu/lib" "-Wl,-Bstatic" "/opt/rustwide/rustup-home/toolchains/beta-2023-04-20-x86_64-unknown-linux-gnu/lib/rustlib/x86_64-unknown-linux-gnu/lib/libstd-0e29cc23c5e02021.rlib" "/opt/rustwide/rustup-home/toolchains/beta-2023-04-20-x86_64-unknown-linux-gnu/lib/rustlib/x86_64-unknown-linux-gnu/lib/libpanic_unwind-d903621768a861d9.rlib" "/opt/rustwide/rustup-home/toolchains/beta-2023-04-20-x86_64-unknown-linux-gnu/lib/rustlib/x86_64-unknown-linux-gnu/lib/libobject-6d0225e655f31c13.rlib" "/opt/rustwide/rustup-home/toolchains/beta-2023-04-20-x86_64-unknown-linux-gnu/lib/rustlib/x86_64-unknown-linux-gnu/lib/libmemchr-9dbaf4eac7eaa079.rlib" "/opt/rustwide/rustup-home/toolchains/beta-2023-04-20-x86_64-unknown-linux-gnu/lib/rustlib/x86_64-unknown-linux-gnu/lib/libaddr2line-27f05b3d42a66dd0.rlib" "/opt/rustwide/rustup-home/toolchains/beta-2023-04-20-x86_64-unknown-linux-gnu/lib/rustlib/x86_64-unknown-linux-gnu/lib/libgimli-4d73f1030321c9a2.rlib" "/opt/rustwide/rustup-home/toolchains/beta-2023-04-20-x86_64-unknown-linux-gnu/lib/rustlib/x86_64-unknown-linux-gnu/lib/librustc_demangle-2846c9e58abd0acb.rlib" "/opt/rustwide/rustup-home/toolchains/beta-2023-04-20-x86_64-unknown-linux-gnu/lib/rustlib/x86_64-unknown-linux-gnu/lib/libstd_detect-a53d0f50415947be.rlib" "/opt/rustwide/rustup-home/toolchains/beta-2023-04-20-x86_64-unknown-linux-gnu/lib/rustlib/x86_64-unknown-linux-gnu/lib/libhashbrown-d48e4b6abc25b9dc.rlib" "/opt/rustwide/rustup-home/toolchains/beta-2023-04-20-x86_64-unknown-linux-gnu/lib/rustlib/x86_64-unknown-linux-gnu/lib/libminiz_oxide-2991859439ef1207.rlib" "/opt/rustwide/rustup-home/toolchains/beta-2023-04-20-x86_64-unknown-linux-gnu/lib/rustlib/x86_64-unknown-linux-gnu/lib/libadler-8a687517e4221bae.rlib" "/opt/rustwide/rustup-home/toolchains/beta-2023-04-20-x86_64-unknown-linux-gnu/lib/rustlib/x86_64-unknown-linux-gnu/lib/librustc_std_workspace_alloc-e07b554f6a67f5b3.rlib" "/opt/rustwide/rustup-home/toolchains/beta-2023-04-20-x86_64-unknown-linux-gnu/lib/rustlib/x86_64-unknown-linux-gnu/lib/libunwind-b68238b7c3c619dd.rlib" "/opt/rustwide/rustup-home/toolchains/beta-2023-04-20-x86_64-unknown-linux-gnu/lib/rustlib/x86_64-unknown-linux-gnu/lib/libcfg_if-d5e213e896c017e4.rlib" "/opt/rustwide/rustup-home/toolchains/beta-2023-04-20-x86_64-unknown-linux-gnu/lib/rustlib/x86_64-unknown-linux-gnu/lib/liblibc-0211a3b2e61d8689.rlib" "/opt/rustwide/rustup-home/toolchains/beta-2023-04-20-x86_64-unknown-linux-gnu/lib/rustlib/x86_64-unknown-linux-gnu/lib/liballoc-b371f055239ba51f.rlib" "/opt/rustwide/rustup-home/toolchains/beta-2023-04-20-x86_64-unknown-linux-gnu/lib/rustlib/x86_64-unknown-linux-gnu/lib/librustc_std_workspace_core-e60518d2760eb01e.rlib" "/opt/rustwide/rustup-home/toolchains/beta-2023-04-20-x86_64-unknown-linux-gnu/lib/rustlib/x86_64-unknown-linux-gnu/lib/libcore-1ad943f92a4b1081.rlib" "/opt/rustwide/rustup-home/toolchains/beta-2023-04-20-x86_64-unknown-linux-gnu/lib/rustlib/x86_64-unknown-linux-gnu/lib/libcompiler_builtins-f0d6e4d0fc1e80b4.rlib" "-Wl,-Bdynamic" "-lgcc_s" "-lutil" "-lrt" "-lpthread" "-lm" "-ldl" "-lc" "-Wl,--eh-frame-hdr" "-Wl,-z,noexecstack" "-L" "/opt/rustwide/rustup-home/toolchains/beta-2023-04-20-x86_64-unknown-linux-gnu/lib/rustlib/x86_64-unknown-linux-gnu/lib" "-o" "/opt/rustwide/target/debug/build/nix-b1f5439a523f8518/build_script_build-b1f5439a523f8518" "-Wl,--gc-sections" "-pie" "-Wl,-z,relro,-z,now" "-nodefaultlibs"
[INFO] [stdout]   = note: /usr/bin/ld: final link failed: No space left on device
[INFO] [stdout]           collect2: error: ld returned 1 exit status
[INFO] [stdout]           
[INFO] [stdout] 
[INFO] [stdout] 
[INFO] [stderr] error: could not compile `nix` (build script) due to previous error
[INFO] [stdout] error: couldn't create a temp dir: No space left on device (os error 28) at path "/opt/rustwide/target/debug/deps/rmetaYWB7ch"
[INFO] [stdout] 
[INFO] [stdout] 
[INFO] [stderr] error: could not compile `xml-rs` (lib) due to previous error
[INFO] [stdout] error: couldn't create a temp dir: No space left on device (os error 28) at path "/opt/rustwide/target/debug/deps/rmetaTVSTmr"
[INFO] [stdout] 
[INFO] [stdout] 
[INFO] [stderr] error: could not compile `ttf-parser` (lib) due to previous error
[INFO] running `Command { std: "docker" "inspect" "72cf83ea76e47899bfafeaad01edd68bebffaca78061e5987d99e937dd9271c4", kill_on_drop: false }`
[INFO] running `Command { std: "docker" "rm" "-f" "72cf83ea76e47899bfafeaad01edd68bebffaca78061e5987d99e937dd9271c4", kill_on_drop: false }`
[INFO] [stdout] 72cf83ea76e47899bfafeaad01edd68bebffaca78061e5987d99e937dd9271c4
