[INFO] cloning repository https://github.com/leod/hooks
[INFO] running `Command { std: "git" "-c" "credential.helper=" "-c" "credential.helper=/workspace/cargo-home/bin/git-credential-null" "clone" "--bare" "https://github.com/leod/hooks" "/workspace/cache/git-repos/https%3A%2F%2Fgithub.com%2Fleod%2Fhooks", kill_on_drop: false }`
[INFO] [stderr] Cloning into bare repository '/workspace/cache/git-repos/https%3A%2F%2Fgithub.com%2Fleod%2Fhooks'...
[INFO] running `Command { std: "git" "rev-parse" "HEAD", kill_on_drop: false }`
[INFO] [stdout] 1b3a44e672c897fd0a6f1f245a7076cbcab8f9e7
[INFO] documenting leod/hooks against beta-2023-04-20 for beta-1.70-rustdoc-1
[INFO] running `Command { std: "git" "clone" "/workspace/cache/git-repos/https%3A%2F%2Fgithub.com%2Fleod%2Fhooks" "/workspace/builds/worker-4-tc2/source", kill_on_drop: false }`
[INFO] [stderr] Cloning into '/workspace/builds/worker-4-tc2/source'...
[INFO] [stderr] done.
[INFO] validating manifest of git repo https://github.com/leod/hooks on toolchain beta-2023-04-20
[INFO] running `Command { std: CARGO_HOME="/workspace/cargo-home" RUSTUP_HOME="/workspace/rustup-home" "/workspace/cargo-home/bin/cargo" "+beta-2023-04-20" "metadata" "--manifest-path" "Cargo.toml" "--no-deps", kill_on_drop: false }`
[INFO] started tweaking git repo https://github.com/leod/hooks
[INFO] finished tweaking git repo https://github.com/leod/hooks
[INFO] tweaked toml for git repo https://github.com/leod/hooks written to /workspace/builds/worker-4-tc2/source/Cargo.toml
[INFO] crate git repo https://github.com/leod/hooks already has a lockfile, it will not be regenerated
[INFO] running `Command { std: CARGO_HOME="/workspace/cargo-home" RUSTUP_HOME="/workspace/rustup-home" "/workspace/cargo-home/bin/cargo" "+beta-2023-04-20" "fetch" "--manifest-path" "Cargo.toml", kill_on_drop: false }`
[INFO] [stderr]     Updating crates.io index
[INFO] [stderr]  Downloading crates ...
[INFO] [stderr]   Downloaded hibitset v0.5.0
[INFO] [stderr]   Downloaded lyon_path_iterator v0.8.5
[INFO] [stderr]   Downloaded lyon v0.8.8
[INFO] [stderr]   Downloaded bit_manager_derive v0.1.1
[INFO] [stderr]   Downloaded shred v0.6.2
[INFO] [stderr]   Downloaded miniz_oxide_c_api v0.1.2
[INFO] [stderr]   Downloaded rusttype v0.3.0
[INFO] [stderr]   Downloaded lyon_tessellation v0.8.8
[INFO] [stderr]   Downloaded lyon_extra v0.8.6
[INFO] [stderr]   Downloaded smallvec v0.6.0
[INFO] [stderr]   Downloaded cpal v0.4.6
[INFO] [stderr]   Downloaded lyon_path_builder v0.8.6
[INFO] [stderr]   Downloaded lyon_core v0.8.0
[INFO] [stderr]   Downloaded bindgen v0.35.0
[INFO] [stderr]   Downloaded svgparser v0.4.3
[INFO] [stderr]   Downloaded enet-sys v0.2.0
[INFO] [stderr]   Downloaded bit_manager v0.5.3
[INFO] [stderr]   Downloaded rodio v0.5.2
[INFO] [stderr]   Downloaded shred-derive v0.4.0
[INFO] [stderr]   Downloaded lyon_bezier v0.8.5
[INFO] [stderr]   Downloaded miniz_oxide v0.1.2
[INFO] [stderr]   Downloaded lyon_svg v0.8.6
[INFO] [stderr]   Downloaded lyon_path v0.8.6
[INFO] [stderr]   Downloaded euclid v0.15.6
[INFO] running `Command { std: "docker" "create" "-v" "/var/lib/crater-agent-workspace/builds/worker-4-tc2/target:/opt/rustwide/target:rw,Z" "-v" "/var/lib/crater-agent-workspace/builds/worker-4-tc2/source:/opt/rustwide/workdir:ro,Z" "-v" "/var/lib/crater-agent-workspace/cargo-home:/opt/rustwide/cargo-home:ro,Z" "-v" "/var/lib/crater-agent-workspace/rustup-home:/opt/rustwide/rustup-home:ro,Z" "-e" "SOURCE_DIR=/opt/rustwide/workdir" "-e" "CARGO_TARGET_DIR=/opt/rustwide/target" "-e" "CARGO_HOME=/opt/rustwide/cargo-home" "-e" "RUSTUP_HOME=/opt/rustwide/rustup-home" "-w" "/opt/rustwide/workdir" "-m" "1610612736" "--user" "0:0" "--network" "none" "ghcr.io/rust-lang/crates-build-env/linux@sha256:5ff2268d62e97bff2cde7d5815dd6ed5b47097566f13b8d0ca110b04b60e07ed" "/opt/rustwide/cargo-home/bin/cargo" "+beta-2023-04-20" "metadata" "--no-deps" "--format-version=1", kill_on_drop: false }`
[INFO] [stdout] 7bf5a9db02db86aa03a5790515ad26f71ca97671d3fa993dd0a3ee836dda3b80
[INFO] running `Command { std: "docker" "start" "-a" "7bf5a9db02db86aa03a5790515ad26f71ca97671d3fa993dd0a3ee836dda3b80", kill_on_drop: false }`
[INFO] running `Command { std: "docker" "inspect" "7bf5a9db02db86aa03a5790515ad26f71ca97671d3fa993dd0a3ee836dda3b80", kill_on_drop: false }`
[INFO] running `Command { std: "docker" "rm" "-f" "7bf5a9db02db86aa03a5790515ad26f71ca97671d3fa993dd0a3ee836dda3b80", kill_on_drop: false }`
[INFO] [stdout] 7bf5a9db02db86aa03a5790515ad26f71ca97671d3fa993dd0a3ee836dda3b80
[INFO] running `Command { std: "docker" "create" "-v" "/var/lib/crater-agent-workspace/builds/worker-4-tc2/target:/opt/rustwide/target:rw,Z" "-v" "/var/lib/crater-agent-workspace/builds/worker-4-tc2/source:/opt/rustwide/workdir:ro,Z" "-v" "/var/lib/crater-agent-workspace/cargo-home:/opt/rustwide/cargo-home:ro,Z" "-v" "/var/lib/crater-agent-workspace/rustup-home:/opt/rustwide/rustup-home:ro,Z" "-e" "SOURCE_DIR=/opt/rustwide/workdir" "-e" "CARGO_TARGET_DIR=/opt/rustwide/target" "-e" "CARGO_INCREMENTAL=0" "-e" "RUST_BACKTRACE=full" "-e" "RUSTFLAGS=--cap-lints=warn" "-e" "RUSTDOCFLAGS=--cap-lints=warn" "-e" "CARGO_HOME=/opt/rustwide/cargo-home" "-e" "RUSTUP_HOME=/opt/rustwide/rustup-home" "-w" "/opt/rustwide/workdir" "-m" "1610612736" "--user" "0:0" "--network" "none" "ghcr.io/rust-lang/crates-build-env/linux@sha256:5ff2268d62e97bff2cde7d5815dd6ed5b47097566f13b8d0ca110b04b60e07ed" "/opt/rustwide/cargo-home/bin/cargo" "+beta-2023-04-20" "doc" "--frozen" "--no-deps" "--document-private-items" "--message-format=json", kill_on_drop: false }`
[INFO] [stdout] 8373acb23ee7734841310d350a15ead2d8bfaec39558321e074f3c7f1a50b695
[INFO] running `Command { std: "docker" "start" "-a" "8373acb23ee7734841310d350a15ead2d8bfaec39558321e074f3c7f1a50b695", kill_on_drop: false }`
[INFO] [stderr]     Checking libc v0.2.40
[INFO] [stderr]     Checking num-traits v0.2.2
[INFO] [stderr]     Checking cfg-if v0.1.2
[INFO] [stderr]     Checking nodrop v0.1.12
[INFO] [stderr]    Compiling cc v1.0.9
[INFO] [stderr]    Compiling quote v0.3.15
[INFO] [stderr]    Compiling unicode-xid v0.0.4
[INFO] [stderr]     Checking byteorder v1.2.2
[INFO] [stderr]    Compiling bitflags v1.0.1
[INFO] [stderr]     Checking lazy_static v1.0.0
[INFO] [stderr]    Compiling typenum v1.10.0
[INFO] [stderr]     Checking approx v0.1.1
[INFO] [stderr]     Checking rustc-serialize v0.3.24
[INFO] [stderr]    Compiling matrixmultiply v0.1.14
[INFO] [stderr]     Checking log v0.4.1
[INFO] [stderr]     Checking crossbeam-utils v0.2.2
[INFO] [stderr]    Compiling regex v0.2.10
[INFO] [stderr]     Checking arrayvec v0.4.7
[INFO] [stderr]    Compiling unicode-xid v0.1.0
[INFO] [stderr]     Checking memoffset v0.2.1
[INFO] [stderr]     Checking rawpointer v0.1.0
[INFO] [stderr]    Compiling heapsize v0.4.2
[INFO] [stderr]     Checking scopeguard v0.3.3
[INFO] [stderr]     Checking serde v1.0.37
[INFO] [stderr]    Compiling either v1.5.0
[INFO] [stderr]    Compiling rayon-core v1.4.0
[INFO] [stderr]     Checking log v0.3.9
[INFO] [stderr]    Compiling syn v0.10.8
[INFO] [stderr]    Compiling glob v0.2.11
[INFO] [stderr]    Compiling itertools v0.5.10
[INFO] [stderr]     Checking crossbeam-epoch v0.3.1
[INFO] [stderr]     Checking rand v0.4.2
[INFO] [stderr]     Checking num_cpus v1.8.0
[INFO] [stderr]    Compiling void v1.0.2
[INFO] [stderr]    Compiling memchr v2.0.1
[INFO] [stderr]    Compiling synom v0.11.3
[INFO] [stderr]    Compiling unreachable v1.0.0
[INFO] [stderr]     Checking num-traits v0.1.43
[INFO] [stderr]     Checking odds v0.2.26
[INFO] [stderr]    Compiling ucd-util v0.1.1
[INFO] [stderr]     Checking crossbeam-deque v0.2.0
[INFO] [stderr]    Compiling thread_local v0.3.5
[INFO] [stderr]    Compiling syn v0.11.11
[INFO] [stderr]    Compiling aho-corasick v0.6.4
[INFO] [stderr]    Compiling regex-syntax v0.5.3
[INFO] [stderr]    Compiling atty v0.2.8
[INFO] [stderr]    Compiling clang-sys v0.22.0
[INFO] [stderr]    Compiling memchr v1.0.2
[INFO] [stderr]     Checking arrayvec v0.3.25
[INFO] [stderr]    Compiling utf8-ranges v1.0.0
[INFO] [stderr]    Compiling libloading v0.5.0
[INFO] [stderr]    Compiling unicode-width v0.1.4
[INFO] [stderr]     Checking adler32 v1.0.2
[INFO] [stderr]    Compiling quick-error v1.2.1
[INFO] [stderr]    Compiling khronos_api v2.2.0
[INFO] [stderr]    Compiling nom v3.2.1
[INFO] [stderr]     Checking num-integer v0.1.36
[INFO] [stderr]    Compiling textwrap v0.9.0
[INFO] [stderr]    Compiling humantime v1.1.1
[INFO] [stderr]    Compiling vec_map v0.8.0
[INFO] [stderr]    Compiling termcolor v0.3.6
[INFO] [stderr]     Checking generic-array v0.8.3
[INFO] [stderr]    Compiling ansi_term v0.11.0
[INFO] [stderr]     Checking rayon v1.0.1
[INFO] [stderr]    Compiling bindgen v0.35.0
[INFO] [stderr]    Compiling strsim v0.7.0
[INFO] [stderr]    Compiling which v1.0.5
[INFO] [stderr]    Compiling xml-rs v0.7.0
[INFO] [stderr]    Compiling build_const v0.2.0
[INFO] [stderr]    Compiling clap v2.31.2
[INFO] [stderr]     Checking num-complex v0.1.43
[INFO] [stderr]     Checking siphasher v0.2.2
[INFO] [stderr]    Compiling peeking_take_while v0.1.2
[INFO] [stderr]     Checking num-iter v0.1.35
[INFO] [stderr]     Checking draw_state v0.8.0
[INFO] [stderr]    Compiling cmake v0.1.30
[INFO] [stderr]    Compiling crc v1.7.0
[INFO] [stderr]    Compiling proc-macro2 v0.2.3
[INFO] [stderr]    Compiling pkg-config v0.3.9
[INFO] [stderr]     Checking phf_shared v0.7.21
[INFO] [stderr]    Compiling cexpr v0.2.3
[INFO] [stderr]     Checking phf v0.7.21
[INFO] [stderr]     Checking alga v0.5.3
[INFO] [stderr]    Compiling gl_generator v0.9.0
[INFO] [stderr]     Checking rand v0.3.22
[INFO] [stderr]    Compiling quote v0.4.2
[INFO] [stderr]    Compiling bzip2-sys v0.1.6
[INFO] [stderr]    Compiling alsa-sys v0.1.1
[INFO] [stderr]    Compiling miniz_oxide_c_api v0.1.2
[INFO] [stderr]    Compiling shred-derive v0.4.0
[INFO] [stderr]     Checking nalgebra v0.14.1
[INFO] [stderr]    Compiling proc-macro2 v0.3.5
[INFO] [stderr]     Checking fxhash v0.2.1
[INFO] [stderr]    Compiling sdl2-sys v0.31.0
[INFO] [stderr]     Checking smallvec v0.6.0
[INFO] [stderr]     Checking lazy_static v0.2.11
[INFO] [stderr]     Checking mopa v0.2.2
[INFO] [stderr]     Checking slab v0.4.0
[INFO] [stderr]     Checking atom v0.3.4
[INFO] [stderr]    Compiling quote v0.5.1
[INFO] [stderr]     Checking hibitset v0.5.0
[INFO] [stderr]    Compiling syn v0.12.15
[INFO] [stderr]     Checking svgparser v0.4.3
[INFO] [stderr]    Compiling gfx_gl v0.5.0
[INFO] [stderr]     Checking shred v0.6.2
[INFO] [stderr]     Checking miniz_oxide v0.1.2
[INFO] [stderr]     Checking euclid v0.15.6
[INFO] [stderr]     Checking fnv v1.0.6
[INFO] [stderr]     Checking crossbeam v0.3.2
[INFO] [stderr]     Checking tuple_utils v0.2.0
[INFO] [stderr]     Checking shrev v0.8.1
[INFO] [stderr]    Compiling bit_manager v0.5.3
[INFO] [stdout] error[E0119]: conflicting implementations of trait `Mul<&_>` for type `translation::Translation<_, _>`
[INFO] [stdout]    --> /opt/rustwide/cargo-home/registry/src/index.crates.io-6f17d22bba15001f/nalgebra-0.14.1/src/geometry/isometry_ops.rs:67:9
[INFO] [stdout]     |
[INFO] [stdout] 67  | /         impl<$($lives ,)* N: Real, D: DimName, R> $Op<$Rhs> for $Lhs
[INFO] [stdout] 68  | |             where R: AlgaRotation<Point<N, D>>,
[INFO] [stdout] 69  | |                   DefaultAllocator: Allocator<N, D> {
[INFO] [stdout] 70  | |             type Output = $Output;
[INFO] [stdout] ...   |
[INFO] [stdout] 75  | |             }
[INFO] [stdout] 76  | |         }
[INFO] [stdout]     | |         ^
[INFO] [stdout]     | |         |
[INFO] [stdout]     | |_________first implementation here
[INFO] [stdout]     |           conflicting implementation for `translation::Translation<_, _>`
[INFO] [stdout] ...
[INFO] [stdout] 285 | / isometry_binop_impl_all!(
[INFO] [stdout] 286 | |     Mul, mul;
[INFO] [stdout] 287 | |     self: Translation<N, D>, right: R, Output = Isometry<N, D, R>;
[INFO] [stdout] 288 | |     [val val] => Isometry::from_parts(self, right);
[INFO] [stdout] ...   |
[INFO] [stdout] 291 | |     [ref ref] => Isometry::from_parts(self.clone(), right.clone());
[INFO] [stdout] 292 | | );
[INFO] [stdout]     | |_- in this macro invocation
[INFO] [stdout]     |
[INFO] [stdout]     = note: downstream crates may implement trait `alga::linear::Rotation<geometry::point::Point<_, _>>` for type `&_`
[INFO] [stdout]     = note: this error originates in the macro `isometry_binop_impl` which comes from the expansion of the macro `isometry_binop_impl_all` (in Nightly builds, run with -Z macro-backtrace for more info)
[INFO] [stdout] 
[INFO] [stdout] 
[INFO] [stdout] error[E0119]: conflicting implementations of trait `Mul<&_>` for type `&translation::Translation<_, _>`
[INFO] [stdout]    --> /opt/rustwide/cargo-home/registry/src/index.crates.io-6f17d22bba15001f/nalgebra-0.14.1/src/geometry/isometry_ops.rs:67:9
[INFO] [stdout]     |
[INFO] [stdout] 67  | /         impl<$($lives ,)* N: Real, D: DimName, R> $Op<$Rhs> for $Lhs
[INFO] [stdout] 68  | |             where R: AlgaRotation<Point<N, D>>,
[INFO] [stdout] 69  | |                   DefaultAllocator: Allocator<N, D> {
[INFO] [stdout] 70  | |             type Output = $Output;
[INFO] [stdout] ...   |
[INFO] [stdout] 75  | |             }
[INFO] [stdout] 76  | |         }
[INFO] [stdout]     | |         ^
[INFO] [stdout]     | |         |
[INFO] [stdout]     | |_________first implementation here
[INFO] [stdout]     |           conflicting implementation for `&translation::Translation<_, _>`
[INFO] [stdout] ...
[INFO] [stdout] 285 | / isometry_binop_impl_all!(
[INFO] [stdout] 286 | |     Mul, mul;
[INFO] [stdout] 287 | |     self: Translation<N, D>, right: R, Output = Isometry<N, D, R>;
[INFO] [stdout] 288 | |     [val val] => Isometry::from_parts(self, right);
[INFO] [stdout] ...   |
[INFO] [stdout] 291 | |     [ref ref] => Isometry::from_parts(self.clone(), right.clone());
[INFO] [stdout] 292 | | );
[INFO] [stdout]     | |_- in this macro invocation
[INFO] [stdout]     |
[INFO] [stdout]     = note: downstream crates may implement trait `alga::linear::Rotation<geometry::point::Point<_, _>>` for type `&_`
[INFO] [stdout]     = note: this error originates in the macro `isometry_binop_impl` which comes from the expansion of the macro `isometry_binop_impl_all` (in Nightly builds, run with -Z macro-backtrace for more info)
[INFO] [stdout] 
[INFO] [stdout] 
[INFO] [stdout] error[E0592]: duplicate definitions with name `new`
[INFO] [stdout]    --> /opt/rustwide/cargo-home/registry/src/index.crates.io-6f17d22bba15001f/nalgebra-0.14.1/src/core/construction.rs:489:13
[INFO] [stdout]     |
[INFO] [stdout] 489 |               pub fn new($($args: N),*) -> Self {
[INFO] [stdout]     |               ^^^^^^^^^^^^^^^^^^^^^^^^^^^^^^^^^ duplicate definitions for `new`
[INFO] [stdout] ...
[INFO] [stdout] 501 | / componentwise_constructors_impl!(
[INFO] [stdout] 502 | |     /*
[INFO] [stdout] 503 | |      * Square matrices 1 .. 6.
[INFO] [stdout] 504 | |      */
[INFO] [stdout] ...   |
[INFO] [stdout] 643 | |     U6, U1, x:(0,0), y:(1,0), z:(2,0), w:(3,0), a:(4,0), b:(5,0);
[INFO] [stdout] 644 | | );
[INFO] [stdout]     | |_- in this macro invocation
[INFO] [stdout]     |
[INFO] [stdout]    ::: /opt/rustwide/cargo-home/registry/src/index.crates.io-6f17d22bba15001f/nalgebra-0.14.1/src/core/construction_slice.rs:161:13
[INFO] [stdout]     |
[INFO] [stdout] 161 |               pub fn new(data: &'a [N], $($args: usize),*) -> Self {
[INFO] [stdout]     |               ---------------------------------------------------- other definition for `new`
[INFO] [stdout]     |
[INFO] [stdout]     = note: this error originates in the macro `componentwise_constructors_impl` (in Nightly builds, run with -Z macro-backtrace for more info)
[INFO] [stdout] 
[INFO] [stdout] 
[INFO] [stdout] error[E0592]: duplicate definitions with name `new`
[INFO] [stdout]    --> /opt/rustwide/cargo-home/registry/src/index.crates.io-6f17d22bba15001f/nalgebra-0.14.1/src/core/construction.rs:489:13
[INFO] [stdout]     |
[INFO] [stdout] 489 |               pub fn new($($args: N),*) -> Self {
[INFO] [stdout]     |               ^^^^^^^^^^^^^^^^^^^^^^^^^^^^^^^^^ duplicate definitions for `new`
[INFO] [stdout] ...
[INFO] [stdout] 501 | / componentwise_constructors_impl!(
[INFO] [stdout] 502 | |     /*
[INFO] [stdout] 503 | |      * Square matrices 1 .. 6.
[INFO] [stdout] 504 | |      */
[INFO] [stdout] ...   |
[INFO] [stdout] 643 | |     U6, U1, x:(0,0), y:(1,0), z:(2,0), w:(3,0), a:(4,0), b:(5,0);
[INFO] [stdout] 644 | | );
[INFO] [stdout]     | |_- in this macro invocation
[INFO] [stdout]     |
[INFO] [stdout]    ::: /opt/rustwide/cargo-home/registry/src/index.crates.io-6f17d22bba15001f/nalgebra-0.14.1/src/core/construction_slice.rs:218:13
[INFO] [stdout]     |
[INFO] [stdout] 218 |               pub fn new(data: &'a mut [N], $($args: usize),*) -> Self {
[INFO] [stdout]     |               -------------------------------------------------------- other definition for `new`
[INFO] [stdout]     |
[INFO] [stdout]     = note: this error originates in the macro `componentwise_constructors_impl` (in Nightly builds, run with -Z macro-backtrace for more info)
[INFO] [stdout] 
[INFO] [stdout] 
[INFO] [stderr]    Compiling derivative v1.0.0
[INFO] [stderr]    Compiling syn v0.13.1
[INFO] [stderr]     Checking lyon_core v0.8.0
[INFO] [stderr]     Checking lyon_bezier v0.8.5
[INFO] [stdout] error: aborting due to 4 previous errors
[INFO] [stdout] 
[INFO] [stdout] 
[INFO] [stdout] Some errors have detailed explanations: E0119, E0592.
[INFO] [stdout] 
[INFO] [stdout] For more information about an error, try `rustc --explain E0119`.
[INFO] [stdout] 
[INFO] [stderr] error: could not compile `nalgebra` (lib) due to 5 previous errors
[INFO] [stderr] warning: build failed, waiting for other jobs to finish...
[INFO] running `Command { std: "docker" "inspect" "8373acb23ee7734841310d350a15ead2d8bfaec39558321e074f3c7f1a50b695", kill_on_drop: false }`
[INFO] running `Command { std: "docker" "rm" "-f" "8373acb23ee7734841310d350a15ead2d8bfaec39558321e074f3c7f1a50b695", kill_on_drop: false }`
[INFO] [stdout] 8373acb23ee7734841310d350a15ead2d8bfaec39558321e074f3c7f1a50b695
