[INFO] cloning repository https://github.com/lenscas/arena_keeper
[INFO] running `Command { std: "git" "-c" "credential.helper=" "-c" "credential.helper=/workspace/cargo-home/bin/git-credential-null" "clone" "--bare" "https://github.com/lenscas/arena_keeper" "/workspace/cache/git-repos/https%3A%2F%2Fgithub.com%2Flenscas%2Farena_keeper", kill_on_drop: false }`
[INFO] [stderr] Cloning into bare repository '/workspace/cache/git-repos/https%3A%2F%2Fgithub.com%2Flenscas%2Farena_keeper'...
[INFO] running `Command { std: "git" "rev-parse" "HEAD", kill_on_drop: false }`
[INFO] [stdout] e81e68d796dbe986d609d2e91d248d794d8c9502
[INFO] documenting lenscas/arena_keeper against beta-2023-04-20 for beta-1.70-rustdoc-1
[INFO] running `Command { std: "git" "clone" "/workspace/cache/git-repos/https%3A%2F%2Fgithub.com%2Flenscas%2Farena_keeper" "/workspace/builds/worker-6-tc2/source", kill_on_drop: false }`
[INFO] [stderr] Cloning into '/workspace/builds/worker-6-tc2/source'...
[INFO] [stderr] done.
[INFO] validating manifest of git repo https://github.com/lenscas/arena_keeper on toolchain beta-2023-04-20
[INFO] running `Command { std: CARGO_HOME="/workspace/cargo-home" RUSTUP_HOME="/workspace/rustup-home" "/workspace/cargo-home/bin/cargo" "+beta-2023-04-20" "metadata" "--manifest-path" "Cargo.toml" "--no-deps", kill_on_drop: false }`
[INFO] started tweaking git repo https://github.com/lenscas/arena_keeper
[INFO] finished tweaking git repo https://github.com/lenscas/arena_keeper
[INFO] tweaked toml for git repo https://github.com/lenscas/arena_keeper written to /workspace/builds/worker-6-tc2/source/Cargo.toml
[INFO] crate git repo https://github.com/lenscas/arena_keeper already has a lockfile, it will not be regenerated
[INFO] running `Command { std: CARGO_HOME="/workspace/cargo-home" RUSTUP_HOME="/workspace/rustup-home" "/workspace/cargo-home/bin/cargo" "+beta-2023-04-20" "fetch" "--manifest-path" "Cargo.toml", kill_on_drop: false }`
[INFO] [stderr]     Updating crates.io index
[INFO] [stderr]  Downloading crates ...
[INFO] [stderr]   Downloaded stdweb-internal-macros v0.2.6
[INFO] [stderr]   Downloaded web_logger v0.1.0
[INFO] [stderr]   Downloaded stdweb-internal-runtime v0.1.3
[INFO] [stderr]   Downloaded http v0.1.15
[INFO] [stderr]   Downloaded stdweb v0.4.15
[INFO] running `Command { std: "docker" "create" "-v" "/var/lib/crater-agent-workspace/builds/worker-6-tc2/target:/opt/rustwide/target:rw,Z" "-v" "/var/lib/crater-agent-workspace/builds/worker-6-tc2/source:/opt/rustwide/workdir:ro,Z" "-v" "/var/lib/crater-agent-workspace/cargo-home:/opt/rustwide/cargo-home:ro,Z" "-v" "/var/lib/crater-agent-workspace/rustup-home:/opt/rustwide/rustup-home:ro,Z" "-e" "SOURCE_DIR=/opt/rustwide/workdir" "-e" "CARGO_TARGET_DIR=/opt/rustwide/target" "-e" "CARGO_HOME=/opt/rustwide/cargo-home" "-e" "RUSTUP_HOME=/opt/rustwide/rustup-home" "-w" "/opt/rustwide/workdir" "-m" "1610612736" "--user" "0:0" "--network" "none" "ghcr.io/rust-lang/crates-build-env/linux@sha256:5ff2268d62e97bff2cde7d5815dd6ed5b47097566f13b8d0ca110b04b60e07ed" "/opt/rustwide/cargo-home/bin/cargo" "+beta-2023-04-20" "metadata" "--no-deps" "--format-version=1", kill_on_drop: false }`
[INFO] [stdout] 831225f92c1590e5c8204ab0d43ef263880e65cf3d788164ee2c41d40427690a
[INFO] running `Command { std: "docker" "start" "-a" "831225f92c1590e5c8204ab0d43ef263880e65cf3d788164ee2c41d40427690a", kill_on_drop: false }`
[INFO] running `Command { std: "docker" "inspect" "831225f92c1590e5c8204ab0d43ef263880e65cf3d788164ee2c41d40427690a", kill_on_drop: false }`
[INFO] running `Command { std: "docker" "rm" "-f" "831225f92c1590e5c8204ab0d43ef263880e65cf3d788164ee2c41d40427690a", kill_on_drop: false }`
[INFO] [stdout] 831225f92c1590e5c8204ab0d43ef263880e65cf3d788164ee2c41d40427690a
[INFO] running `Command { std: "docker" "create" "-v" "/var/lib/crater-agent-workspace/builds/worker-6-tc2/target:/opt/rustwide/target:rw,Z" "-v" "/var/lib/crater-agent-workspace/builds/worker-6-tc2/source:/opt/rustwide/workdir:ro,Z" "-v" "/var/lib/crater-agent-workspace/cargo-home:/opt/rustwide/cargo-home:ro,Z" "-v" "/var/lib/crater-agent-workspace/rustup-home:/opt/rustwide/rustup-home:ro,Z" "-e" "SOURCE_DIR=/opt/rustwide/workdir" "-e" "CARGO_TARGET_DIR=/opt/rustwide/target" "-e" "CARGO_INCREMENTAL=0" "-e" "RUST_BACKTRACE=full" "-e" "RUSTFLAGS=--cap-lints=warn" "-e" "RUSTDOCFLAGS=--cap-lints=warn" "-e" "CARGO_HOME=/opt/rustwide/cargo-home" "-e" "RUSTUP_HOME=/opt/rustwide/rustup-home" "-w" "/opt/rustwide/workdir" "-m" "1610612736" "--user" "0:0" "--network" "none" "ghcr.io/rust-lang/crates-build-env/linux@sha256:5ff2268d62e97bff2cde7d5815dd6ed5b47097566f13b8d0ca110b04b60e07ed" "/opt/rustwide/cargo-home/bin/cargo" "+beta-2023-04-20" "doc" "--frozen" "--no-deps" "--document-private-items" "--message-format=json", kill_on_drop: false }`
[INFO] [stdout] f7800c24a12d7e2fe32a341c7235d1e6c335b2ebfef08303a76eec1ce40775ac
[INFO] running `Command { std: "docker" "start" "-a" "f7800c24a12d7e2fe32a341c7235d1e6c335b2ebfef08303a76eec1ce40775ac", kill_on_drop: false }`
[INFO] [stderr]    Compiling proc-macro2 v0.4.27
[INFO] [stderr]    Compiling unicode-xid v0.1.0
[INFO] [stderr]    Compiling serde v1.0.89
[INFO] [stderr]    Compiling libc v0.2.48
[INFO] [stderr]    Compiling ryu v0.2.7
[INFO] [stderr]    Compiling semver-parser v0.7.0
[INFO] [stderr]    Compiling byteorder v1.3.1
[INFO] [stderr]    Compiling cc v1.0.29
[INFO] [stderr]     Checking cfg-if v0.1.6
[INFO] [stderr]    Compiling stdweb-internal-runtime v0.1.3
[INFO] [stderr]     Checking itoa v0.4.3
[INFO] [stderr]    Compiling autocfg v0.1.2
[INFO] [stderr]    Compiling sha1 v0.6.0
[INFO] [stderr]    Compiling base-x v0.2.4
[INFO] [stderr]    Compiling failure_derive v0.1.5
[INFO] [stderr]     Checking discard v1.0.4
[INFO] [stderr]     Checking rustc-demangle v0.1.13
[INFO] [stderr]     Checking log v0.4.6
[INFO] [stderr]     Checking fnv v1.0.6
[INFO] [stderr]    Compiling semver v0.9.0
[INFO] [stderr]     Checking slab v0.4.2
[INFO] [stderr]     Checking anymap v0.12.1
[INFO] [stderr]     Checking indexmap v1.0.2
[INFO] [stderr]    Compiling backtrace v0.3.13
[INFO] [stderr]    Compiling rustc_version v0.2.3
[INFO] [stderr]    Compiling stdweb v0.4.15
[INFO] [stderr]    Compiling backtrace-sys v0.1.28
[INFO] [stderr]    Compiling quote v0.6.11
[INFO] [stderr]     Checking iovec v0.1.2
[INFO] [stderr]     Checking bytes v0.4.11
[INFO] [stderr]    Compiling syn v0.15.26
[INFO] [stderr]     Checking http v0.1.15
[INFO] [stderr]     Checking serde_json v1.0.38
[INFO] [stderr]     Checking bincode v1.0.1
[INFO] [stderr]    Compiling synstructure v0.10.1
[INFO] [stderr]    Compiling serde_derive v1.0.89
[INFO] [stderr]     Checking failure v0.1.5
[INFO] [stderr]    Compiling stdweb-internal-macros v0.2.6
[INFO] [stderr]    Compiling stdweb-derive v0.5.1
[INFO] [stderr]     Checking web_logger v0.1.0
[INFO] [stderr]     Checking yew v0.7.0 (https://github.com/DenisKolodin/yew.git#150e5afd)
[INFO] [stderr]     Checking arena_keeper v0.1.0 (/opt/rustwide/workdir)
[INFO] [stderr]  Documenting arena_keeper v0.1.0 (/opt/rustwide/workdir)
[INFO] [stdout] error[E0583]: file not found for module `generated`
[INFO] [stdout]   --> src/lib.rs:27:1
[INFO] [stdout]    |
[INFO] [stdout] 27 | pub mod generated;
[INFO] [stdout]    | ^^^^^^^^^^^^^^^^^^
[INFO] [stdout]    |
[INFO] [stdout]    = help: to create the module `generated`, create file "src/generated.rs" or "src/generated/mod.rs"
[INFO] [stdout] 
[INFO] [stdout] 
[INFO] [stdout] error[E0583]: file not found for module `generated`
[INFO] [stdout]   --> src/lib.rs:27:1
[INFO] [stdout]    |
[INFO] [stdout] 27 | pub mod generated;
[INFO] [stdout]    | ^^^^^^^^^^^^^^^^^^
[INFO] [stdout]    |
[INFO] [stdout]    = help: to create the module `generated`, create file "src/generated.rs" or "src/generated/mod.rs"
[INFO] [stdout] 
[INFO] [stdout] 
[INFO] [stdout] error[E0432]: unresolved import `crate::generated::active_windows`
[INFO] [stdout]   --> src/lib.rs:17:23
[INFO] [stdout]    |
[INFO] [stdout] 17 | use crate::generated::active_windows::ActiveWindows;
[INFO] [stdout]    |                       ^^^^^^^^^^^^^^ could not find `active_windows` in `generated`
[INFO] [stdout] 
[INFO] [stdout] 
[INFO] [stdout] error[E0432]: unresolved import `crate::generated::routes`
[INFO] [stdout]   --> src/lib.rs:19:23
[INFO] [stdout]    |
[INFO] [stdout] 19 | use crate::generated::routes::Windows;
[INFO] [stdout]    |                       ^^^^^^ could not find `routes` in `generated`
[INFO] [stdout] 
[INFO] [stdout] 
[INFO] [stdout] error[E0432]: unresolved import `crate::generated::routes`
[INFO] [stdout]   --> src/components/character/character_list.rs:10:23
[INFO] [stdout]    |
[INFO] [stdout] 10 | use crate::generated::routes::Windows;
[INFO] [stdout]    |                       ^^^^^^ could not find `routes` in `generated`
[INFO] [stdout] 
[INFO] [stdout] 
[INFO] [stdout] error[E0432]: unresolved import `crate::generated::routes`
[INFO] [stdout]  --> src/components/shared/link.rs:4:23
[INFO] [stdout]   |
[INFO] [stdout] 4 | use crate::generated::routes::Windows;
[INFO] [stdout]   |                       ^^^^^^ could not find `routes` in `generated`
[INFO] [stdout] 
[INFO] [stdout] 
[INFO] [stdout] error[E0432]: unresolved import `crate::generated::routes`
[INFO] [stdout]  --> src/agents/router.rs:3:23
[INFO] [stdout]   |
[INFO] [stdout] 3 | use crate::generated::routes::Windows;
[INFO] [stdout]   |                       ^^^^^^ could not find `routes` in `generated`
[INFO] [stdout] 
[INFO] [stdout] 
[INFO] [stdout] error[E0432]: unresolved import `crate::generated::create_description`
[INFO] [stdout]  --> src/classes/character.rs:4:23
[INFO] [stdout]   |
[INFO] [stdout] 4 | use crate::generated::create_description::generate_description;
[INFO] [stdout]   |                       ^^^^^^^^^^^^^^^^^^ could not find `create_description` in `generated`
[INFO] [stdout] 
[INFO] [stdout] 
[INFO] [stdout] error[E0432]: unresolved import `crate::generated::create_name`
[INFO] [stdout]  --> src/classes/character.rs:5:23
[INFO] [stdout]   |
[INFO] [stdout] 5 | use crate::generated::create_name::generate_name;
[INFO] [stdout]   |                       ^^^^^^^^^^^ could not find `create_name` in `generated`
[INFO] [stdout] 
[INFO] [stdout] 
[INFO] [stdout] error[E0432]: unresolved import `crate::generated::species_types`
[INFO] [stdout]  --> src/classes/character.rs:6:23
[INFO] [stdout]   |
[INFO] [stdout] 6 | use crate::generated::species_types::SpeciesTypes;
[INFO] [stdout]   |                       ^^^^^^^^^^^^^ could not find `species_types` in `generated`
[INFO] [stdout] 
[INFO] [stdout] 
[INFO] [stdout] error[E0432]: unresolved import `crate::generated::generate_type`
[INFO] [stdout]  --> src/classes/character.rs:7:23
[INFO] [stdout]   |
[INFO] [stdout] 7 | use crate::generated::generate_type::generate_type;
[INFO] [stdout]   |                       ^^^^^^^^^^^^^ could not find `generate_type` in `generated`
[INFO] [stdout] 
[INFO] [stdout] 
[INFO] [stdout] error[E0432]: unresolved import `crate::generated::generate_image`
[INFO] [stdout]  --> src/classes/character.rs:8:23
[INFO] [stdout]   |
[INFO] [stdout] 8 | use crate::generated::generate_image::generate_image;
[INFO] [stdout]   |                       ^^^^^^^^^^^^^^ could not find `generate_image` in `generated`
[INFO] [stdout] 
[INFO] [stdout] 
[INFO] [stdout] error[E0432]: unresolved import `crate::generated::active_windows`
[INFO] [stdout]   --> src/lib.rs:17:23
[INFO] [stdout]    |
[INFO] [stdout] 17 | use crate::generated::active_windows::ActiveWindows;
[INFO] [stdout]    |                       ^^^^^^^^^^^^^^ could not find `active_windows` in `generated`
[INFO] [stdout] 
[INFO] [stdout] 
[INFO] [stdout] error[E0432]: unresolved import `crate::generated::routes`
[INFO] [stdout]   --> src/lib.rs:19:23
[INFO] [stdout]    |
[INFO] [stdout] 19 | use crate::generated::routes::Windows;
[INFO] [stdout]    |                       ^^^^^^ could not find `routes` in `generated`
[INFO] [stdout] 
[INFO] [stdout] 
[INFO] [stdout] error[E0432]: unresolved import `crate::generated::routes`
[INFO] [stdout]   --> src/components/character/character_list.rs:10:23
[INFO] [stdout]    |
[INFO] [stdout] 10 | use crate::generated::routes::Windows;
[INFO] [stdout]    |                       ^^^^^^ could not find `routes` in `generated`
[INFO] [stdout] 
[INFO] [stdout] 
[INFO] [stdout] error[E0432]: unresolved import `crate::generated::routes`
[INFO] [stdout]  --> src/components/shared/link.rs:4:23
[INFO] [stdout]   |
[INFO] [stdout] 4 | use crate::generated::routes::Windows;
[INFO] [stdout]   |                       ^^^^^^ could not find `routes` in `generated`
[INFO] [stdout] 
[INFO] [stdout] 
[INFO] [stdout] error[E0432]: unresolved import `crate::generated::routes`
[INFO] [stdout]  --> src/agents/router.rs:3:23
[INFO] [stdout]   |
[INFO] [stdout] 3 | use crate::generated::routes::Windows;
[INFO] [stdout]   |                       ^^^^^^ could not find `routes` in `generated`
[INFO] [stdout] 
[INFO] [stdout] 
[INFO] [stdout] error[E0432]: unresolved import `crate::generated::create_description`
[INFO] [stdout]  --> src/classes/character.rs:4:23
[INFO] [stdout]   |
[INFO] [stdout] 4 | use crate::generated::create_description::generate_description;
[INFO] [stdout]   |                       ^^^^^^^^^^^^^^^^^^ could not find `create_description` in `generated`
[INFO] [stdout] 
[INFO] [stdout] 
[INFO] [stdout] error[E0432]: unresolved import `crate::generated::create_name`
[INFO] [stdout]  --> src/classes/character.rs:5:23
[INFO] [stdout]   |
[INFO] [stdout] 5 | use crate::generated::create_name::generate_name;
[INFO] [stdout]   |                       ^^^^^^^^^^^ could not find `create_name` in `generated`
[INFO] [stdout] 
[INFO] [stdout] 
[INFO] [stdout] error[E0432]: unresolved import `crate::generated::species_types`
[INFO] [stdout]  --> src/classes/character.rs:6:23
[INFO] [stdout]   |
[INFO] [stdout] 6 | use crate::generated::species_types::SpeciesTypes;
[INFO] [stdout]   |                       ^^^^^^^^^^^^^ could not find `species_types` in `generated`
[INFO] [stdout] 
[INFO] [stdout] 
[INFO] [stdout] error[E0432]: unresolved import `crate::generated::generate_type`
[INFO] [stdout]  --> src/classes/character.rs:7:23
[INFO] [stdout]   |
[INFO] [stdout] 7 | use crate::generated::generate_type::generate_type;
[INFO] [stdout]   |                       ^^^^^^^^^^^^^ could not find `generate_type` in `generated`
[INFO] [stdout] 
[INFO] [stdout] 
[INFO] [stdout] error[E0432]: unresolved import `crate::generated::generate_image`
[INFO] [stdout]  --> src/classes/character.rs:8:23
[INFO] [stdout]   |
[INFO] [stdout] 8 | use crate::generated::generate_image::generate_image;
[INFO] [stdout]   |                       ^^^^^^^^^^^^^^ could not find `generate_image` in `generated`
[INFO] [stdout] 
[INFO] [stdout] 
[INFO] [stdout] error[E0432]: unresolved import `crate::generated::routes`
[INFO] [stdout]  --> src/pages/shop_window/shop.rs:6:23
[INFO] [stdout]   |
[INFO] [stdout] 6 | use crate::generated::routes::Windows;
[INFO] [stdout]   |                       ^^^^^^ could not find `routes` in `generated`
[INFO] [stdout] 
[INFO] [stdout] 
[INFO] [stdout] error[E0432]: unresolved import `crate::generated::routes`
[INFO] [stdout]  --> src/pages/shop_window/shop.rs:6:23
[INFO] [stdout]   |
[INFO] [stdout] 6 | use crate::generated::routes::Windows;
[INFO] [stdout]   |                       ^^^^^^ could not find `routes` in `generated`
[INFO] [stdout] 
[INFO] [stdout] 
[INFO] [stdout] error[E0432]: unresolved import `crate::generated::routes`
[INFO] [stdout]  --> src/pages/characterlist_window/characterlist.rs:4:5
[INFO] [stdout]   |
[INFO] [stdout] 4 | use crate::generated::routes;
[INFO] [stdout]   |     ^^^^^^^^^^^^^^^^^^^^^^^^ no `routes` in `generated`
[INFO] [stdout] 
[INFO] [stdout] 
[INFO] [stdout] error[E0432]: unresolved import `crate::generated::routes`
[INFO] [stdout]  --> src/pages/arena_window/arena.rs:2:5
[INFO] [stdout]   |
[INFO] [stdout] 2 | use crate::generated::routes;
[INFO] [stdout]   |     ^^^^^^^^^^^^^^^^^^^^^^^^ no `routes` in `generated`
[INFO] [stdout] 
[INFO] [stdout] 
[INFO] [stdout] error[E0432]: unresolved import `crate::generated::routes`
[INFO] [stdout]  --> src/pages/characterlist_window/characterlist.rs:4:5
[INFO] [stdout]   |
[INFO] [stdout] 4 | use crate::generated::routes;
[INFO] [stdout]   |     ^^^^^^^^^^^^^^^^^^^^^^^^ no `routes` in `generated`
[INFO] [stdout] 
[INFO] [stdout] 
[INFO] [stdout] error[E0432]: unresolved import `crate::generated::routes`
[INFO] [stdout]  --> src/pages/arena_window/arena.rs:2:5
[INFO] [stdout]   |
[INFO] [stdout] 2 | use crate::generated::routes;
[INFO] [stdout]   |     ^^^^^^^^^^^^^^^^^^^^^^^^ no `routes` in `generated`
[INFO] [stdout] 
[INFO] [stdout] 
[INFO] [stdout] warning: `...` range patterns are deprecated
[INFO] [stdout]    --> src/classes/fight.rs:136:8
[INFO] [stdout]     |
[INFO] [stdout] 136 |             -10 ... -5 => -20,
[INFO] [stdout]     |                 ^^^ help: use `..=` for an inclusive range
[INFO] [stdout]     |
[INFO] [stdout]     = warning: this is accepted in the current edition (Rust 2018) but is a hard error in Rust 2021!
[INFO] [stdout]     = note: for more information, see <https://doc.rust-lang.org/nightly/edition-guide/rust-2021/warnings-promoted-to-error.html>
[INFO] [stdout]     = note: `#[warn(ellipsis_inclusive_range_patterns)]` on by default
[INFO] [stdout] 
[INFO] [stdout] 
[INFO] [stdout] warning: `...` range patterns are deprecated
[INFO] [stdout]    --> src/classes/fight.rs:137:8
[INFO] [stdout]     |
[INFO] [stdout] 137 |             -4  ...  0 => -10,
[INFO] [stdout]     |                 ^^^ help: use `..=` for an inclusive range
[INFO] [stdout]     |
[INFO] [stdout]     = warning: this is accepted in the current edition (Rust 2018) but is a hard error in Rust 2021!
[INFO] [stdout]     = note: for more information, see <https://doc.rust-lang.org/nightly/edition-guide/rust-2021/warnings-promoted-to-error.html>
[INFO] [stdout] 
[INFO] [stdout] 
[INFO] [stdout] warning: `...` range patterns are deprecated
[INFO] [stdout]    --> src/classes/fight.rs:138:8
[INFO] [stdout]     |
[INFO] [stdout] 138 |             1   ...  5 =>  10,
[INFO] [stdout]     |                 ^^^ help: use `..=` for an inclusive range
[INFO] [stdout]     |
[INFO] [stdout]     = warning: this is accepted in the current edition (Rust 2018) but is a hard error in Rust 2021!
[INFO] [stdout]     = note: for more information, see <https://doc.rust-lang.org/nightly/edition-guide/rust-2021/warnings-promoted-to-error.html>
[INFO] [stdout] 
[INFO] [stdout] 
[INFO] [stdout] warning: `...` range patterns are deprecated
[INFO] [stdout]    --> src/classes/fight.rs:139:8
[INFO] [stdout]     |
[INFO] [stdout] 139 |             6   ... 10 =>  20,
[INFO] [stdout]     |                 ^^^ help: use `..=` for an inclusive range
[INFO] [stdout]     |
[INFO] [stdout]     = warning: this is accepted in the current edition (Rust 2018) but is a hard error in Rust 2021!
[INFO] [stdout]     = note: for more information, see <https://doc.rust-lang.org/nightly/edition-guide/rust-2021/warnings-promoted-to-error.html>
[INFO] [stdout] 
[INFO] [stdout] 
[INFO] [stdout] warning: unnecessary parentheses around type
[INFO] [stdout]   --> src/pages/shop_window/shop.rs:13:18
[INFO] [stdout]    |
[INFO] [stdout] 13 |     char_list : Vec<(CharacterId)>,
[INFO] [stdout]    |                     ^           ^
[INFO] [stdout]    |
[INFO] [stdout]    = note: `#[warn(unused_parens)]` on by default
[INFO] [stdout] help: remove these parentheses
[INFO] [stdout]    |
[INFO] [stdout] 13 -     char_list : Vec<(CharacterId)>,
[INFO] [stdout] 13 +     char_list : Vec<CharacterId>,
[INFO] [stdout]    |
[INFO] [stdout] 
[INFO] [stdout] 
[INFO] [stdout] warning: unnecessary parentheses around type
[INFO] [stdout]   --> src/pages/characterlist_window/characterlist.rs:11:18
[INFO] [stdout]    |
[INFO] [stdout] 11 |     char_list : Vec<(CharacterId)>,
[INFO] [stdout]    |                     ^           ^
[INFO] [stdout]    |
[INFO] [stdout] help: remove these parentheses
[INFO] [stdout]    |
[INFO] [stdout] 11 -     char_list : Vec<(CharacterId)>,
[INFO] [stdout] 11 +     char_list : Vec<CharacterId>,
[INFO] [stdout]    |
[INFO] [stdout] 
[INFO] [stdout] 
[INFO] [stdout] warning: `...` range patterns are deprecated
[INFO] [stdout]    --> src/classes/fight.rs:136:8
[INFO] [stdout]     |
[INFO] [stdout] 136 |             -10 ... -5 => -20,
[INFO] [stdout]     |                 ^^^ help: use `..=` for an inclusive range
[INFO] [stdout]     |
[INFO] [stdout]     = warning: this is accepted in the current edition (Rust 2018) but is a hard error in Rust 2021!
[INFO] [stdout]     = note: for more information, see <https://doc.rust-lang.org/nightly/edition-guide/rust-2021/warnings-promoted-to-error.html>
[INFO] [stdout]     = note: `#[warn(ellipsis_inclusive_range_patterns)]` on by default
[INFO] [stdout] 
[INFO] [stdout] 
[INFO] [stdout] warning: `...` range patterns are deprecated
[INFO] [stdout]    --> src/classes/fight.rs:137:8
[INFO] [stdout]     |
[INFO] [stdout] 137 |             -4  ...  0 => -10,
[INFO] [stdout]     |                 ^^^ help: use `..=` for an inclusive range
[INFO] [stdout]     |
[INFO] [stdout]     = warning: this is accepted in the current edition (Rust 2018) but is a hard error in Rust 2021!
[INFO] [stdout]     = note: for more information, see <https://doc.rust-lang.org/nightly/edition-guide/rust-2021/warnings-promoted-to-error.html>
[INFO] [stdout] 
[INFO] [stdout] 
[INFO] [stdout] warning: `...` range patterns are deprecated
[INFO] [stdout]    --> src/classes/fight.rs:138:8
[INFO] [stdout]     |
[INFO] [stdout] 138 |             1   ...  5 =>  10,
[INFO] [stdout]     |                 ^^^ help: use `..=` for an inclusive range
[INFO] [stdout]     |
[INFO] [stdout]     = warning: this is accepted in the current edition (Rust 2018) but is a hard error in Rust 2021!
[INFO] [stdout]     = note: for more information, see <https://doc.rust-lang.org/nightly/edition-guide/rust-2021/warnings-promoted-to-error.html>
[INFO] [stdout] 
[INFO] [stdout] 
[INFO] [stdout] warning: `...` range patterns are deprecated
[INFO] [stdout]    --> src/classes/fight.rs:139:8
[INFO] [stdout]     |
[INFO] [stdout] 139 |             6   ... 10 =>  20,
[INFO] [stdout]     |                 ^^^ help: use `..=` for an inclusive range
[INFO] [stdout]     |
[INFO] [stdout]     = warning: this is accepted in the current edition (Rust 2018) but is a hard error in Rust 2021!
[INFO] [stdout]     = note: for more information, see <https://doc.rust-lang.org/nightly/edition-guide/rust-2021/warnings-promoted-to-error.html>
[INFO] [stdout] 
[INFO] [stdout] 
[INFO] [stdout] warning: unnecessary parentheses around type
[INFO] [stdout]   --> src/pages/shop_window/shop.rs:13:18
[INFO] [stdout]    |
[INFO] [stdout] 13 |     char_list : Vec<(CharacterId)>,
[INFO] [stdout]    |                     ^           ^
[INFO] [stdout]    |
[INFO] [stdout]    = note: `#[warn(unused_parens)]` on by default
[INFO] [stdout] help: remove these parentheses
[INFO] [stdout]    |
[INFO] [stdout] 13 -     char_list : Vec<(CharacterId)>,
[INFO] [stdout] 13 +     char_list : Vec<CharacterId>,
[INFO] [stdout]    |
[INFO] [stdout] 
[INFO] [stdout] 
[INFO] [stdout] warning: unnecessary parentheses around type
[INFO] [stdout]   --> src/pages/characterlist_window/characterlist.rs:11:18
[INFO] [stdout]    |
[INFO] [stdout] 11 |     char_list : Vec<(CharacterId)>,
[INFO] [stdout]    |                     ^           ^
[INFO] [stdout]    |
[INFO] [stdout] help: remove these parentheses
[INFO] [stdout]    |
[INFO] [stdout] 11 -     char_list : Vec<(CharacterId)>,
[INFO] [stdout] 11 +     char_list : Vec<CharacterId>,
[INFO] [stdout]    |
[INFO] [stdout] 
[INFO] [stdout] 
[INFO] [stdout] warning: trait objects without an explicit `dyn` are deprecated
[INFO] [stdout]   --> src/components/character/character_display.rs:16:14
[INFO] [stdout]    |
[INFO] [stdout] 16 |     worker: Box<Bridge<Worker>>,
[INFO] [stdout]    |                 ^^^^^^^^^^^^^^
[INFO] [stdout]    |
[INFO] [stdout]    = warning: this is accepted in the current edition (Rust 2018) but is a hard error in Rust 2021!
[INFO] [stdout]    = note: for more information, see <https://doc.rust-lang.org/nightly/edition-guide/rust-2021/warnings-promoted-to-error.html>
[INFO] [stdout]    = note: `#[warn(bare_trait_objects)]` on by default
[INFO] [stdout] help: use `dyn`
[INFO] [stdout]    |
[INFO] [stdout] 16 |     worker: Box<dyn Bridge<Worker>>,
[INFO] [stdout]    |                 +++
[INFO] [stdout] 
[INFO] [stdout] 
[INFO] [stdout] warning: trait objects without an explicit `dyn` are deprecated
[INFO] [stdout]   --> src/components/character/character_display.rs:17:13
[INFO] [stdout]    |
[INFO] [stdout] 17 |     arena: Box<Bridge<fight_agent::Worker>>,
[INFO] [stdout]    |                ^^^^^^^^^^^^^^^^^^^^^^^^^^^
[INFO] [stdout]    |
[INFO] [stdout]    = warning: this is accepted in the current edition (Rust 2018) but is a hard error in Rust 2021!
[INFO] [stdout]    = note: for more information, see <https://doc.rust-lang.org/nightly/edition-guide/rust-2021/warnings-promoted-to-error.html>
[INFO] [stdout] help: use `dyn`
[INFO] [stdout]    |
[INFO] [stdout] 17 |     arena: Box<dyn Bridge<fight_agent::Worker>>,
[INFO] [stdout]    |                +++
[INFO] [stdout] 
[INFO] [stdout] 
[INFO] [stdout] warning: trait objects without an explicit `dyn` are deprecated
[INFO] [stdout]   --> src/components/character/character_list.rs:14:14
[INFO] [stdout]    |
[INFO] [stdout] 14 |     worker: Box<Bridge<Worker>>,
[INFO] [stdout]    |                 ^^^^^^^^^^^^^^
[INFO] [stdout]    |
[INFO] [stdout]    = warning: this is accepted in the current edition (Rust 2018) but is a hard error in Rust 2021!
[INFO] [stdout]    = note: for more information, see <https://doc.rust-lang.org/nightly/edition-guide/rust-2021/warnings-promoted-to-error.html>
[INFO] [stdout] help: use `dyn`
[INFO] [stdout]    |
[INFO] [stdout] 14 |     worker: Box<dyn Bridge<Worker>>,
[INFO] [stdout]    |                 +++
[INFO] [stdout] 
[INFO] [stdout] 
[INFO] [stdout] warning: trait objects without an explicit `dyn` are deprecated
[INFO] [stdout]   --> src/components/arena/arena_container.rs:10:14
[INFO] [stdout]    |
[INFO] [stdout] 10 |     worker: Box<Bridge<fight_agent::Worker>>,
[INFO] [stdout]    |                 ^^^^^^^^^^^^^^^^^^^^^^^^^^^
[INFO] [stdout]    |
[INFO] [stdout]    = warning: this is accepted in the current edition (Rust 2018) but is a hard error in Rust 2021!
[INFO] [stdout]    = note: for more information, see <https://doc.rust-lang.org/nightly/edition-guide/rust-2021/warnings-promoted-to-error.html>
[INFO] [stdout] help: use `dyn`
[INFO] [stdout]    |
[INFO] [stdout] 10 |     worker: Box<dyn Bridge<fight_agent::Worker>>,
[INFO] [stdout]    |                 +++
[INFO] [stdout] 
[INFO] [stdout] 
[INFO] [stdout] warning: trait objects without an explicit `dyn` are deprecated
[INFO] [stdout]   --> src/components/arena/fight_creation_char_display.rs:10:22
[INFO] [stdout]    |
[INFO] [stdout] 10 |     fight_worker :  Box<Bridge<fight_agent::Worker>>,
[INFO] [stdout]    |                         ^^^^^^^^^^^^^^^^^^^^^^^^^^^
[INFO] [stdout]    |
[INFO] [stdout]    = warning: this is accepted in the current edition (Rust 2018) but is a hard error in Rust 2021!
[INFO] [stdout]    = note: for more information, see <https://doc.rust-lang.org/nightly/edition-guide/rust-2021/warnings-promoted-to-error.html>
[INFO] [stdout] help: use `dyn`
[INFO] [stdout]    |
[INFO] [stdout] 10 |     fight_worker :  Box<dyn Bridge<fight_agent::Worker>>,
[INFO] [stdout]    |                         +++
[INFO] [stdout] 
[INFO] [stdout] 
[INFO] [stdout] warning: trait objects without an explicit `dyn` are deprecated
[INFO] [stdout]   --> src/components/arena/fight_creation_char_display.rs:11:25
[INFO] [stdout]    |
[INFO] [stdout] 11 |     character_worker : Box<Bridge<character_agent::Worker>>,
[INFO] [stdout]    |                            ^^^^^^^^^^^^^^^^^^^^^^^^^^^^^^^
[INFO] [stdout]    |
[INFO] [stdout]    = warning: this is accepted in the current edition (Rust 2018) but is a hard error in Rust 2021!
[INFO] [stdout]    = note: for more information, see <https://doc.rust-lang.org/nightly/edition-guide/rust-2021/warnings-promoted-to-error.html>
[INFO] [stdout] help: use `dyn`
[INFO] [stdout]    |
[INFO] [stdout] 11 |     character_worker : Box<dyn Bridge<character_agent::Worker>>,
[INFO] [stdout]    |                            +++
[INFO] [stdout] 
[INFO] [stdout] 
[INFO] [stdout] warning: trait objects without an explicit `dyn` are deprecated
[INFO] [stdout]   --> src/components/arena/fight_item.rs:21:20
[INFO] [stdout]    |
[INFO] [stdout] 21 |     fight_worker: Box<Bridge<fight_agent::Worker>>,
[INFO] [stdout]    |                       ^^^^^^^^^^^^^^^^^^^^^^^^^^^
[INFO] [stdout]    |
[INFO] [stdout]    = warning: this is accepted in the current edition (Rust 2018) but is a hard error in Rust 2021!
[INFO] [stdout]    = note: for more information, see <https://doc.rust-lang.org/nightly/edition-guide/rust-2021/warnings-promoted-to-error.html>
[INFO] [stdout] help: use `dyn`
[INFO] [stdout]    |
[INFO] [stdout] 21 |     fight_worker: Box<dyn Bridge<fight_agent::Worker>>,
[INFO] [stdout]    |                       +++
[INFO] [stdout] 
[INFO] [stdout] 
[INFO] [stdout] warning: trait objects without an explicit `dyn` are deprecated
[INFO] [stdout]   --> src/components/arena/fight_item.rs:22:20
[INFO] [stdout]    |
[INFO] [stdout] 22 |     char_worker : Box<Bridge<character_agent::Worker>>
[INFO] [stdout]    |                       ^^^^^^^^^^^^^^^^^^^^^^^^^^^^^^^
[INFO] [stdout]    |
[INFO] [stdout]    = warning: this is accepted in the current edition (Rust 2018) but is a hard error in Rust 2021!
[INFO] [stdout]    = note: for more information, see <https://doc.rust-lang.org/nightly/edition-guide/rust-2021/warnings-promoted-to-error.html>
[INFO] [stdout] help: use `dyn`
[INFO] [stdout]    |
[INFO] [stdout] 22 |     char_worker : Box<dyn Bridge<character_agent::Worker>>
[INFO] [stdout]    |                       +++
[INFO] [stdout] 
[INFO] [stdout] 
[INFO] [stdout] warning: trait objects without an explicit `dyn` are deprecated
[INFO] [stdout]  --> src/components/shared/link.rs:6:14
[INFO] [stdout]   |
[INFO] [stdout] 6 |     router: Box<Bridge<router::Worker>>,
[INFO] [stdout]   |                 ^^^^^^^^^^^^^^^^^^^^^^
[INFO] [stdout]   |
[INFO] [stdout]   = warning: this is accepted in the current edition (Rust 2018) but is a hard error in Rust 2021!
[INFO] [stdout]   = note: for more information, see <https://doc.rust-lang.org/nightly/edition-guide/rust-2021/warnings-promoted-to-error.html>
[INFO] [stdout] help: use `dyn`
[INFO] [stdout]   |
[INFO] [stdout] 6 |     router: Box<dyn Bridge<router::Worker>>,
[INFO] [stdout]   |                 +++
[INFO] [stdout] 
[INFO] [stdout] 
[INFO] [stdout] warning: trait objects without an explicit `dyn` are deprecated
[INFO] [stdout]   --> src/agents/character_agent.rs:56:21
[INFO] [stdout]    |
[INFO] [stdout] 56 |     _clock_worker: Box<Bridge<clock_agent::Worker>>,
[INFO] [stdout]    |                        ^^^^^^^^^^^^^^^^^^^^^^^^^^^
[INFO] [stdout]    |
[INFO] [stdout]    = warning: this is accepted in the current edition (Rust 2018) but is a hard error in Rust 2021!
[INFO] [stdout]    = note: for more information, see <https://doc.rust-lang.org/nightly/edition-guide/rust-2021/warnings-promoted-to-error.html>
[INFO] [stdout] help: use `dyn`
[INFO] [stdout]    |
[INFO] [stdout] 56 |     _clock_worker: Box<dyn Bridge<clock_agent::Worker>>,
[INFO] [stdout]    |                        +++
[INFO] [stdout] 
[INFO] [stdout] 
[INFO] [stdout] warning: trait objects without an explicit `dyn` are deprecated
[INFO] [stdout]   --> src/agents/clock_agent.rs:10:16
[INFO] [stdout]    |
[INFO] [stdout] 10 |     _task: Box<Task>,
[INFO] [stdout]    |                ^^^^
[INFO] [stdout]    |
[INFO] [stdout]    = warning: this is accepted in the current edition (Rust 2018) but is a hard error in Rust 2021!
[INFO] [stdout]    = note: for more information, see <https://doc.rust-lang.org/nightly/edition-guide/rust-2021/warnings-promoted-to-error.html>
[INFO] [stdout] help: use `dyn`
[INFO] [stdout]    |
[INFO] [stdout] 10 |     _task: Box<dyn Task>,
[INFO] [stdout]    |                +++
[INFO] [stdout] 
[INFO] [stdout] 
[INFO] [stdout] warning: trait objects without an explicit `dyn` are deprecated
[INFO] [stdout]   --> src/agents/money_agent.rs:14:19
[INFO] [stdout]    |
[INFO] [stdout] 14 |     char_worker: Box<Bridge<character_agent::Worker>>,
[INFO] [stdout]    |                      ^^^^^^^^^^^^^^^^^^^^^^^^^^^^^^^
[INFO] [stdout]    |
[INFO] [stdout]    = warning: this is accepted in the current edition (Rust 2018) but is a hard error in Rust 2021!
[INFO] [stdout]    = note: for more information, see <https://doc.rust-lang.org/nightly/edition-guide/rust-2021/warnings-promoted-to-error.html>
[INFO] [stdout] help: use `dyn`
[INFO] [stdout]    |
[INFO] [stdout] 14 |     char_worker: Box<dyn Bridge<character_agent::Worker>>,
[INFO] [stdout]    |                      +++
[INFO] [stdout] 
[INFO] [stdout] 
[INFO] [stdout] warning: trait objects without an explicit `dyn` are deprecated
[INFO] [stdout]   --> src/agents/money_agent.rs:20:21
[INFO] [stdout]    |
[INFO] [stdout] 20 |     _clock_worker: Box<Bridge<clock_agent::Worker>>,
[INFO] [stdout]    |                        ^^^^^^^^^^^^^^^^^^^^^^^^^^^
[INFO] [stdout]    |
[INFO] [stdout]    = warning: this is accepted in the current edition (Rust 2018) but is a hard error in Rust 2021!
[INFO] [stdout]    = note: for more information, see <https://doc.rust-lang.org/nightly/edition-guide/rust-2021/warnings-promoted-to-error.html>
[INFO] [stdout] help: use `dyn`
[INFO] [stdout]    |
[INFO] [stdout] 20 |     _clock_worker: Box<dyn Bridge<clock_agent::Worker>>,
[INFO] [stdout]    |                        +++
[INFO] [stdout] 
[INFO] [stdout] 
[INFO] [stdout] warning: trait objects without an explicit `dyn` are deprecated
[INFO] [stdout]   --> src/agents/fight_agent.rs:24:19
[INFO] [stdout]    |
[INFO] [stdout] 24 |     char_worker: Box<Bridge<character_agent::Worker>>,
[INFO] [stdout]    |                      ^^^^^^^^^^^^^^^^^^^^^^^^^^^^^^^
[INFO] [stdout]    |
[INFO] [stdout]    = warning: this is accepted in the current edition (Rust 2018) but is a hard error in Rust 2021!
[INFO] [stdout]    = note: for more information, see <https://doc.rust-lang.org/nightly/edition-guide/rust-2021/warnings-promoted-to-error.html>
[INFO] [stdout] help: use `dyn`
[INFO] [stdout]    |
[INFO] [stdout] 24 |     char_worker: Box<dyn Bridge<character_agent::Worker>>,
[INFO] [stdout]    |                      +++
[INFO] [stdout] 
[INFO] [stdout] 
[INFO] [stdout] warning: trait objects without an explicit `dyn` are deprecated
[INFO] [stdout]   --> src/agents/fight_agent.rs:25:20
[INFO] [stdout]    |
[INFO] [stdout] 25 |     money_worker: Box<Bridge<money_agent::Worker>>,
[INFO] [stdout]    |                       ^^^^^^^^^^^^^^^^^^^^^^^^^^^
[INFO] [stdout]    |
[INFO] [stdout]    = warning: this is accepted in the current edition (Rust 2018) but is a hard error in Rust 2021!
[INFO] [stdout]    = note: for more information, see <https://doc.rust-lang.org/nightly/edition-guide/rust-2021/warnings-promoted-to-error.html>
[INFO] [stdout] help: use `dyn`
[INFO] [stdout]    |
[INFO] [stdout] 25 |     money_worker: Box<dyn Bridge<money_agent::Worker>>,
[INFO] [stdout]    |                       +++
[INFO] [stdout] 
[INFO] [stdout] 
[INFO] [stdout] warning: trait objects without an explicit `dyn` are deprecated
[INFO] [stdout]   --> src/agents/fight_agent.rs:26:21
[INFO] [stdout]    |
[INFO] [stdout] 26 |     _clock_worker: Box<Bridge<clock_agent::Worker>>,
[INFO] [stdout]    |                        ^^^^^^^^^^^^^^^^^^^^^^^^^^^
[INFO] [stdout]    |
[INFO] [stdout]    = warning: this is accepted in the current edition (Rust 2018) but is a hard error in Rust 2021!
[INFO] [stdout]    = note: for more information, see <https://doc.rust-lang.org/nightly/edition-guide/rust-2021/warnings-promoted-to-error.html>
[INFO] [stdout] help: use `dyn`
[INFO] [stdout]    |
[INFO] [stdout] 26 |     _clock_worker: Box<dyn Bridge<clock_agent::Worker>>,
[INFO] [stdout]    |                        +++
[INFO] [stdout] 
[INFO] [stdout] 
[INFO] [stdout] warning: trait objects without an explicit `dyn` are deprecated
[INFO] [stdout]   --> src/pages/shop_window/shop.rs:14:20
[INFO] [stdout]    |
[INFO] [stdout] 14 |     money_worker: Box<Bridge<money_agent::Worker>>,
[INFO] [stdout]    |                       ^^^^^^^^^^^^^^^^^^^^^^^^^^^
[INFO] [stdout]    |
[INFO] [stdout]    = warning: this is accepted in the current edition (Rust 2018) but is a hard error in Rust 2021!
[INFO] [stdout]    = note: for more information, see <https://doc.rust-lang.org/nightly/edition-guide/rust-2021/warnings-promoted-to-error.html>
[INFO] [stdout] help: use `dyn`
[INFO] [stdout]    |
[INFO] [stdout] 14 |     money_worker: Box<dyn Bridge<money_agent::Worker>>,
[INFO] [stdout]    |                       +++
[INFO] [stdout] 
[INFO] [stdout] 
[INFO] [stdout] warning: trait objects without an explicit `dyn` are deprecated
[INFO] [stdout]   --> src/pages/shop_window/shop.rs:16:20
[INFO] [stdout]    |
[INFO] [stdout] 16 |     route_worker: Box<Bridge<router::Worker>>,
[INFO] [stdout]    |                       ^^^^^^^^^^^^^^^^^^^^^^
[INFO] [stdout]    |
[INFO] [stdout]    = warning: this is accepted in the current edition (Rust 2018) but is a hard error in Rust 2021!
[INFO] [stdout]    = note: for more information, see <https://doc.rust-lang.org/nightly/edition-guide/rust-2021/warnings-promoted-to-error.html>
[INFO] [stdout] help: use `dyn`
[INFO] [stdout]    |
[INFO] [stdout] 16 |     route_worker: Box<dyn Bridge<router::Worker>>,
[INFO] [stdout]    |                       +++
[INFO] [stdout] 
[INFO] [stdout] 
[INFO] [stdout] warning: trait objects without an explicit `dyn` are deprecated
[INFO] [stdout]   --> src/pages/shop_window/new_character_item.rs:17:20
[INFO] [stdout]    |
[INFO] [stdout] 17 |     money_worker: Box<Bridge<money_agent::Worker>>
[INFO] [stdout]    |                       ^^^^^^^^^^^^^^^^^^^^^^^^^^^
[INFO] [stdout]    |
[INFO] [stdout]    = warning: this is accepted in the current edition (Rust 2018) but is a hard error in Rust 2021!
[INFO] [stdout]    = note: for more information, see <https://doc.rust-lang.org/nightly/edition-guide/rust-2021/warnings-promoted-to-error.html>
[INFO] [stdout] help: use `dyn`
[INFO] [stdout]    |
[INFO] [stdout] 17 |     money_worker: Box<dyn Bridge<money_agent::Worker>>
[INFO] [stdout]    |                       +++
[INFO] [stdout] 
[INFO] [stdout] 
[INFO] [stdout] warning: trait objects without an explicit `dyn` are deprecated
[INFO] [stdout]   --> src/pages/characterlist_window/characterlist.rs:12:24
[INFO] [stdout]    |
[INFO] [stdout] 12 |     character_worker: Box<Bridge<character_agent::Worker>>,
[INFO] [stdout]    |                           ^^^^^^^^^^^^^^^^^^^^^^^^^^^^^^^
[INFO] [stdout]    |
[INFO] [stdout]    = warning: this is accepted in the current edition (Rust 2018) but is a hard error in Rust 2021!
[INFO] [stdout]    = note: for more information, see <https://doc.rust-lang.org/nightly/edition-guide/rust-2021/warnings-promoted-to-error.html>
[INFO] [stdout] help: use `dyn`
[INFO] [stdout]    |
[INFO] [stdout] 12 |     character_worker: Box<dyn Bridge<character_agent::Worker>>,
[INFO] [stdout]    |                           +++
[INFO] [stdout] 
[INFO] [stdout] 
[INFO] [stdout] warning: trait objects without an explicit `dyn` are deprecated
[INFO] [stdout]   --> src/pages/characterlist_window/characterlist.rs:14:20
[INFO] [stdout]    |
[INFO] [stdout] 14 |     route_worker: Box<Bridge<router::Worker>>,
[INFO] [stdout]    |                       ^^^^^^^^^^^^^^^^^^^^^^
[INFO] [stdout]    |
[INFO] [stdout]    = warning: this is accepted in the current edition (Rust 2018) but is a hard error in Rust 2021!
[INFO] [stdout]    = note: for more information, see <https://doc.rust-lang.org/nightly/edition-guide/rust-2021/warnings-promoted-to-error.html>
[INFO] [stdout] help: use `dyn`
[INFO] [stdout]    |
[INFO] [stdout] 14 |     route_worker: Box<dyn Bridge<router::Worker>>,
[INFO] [stdout]    |                       +++
[INFO] [stdout] 
[INFO] [stdout] 
[INFO] [stdout] warning: trait objects without an explicit `dyn` are deprecated
[INFO] [stdout]   --> src/pages/characterlist_window/single_character.rs:17:24
[INFO] [stdout]    |
[INFO] [stdout] 17 |     character_worker: Box<Bridge<Worker>>,
[INFO] [stdout]    |                           ^^^^^^^^^^^^^^
[INFO] [stdout]    |
[INFO] [stdout]    = warning: this is accepted in the current edition (Rust 2018) but is a hard error in Rust 2021!
[INFO] [stdout]    = note: for more information, see <https://doc.rust-lang.org/nightly/edition-guide/rust-2021/warnings-promoted-to-error.html>
[INFO] [stdout] help: use `dyn`
[INFO] [stdout]    |
[INFO] [stdout] 17 |     character_worker: Box<dyn Bridge<Worker>>,
[INFO] [stdout]    |                           +++
[INFO] [stdout] 
[INFO] [stdout] 
[INFO] [stdout] warning: trait objects without an explicit `dyn` are deprecated
[INFO] [stdout]   --> src/pages/characterlist_window/single_character.rs:18:20
[INFO] [stdout]    |
[INFO] [stdout] 18 |     arena_worker: Box<Bridge<fight_agent::Worker>>,
[INFO] [stdout]    |                       ^^^^^^^^^^^^^^^^^^^^^^^^^^^
[INFO] [stdout]    |
[INFO] [stdout]    = warning: this is accepted in the current edition (Rust 2018) but is a hard error in Rust 2021!
[INFO] [stdout]    = note: for more information, see <https://doc.rust-lang.org/nightly/edition-guide/rust-2021/warnings-promoted-to-error.html>
[INFO] [stdout] help: use `dyn`
[INFO] [stdout]    |
[INFO] [stdout] 18 |     arena_worker: Box<dyn Bridge<fight_agent::Worker>>,
[INFO] [stdout]    |                       +++
[INFO] [stdout] 
[INFO] [stdout] 
[INFO] [stdout] warning: trait objects without an explicit `dyn` are deprecated
[INFO] [stdout]  --> src/pages/arena_window/arena.rs:9:20
[INFO] [stdout]   |
[INFO] [stdout] 9 |     arena_worker: Box<Bridge<fight_agent::Worker>>,
[INFO] [stdout]   |                       ^^^^^^^^^^^^^^^^^^^^^^^^^^^
[INFO] [stdout]   |
[INFO] [stdout]   = warning: this is accepted in the current edition (Rust 2018) but is a hard error in Rust 2021!
[INFO] [stdout]   = note: for more information, see <https://doc.rust-lang.org/nightly/edition-guide/rust-2021/warnings-promoted-to-error.html>
[INFO] [stdout] help: use `dyn`
[INFO] [stdout]   |
[INFO] [stdout] 9 |     arena_worker: Box<dyn Bridge<fight_agent::Worker>>,
[INFO] [stdout]   |                       +++
[INFO] [stdout] 
[INFO] [stdout] 
[INFO] [stdout] warning: trait objects without an explicit `dyn` are deprecated
[INFO] [stdout]   --> src/pages/arena_window/arena.rs:11:20
[INFO] [stdout]    |
[INFO] [stdout] 11 |     route_worker: Box<Bridge<router::Worker>>,
[INFO] [stdout]    |                       ^^^^^^^^^^^^^^^^^^^^^^
[INFO] [stdout]    |
[INFO] [stdout]    = warning: this is accepted in the current edition (Rust 2018) but is a hard error in Rust 2021!
[INFO] [stdout]    = note: for more information, see <https://doc.rust-lang.org/nightly/edition-guide/rust-2021/warnings-promoted-to-error.html>
[INFO] [stdout] help: use `dyn`
[INFO] [stdout]    |
[INFO] [stdout] 11 |     route_worker: Box<dyn Bridge<router::Worker>>,
[INFO] [stdout]    |                       +++
[INFO] [stdout] 
[INFO] [stdout] 
[INFO] [stdout] warning: trait objects without an explicit `dyn` are deprecated
[INFO] [stdout]   --> src/lib.rs:34:15
[INFO] [stdout]    |
[INFO] [stdout] 34 |     _router: Box<Bridge<router::Worker>>,
[INFO] [stdout]    |                  ^^^^^^^^^^^^^^^^^^^^^^
[INFO] [stdout]    |
[INFO] [stdout]    = warning: this is accepted in the current edition (Rust 2018) but is a hard error in Rust 2021!
[INFO] [stdout]    = note: for more information, see <https://doc.rust-lang.org/nightly/edition-guide/rust-2021/warnings-promoted-to-error.html>
[INFO] [stdout] help: use `dyn`
[INFO] [stdout]    |
[INFO] [stdout] 34 |     _router: Box<dyn Bridge<router::Worker>>,
[INFO] [stdout]    |                  +++
[INFO] [stdout] 
[INFO] [stdout] 
[INFO] [stdout] error: aborting due to 14 previous errors; 6 warnings emitted
[INFO] [stdout] 
[INFO] [stdout] 
[INFO] [stdout] Some errors have detailed explanations: E0432, E0583.
[INFO] [stdout] 
[INFO] [stdout] For more information about an error, try `rustc --explain E0432`.
[INFO] [stdout] 
[INFO] [stderr] error: could not document `arena_keeper`
[INFO] [stderr] 
[INFO] [stderr] Caused by:
[INFO] [stderr]   process didn't exit successfully: `rustdoc --edition=2018 --crate-type lib --crate-name arena_keeper src/lib.rs -o /opt/rustwide/target/doc --error-format=json --json=diagnostic-rendered-ansi,artifacts,future-incompat --document-private-items -C metadata=fd2e9ca4ae382146 -L dependency=/opt/rustwide/target/debug/deps --extern indexmap=/opt/rustwide/target/debug/deps/libindexmap-ad17ca95941297a6.rmeta --extern log=/opt/rustwide/target/debug/deps/liblog-1be4b9666e230dd4.rmeta --extern serde=/opt/rustwide/target/debug/deps/libserde-45195b9d8444285c.rmeta --extern serde_derive=/opt/rustwide/target/debug/deps/libserde_derive-05689f85a68ef70c.so --extern stdweb=/opt/rustwide/target/debug/deps/libstdweb-52f989cede52531c.rmeta --extern web_logger=/opt/rustwide/target/debug/deps/libweb_logger-369de2c2f83cb2d6.rmeta --extern yew=/opt/rustwide/target/debug/deps/libyew-33b40c214a88a5e0.rmeta --cap-lints=warn --crate-version 0.1.0` (exit status: 1)
[INFO] [stderr] warning: build failed, waiting for other jobs to finish...
[INFO] [stdout] error: aborting due to 14 previous errors; 32 warnings emitted
[INFO] [stdout] 
[INFO] [stdout] 
[INFO] [stdout] Some errors have detailed explanations: E0432, E0583.
[INFO] [stdout] 
[INFO] [stdout] For more information about an error, try `rustc --explain E0432`.
[INFO] [stdout] 
[INFO] [stderr] error: could not compile `arena_keeper` (lib) due to 15 previous errors; 32 warnings emitted
[INFO] running `Command { std: "docker" "inspect" "f7800c24a12d7e2fe32a341c7235d1e6c335b2ebfef08303a76eec1ce40775ac", kill_on_drop: false }`
[INFO] running `Command { std: "docker" "rm" "-f" "f7800c24a12d7e2fe32a341c7235d1e6c335b2ebfef08303a76eec1ce40775ac", kill_on_drop: false }`
[INFO] [stdout] f7800c24a12d7e2fe32a341c7235d1e6c335b2ebfef08303a76eec1ce40775ac
