[INFO] cloning repository https://github.com/lemontree2000/rustlings
[INFO] running `Command { std: "git" "-c" "credential.helper=" "-c" "credential.helper=/workspace/cargo-home/bin/git-credential-null" "clone" "--bare" "https://github.com/lemontree2000/rustlings" "/workspace/cache/git-repos/https%3A%2F%2Fgithub.com%2Flemontree2000%2Frustlings", kill_on_drop: false }`
[INFO] [stderr] Cloning into bare repository '/workspace/cache/git-repos/https%3A%2F%2Fgithub.com%2Flemontree2000%2Frustlings'...
[INFO] [stderr] /workspace/cache/git-repos/https%3A%2F%2Fgithub.com%2Flemontree2000%2Frustlings: No space left on device
[WARN] Retrying crate fetch in 3 seconds (attempt 1)
[INFO] cloning repository https://github.com/lemontree2000/rustlings
[INFO] running `Command { std: "git" "-c" "credential.helper=" "-c" "credential.helper=/workspace/cargo-home/bin/git-credential-null" "clone" "--bare" "https://github.com/lemontree2000/rustlings" "/workspace/cache/git-repos/https%3A%2F%2Fgithub.com%2Flemontree2000%2Frustlings", kill_on_drop: false }`
[INFO] [stderr] Cloning into bare repository '/workspace/cache/git-repos/https%3A%2F%2Fgithub.com%2Flemontree2000%2Frustlings'...
[INFO] running `Command { std: "git" "rev-parse" "HEAD", kill_on_drop: false }`
[INFO] [stdout] 0198f460b630fdcf9286928ad223b69009e8440e
[INFO] documenting lemontree2000/rustlings against 1.69.0 for beta-1.70-rustdoc-1
[INFO] running `Command { std: "git" "clone" "/workspace/cache/git-repos/https%3A%2F%2Fgithub.com%2Flemontree2000%2Frustlings" "/workspace/builds/worker-0-tc1/source", kill_on_drop: false }`
[INFO] [stderr] Cloning into '/workspace/builds/worker-0-tc1/source'...
[INFO] [stderr] done.
[INFO] validating manifest of git repo https://github.com/lemontree2000/rustlings on toolchain 1.69.0
[INFO] running `Command { std: CARGO_HOME="/workspace/cargo-home" RUSTUP_HOME="/workspace/rustup-home" "/workspace/cargo-home/bin/cargo" "+1.69.0" "metadata" "--manifest-path" "Cargo.toml" "--no-deps", kill_on_drop: false }`
[INFO] started tweaking git repo https://github.com/lemontree2000/rustlings
[INFO] finished tweaking git repo https://github.com/lemontree2000/rustlings
[INFO] tweaked toml for git repo https://github.com/lemontree2000/rustlings written to /workspace/builds/worker-0-tc1/source/Cargo.toml
[INFO] crate git repo https://github.com/lemontree2000/rustlings already has a lockfile, it will not be regenerated
[INFO] running `Command { std: CARGO_HOME="/workspace/cargo-home" RUSTUP_HOME="/workspace/rustup-home" "/workspace/cargo-home/bin/cargo" "+1.69.0" "fetch" "--manifest-path" "Cargo.toml", kill_on_drop: false }`
[INFO] running `Command { std: "docker" "create" "-v" "/var/lib/crater-agent-workspace/builds/worker-0-tc1/target:/opt/rustwide/target:rw,Z" "-v" "/var/lib/crater-agent-workspace/builds/worker-0-tc1/source:/opt/rustwide/workdir:ro,Z" "-v" "/var/lib/crater-agent-workspace/cargo-home:/opt/rustwide/cargo-home:ro,Z" "-v" "/var/lib/crater-agent-workspace/rustup-home:/opt/rustwide/rustup-home:ro,Z" "-e" "SOURCE_DIR=/opt/rustwide/workdir" "-e" "CARGO_TARGET_DIR=/opt/rustwide/target" "-e" "CARGO_HOME=/opt/rustwide/cargo-home" "-e" "RUSTUP_HOME=/opt/rustwide/rustup-home" "-w" "/opt/rustwide/workdir" "-m" "1610612736" "--user" "0:0" "--network" "none" "ghcr.io/rust-lang/crates-build-env/linux@sha256:5ff2268d62e97bff2cde7d5815dd6ed5b47097566f13b8d0ca110b04b60e07ed" "/opt/rustwide/cargo-home/bin/cargo" "+1.69.0" "metadata" "--no-deps" "--format-version=1", kill_on_drop: false }`
[INFO] [stdout] 8267f6c7936fbaf501f209c9c95fb08ef46008910566eedfaaebeba7c44d39a8
[INFO] running `Command { std: "docker" "start" "-a" "8267f6c7936fbaf501f209c9c95fb08ef46008910566eedfaaebeba7c44d39a8", kill_on_drop: false }`
[INFO] running `Command { std: "docker" "inspect" "8267f6c7936fbaf501f209c9c95fb08ef46008910566eedfaaebeba7c44d39a8", kill_on_drop: false }`
[INFO] running `Command { std: "docker" "rm" "-f" "8267f6c7936fbaf501f209c9c95fb08ef46008910566eedfaaebeba7c44d39a8", kill_on_drop: false }`
[INFO] [stdout] 8267f6c7936fbaf501f209c9c95fb08ef46008910566eedfaaebeba7c44d39a8
[INFO] running `Command { std: "docker" "create" "-v" "/var/lib/crater-agent-workspace/builds/worker-0-tc1/target:/opt/rustwide/target:rw,Z" "-v" "/var/lib/crater-agent-workspace/builds/worker-0-tc1/source:/opt/rustwide/workdir:ro,Z" "-v" "/var/lib/crater-agent-workspace/cargo-home:/opt/rustwide/cargo-home:ro,Z" "-v" "/var/lib/crater-agent-workspace/rustup-home:/opt/rustwide/rustup-home:ro,Z" "-e" "SOURCE_DIR=/opt/rustwide/workdir" "-e" "CARGO_TARGET_DIR=/opt/rustwide/target" "-e" "CARGO_INCREMENTAL=0" "-e" "RUST_BACKTRACE=full" "-e" "RUSTFLAGS=--cap-lints=warn" "-e" "RUSTDOCFLAGS=--cap-lints=warn" "-e" "CARGO_HOME=/opt/rustwide/cargo-home" "-e" "RUSTUP_HOME=/opt/rustwide/rustup-home" "-w" "/opt/rustwide/workdir" "-m" "1610612736" "--user" "0:0" "--network" "none" "ghcr.io/rust-lang/crates-build-env/linux@sha256:5ff2268d62e97bff2cde7d5815dd6ed5b47097566f13b8d0ca110b04b60e07ed" "/opt/rustwide/cargo-home/bin/cargo" "+1.69.0" "doc" "--frozen" "--no-deps" "--document-private-items" "--message-format=json", kill_on_drop: false }`
[INFO] [stdout] 62ccaf2d0f6c006139314aadcbca7c6064616a6435ef1ad434f1904945e75f4b
[INFO] running `Command { std: "docker" "start" "-a" "62ccaf2d0f6c006139314aadcbca7c6064616a6435ef1ad434f1904945e75f4b", kill_on_drop: false }`
[INFO] [stderr]    Compiling libc v0.2.93
[INFO] [stderr]     Checking cfg-if v1.0.0
[INFO] [stderr]    Compiling proc-macro2 v1.0.26
[INFO] [stderr]    Compiling unicode-xid v0.2.1
[INFO] [stderr]    Compiling syn v1.0.70
[INFO] [stderr]    Compiling memchr v2.3.4
[INFO] [stderr]    Compiling log v0.4.14
[INFO] [stderr]    Compiling autocfg v1.0.1
[INFO] [stderr]    Compiling serde_derive v1.0.125
[INFO] [stderr]     Checking lazy_static v1.4.0
[INFO] [stderr]     Checking scopeguard v1.1.0
[INFO] [stderr]     Checking cfg-if v0.1.10
[INFO] [stderr]     Checking smallvec v1.6.1
[INFO] [stderr]     Checking regex-syntax v0.6.23
[INFO] [stderr]    Compiling bitflags v1.2.1
[INFO] [stderr]     Checking slab v0.4.3
[INFO] [stderr]     Checking instant v0.1.9
[INFO] [stderr]    Compiling serde v1.0.125
[INFO] [stderr]     Checking lock_api v0.4.3
[INFO] [stderr]     Checking unicode-width v0.1.8
[INFO] [stderr]    Compiling unicode-segmentation v1.7.1
[INFO] [stderr]     Checking lazycell v1.3.0
[INFO] [stderr] LLVM ERROR: IO failure on output stream: No space left on device
[INFO] [stderr] error: could not compile `memchr`
[INFO] [stderr] warning: build failed, waiting for other jobs to finish...
[INFO] [stderr] error: could not parse/generate dep info at: /opt/rustwide/target/debug/deps/smallvec-230726b03690f42b.d
[INFO] [stderr] 
[INFO] [stderr] Caused by:
[INFO] [stderr]   failed to write `/opt/rustwide/target/debug/.fingerprint/smallvec-230726b03690f42b/dep-lib-smallvec`
[INFO] [stderr] 
[INFO] [stderr] Caused by:
[INFO] [stderr]   No space left on device (os error 28)
[INFO] [stderr] LLVM ERROR: IO failure on output stream: No space left on device
[INFO] [stderr] error: could not parse/generate dep info at: /opt/rustwide/target/debug/deps/slab-011dda45a9016675.d
[INFO] [stderr] 
[INFO] [stderr] Caused by:
[INFO] [stderr]   failed to write `/opt/rustwide/target/debug/.fingerprint/slab-011dda45a9016675/dep-lib-slab`
[INFO] [stderr] 
[INFO] [stderr] Caused by:
[INFO] [stderr]   No space left on device (os error 28)
[INFO] [stderr] LLVM ERROR: IO failure on output stream: No space left on device
[INFO] [stderr] LLVM ERROR: IO failure on output stream: No space left on device
[INFO] [stderr] LLVM ERROR: IO failure on output stream: No space left on device
[INFO] [stderr] LLVM ERROR: IO failure on output stream: No space left on device
[INFO] [stderr] error: could not compile `bitflags`
[INFO] [stderr] error: could not compile `libc`
[INFO] [stderr] error: could not compile `proc-macro2`
[INFO] [stderr] error: could not compile `serde`
[INFO] [stdout] error: linking with `cc` failed: exit status: 1
[INFO] [stdout]   |
[INFO] [stdout]   = note: LC_ALL="C" PATH="/opt/rustwide/rustup-home/toolchains/1.69.0-x86_64-unknown-linux-gnu/lib/rustlib/x86_64-unknown-linux-gnu/bin:/opt/rustwide/cargo-home/bin:/usr/local/sbin:/usr/local/bin:/usr/sbin:/usr/bin:/sbin:/bin" VSLANG="1033" "cc" "-m64" "/tmp/rustcOok9qZ/symbols.o" "/opt/rustwide/target/debug/build/log-515e6db5cdbaeab3/build_script_build-515e6db5cdbaeab3.build_script_build.8806945a-cgu.0.rcgu.o" "/opt/rustwide/target/debug/build/log-515e6db5cdbaeab3/build_script_build-515e6db5cdbaeab3.build_script_build.8806945a-cgu.1.rcgu.o" "/opt/rustwide/target/debug/build/log-515e6db5cdbaeab3/build_script_build-515e6db5cdbaeab3.build_script_build.8806945a-cgu.10.rcgu.o" "/opt/rustwide/target/debug/build/log-515e6db5cdbaeab3/build_script_build-515e6db5cdbaeab3.build_script_build.8806945a-cgu.11.rcgu.o" "/opt/rustwide/target/debug/build/log-515e6db5cdbaeab3/build_script_build-515e6db5cdbaeab3.build_script_build.8806945a-cgu.12.rcgu.o" "/opt/rustwide/target/debug/build/log-515e6db5cdbaeab3/build_script_build-515e6db5cdbaeab3.build_script_build.8806945a-cgu.13.rcgu.o" "/opt/rustwide/target/debug/build/log-515e6db5cdbaeab3/build_script_build-515e6db5cdbaeab3.build_script_build.8806945a-cgu.14.rcgu.o" "/opt/rustwide/target/debug/build/log-515e6db5cdbaeab3/build_script_build-515e6db5cdbaeab3.build_script_build.8806945a-cgu.15.rcgu.o" "/opt/rustwide/target/debug/build/log-515e6db5cdbaeab3/build_script_build-515e6db5cdbaeab3.build_script_build.8806945a-cgu.2.rcgu.o" "/opt/rustwide/target/debug/build/log-515e6db5cdbaeab3/build_script_build-515e6db5cdbaeab3.build_script_build.8806945a-cgu.3.rcgu.o" "/opt/rustwide/target/debug/build/log-515e6db5cdbaeab3/build_script_build-515e6db5cdbaeab3.build_script_build.8806945a-cgu.4.rcgu.o" "/opt/rustwide/target/debug/build/log-515e6db5cdbaeab3/build_script_build-515e6db5cdbaeab3.build_script_build.8806945a-cgu.5.rcgu.o" "/opt/rustwide/target/debug/build/log-515e6db5cdbaeab3/build_script_build-515e6db5cdbaeab3.build_script_build.8806945a-cgu.6.rcgu.o" "/opt/rustwide/target/debug/build/log-515e6db5cdbaeab3/build_script_build-515e6db5cdbaeab3.build_script_build.8806945a-cgu.7.rcgu.o" "/opt/rustwide/target/debug/build/log-515e6db5cdbaeab3/build_script_build-515e6db5cdbaeab3.build_script_build.8806945a-cgu.8.rcgu.o" "/opt/rustwide/target/debug/build/log-515e6db5cdbaeab3/build_script_build-515e6db5cdbaeab3.build_script_build.8806945a-cgu.9.rcgu.o" "/opt/rustwide/target/debug/build/log-515e6db5cdbaeab3/build_script_build-515e6db5cdbaeab3.2yimtbbj6r4vw0bi.rcgu.o" "-Wl,--as-needed" "-L" "/opt/rustwide/target/debug/deps" "-L" "/opt/rustwide/rustup-home/toolchains/1.69.0-x86_64-unknown-linux-gnu/lib/rustlib/x86_64-unknown-linux-gnu/lib" "-Wl,-Bstatic" "/opt/rustwide/rustup-home/toolchains/1.69.0-x86_64-unknown-linux-gnu/lib/rustlib/x86_64-unknown-linux-gnu/lib/libstd-89bc084783fdc439.rlib" "/opt/rustwide/rustup-home/toolchains/1.69.0-x86_64-unknown-linux-gnu/lib/rustlib/x86_64-unknown-linux-gnu/lib/libpanic_unwind-8bee4b287d4367c1.rlib" "/opt/rustwide/rustup-home/toolchains/1.69.0-x86_64-unknown-linux-gnu/lib/rustlib/x86_64-unknown-linux-gnu/lib/libobject-d61707aed80694c0.rlib" "/opt/rustwide/rustup-home/toolchains/1.69.0-x86_64-unknown-linux-gnu/lib/rustlib/x86_64-unknown-linux-gnu/lib/libmemchr-d85366256f22345b.rlib" "/opt/rustwide/rustup-home/toolchains/1.69.0-x86_64-unknown-linux-gnu/lib/rustlib/x86_64-unknown-linux-gnu/lib/libaddr2line-96069b86b8a8cae9.rlib" "/opt/rustwide/rustup-home/toolchains/1.69.0-x86_64-unknown-linux-gnu/lib/rustlib/x86_64-unknown-linux-gnu/lib/libgimli-d19d53abf68dfa6c.rlib" "/opt/rustwide/rustup-home/toolchains/1.69.0-x86_64-unknown-linux-gnu/lib/rustlib/x86_64-unknown-linux-gnu/lib/librustc_demangle-787cbccd19d64ac6.rlib" "/opt/rustwide/rustup-home/toolchains/1.69.0-x86_64-unknown-linux-gnu/lib/rustlib/x86_64-unknown-linux-gnu/lib/libstd_detect-b3837a36b830e0d0.rlib" "/opt/rustwide/rustup-home/toolchains/1.69.0-x86_64-unknown-linux-gnu/lib/rustlib/x86_64-unknown-linux-gnu/lib/libhashbrown-e3deb0e7e3f04966.rlib" "/opt/rustwide/rustup-home/toolchains/1.69.0-x86_64-unknown-linux-gnu/lib/rustlib/x86_64-unknown-linux-gnu/lib/libminiz_oxide-dabbb79c9815def4.rlib" "/opt/rustwide/rustup-home/toolchains/1.69.0-x86_64-unknown-linux-gnu/lib/rustlib/x86_64-unknown-linux-gnu/lib/libadler-305b01f34c9409f2.rlib" "/opt/rustwide/rustup-home/toolchains/1.69.0-x86_64-unknown-linux-gnu/lib/rustlib/x86_64-unknown-linux-gnu/lib/librustc_std_workspace_alloc-f833521df6074e73.rlib" "/opt/rustwide/rustup-home/toolchains/1.69.0-x86_64-unknown-linux-gnu/lib/rustlib/x86_64-unknown-linux-gnu/lib/libunwind-9ac333113350d171.rlib" "/opt/rustwide/rustup-home/toolchains/1.69.0-x86_64-unknown-linux-gnu/lib/rustlib/x86_64-unknown-linux-gnu/lib/libcfg_if-1c126114322d0eee.rlib" "/opt/rustwide/rustup-home/toolchains/1.69.0-x86_64-unknown-linux-gnu/lib/rustlib/x86_64-unknown-linux-gnu/lib/liblibc-bad9164fdeeecf92.rlib" "/opt/rustwide/rustup-home/toolchains/1.69.0-x86_64-unknown-linux-gnu/lib/rustlib/x86_64-unknown-linux-gnu/lib/liballoc-f9374b1e480fa681.rlib" "/opt/rustwide/rustup-home/toolchains/1.69.0-x86_64-unknown-linux-gnu/lib/rustlib/x86_64-unknown-linux-gnu/lib/librustc_std_workspace_core-207f06e41d9603af.rlib" "/opt/rustwide/rustup-home/toolchains/1.69.0-x86_64-unknown-linux-gnu/lib/rustlib/x86_64-unknown-linux-gnu/lib/libcore-7e2768e66e984e85.rlib" "/opt/rustwide/rustup-home/toolchains/1.69.0-x86_64-unknown-linux-gnu/lib/rustlib/x86_64-unknown-linux-gnu/lib/libcompiler_builtins-957b4aff41f8cd46.rlib" "-Wl,-Bdynamic" "-lgcc_s" "-lutil" "-lrt" "-lpthread" "-lm" "-ldl" "-lc" "-Wl,--eh-frame-hdr" "-Wl,-z,noexecstack" "-L" "/opt/rustwide/rustup-home/toolchains/1.69.0-x86_64-unknown-linux-gnu/lib/rustlib/x86_64-unknown-linux-gnu/lib" "-o" "/opt/rustwide/target/debug/build/log-515e6db5cdbaeab3/build_script_build-515e6db5cdbaeab3" "-Wl,--gc-sections" "-pie" "-Wl,-z,relro,-z,now" "-nodefaultlibs"
[INFO] [stdout]   = note: /usr/bin/ld: final link failed: No space left on device
[INFO] [stdout]           collect2: error: ld returned 1 exit status
[INFO] [stdout]           
[INFO] [stdout] 
[INFO] [stdout] 
[INFO] [stderr] LLVM ERROR: IO failure on output stream: No space left on device
[INFO] [stderr] error: could not compile `log` due to previous error
[INFO] [stderr] error: could not compile `syn`
[INFO] [stderr] error: could not compile `autocfg`
[INFO] [stdout] error: error writing dependencies to `/opt/rustwide/target/debug/deps/regex_syntax-0d9e4a1fdf0e3ee0.d`: No space left on device (os error 28)
[INFO] [stdout] 
[INFO] [stdout] 
[INFO] [stdout] error: couldn't create a temp dir: No space left on device (os error 28) at path "/opt/rustwide/target/debug/deps/rmetaBxd05m"
[INFO] [stdout] 
[INFO] [stdout] 
[INFO] [stderr] error: could not compile `regex-syntax` due to previous error
[INFO] [stderr] error: could not compile `lock_api` due to previous error
[INFO] [stdout] error: linking with `cc` failed: exit status: 1
[INFO] [stdout]   |
[INFO] [stdout]   = note: LC_ALL="C" PATH="/opt/rustwide/rustup-home/toolchains/1.69.0-x86_64-unknown-linux-gnu/lib/rustlib/x86_64-unknown-linux-gnu/bin:/opt/rustwide/cargo-home/bin:/usr/local/sbin:/usr/local/bin:/usr/sbin:/usr/bin:/sbin:/bin" VSLANG="1033" "cc" "-m64" "/tmp/rustc1hQKAI/symbols.o" "/opt/rustwide/target/debug/build/serde_derive-f6df3ef33650a14b/build_script_build-f6df3ef33650a14b.build_script_build.f43c9b68-cgu.0.rcgu.o" "/opt/rustwide/target/debug/build/serde_derive-f6df3ef33650a14b/build_script_build-f6df3ef33650a14b.build_script_build.f43c9b68-cgu.1.rcgu.o" "/opt/rustwide/target/debug/build/serde_derive-f6df3ef33650a14b/build_script_build-f6df3ef33650a14b.build_script_build.f43c9b68-cgu.10.rcgu.o" "/opt/rustwide/target/debug/build/serde_derive-f6df3ef33650a14b/build_script_build-f6df3ef33650a14b.build_script_build.f43c9b68-cgu.11.rcgu.o" "/opt/rustwide/target/debug/build/serde_derive-f6df3ef33650a14b/build_script_build-f6df3ef33650a14b.build_script_build.f43c9b68-cgu.12.rcgu.o" "/opt/rustwide/target/debug/build/serde_derive-f6df3ef33650a14b/build_script_build-f6df3ef33650a14b.build_script_build.f43c9b68-cgu.13.rcgu.o" "/opt/rustwide/target/debug/build/serde_derive-f6df3ef33650a14b/build_script_build-f6df3ef33650a14b.build_script_build.f43c9b68-cgu.14.rcgu.o" "/opt/rustwide/target/debug/build/serde_derive-f6df3ef33650a14b/build_script_build-f6df3ef33650a14b.build_script_build.f43c9b68-cgu.15.rcgu.o" "/opt/rustwide/target/debug/build/serde_derive-f6df3ef33650a14b/build_script_build-f6df3ef33650a14b.build_script_build.f43c9b68-cgu.2.rcgu.o" "/opt/rustwide/target/debug/build/serde_derive-f6df3ef33650a14b/build_script_build-f6df3ef33650a14b.build_script_build.f43c9b68-cgu.3.rcgu.o" "/opt/rustwide/target/debug/build/serde_derive-f6df3ef33650a14b/build_script_build-f6df3ef33650a14b.build_script_build.f43c9b68-cgu.4.rcgu.o" "/opt/rustwide/target/debug/build/serde_derive-f6df3ef33650a14b/build_script_build-f6df3ef33650a14b.build_script_build.f43c9b68-cgu.5.rcgu.o" "/opt/rustwide/target/debug/build/serde_derive-f6df3ef33650a14b/build_script_build-f6df3ef33650a14b.build_script_build.f43c9b68-cgu.6.rcgu.o" "/opt/rustwide/target/debug/build/serde_derive-f6df3ef33650a14b/build_script_build-f6df3ef33650a14b.build_script_build.f43c9b68-cgu.7.rcgu.o" "/opt/rustwide/target/debug/build/serde_derive-f6df3ef33650a14b/build_script_build-f6df3ef33650a14b.build_script_build.f43c9b68-cgu.8.rcgu.o" "/opt/rustwide/target/debug/build/serde_derive-f6df3ef33650a14b/build_script_build-f6df3ef33650a14b.build_script_build.f43c9b68-cgu.9.rcgu.o" "/opt/rustwide/target/debug/build/serde_derive-f6df3ef33650a14b/build_script_build-f6df3ef33650a14b.119t8ot1ztpuhtlx.rcgu.o" "-Wl,--as-needed" "-L" "/opt/rustwide/target/debug/deps" "-L" "/opt/rustwide/rustup-home/toolchains/1.69.0-x86_64-unknown-linux-gnu/lib/rustlib/x86_64-unknown-linux-gnu/lib" "-Wl,-Bstatic" "/opt/rustwide/rustup-home/toolchains/1.69.0-x86_64-unknown-linux-gnu/lib/rustlib/x86_64-unknown-linux-gnu/lib/libstd-89bc084783fdc439.rlib" "/opt/rustwide/rustup-home/toolchains/1.69.0-x86_64-unknown-linux-gnu/lib/rustlib/x86_64-unknown-linux-gnu/lib/libpanic_unwind-8bee4b287d4367c1.rlib" "/opt/rustwide/rustup-home/toolchains/1.69.0-x86_64-unknown-linux-gnu/lib/rustlib/x86_64-unknown-linux-gnu/lib/libobject-d61707aed80694c0.rlib" "/opt/rustwide/rustup-home/toolchains/1.69.0-x86_64-unknown-linux-gnu/lib/rustlib/x86_64-unknown-linux-gnu/lib/libmemchr-d85366256f22345b.rlib" "/opt/rustwide/rustup-home/toolchains/1.69.0-x86_64-unknown-linux-gnu/lib/rustlib/x86_64-unknown-linux-gnu/lib/libaddr2line-96069b86b8a8cae9.rlib" "/opt/rustwide/rustup-home/toolchains/1.69.0-x86_64-unknown-linux-gnu/lib/rustlib/x86_64-unknown-linux-gnu/lib/libgimli-d19d53abf68dfa6c.rlib" "/opt/rustwide/rustup-home/toolchains/1.69.0-x86_64-unknown-linux-gnu/lib/rustlib/x86_64-unknown-linux-gnu/lib/librustc_demangle-787cbccd19d64ac6.rlib" "/opt/rustwide/rustup-home/toolchains/1.69.0-x86_64-unknown-linux-gnu/lib/rustlib/x86_64-unknown-linux-gnu/lib/libstd_detect-b3837a36b830e0d0.rlib" "/opt/rustwide/rustup-home/toolchains/1.69.0-x86_64-unknown-linux-gnu/lib/rustlib/x86_64-unknown-linux-gnu/lib/libhashbrown-e3deb0e7e3f04966.rlib" "/opt/rustwide/rustup-home/toolchains/1.69.0-x86_64-unknown-linux-gnu/lib/rustlib/x86_64-unknown-linux-gnu/lib/libminiz_oxide-dabbb79c9815def4.rlib" "/opt/rustwide/rustup-home/toolchains/1.69.0-x86_64-unknown-linux-gnu/lib/rustlib/x86_64-unknown-linux-gnu/lib/libadler-305b01f34c9409f2.rlib" "/opt/rustwide/rustup-home/toolchains/1.69.0-x86_64-unknown-linux-gnu/lib/rustlib/x86_64-unknown-linux-gnu/lib/librustc_std_workspace_alloc-f833521df6074e73.rlib" "/opt/rustwide/rustup-home/toolchains/1.69.0-x86_64-unknown-linux-gnu/lib/rustlib/x86_64-unknown-linux-gnu/lib/libunwind-9ac333113350d171.rlib" "/opt/rustwide/rustup-home/toolchains/1.69.0-x86_64-unknown-linux-gnu/lib/rustlib/x86_64-unknown-linux-gnu/lib/libcfg_if-1c126114322d0eee.rlib" "/opt/rustwide/rustup-home/toolchains/1.69.0-x86_64-unknown-linux-gnu/lib/rustlib/x86_64-unknown-linux-gnu/lib/liblibc-bad9164fdeeecf92.rlib" "/opt/rustwide/rustup-home/toolchains/1.69.0-x86_64-unknown-linux-gnu/lib/rustlib/x86_64-unknown-linux-gnu/lib/liballoc-f9374b1e480fa681.rlib" "/opt/rustwide/rustup-home/toolchains/1.69.0-x86_64-unknown-linux-gnu/lib/rustlib/x86_64-unknown-linux-gnu/lib/librustc_std_workspace_core-207f06e41d9603af.rlib" "/opt/rustwide/rustup-home/toolchains/1.69.0-x86_64-unknown-linux-gnu/lib/rustlib/x86_64-unknown-linux-gnu/lib/libcore-7e2768e66e984e85.rlib" "/opt/rustwide/rustup-home/toolchains/1.69.0-x86_64-unknown-linux-gnu/lib/rustlib/x86_64-unknown-linux-gnu/lib/libcompiler_builtins-957b4aff41f8cd46.rlib" "-Wl,-Bdynamic" "-lgcc_s" "-lutil" "-lrt" "-lpthread" "-lm" "-ldl" "-lc" "-Wl,--eh-frame-hdr" "-Wl,-z,noexecstack" "-L" "/opt/rustwide/rustup-home/toolchains/1.69.0-x86_64-unknown-linux-gnu/lib/rustlib/x86_64-unknown-linux-gnu/lib" "-o" "/opt/rustwide/target/debug/build/serde_derive-f6df3ef33650a14b/build_script_build-f6df3ef33650a14b" "-Wl,--gc-sections" "-pie" "-Wl,-z,relro,-z,now" "-nodefaultlibs"
[INFO] [stdout]   = note: /usr/bin/ld: final link failed: No space left on device
[INFO] [stdout]           collect2: error: ld returned 1 exit status
[INFO] [stdout]           
[INFO] [stdout] 
[INFO] [stdout] 
[INFO] [stderr] error: could not compile `serde_derive` due to previous error
[INFO] [stdout] error: couldn't create a temp dir: No space left on device (os error 28) at path "/opt/rustwide/target/debug/deps/rmetaYxMPob"
[INFO] [stdout] 
[INFO] [stdout] 
[INFO] [stderr] error: could not compile `unicode-segmentation` due to previous error
[INFO] running `Command { std: "docker" "inspect" "62ccaf2d0f6c006139314aadcbca7c6064616a6435ef1ad434f1904945e75f4b", kill_on_drop: false }`
[INFO] running `Command { std: "docker" "rm" "-f" "62ccaf2d0f6c006139314aadcbca7c6064616a6435ef1ad434f1904945e75f4b", kill_on_drop: false }`
[INFO] [stdout] 62ccaf2d0f6c006139314aadcbca7c6064616a6435ef1ad434f1904945e75f4b
