[INFO] cloning repository https://github.com/leejw51/mychain
[INFO] running `Command { std: "git" "-c" "credential.helper=" "-c" "credential.helper=/workspace/cargo-home/bin/git-credential-null" "clone" "--bare" "https://github.com/leejw51/mychain" "/workspace/cache/git-repos/https%3A%2F%2Fgithub.com%2Fleejw51%2Fmychain", kill_on_drop: false }`
[INFO] [stderr] Cloning into bare repository '/workspace/cache/git-repos/https%3A%2F%2Fgithub.com%2Fleejw51%2Fmychain'...
[INFO] running `Command { std: "git" "rev-parse" "HEAD", kill_on_drop: false }`
[INFO] [stdout] a44fde6f74a15df079f635f8959aff7456984e86
[INFO] documenting leejw51/mychain against beta-2023-04-20 for beta-1.70-rustdoc-1
[INFO] running `Command { std: "git" "clone" "/workspace/cache/git-repos/https%3A%2F%2Fgithub.com%2Fleejw51%2Fmychain" "/workspace/builds/worker-6-tc2/source", kill_on_drop: false }`
[INFO] [stderr] Cloning into '/workspace/builds/worker-6-tc2/source'...
[INFO] [stderr] done.
[INFO] validating manifest of git repo https://github.com/leejw51/mychain on toolchain beta-2023-04-20
[INFO] running `Command { std: CARGO_HOME="/workspace/cargo-home" RUSTUP_HOME="/workspace/rustup-home" "/workspace/cargo-home/bin/cargo" "+beta-2023-04-20" "metadata" "--manifest-path" "Cargo.toml" "--no-deps", kill_on_drop: false }`
[INFO] started tweaking git repo https://github.com/leejw51/mychain
[INFO] finished tweaking git repo https://github.com/leejw51/mychain
[INFO] tweaked toml for git repo https://github.com/leejw51/mychain written to /workspace/builds/worker-6-tc2/source/Cargo.toml
[INFO] crate git repo https://github.com/leejw51/mychain already has a lockfile, it will not be regenerated
[INFO] running `Command { std: CARGO_HOME="/workspace/cargo-home" RUSTUP_HOME="/workspace/rustup-home" "/workspace/cargo-home/bin/cargo" "+beta-2023-04-20" "fetch" "--manifest-path" "Cargo.toml", kill_on_drop: false }`
[INFO] [stderr]     Updating crates.io index
[INFO] [stderr] warning: skipping duplicate package `app` found at `/workspace/cargo-home/git/checkouts/rust-sgx-sdk-fc8771c5c45bde9a/5b5e512/samplecode/http_req/app`
[INFO] [stderr] warning: skipping duplicate package `app` found at `/workspace/cargo-home/git/checkouts/rust-sgx-sdk-fc8771c5c45bde9a/5b5e512/samplecode/hello-rust-vscode-debug/app`
[INFO] [stderr] warning: skipping duplicate package `app` found at `/workspace/cargo-home/git/checkouts/rust-sgx-sdk-fc8771c5c45bde9a/5b5e512/samplecode/wasmi/app`
[INFO] [stderr] warning: skipping duplicate package `app` found at `/workspace/cargo-home/git/checkouts/rust-sgx-sdk-fc8771c5c45bde9a/5b5e512/samplecode/sgx-cov/app`
[INFO] [stderr] warning: skipping duplicate package `Helloworldsampleenclave` found at `/workspace/cargo-home/git/checkouts/rust-sgx-sdk-fc8771c5c45bde9a/5b5e512/samplecode/helloworld/enclave`
[INFO] [stderr] warning: skipping duplicate package `app` found at `/workspace/cargo-home/git/checkouts/rust-sgx-sdk-fc8771c5c45bde9a/5b5e512/samplecode/switchless/app`
[INFO] [stderr] warning: skipping duplicate package `app` found at `/workspace/cargo-home/git/checkouts/rust-sgx-sdk-fc8771c5c45bde9a/5b5e512/samplecode/mutual-ra/app`
[INFO] [stderr] warning: skipping duplicate package `app` found at `/workspace/cargo-home/git/checkouts/rust-sgx-sdk-fc8771c5c45bde9a/5b5e512/samplecode/mio/server/app`
[INFO] [stderr] warning: skipping duplicate package `app` found at `/workspace/cargo-home/git/checkouts/rust-sgx-sdk-fc8771c5c45bde9a/5b5e512/samplecode/mio/client/app`
[INFO] [stderr] warning: skipping duplicate package `app` found at `/workspace/cargo-home/git/checkouts/rust-sgx-sdk-fc8771c5c45bde9a/5b5e512/samplecode/db-proxy/db-proxy/app`
[INFO] [stderr] warning: skipping duplicate package `app` found at `/workspace/cargo-home/git/checkouts/rust-sgx-sdk-fc8771c5c45bde9a/5b5e512/samplecode/sgxcounter/app`
[INFO] [stderr] warning: skipping duplicate package `app` found at `/workspace/cargo-home/git/checkouts/rust-sgx-sdk-fc8771c5c45bde9a/5b5e512/samplecode/protobuf/app`
[INFO] [stderr] warning: skipping duplicate package `app` found at `/workspace/cargo-home/git/checkouts/rust-sgx-sdk-fc8771c5c45bde9a/5b5e512/samplecode/zlib-lazy-static-sample/app`
[INFO] [stderr] warning: skipping duplicate package `Helloworldsampleenclave` found at `/workspace/cargo-home/git/checkouts/rust-sgx-sdk-fc8771c5c45bde9a/5b5e512/samplecode/tcmalloc/enclave`
[INFO] [stderr] warning: skipping duplicate package `app` found at `/workspace/cargo-home/git/checkouts/rust-sgx-sdk-fc8771c5c45bde9a/5b5e512/samplecode/tcmalloc/app`
[INFO] [stderr] warning: skipping duplicate package `app` found at `/workspace/cargo-home/git/checkouts/rust-sgx-sdk-fc8771c5c45bde9a/5b5e512/samplecode/logger/app`
[INFO] [stderr] warning: skipping duplicate package `app` found at `/workspace/cargo-home/git/checkouts/rust-sgx-sdk-fc8771c5c45bde9a/5b5e512/samplecode/tr-mpc/tr-mpc-server/app`
[INFO] [stderr] warning: skipping duplicate package `app` found at `/workspace/cargo-home/git/checkouts/rust-sgx-sdk-fc8771c5c45bde9a/5b5e512/samplecode/sgxtime/app`
[INFO] [stderr] warning: skipping duplicate package `app` found at `/workspace/cargo-home/git/checkouts/rust-sgx-sdk-fc8771c5c45bde9a/5b5e512/samplecode/pcl/pcl-seal/app`
[INFO] [stderr] warning: skipping duplicate package `Helloworldsampleenclave` found at `/workspace/cargo-home/git/checkouts/rust-sgx-sdk-fc8771c5c45bde9a/5b5e512/samplecode/pcl/encrypted-hello/enclave`
[INFO] [stderr] warning: skipping duplicate package `ue_send_recv` found at `/workspace/cargo-home/git/checkouts/rust-sgx-sdk-fc8771c5c45bde9a/5b5e512/samplecode/pcl/pcl-user/ue_send_recv`
[INFO] [stderr] warning: skipping duplicate package `Helloworldsampleenclave` found at `/workspace/cargo-home/git/checkouts/rust-sgx-sdk-fc8771c5c45bde9a/5b5e512/samplecode/net2/enclave`
[INFO] [stderr] warning: skipping duplicate package `app` found at `/workspace/cargo-home/git/checkouts/rust-sgx-sdk-fc8771c5c45bde9a/5b5e512/samplecode/net2/app`
[INFO] [stderr] warning: skipping duplicate package `Helloworldsampleenclave` found at `/workspace/cargo-home/git/checkouts/rust-sgx-sdk-fc8771c5c45bde9a/5b5e512/samplecode/prost-protobuf/enclave`
[INFO] [stderr] warning: skipping duplicate package `app` found at `/workspace/cargo-home/git/checkouts/rust-sgx-sdk-fc8771c5c45bde9a/5b5e512/samplecode/prost-protobuf/app`
[INFO] [stderr] warning: skipping duplicate package `Helloworldsampleenclave` found at `/workspace/cargo-home/git/checkouts/rust-sgx-sdk-fc8771c5c45bde9a/5b5e512/samplecode/kvdb-memdb/enclave`
[INFO] [stderr] warning: skipping duplicate package `app` found at `/workspace/cargo-home/git/checkouts/rust-sgx-sdk-fc8771c5c45bde9a/5b5e512/samplecode/kvdb-memdb/app`
[INFO] [stderr] warning: skipping duplicate package `app` found at `/workspace/cargo-home/git/checkouts/rust-sgx-sdk-fc8771c5c45bde9a/5b5e512/samplecode/unit-test/app`
[INFO] [stderr] warning: skipping duplicate package `app` found at `/workspace/cargo-home/git/checkouts/rust-sgx-sdk-fc8771c5c45bde9a/5b5e512/samplecode/static-data-distribution/app`
[INFO] [stderr] warning: skipping duplicate package `app` found at `/workspace/cargo-home/git/checkouts/rust-sgx-sdk-fc8771c5c45bde9a/5b5e512/samplecode/ue-ra/ue-ra-server/app`
[INFO] [stderr] warning: skipping duplicate package `app` found at `/workspace/cargo-home/git/checkouts/rust-sgx-sdk-fc8771c5c45bde9a/5b5e512/samplecode/tls/tlsclient/app`
[INFO] [stderr] warning: skipping duplicate package `app` found at `/workspace/cargo-home/git/checkouts/rust-sgx-sdk-fc8771c5c45bde9a/5b5e512/samplecode/tls/tlsserver/app`
[INFO] [stderr] warning: skipping duplicate package `Helloworldsampleenclave` found at `/workspace/cargo-home/git/checkouts/rust-sgx-sdk-fc8771c5c45bde9a/5b5e512/samplecode/hello-rust/enclave`
[INFO] [stderr] warning: skipping duplicate package `app` found at `/workspace/cargo-home/git/checkouts/rust-sgx-sdk-fc8771c5c45bde9a/5b5e512/samplecode/hello-rust/app`
[INFO] [stderr]  Downloading crates ...
[INFO] [stderr]   Downloaded jsonrpc-core-client v14.0.5
[INFO] [stderr]   Downloaded fixed-hash v0.5.1
[INFO] [stderr]   Downloaded jsonrpc-http-server v14.0.5
[INFO] [stderr]   Downloaded log v0.4.10
[INFO] [stderr]   Downloaded aes-gcm-siv v0.3.0
[INFO] [stderr]   Downloaded jobserver v0.1.17
[INFO] [stderr]   Downloaded jsonrpc-derive v14.0.5
[INFO] [stderr]   Downloaded kvdb-rocksdb v0.2.0
[INFO] [stderr]   Downloaded structopt v0.3.5
[INFO] [stderr]   Downloaded websocket v0.24.0
[INFO] [stderr]   Downloaded cli-table v0.2.0
[INFO] [stderr]   Downloaded jsonrpc-server-utils v14.0.5
[INFO] [stderr]   Downloaded jsonrpc-core v14.0.5
[INFO] [stderr]   Downloaded metadeps v1.1.2
[INFO] [stderr]   Downloaded byte-slice-cast v0.3.4
[INFO] [stderr]   Downloaded subtle-encoding v0.4.1
[INFO] [stderr]   Downloaded parity-scale-codec-derive v1.1.0
[INFO] [stderr]   Downloaded protobuf-codegen v2.8.1
[INFO] [stderr]   Downloaded impl-serde v0.2.3
[INFO] [stderr]   Downloaded ethbloom v0.8.1
[INFO] [stderr]   Downloaded thiserror-impl v1.0.9
[INFO] [stderr]   Downloaded ed25519 v1.0.0-pre.1
[INFO] [stderr]   Downloaded zmq-sys v0.11.0
[INFO] [stderr]   Downloaded termion v1.5.4
[INFO] [stderr]   Downloaded jsonrpc v0.11.0
[INFO] [stderr]   Downloaded yasna v0.3.1
[INFO] [stderr]   Downloaded bitvec v0.15.2
[INFO] [stderr]   Downloaded parity-scale-codec v1.1.0
[INFO] [stderr]   Downloaded rlp v0.4.4
[INFO] [stderr]   Downloaded impl-rlp v0.2.1
[INFO] [stderr]   Downloaded thiserror v1.0.9
[INFO] [stderr]   Downloaded websocket-base v0.24.0
[INFO] [stderr]   Downloaded signature v1.0.0-pre.1
[INFO] [stderr]   Downloaded parity-bytes v0.1.1
[INFO] [stderr]   Downloaded tai64 v3.1.0
[INFO] [stderr]   Downloaded kvdb-memorydb v0.1.2
[INFO] [stderr]   Downloaded pbr v1.0.2
[INFO] [stderr]   Downloaded subtle v2.2.2
[INFO] [stderr]   Downloaded kvdb v0.1.1
[INFO] [stderr]   Downloaded zmq v0.9.2
[INFO] [stderr]   Downloaded bit-vec v0.6.1
[INFO] [stderr]   Downloaded ed25519-dalek v1.0.0-pre.2
[INFO] [stderr]   Downloaded structopt-derive v0.3.5
[INFO] [stderr]   Downloaded jsonrpc-pubsub v14.0.5
[INFO] [stderr]   Downloaded jsonrpc-client-transports v14.0.5
[INFO] [stderr]   Downloaded bech32 v0.7.1
[INFO] [stderr]   Downloaded tiny-keccak v2.0.1
[INFO] [stderr]   Downloaded zeroize_derive v1.0.0
[INFO] [stderr]   Downloaded elastic-array v0.10.3
[INFO] [stderr]   Downloaded subtle-encoding v0.3.7
[INFO] [stderr]   Downloaded secstr v0.3.2
[INFO] [stderr]   Downloaded polyval v0.3.2
[INFO] [stderr]   Downloaded integer-encoding v1.0.7
[INFO] [stderr]   Downloaded quickcheck v0.9.0
[INFO] [stderr]   Downloaded quest v0.3.0
[INFO] [stderr]   Downloaded prost-amino v0.4.0
[INFO] [stderr]   Downloaded prost-amino-derive v0.4.0
[INFO] [stderr]   Downloaded elliptic-curve v0.2.0
[INFO] [stderr]   Downloaded protobuf-codegen-pure v2.8.1
[INFO] [stderr]   Downloaded subtle-encoding v0.5.0
[INFO] [stderr]   Downloaded non-empty-vec v0.1.0
[INFO] [stderr]   Downloaded signatory-dalek v0.17.0
[INFO] [stderr]   Downloaded abci v0.6.4
[INFO] [stderr]   Downloaded starling v3.1.2
[INFO] [stderr]   Downloaded ecdsa v0.3.0
[INFO] [stderr]   Downloaded fixed v0.4.6
[INFO] [stderr]   Downloaded signatory v0.17.1
[INFO] [stderr]   Downloaded sled v0.30.1
[INFO] running `Command { std: "docker" "create" "-v" "/var/lib/crater-agent-workspace/builds/worker-6-tc2/target:/opt/rustwide/target:rw,Z" "-v" "/var/lib/crater-agent-workspace/builds/worker-6-tc2/source:/opt/rustwide/workdir:ro,Z" "-v" "/var/lib/crater-agent-workspace/cargo-home:/opt/rustwide/cargo-home:ro,Z" "-v" "/var/lib/crater-agent-workspace/rustup-home:/opt/rustwide/rustup-home:ro,Z" "-e" "SOURCE_DIR=/opt/rustwide/workdir" "-e" "CARGO_TARGET_DIR=/opt/rustwide/target" "-e" "CARGO_HOME=/opt/rustwide/cargo-home" "-e" "RUSTUP_HOME=/opt/rustwide/rustup-home" "-w" "/opt/rustwide/workdir" "-m" "1610612736" "--user" "0:0" "--network" "none" "ghcr.io/rust-lang/crates-build-env/linux@sha256:5ff2268d62e97bff2cde7d5815dd6ed5b47097566f13b8d0ca110b04b60e07ed" "/opt/rustwide/cargo-home/bin/cargo" "+beta-2023-04-20" "metadata" "--no-deps" "--format-version=1", kill_on_drop: false }`
[INFO] [stdout] f408ddee3013a6ef0c453a53bdc6d9408283fc05dc1f5ec67ec5e366ce295be2
[INFO] running `Command { std: "docker" "start" "-a" "f408ddee3013a6ef0c453a53bdc6d9408283fc05dc1f5ec67ec5e366ce295be2", kill_on_drop: false }`
[INFO] running `Command { std: "docker" "inspect" "f408ddee3013a6ef0c453a53bdc6d9408283fc05dc1f5ec67ec5e366ce295be2", kill_on_drop: false }`
[INFO] running `Command { std: "docker" "rm" "-f" "f408ddee3013a6ef0c453a53bdc6d9408283fc05dc1f5ec67ec5e366ce295be2", kill_on_drop: false }`
[INFO] [stdout] f408ddee3013a6ef0c453a53bdc6d9408283fc05dc1f5ec67ec5e366ce295be2
[INFO] running `Command { std: "docker" "create" "-v" "/var/lib/crater-agent-workspace/builds/worker-6-tc2/target:/opt/rustwide/target:rw,Z" "-v" "/var/lib/crater-agent-workspace/builds/worker-6-tc2/source:/opt/rustwide/workdir:ro,Z" "-v" "/var/lib/crater-agent-workspace/cargo-home:/opt/rustwide/cargo-home:ro,Z" "-v" "/var/lib/crater-agent-workspace/rustup-home:/opt/rustwide/rustup-home:ro,Z" "-e" "SOURCE_DIR=/opt/rustwide/workdir" "-e" "CARGO_TARGET_DIR=/opt/rustwide/target" "-e" "CARGO_INCREMENTAL=0" "-e" "RUST_BACKTRACE=full" "-e" "RUSTFLAGS=--cap-lints=warn" "-e" "RUSTDOCFLAGS=--cap-lints=warn" "-e" "CARGO_HOME=/opt/rustwide/cargo-home" "-e" "RUSTUP_HOME=/opt/rustwide/rustup-home" "-w" "/opt/rustwide/workdir" "-m" "1610612736" "--user" "0:0" "--network" "none" "ghcr.io/rust-lang/crates-build-env/linux@sha256:5ff2268d62e97bff2cde7d5815dd6ed5b47097566f13b8d0ca110b04b60e07ed" "/opt/rustwide/cargo-home/bin/cargo" "+beta-2023-04-20" "doc" "--frozen" "--no-deps" "--document-private-items" "--message-format=json", kill_on_drop: false }`
[INFO] [stdout] a3a2e3ec7e58646b25f23ba620c56bed4114bcf522a8bf35f2c9174069d92a64
[INFO] running `Command { std: "docker" "start" "-a" "a3a2e3ec7e58646b25f23ba620c56bed4114bcf522a8bf35f2c9174069d92a64", kill_on_drop: false }`
[INFO] [stderr] warning: skipping duplicate package `app` found at `/opt/rustwide/cargo-home/git/checkouts/rust-sgx-sdk-fc8771c5c45bde9a/5b5e512/samplecode/http_req/app`
[INFO] [stderr] warning: skipping duplicate package `app` found at `/opt/rustwide/cargo-home/git/checkouts/rust-sgx-sdk-fc8771c5c45bde9a/5b5e512/samplecode/hello-rust-vscode-debug/app`
[INFO] [stderr] warning: skipping duplicate package `app` found at `/opt/rustwide/cargo-home/git/checkouts/rust-sgx-sdk-fc8771c5c45bde9a/5b5e512/samplecode/wasmi/app`
[INFO] [stderr] warning: skipping duplicate package `app` found at `/opt/rustwide/cargo-home/git/checkouts/rust-sgx-sdk-fc8771c5c45bde9a/5b5e512/samplecode/sgx-cov/app`
[INFO] [stderr] warning: skipping duplicate package `Helloworldsampleenclave` found at `/opt/rustwide/cargo-home/git/checkouts/rust-sgx-sdk-fc8771c5c45bde9a/5b5e512/samplecode/helloworld/enclave`
[INFO] [stderr] warning: skipping duplicate package `app` found at `/opt/rustwide/cargo-home/git/checkouts/rust-sgx-sdk-fc8771c5c45bde9a/5b5e512/samplecode/switchless/app`
[INFO] [stderr] warning: skipping duplicate package `app` found at `/opt/rustwide/cargo-home/git/checkouts/rust-sgx-sdk-fc8771c5c45bde9a/5b5e512/samplecode/mutual-ra/app`
[INFO] [stderr] warning: skipping duplicate package `app` found at `/opt/rustwide/cargo-home/git/checkouts/rust-sgx-sdk-fc8771c5c45bde9a/5b5e512/samplecode/mio/server/app`
[INFO] [stderr] warning: skipping duplicate package `app` found at `/opt/rustwide/cargo-home/git/checkouts/rust-sgx-sdk-fc8771c5c45bde9a/5b5e512/samplecode/mio/client/app`
[INFO] [stderr] warning: skipping duplicate package `app` found at `/opt/rustwide/cargo-home/git/checkouts/rust-sgx-sdk-fc8771c5c45bde9a/5b5e512/samplecode/db-proxy/db-proxy/app`
[INFO] [stderr] warning: skipping duplicate package `app` found at `/opt/rustwide/cargo-home/git/checkouts/rust-sgx-sdk-fc8771c5c45bde9a/5b5e512/samplecode/sgxcounter/app`
[INFO] [stderr] warning: skipping duplicate package `app` found at `/opt/rustwide/cargo-home/git/checkouts/rust-sgx-sdk-fc8771c5c45bde9a/5b5e512/samplecode/protobuf/app`
[INFO] [stderr] warning: skipping duplicate package `app` found at `/opt/rustwide/cargo-home/git/checkouts/rust-sgx-sdk-fc8771c5c45bde9a/5b5e512/samplecode/zlib-lazy-static-sample/app`
[INFO] [stderr] warning: skipping duplicate package `Helloworldsampleenclave` found at `/opt/rustwide/cargo-home/git/checkouts/rust-sgx-sdk-fc8771c5c45bde9a/5b5e512/samplecode/tcmalloc/enclave`
[INFO] [stderr] warning: skipping duplicate package `app` found at `/opt/rustwide/cargo-home/git/checkouts/rust-sgx-sdk-fc8771c5c45bde9a/5b5e512/samplecode/tcmalloc/app`
[INFO] [stderr] warning: skipping duplicate package `app` found at `/opt/rustwide/cargo-home/git/checkouts/rust-sgx-sdk-fc8771c5c45bde9a/5b5e512/samplecode/logger/app`
[INFO] [stderr] warning: skipping duplicate package `app` found at `/opt/rustwide/cargo-home/git/checkouts/rust-sgx-sdk-fc8771c5c45bde9a/5b5e512/samplecode/tr-mpc/tr-mpc-server/app`
[INFO] [stderr] warning: skipping duplicate package `app` found at `/opt/rustwide/cargo-home/git/checkouts/rust-sgx-sdk-fc8771c5c45bde9a/5b5e512/samplecode/sgxtime/app`
[INFO] [stderr] warning: skipping duplicate package `app` found at `/opt/rustwide/cargo-home/git/checkouts/rust-sgx-sdk-fc8771c5c45bde9a/5b5e512/samplecode/pcl/pcl-seal/app`
[INFO] [stderr] warning: skipping duplicate package `Helloworldsampleenclave` found at `/opt/rustwide/cargo-home/git/checkouts/rust-sgx-sdk-fc8771c5c45bde9a/5b5e512/samplecode/pcl/encrypted-hello/enclave`
[INFO] [stderr] warning: skipping duplicate package `ue_send_recv` found at `/opt/rustwide/cargo-home/git/checkouts/rust-sgx-sdk-fc8771c5c45bde9a/5b5e512/samplecode/pcl/pcl-user/ue_send_recv`
[INFO] [stderr] warning: skipping duplicate package `Helloworldsampleenclave` found at `/opt/rustwide/cargo-home/git/checkouts/rust-sgx-sdk-fc8771c5c45bde9a/5b5e512/samplecode/net2/enclave`
[INFO] [stderr] warning: skipping duplicate package `app` found at `/opt/rustwide/cargo-home/git/checkouts/rust-sgx-sdk-fc8771c5c45bde9a/5b5e512/samplecode/net2/app`
[INFO] [stderr] warning: skipping duplicate package `Helloworldsampleenclave` found at `/opt/rustwide/cargo-home/git/checkouts/rust-sgx-sdk-fc8771c5c45bde9a/5b5e512/samplecode/prost-protobuf/enclave`
[INFO] [stderr] warning: skipping duplicate package `app` found at `/opt/rustwide/cargo-home/git/checkouts/rust-sgx-sdk-fc8771c5c45bde9a/5b5e512/samplecode/prost-protobuf/app`
[INFO] [stderr] warning: skipping duplicate package `Helloworldsampleenclave` found at `/opt/rustwide/cargo-home/git/checkouts/rust-sgx-sdk-fc8771c5c45bde9a/5b5e512/samplecode/kvdb-memdb/enclave`
[INFO] [stderr] warning: skipping duplicate package `app` found at `/opt/rustwide/cargo-home/git/checkouts/rust-sgx-sdk-fc8771c5c45bde9a/5b5e512/samplecode/kvdb-memdb/app`
[INFO] [stderr] warning: skipping duplicate package `app` found at `/opt/rustwide/cargo-home/git/checkouts/rust-sgx-sdk-fc8771c5c45bde9a/5b5e512/samplecode/unit-test/app`
[INFO] [stderr] warning: skipping duplicate package `app` found at `/opt/rustwide/cargo-home/git/checkouts/rust-sgx-sdk-fc8771c5c45bde9a/5b5e512/samplecode/static-data-distribution/app`
[INFO] [stderr] warning: skipping duplicate package `app` found at `/opt/rustwide/cargo-home/git/checkouts/rust-sgx-sdk-fc8771c5c45bde9a/5b5e512/samplecode/ue-ra/ue-ra-server/app`
[INFO] [stderr] warning: skipping duplicate package `app` found at `/opt/rustwide/cargo-home/git/checkouts/rust-sgx-sdk-fc8771c5c45bde9a/5b5e512/samplecode/tls/tlsclient/app`
[INFO] [stderr] warning: skipping duplicate package `app` found at `/opt/rustwide/cargo-home/git/checkouts/rust-sgx-sdk-fc8771c5c45bde9a/5b5e512/samplecode/tls/tlsserver/app`
[INFO] [stderr] warning: skipping duplicate package `Helloworldsampleenclave` found at `/opt/rustwide/cargo-home/git/checkouts/rust-sgx-sdk-fc8771c5c45bde9a/5b5e512/samplecode/hello-rust/enclave`
[INFO] [stderr] warning: skipping duplicate package `app` found at `/opt/rustwide/cargo-home/git/checkouts/rust-sgx-sdk-fc8771c5c45bde9a/5b5e512/samplecode/hello-rust/app`
[INFO] [stderr]    Compiling libc v0.2.66
[INFO] [stderr]    Compiling log v0.4.10
[INFO] [stderr]    Compiling proc-macro2 v1.0.6
[INFO] [stderr]    Compiling syn v1.0.11
[INFO] [stderr]    Compiling byteorder v1.3.2
[INFO] [stderr]     Checking spin v0.5.2
[INFO] [stderr]    Compiling serde v1.0.104
[INFO] [stderr]     Checking either v1.5.3
[INFO] [stderr]     Checking scopeguard v1.0.0
[INFO] [stderr]    Compiling getrandom v0.1.13
[INFO] [stderr]    Compiling memchr v2.2.1
[INFO] [stderr]    Compiling failure_derive v0.1.6
[INFO] [stderr]     Checking generic-array v0.12.3
[INFO] [stderr]     Checking smallvec v0.6.13
[INFO] [stderr]     Checking c2-chacha v0.2.3
[INFO] [stderr]     Checking rand_core v0.3.1
[INFO] [stderr]     Checking lock_api v0.3.2
[INFO] [stderr]    Compiling memoffset v0.5.3
[INFO] [stderr]    Compiling crossbeam-utils v0.7.0
[INFO] [stderr]     Checking lazy_static v1.4.0
[INFO] [stderr]    Compiling proc-macro2 v0.4.30
[INFO] [stderr]     Checking crossbeam-utils v0.6.6
[INFO] [stderr]     Checking itoa v0.4.4
[INFO] [stderr]     Checking digest v0.8.1
[INFO] [stderr]     Checking crypto-mac v0.7.0
[INFO] [stderr]     Checking tokio-sync v0.1.7
[INFO] [stderr]    Compiling crossbeam-epoch v0.8.0
[INFO] [stderr]    Compiling rustc-demangle v0.1.16
[INFO] [stderr]    Compiling crunchy v0.2.2
[INFO] [stderr]    Compiling unicode-xid v0.1.0
[INFO] [stderr]    Compiling typenum v1.11.2
[INFO] [stderr]    Compiling tiny-keccak v2.0.1
[INFO] [stderr]     Checking tokio-executor v0.1.9
[INFO] [stderr]    Compiling fixed v0.4.6
[INFO] [stderr]    Compiling ryu v1.0.2
[INFO] [stderr]     Checking aead v0.2.0
[INFO] [stderr]     Checking arrayvec v0.5.1
[INFO] [stderr]     Checking smallvec v1.0.0
[INFO] [stderr]     Checking block-buffer v0.7.3
[INFO] [stderr]     Checking byte-slice-cast v0.3.4
[INFO] [stderr]     Checking bitvec v0.15.2
[INFO] [stderr]     Checking blake2 v0.8.1
[INFO] [stderr]     Checking sha2 v0.8.0
[INFO] [stderr]     Checking subtle v2.2.2
[INFO] [stderr]    Compiling quote v1.0.2
[INFO] [stderr]    Compiling jobserver v0.1.17
[INFO] [stderr]    Compiling num_cpus v1.11.1
[INFO] [stderr]     Checking iovec v0.1.4
[INFO] [stderr]     Checking parking_lot_core v0.6.2
[INFO] [stderr]     Checking bytes v0.4.12
[INFO] [stderr]     Checking net2 v0.2.33
[INFO] [stderr]     Checking hex v0.4.0
[INFO] [stderr]     Checking bech32 v0.7.1
[INFO] [stderr]     Checking time v0.1.42
[INFO] [stderr]    Compiling cc v1.0.48
[INFO] [stderr]     Checking rand_core v0.5.1
[INFO] [stderr]    Compiling quote v0.6.13
[INFO] [stderr]     Checking parking_lot v0.9.0
[INFO] [stderr]    Compiling rand_chacha v0.1.1
[INFO] [stderr]     Checking mio v0.6.21
[INFO] [stderr]    Compiling rand_pcg v0.1.2
[INFO] [stderr]     Checking rand_chacha v0.2.1
[INFO] [stderr]     Checking rand_os v0.1.3
[INFO] [stderr]     Checking tokio-io v0.1.12
[INFO] [stderr]    Compiling num-traits v0.2.10
[INFO] [stderr]    Compiling rand v0.6.5
[INFO] [stderr]     Checking rand v0.7.2
[INFO] [stderr]     Checking crossbeam-deque v0.7.2
[INFO] [stderr]     Checking unicode-normalization v0.1.11
[INFO] [stderr]     Checking crossbeam-queue v0.1.2
[INFO] [stderr]     Checking rand_xorshift v0.1.1
[INFO] [stderr]     Checking rand_isaac v0.1.1
[INFO] [stderr]     Checking rand_hc v0.1.0
[INFO] [stderr]     Checking rand_jitter v0.1.4
[INFO] [stderr]    Compiling num-integer v0.1.41
[INFO] [stderr]     Checking tokio-threadpool v0.1.17
[INFO] [stderr]    Compiling openssl v0.10.26
[INFO] [stderr]     Checking tokio-codec v0.1.1
[INFO] [stderr]     Checking tokio-current-thread v0.1.6
[INFO] [stderr]     Checking tokio-reactor v0.1.11
[INFO] [stderr]     Checking mio-uds v0.6.7
[INFO] [stderr]     Checking tokio-timer v0.2.12
[INFO] [stderr]     Checking signature v1.0.0-pre.1
[INFO] [stderr]    Compiling native-tls v0.2.3
[INFO] [stderr]    Compiling generic-array v0.9.0
[INFO] [stderr]     Checking log v0.3.9
[INFO] [stderr]    Compiling arrayref v0.3.5
[INFO] [stderr]     Checking tokio-tcp v0.1.3
[INFO] [stderr]     Checking tokio-fs v0.1.6
[INFO] [stderr]    Compiling backtrace-sys v0.1.32
[INFO] [stderr]    Compiling secp256k1zkp v0.13.0 (https://github.com/crypto-com/rust-secp256k1-zkp.git?rev=be445f29a96af31fe079611d26c07f1f596d1c5f#be445f29)
[INFO] [stderr]    Compiling openssl-sys v0.9.53
[INFO] [stderr]    Compiling clear_on_drop v0.2.3
[INFO] [stderr]     Checking idna v0.1.5
[INFO] [stderr]     Checking tokio-uds v0.2.5
[INFO] [stderr]     Checking tokio-udp v0.1.5
[INFO] [stderr]    Compiling glob v0.3.0
[INFO] [stderr]    Compiling byte-tools v0.2.0
[INFO] [stderr]     Checking base64 v0.9.3
[INFO] [stderr]    Compiling digest v0.7.6
[INFO] [stderr]    Compiling block-buffer v0.3.3
[INFO] [stderr]     Checking mime v0.2.6
[INFO] [stderr]     Checking tokio v0.1.22
[INFO] [stderr]    Compiling libloading v0.5.2
[INFO] [stderr]    Compiling ring v0.16.9
[INFO] [stderr]     Checking ed25519 v1.0.0-pre.1
[INFO] [stderr]     Checking aho-corasick v0.7.6
[INFO] [stderr]     Checking base64 v0.10.1
[INFO] [stderr]     Checking block-cipher-trait v0.6.2
[INFO] [stderr]     Checking thread_local v0.3.6
[INFO] [stderr]     Checking url v1.7.2
[INFO] [stderr]    Compiling nom v4.2.3
[INFO] [stderr]    Compiling parking_lot_core v0.4.0
[INFO] [stderr]    Compiling curve25519-dalek v1.2.3
[INFO] [stderr]     Checking regex-syntax v0.6.12
[INFO] [stderr]    Compiling clang-sys v0.28.1
[INFO] [stderr]     Checking scopeguard v0.3.3
[INFO] [stderr]    Compiling fake-simd v0.1.2
[INFO] [stderr]    Compiling unicase v2.6.0
[INFO] [stderr]    Compiling sha2 v0.7.1
[INFO] [stderr]    Compiling itertools v0.7.11
[INFO] [stderr]     Checking aes-soft v0.3.3
[INFO] [stderr] The following warnings were emitted during compilation:
[INFO] [stderr] 
[INFO] [stderr] warning: build/expando.c:4:24: error: pasting "RUST_VERSION_OPENSSL_" and "(" does not give a valid preprocessing token
[INFO] [stderr] warning:     4 | #define VERSION2(n, v) RUST_VERSION_##n##_##v
[INFO] [stderr] warning:       |                        ^~~~~~~~~~~~~
[INFO] [stderr] warning: build/expando.c:5:23: note: in expansion of macro 'VERSION2'
[INFO] [stderr] warning:     5 | #define VERSION(n, v) VERSION2(n, v)
[INFO] [stderr] warning:       |                       ^~~~~~~~
[INFO] [stderr] warning: build/expando.c:10:1: note: in expansion of macro 'VERSION'
[INFO] [stderr] warning:    10 | VERSION(OPENSSL, OPENSSL_VERSION_NUMBER)
[INFO] [stderr] warning:       | ^~~~~~~
[INFO] [stderr] 
[INFO] [stderr] error: failed to run custom build command for `openssl-sys v0.9.53`
[INFO] [stderr] note: To improve backtraces for build dependencies, set the CARGO_PROFILE_DEV_BUILD_OVERRIDE_DEBUG=true environment variable to enable debug information generation.
[INFO] [stderr] 
[INFO] [stderr] Caused by:
[INFO] [stderr]   process didn't exit successfully: `/opt/rustwide/target/debug/build/openssl-sys-593d55e4bdf9017a/build-script-main` (exit status: 101)
[INFO] [stderr]   --- stdout
[INFO] [stderr]   cargo:rustc-cfg=const_fn
[INFO] [stderr]   cargo:rerun-if-env-changed=X86_64_UNKNOWN_LINUX_GNU_OPENSSL_LIB_DIR
[INFO] [stderr]   X86_64_UNKNOWN_LINUX_GNU_OPENSSL_LIB_DIR unset
[INFO] [stderr]   cargo:rerun-if-env-changed=OPENSSL_LIB_DIR
[INFO] [stderr]   OPENSSL_LIB_DIR unset
[INFO] [stderr]   cargo:rerun-if-env-changed=X86_64_UNKNOWN_LINUX_GNU_OPENSSL_INCLUDE_DIR
[INFO] [stderr]   X86_64_UNKNOWN_LINUX_GNU_OPENSSL_INCLUDE_DIR unset
[INFO] [stderr]   cargo:rerun-if-env-changed=OPENSSL_INCLUDE_DIR
[INFO] [stderr]   OPENSSL_INCLUDE_DIR unset
[INFO] [stderr]   cargo:rerun-if-env-changed=X86_64_UNKNOWN_LINUX_GNU_OPENSSL_DIR
[INFO] [stderr]   X86_64_UNKNOWN_LINUX_GNU_OPENSSL_DIR unset
[INFO] [stderr]   cargo:rerun-if-env-changed=OPENSSL_DIR
[INFO] [stderr]   OPENSSL_DIR unset
[INFO] [stderr]   cargo:rustc-link-lib=ssl
[INFO] [stderr]   cargo:rustc-link-lib=crypto
[INFO] [stderr]   OPT_LEVEL = Some("0")
[INFO] [stderr]   TARGET = Some("x86_64-unknown-linux-gnu")
[INFO] [stderr]   HOST = Some("x86_64-unknown-linux-gnu")
[INFO] [stderr]   CC_x86_64-unknown-linux-gnu = None
[INFO] [stderr]   CC_x86_64_unknown_linux_gnu = None
[INFO] [stderr]   HOST_CC = None
[INFO] [stderr]   CC = None
[INFO] [stderr]   CFLAGS_x86_64-unknown-linux-gnu = None
[INFO] [stderr]   CFLAGS_x86_64_unknown_linux_gnu = None
[INFO] [stderr]   HOST_CFLAGS = None
[INFO] [stderr]   CFLAGS = None
[INFO] [stderr]   CRATE_CC_NO_DEFAULTS = None
[INFO] [stderr]   DEBUG = Some("true")
[INFO] [stderr]   CARGO_CFG_TARGET_FEATURE = Some("fxsr,sse,sse2")
[INFO] [stderr]   running: "cc" "-O0" "-ffunction-sections" "-fdata-sections" "-fPIC" "-g" "-fno-omit-frame-pointer" "-m64" "-I" "/usr/include" "-Wall" "-Wextra" "-E" "build/expando.c"
[INFO] [stderr]   cargo:warning=build/expando.c:4:24: error: pasting "RUST_VERSION_OPENSSL_" and "(" does not give a valid preprocessing token
[INFO] [stderr]   cargo:warning=    4 | #define VERSION2(n, v) RUST_VERSION_##n##_##v
[INFO] [stderr]   cargo:warning=      |                        ^~~~~~~~~~~~~
[INFO] [stderr]   cargo:warning=build/expando.c:5:23: note: in expansion of macro 'VERSION2'
[INFO] [stderr]   cargo:warning=    5 | #define VERSION(n, v) VERSION2(n, v)
[INFO] [stderr]   cargo:warning=      |                       ^~~~~~~~
[INFO] [stderr]   cargo:warning=build/expando.c:10:1: note: in expansion of macro 'VERSION'
[INFO] [stderr]   cargo:warning=   10 | VERSION(OPENSSL, OPENSSL_VERSION_NUMBER)
[INFO] [stderr]   cargo:warning=      | ^~~~~~~
[INFO] [stderr]   exit status: 1
[INFO] [stderr] 
[INFO] [stderr]   --- stderr
[INFO] [stderr]   thread 'main' panicked at '
[INFO] [stderr]   Header expansion error:
[INFO] [stderr]   Error { kind: ToolExecError, message: "Command \"cc\" \"-O0\" \"-ffunction-sections\" \"-fdata-sections\" \"-fPIC\" \"-g\" \"-fno-omit-frame-pointer\" \"-m64\" \"-I\" \"/usr/include\" \"-Wall\" \"-Wextra\" \"-E\" \"build/expando.c\" with args \"cc\" did not execute successfully (status code exit status: 1)." }
[INFO] [stderr] 
[INFO] [stderr]   Failed to find OpenSSL development headers.
[INFO] [stderr] 
[INFO] [stderr]   You can try fixing this setting the `OPENSSL_DIR` environment variable
[INFO] [stderr]   pointing to your OpenSSL installation or installing OpenSSL headers package
[INFO] [stderr]   specific to your distribution:
[INFO] [stderr] 
[INFO] [stderr]       # On Ubuntu
[INFO] [stderr]       sudo apt-get install libssl-dev
[INFO] [stderr]       # On Arch Linux
[INFO] [stderr]       sudo pacman -S openssl
[INFO] [stderr]       # On Fedora
[INFO] [stderr]       sudo dnf install openssl-devel
[INFO] [stderr] 
[INFO] [stderr]   See rust-openssl README for more information:
[INFO] [stderr] 
[INFO] [stderr]       https://github.com/sfackler/rust-openssl#linux
[INFO] [stderr]   ', /opt/rustwide/cargo-home/registry/src/index.crates.io-6f17d22bba15001f/openssl-sys-0.9.53/build/main.rs:126:13
[INFO] [stderr]   stack backtrace:
[INFO] [stderr]      0:     0x55ded73913da - std::backtrace_rs::backtrace::libunwind::trace::h2f05d0192276a8f6
[INFO] [stderr]                                  at /rustc/1b7dd2252b99671ce5d1cb9664c5f8636329436d/library/std/src/../../backtrace/src/backtrace/libunwind.rs:93:5
[INFO] [stderr]      1:     0x55ded73913da - std::backtrace_rs::backtrace::trace_unsynchronized::hedc23dff7a1af150
[INFO] [stderr]                                  at /rustc/1b7dd2252b99671ce5d1cb9664c5f8636329436d/library/std/src/../../backtrace/src/backtrace/mod.rs:66:5
[INFO] [stderr]      2:     0x55ded73913da - std::sys_common::backtrace::_print_fmt::h17541ef7592f3ce2
[INFO] [stderr]                                  at /rustc/1b7dd2252b99671ce5d1cb9664c5f8636329436d/library/std/src/sys_common/backtrace.rs:65:5
[INFO] [stderr]      3:     0x55ded73913da - <std::sys_common::backtrace::_print::DisplayBacktrace as core::fmt::Display>::fmt::h20f75df5ab0c0792
[INFO] [stderr]                                  at /rustc/1b7dd2252b99671ce5d1cb9664c5f8636329436d/library/std/src/sys_common/backtrace.rs:44:22
[INFO] [stderr]      4:     0x55ded73b1b6f - core::fmt::write::h78109e6f466b3af6
[INFO] [stderr]                                  at /rustc/1b7dd2252b99671ce5d1cb9664c5f8636329436d/library/core/src/fmt/mod.rs:1254:17
[INFO] [stderr]      5:     0x55ded738e5f5 - std::io::Write::write_fmt::hc59e1b02dd273c8a
[INFO] [stderr]                                  at /rustc/1b7dd2252b99671ce5d1cb9664c5f8636329436d/library/std/src/io/mod.rs:1698:15
[INFO] [stderr]      6:     0x55ded73911a5 - std::sys_common::backtrace::_print::h8dac57a9f8fbf9a5
[INFO] [stderr]                                  at /rustc/1b7dd2252b99671ce5d1cb9664c5f8636329436d/library/std/src/sys_common/backtrace.rs:47:5
[INFO] [stderr]      7:     0x55ded73911a5 - std::sys_common::backtrace::print::hf9ecbf41d1aa712f
[INFO] [stderr]                                  at /rustc/1b7dd2252b99671ce5d1cb9664c5f8636329436d/library/std/src/sys_common/backtrace.rs:34:9
[INFO] [stderr]      8:     0x55ded7392a6e - std::panicking::default_hook::{{closure}}::h04c07acfc84ca028
[INFO] [stderr]                                  at /rustc/1b7dd2252b99671ce5d1cb9664c5f8636329436d/library/std/src/panicking.rs:269:22
[INFO] [stderr]      9:     0x55ded7392815 - std::panicking::default_hook::h01f6bb23e1eceb2c
[INFO] [stderr]                                  at /rustc/1b7dd2252b99671ce5d1cb9664c5f8636329436d/library/std/src/panicking.rs:288:9
[INFO] [stderr]     10:     0x55ded7392fce - std::panicking::rust_panic_with_hook::h2bb3722bbaf2f6df
[INFO] [stderr]                                  at /rustc/1b7dd2252b99671ce5d1cb9664c5f8636329436d/library/std/src/panicking.rs:691:13
[INFO] [stderr]     11:     0x55ded7392ec9 - std::panicking::begin_panic_handler::{{closure}}::h91bc7f36a4be011b
[INFO] [stderr]                                  at /rustc/1b7dd2252b99671ce5d1cb9664c5f8636329436d/library/std/src/panicking.rs:582:13
[INFO] [stderr]     12:     0x55ded7391846 - std::sys_common::backtrace::__rust_end_short_backtrace::h8b3d3717114f9e59
[INFO] [stderr]                                  at /rustc/1b7dd2252b99671ce5d1cb9664c5f8636329436d/library/std/src/sys_common/backtrace.rs:150:18
[INFO] [stderr]     13:     0x55ded7392c22 - rust_begin_unwind
[INFO] [stderr]                                  at /rustc/1b7dd2252b99671ce5d1cb9664c5f8636329436d/library/std/src/panicking.rs:578:5
[INFO] [stderr]     14:     0x55ded72ff7f3 - core::panicking::panic_fmt::hfd368e3fbdabea26
[INFO] [stderr]                                  at /rustc/1b7dd2252b99671ce5d1cb9664c5f8636329436d/library/core/src/panicking.rs:67:14
[INFO] [stderr]     15:     0x55ded7302a08 - build_script_main::validate_headers::h14e34fca4ffeab10
[INFO] [stderr]     16:     0x55ded730bb66 - build_script_main::find::try_pkg_config::h43d5c858a43db492
[INFO] [stderr]     17:     0x55ded730a936 - build_script_main::find::find_openssl_dir::hc49265c47a639b8f
[INFO] [stderr]     18:     0x55ded730a782 - build_script_main::find::get_openssl::{{closure}}::hb85d4611bf6488ca
[INFO] [stderr]     19:     0x55ded7309bda - core::option::Option<T>::unwrap_or_else::h3a54d7268da54406
[INFO] [stderr]     20:     0x55ded730a480 - build_script_main::find::get_openssl::h1ba1e00461304638
[INFO] [stderr]     21:     0x55ded7301805 - build_script_main::main::hf25d14ed0c78e29e
[INFO] [stderr]     22:     0x55ded730c1c3 - core::ops::function::FnOnce::call_once::h979e09e28625f5dc
[INFO] [stderr]     23:     0x55ded7309926 - std::sys_common::backtrace::__rust_begin_short_backtrace::h1e002b8d48f64bd3
[INFO] [stderr]     24:     0x55ded7309979 - std::rt::lang_start::{{closure}}::ha1f74c3e7b287b76
[INFO] [stderr]     25:     0x55ded738b24e - core::ops::function::impls::<impl core::ops::function::FnOnce<A> for &F>::call_once::h2eb19b8ce4148df4
[INFO] [stderr]                                  at /rustc/1b7dd2252b99671ce5d1cb9664c5f8636329436d/library/core/src/ops/function.rs:287:13
[INFO] [stderr]     26:     0x55ded738b24e - std::panicking::try::do_call::h2e900feff5d504c5
[INFO] [stderr]                                  at /rustc/1b7dd2252b99671ce5d1cb9664c5f8636329436d/library/std/src/panicking.rs:485:40
[INFO] [stderr]     27:     0x55ded738b24e - std::panicking::try::h8854836cb85aa9f2
[INFO] [stderr]                                  at /rustc/1b7dd2252b99671ce5d1cb9664c5f8636329436d/library/std/src/panicking.rs:449:19
[INFO] [stderr]     28:     0x55ded738b24e - std::panic::catch_unwind::h706025dd4c48f64b
[INFO] [stderr]                                  at /rustc/1b7dd2252b99671ce5d1cb9664c5f8636329436d/library/std/src/panic.rs:140:14
[INFO] [stderr]     29:     0x55ded738b24e - std::rt::lang_start_internal::{{closure}}::h7be5b97f4a07a91a
[INFO] [stderr]                                  at /rustc/1b7dd2252b99671ce5d1cb9664c5f8636329436d/library/std/src/rt.rs:148:48
[INFO] [stderr]     30:     0x55ded738b24e - std::panicking::try::do_call::h59847e9d0a176965
[INFO] [stderr]                                  at /rustc/1b7dd2252b99671ce5d1cb9664c5f8636329436d/library/std/src/panicking.rs:485:40
[INFO] [stderr]     31:     0x55ded738b24e - std::panicking::try::h399a918ba8522823
[INFO] [stderr]                                  at /rustc/1b7dd2252b99671ce5d1cb9664c5f8636329436d/library/std/src/panicking.rs:449:19
[INFO] [stderr]     32:     0x55ded738b24e - std::panic::catch_unwind::hca7ca6c55b2a2e26
[INFO] [stderr]                                  at /rustc/1b7dd2252b99671ce5d1cb9664c5f8636329436d/library/std/src/panic.rs:140:14
[INFO] [stderr]     33:     0x55ded738b24e - std::rt::lang_start_internal::h2c807a81560459eb
[INFO] [stderr]                                  at /rustc/1b7dd2252b99671ce5d1cb9664c5f8636329436d/library/std/src/rt.rs:148:20
[INFO] [stderr]     34:     0x55ded7309957 - std::rt::lang_start::h36e9673cf90d3bd6
[INFO] [stderr]     35:     0x55ded73047b5 - main
[INFO] [stderr]     36:     0x7f7e9120cd90 - <unknown>
[INFO] [stderr]     37:     0x7f7e9120ce40 - __libc_start_main
[INFO] [stderr]     38:     0x55ded72ffe65 - _start
[INFO] [stderr]     39:                0x0 - <unknown>
[INFO] [stderr] warning: build failed, waiting for other jobs to finish...
[INFO] running `Command { std: "docker" "inspect" "a3a2e3ec7e58646b25f23ba620c56bed4114bcf522a8bf35f2c9174069d92a64", kill_on_drop: false }`
[INFO] running `Command { std: "docker" "rm" "-f" "a3a2e3ec7e58646b25f23ba620c56bed4114bcf522a8bf35f2c9174069d92a64", kill_on_drop: false }`
[INFO] [stdout] a3a2e3ec7e58646b25f23ba620c56bed4114bcf522a8bf35f2c9174069d92a64
