[INFO] cloning repository https://github.com/lambdastackio/s3lsio
[INFO] running `Command { std: "git" "-c" "credential.helper=" "-c" "credential.helper=/workspace/cargo-home/bin/git-credential-null" "clone" "--bare" "https://github.com/lambdastackio/s3lsio" "/workspace/cache/git-repos/https%3A%2F%2Fgithub.com%2Flambdastackio%2Fs3lsio", kill_on_drop: false }`
[INFO] [stderr] Cloning into bare repository '/workspace/cache/git-repos/https%3A%2F%2Fgithub.com%2Flambdastackio%2Fs3lsio'...
[INFO] running `Command { std: "git" "rev-parse" "HEAD", kill_on_drop: false }`
[INFO] [stdout] 46a72d9d6f6f7cc50a01ad690ac30d5abc006fa4
[INFO] documenting lambdastackio/s3lsio against beta-2023-04-20 for beta-1.70-rustdoc-1
[INFO] running `Command { std: "git" "clone" "/workspace/cache/git-repos/https%3A%2F%2Fgithub.com%2Flambdastackio%2Fs3lsio" "/workspace/builds/worker-5-tc2/source", kill_on_drop: false }`
[INFO] [stderr] Cloning into '/workspace/builds/worker-5-tc2/source'...
[INFO] [stderr] done.
[INFO] validating manifest of git repo https://github.com/lambdastackio/s3lsio on toolchain beta-2023-04-20
[INFO] running `Command { std: CARGO_HOME="/workspace/cargo-home" RUSTUP_HOME="/workspace/rustup-home" "/workspace/cargo-home/bin/cargo" "+beta-2023-04-20" "metadata" "--manifest-path" "Cargo.toml" "--no-deps", kill_on_drop: false }`
[INFO] started tweaking git repo https://github.com/lambdastackio/s3lsio
[INFO] finished tweaking git repo https://github.com/lambdastackio/s3lsio
[INFO] tweaked toml for git repo https://github.com/lambdastackio/s3lsio written to /workspace/builds/worker-5-tc2/source/Cargo.toml
[INFO] crate git repo https://github.com/lambdastackio/s3lsio already has a lockfile, it will not be regenerated
[INFO] running `Command { std: CARGO_HOME="/workspace/cargo-home" RUSTUP_HOME="/workspace/rustup-home" "/workspace/cargo-home/bin/cargo" "+beta-2023-04-20" "fetch" "--manifest-path" "Cargo.toml", kill_on_drop: false }`
[INFO] [stderr]     Updating crates.io index
[INFO] [stderr]  Downloading crates ...
[INFO] [stderr]   Downloaded rpassword v0.2.3
[INFO] [stderr]   Downloaded xml-rs v0.1.26
[INFO] [stderr]   Downloaded bitflags v0.8.0
[INFO] [stderr]   Downloaded lsio v0.1.16
[INFO] [stderr]   Downloaded clap v2.20.4
[INFO] [stderr]   Downloaded errno v0.1.8
[INFO] [stderr]   Downloaded md5 v0.2.1
[INFO] [stderr]   Downloaded aws-sdk-rust v0.1.40
[INFO] [stderr]   Downloaded pbr v1.0.0-alpha.2
[INFO] running `Command { std: "docker" "create" "-v" "/var/lib/crater-agent-workspace/builds/worker-5-tc2/target:/opt/rustwide/target:rw,Z" "-v" "/var/lib/crater-agent-workspace/builds/worker-5-tc2/source:/opt/rustwide/workdir:ro,Z" "-v" "/var/lib/crater-agent-workspace/cargo-home:/opt/rustwide/cargo-home:ro,Z" "-v" "/var/lib/crater-agent-workspace/rustup-home:/opt/rustwide/rustup-home:ro,Z" "-e" "SOURCE_DIR=/opt/rustwide/workdir" "-e" "CARGO_TARGET_DIR=/opt/rustwide/target" "-e" "CARGO_HOME=/opt/rustwide/cargo-home" "-e" "RUSTUP_HOME=/opt/rustwide/rustup-home" "-w" "/opt/rustwide/workdir" "-m" "1610612736" "--user" "0:0" "--network" "none" "ghcr.io/rust-lang/crates-build-env/linux@sha256:5ff2268d62e97bff2cde7d5815dd6ed5b47097566f13b8d0ca110b04b60e07ed" "/opt/rustwide/cargo-home/bin/cargo" "+beta-2023-04-20" "metadata" "--no-deps" "--format-version=1", kill_on_drop: false }`
[INFO] [stdout] fb71b7dcc716de1e806a0cae6b716f14622595c82cb1117a5ba1689d1b2243d5
[INFO] running `Command { std: "docker" "start" "-a" "fb71b7dcc716de1e806a0cae6b716f14622595c82cb1117a5ba1689d1b2243d5", kill_on_drop: false }`
[INFO] running `Command { std: "docker" "inspect" "fb71b7dcc716de1e806a0cae6b716f14622595c82cb1117a5ba1689d1b2243d5", kill_on_drop: false }`
[INFO] running `Command { std: "docker" "rm" "-f" "fb71b7dcc716de1e806a0cae6b716f14622595c82cb1117a5ba1689d1b2243d5", kill_on_drop: false }`
[INFO] [stdout] fb71b7dcc716de1e806a0cae6b716f14622595c82cb1117a5ba1689d1b2243d5
[INFO] running `Command { std: "docker" "create" "-v" "/var/lib/crater-agent-workspace/builds/worker-5-tc2/target:/opt/rustwide/target:rw,Z" "-v" "/var/lib/crater-agent-workspace/builds/worker-5-tc2/source:/opt/rustwide/workdir:ro,Z" "-v" "/var/lib/crater-agent-workspace/cargo-home:/opt/rustwide/cargo-home:ro,Z" "-v" "/var/lib/crater-agent-workspace/rustup-home:/opt/rustwide/rustup-home:ro,Z" "-e" "SOURCE_DIR=/opt/rustwide/workdir" "-e" "CARGO_TARGET_DIR=/opt/rustwide/target" "-e" "CARGO_INCREMENTAL=0" "-e" "RUST_BACKTRACE=full" "-e" "RUSTFLAGS=--cap-lints=warn" "-e" "RUSTDOCFLAGS=--cap-lints=warn" "-e" "CARGO_HOME=/opt/rustwide/cargo-home" "-e" "RUSTUP_HOME=/opt/rustwide/rustup-home" "-w" "/opt/rustwide/workdir" "-m" "1610612736" "--user" "0:0" "--network" "none" "ghcr.io/rust-lang/crates-build-env/linux@sha256:5ff2268d62e97bff2cde7d5815dd6ed5b47097566f13b8d0ca110b04b60e07ed" "/opt/rustwide/cargo-home/bin/cargo" "+beta-2023-04-20" "doc" "--frozen" "--no-deps" "--document-private-items" "--message-format=json", kill_on_drop: false }`
[INFO] [stdout] 06a7b80298d614910ba777dd82d353ebcfa0febc11da7d4af2d77d107bcdf91e
[INFO] running `Command { std: "docker" "start" "-a" "06a7b80298d614910ba777dd82d353ebcfa0febc11da7d4af2d77d107bcdf91e", kill_on_drop: false }`
[INFO] [stderr]     Checking libc v0.2.20
[INFO] [stderr]    Compiling winapi-build v0.1.1
[INFO] [stderr]    Compiling semver v0.1.20
[INFO] [stderr]     Checking winapi v0.2.8
[INFO] [stderr]     Checking matches v0.1.4
[INFO] [stderr]    Compiling pkg-config v0.3.9
[INFO] [stderr]    Compiling gcc v0.3.43
[INFO] [stderr]     Checking num-traits v0.1.36
[INFO] [stderr]     Checking log v0.3.6
[INFO] [stderr]     Checking unicode-normalization v0.1.4
[INFO] [stderr]     Checking rustc-serialize v0.3.22
[INFO] [stderr]     Checking utf8-ranges v0.1.3
[INFO] [stderr]     Checking regex-syntax v0.3.9
[INFO] [stderr]     Checking bitflags v0.7.0
[INFO] [stderr]    Compiling openssl v0.9.7
[INFO] [stderr]     Checking lazy_static v0.2.2
[INFO] [stderr]     Checking unicode-bidi v0.2.5
[INFO] [stderr]     Checking language-tags v0.2.2
[INFO] [stderr]     Checking httparse v1.2.1
[INFO] [stderr]     Checking traitobject v0.0.1
[INFO] [stderr]     Checking mime v0.2.2
[INFO] [stderr]     Checking typeable v0.1.2
[INFO] [stderr]    Compiling kernel32-sys v0.2.2
[INFO] [stderr]    Compiling rustc_version v0.1.7
[INFO] [stderr]     Checking foreign-types v0.2.0
[INFO] [stderr]     Checking serde v0.8.23
[INFO] [stderr]     Checking dtoa v0.2.2
[INFO] [stderr]     Checking memchr v0.1.11
[INFO] [stderr]     Checking time v0.1.36
[INFO] [stderr]     Checking termios v0.2.2
[INFO] [stderr]     Checking num_cpus v1.2.1
[INFO] [stderr]     Checking errno v0.1.8
[INFO] [stderr]     Checking num-integer v0.1.32
[INFO] [stderr]     Checking bitflags v0.8.0
[INFO] [stderr]     Checking aho-corasick v0.5.3
[INFO] [stderr]     Checking term v0.4.5
[INFO] [stderr]     Checking itoa v0.1.1
[INFO] [stderr]     Checking antidote v1.0.0
[INFO] [stderr]     Checking xml-rs v0.1.26
[INFO] [stderr]     Checking term_size v0.2.2
[INFO] [stderr]     Checking rpassword v0.2.3
[INFO] [stderr]     Checking num-iter v0.1.32
[INFO] [stderr]    Compiling unicase v1.4.0
[INFO] [stderr]     Checking thread-id v2.0.0
[INFO] [stderr]    Compiling hyper v0.10.4
[INFO] [stderr]     Checking vec_map v0.6.0
[INFO] [stderr]     Checking idna v0.1.0
[INFO] [stderr]     Checking unicode-width v0.1.4
[INFO] [stderr]     Checking ansi_term v0.9.0
[INFO] [stderr]     Checking strsim v0.6.0
[INFO] [stderr]     Checking num v0.1.36
[INFO] [stderr]     Checking unicode-segmentation v1.1.0
[INFO] [stderr]     Checking thread_local v0.2.7
[INFO] [stderr]     Checking md5 v0.2.1
[INFO] [stderr]    Compiling openssl-sys v0.9.7
[INFO] [stderr]     Checking pbr v1.0.0-alpha.2
[INFO] [stderr]     Checking rand v0.3.15
[INFO] [stderr]     Checking chrono v0.2.25
[INFO] [stderr]     Checking regex v0.1.80
[INFO] [stderr]     Checking clap v2.20.4
[INFO] [stdout] error[E0283]: type annotations needed
[INFO] [stdout]    --> /opt/rustwide/cargo-home/registry/src/index.crates.io-6f17d22bba15001f/pbr-1.0.0-alpha.2/src/pb.rs:378:64
[INFO] [stdout]     |
[INFO] [stdout] 378 |                         base = base + repeat!(self.bar_current.as_ref(), curr_count - 1) +
[INFO] [stdout]     |                                                                ^^^^^^
[INFO] [stdout]     |
[INFO] [stdout]     = note: multiple `impl`s satisfying `String: AsRef<_>` found in the following crates: `alloc`, `std`:
[INFO] [stdout]             - impl AsRef<OsStr> for String;
[INFO] [stdout]             - impl AsRef<Path> for String;
[INFO] [stdout]             - impl AsRef<[u8]> for String;
[INFO] [stdout]             - impl AsRef<str> for String;
[INFO] [stdout] help: try using a fully qualified path to specify the expected types
[INFO] [stdout]     |
[INFO] [stdout] 378 |                         base = base + repeat!(<String as AsRef<T>>::as_ref(&self.bar_current), curr_count - 1) +
[INFO] [stdout]     |                                               ++++++++++++++++++++++++++++++                ~
[INFO] [stdout] 
[INFO] [stdout] 
[INFO] [stdout] error[E0283]: type annotations needed
[INFO] [stdout]    --> /opt/rustwide/cargo-home/registry/src/index.crates.io-6f17d22bba15001f/pbr-1.0.0-alpha.2/src/pb.rs:381:64
[INFO] [stdout]     |
[INFO] [stdout] 381 |                         base = base + repeat!(self.bar_current.as_ref(), curr_count);
[INFO] [stdout]     |                                                                ^^^^^^
[INFO] [stdout]     |
[INFO] [stdout]     = note: multiple `impl`s satisfying `String: AsRef<_>` found in the following crates: `alloc`, `std`:
[INFO] [stdout]             - impl AsRef<OsStr> for String;
[INFO] [stdout]             - impl AsRef<Path> for String;
[INFO] [stdout]             - impl AsRef<[u8]> for String;
[INFO] [stdout]             - impl AsRef<str> for String;
[INFO] [stdout] help: try using a fully qualified path to specify the expected types
[INFO] [stdout]     |
[INFO] [stdout] 381 |                         base = base + repeat!(<String as AsRef<T>>::as_ref(&self.bar_current), curr_count);
[INFO] [stdout]     |                                               ++++++++++++++++++++++++++++++                ~
[INFO] [stdout] 
[INFO] [stdout] 
[INFO] [stdout] error[E0283]: type annotations needed
[INFO] [stdout]    --> /opt/rustwide/cargo-home/registry/src/index.crates.io-6f17d22bba15001f/pbr-1.0.0-alpha.2/src/pb.rs:383:59
[INFO] [stdout]     |
[INFO] [stdout] 383 |                     base = base + repeat!(self.bar_remain.as_ref(), rema_count) + &self.bar_end;
[INFO] [stdout]     |                                                           ^^^^^^
[INFO] [stdout]     |
[INFO] [stdout]     = note: multiple `impl`s satisfying `String: AsRef<_>` found in the following crates: `alloc`, `std`:
[INFO] [stdout]             - impl AsRef<OsStr> for String;
[INFO] [stdout]             - impl AsRef<Path> for String;
[INFO] [stdout]             - impl AsRef<[u8]> for String;
[INFO] [stdout]             - impl AsRef<str> for String;
[INFO] [stdout] help: try using a fully qualified path to specify the expected types
[INFO] [stdout]     |
[INFO] [stdout] 383 |                     base = base + repeat!(<String as AsRef<T>>::as_ref(&self.bar_remain), rema_count) + &self.bar_end;
[INFO] [stdout]     |                                           ++++++++++++++++++++++++++++++               ~
[INFO] [stdout] 
[INFO] [stdout] 
[INFO] [stdout] error: aborting due to 3 previous errors
[INFO] [stdout] 
[INFO] [stdout] 
[INFO] [stdout] For more information about this error, try `rustc --explain E0283`.
[INFO] [stdout] 
[INFO] [stderr] error: could not compile `pbr` (lib) due to 4 previous errors
[INFO] [stderr] warning: build failed, waiting for other jobs to finish...
[INFO] running `Command { std: "docker" "inspect" "06a7b80298d614910ba777dd82d353ebcfa0febc11da7d4af2d77d107bcdf91e", kill_on_drop: false }`
[INFO] running `Command { std: "docker" "rm" "-f" "06a7b80298d614910ba777dd82d353ebcfa0febc11da7d4af2d77d107bcdf91e", kill_on_drop: false }`
[INFO] [stdout] 06a7b80298d614910ba777dd82d353ebcfa0febc11da7d4af2d77d107bcdf91e
