[INFO] cloning repository https://github.com/kyrosle/webcam-live
[INFO] running `Command { std: "git" "-c" "credential.helper=" "-c" "credential.helper=/workspace/cargo-home/bin/git-credential-null" "clone" "--bare" "https://github.com/kyrosle/webcam-live" "/workspace/cache/git-repos/https%3A%2F%2Fgithub.com%2Fkyrosle%2Fwebcam-live", kill_on_drop: false }`
[INFO] [stderr] Cloning into bare repository '/workspace/cache/git-repos/https%3A%2F%2Fgithub.com%2Fkyrosle%2Fwebcam-live'...
[INFO] running `Command { std: "git" "rev-parse" "HEAD", kill_on_drop: false }`
[INFO] [stdout] 71a15738e276cb4cf1dacd4727205f85a6fb6146
[INFO] documenting kyrosle/webcam-live against beta-2023-04-20 for beta-1.70-rustdoc-1
[INFO] running `Command { std: "git" "clone" "/workspace/cache/git-repos/https%3A%2F%2Fgithub.com%2Fkyrosle%2Fwebcam-live" "/workspace/builds/worker-4-tc2/source", kill_on_drop: false }`
[INFO] [stderr] Cloning into '/workspace/builds/worker-4-tc2/source'...
[INFO] [stderr] done.
[INFO] validating manifest of git repo https://github.com/kyrosle/webcam-live on toolchain beta-2023-04-20
[INFO] running `Command { std: CARGO_HOME="/workspace/cargo-home" RUSTUP_HOME="/workspace/rustup-home" "/workspace/cargo-home/bin/cargo" "+beta-2023-04-20" "metadata" "--manifest-path" "Cargo.toml" "--no-deps", kill_on_drop: false }`
[INFO] started tweaking git repo https://github.com/kyrosle/webcam-live
[INFO] finished tweaking git repo https://github.com/kyrosle/webcam-live
[INFO] tweaked toml for git repo https://github.com/kyrosle/webcam-live written to /workspace/builds/worker-4-tc2/source/Cargo.toml
[INFO] crate git repo https://github.com/kyrosle/webcam-live already has a lockfile, it will not be regenerated
[INFO] running `Command { std: CARGO_HOME="/workspace/cargo-home" RUSTUP_HOME="/workspace/rustup-home" "/workspace/cargo-home/bin/cargo" "+beta-2023-04-20" "fetch" "--manifest-path" "Cargo.toml", kill_on_drop: false }`
[INFO] [stderr]     Updating crates.io index
[INFO] [stderr]  Downloading crates ...
[INFO] [stderr]   Downloaded html-escape v0.2.11
[INFO] [stderr]   Downloaded sycamore-core v0.8.0-beta.6
[INFO] [stderr]   Downloaded sycamore-web v0.8.0-beta.6
[INFO] [stderr]   Downloaded sycamore v0.8.0-beta.6
[INFO] [stderr]   Downloaded sycamore-reactive v0.8.0-beta.6
[INFO] [stderr]   Downloaded sycamore-macro v0.8.0-beta.6
[INFO] running `Command { std: "docker" "create" "-v" "/var/lib/crater-agent-workspace/builds/worker-4-tc2/target:/opt/rustwide/target:rw,Z" "-v" "/var/lib/crater-agent-workspace/builds/worker-4-tc2/source:/opt/rustwide/workdir:ro,Z" "-v" "/var/lib/crater-agent-workspace/cargo-home:/opt/rustwide/cargo-home:ro,Z" "-v" "/var/lib/crater-agent-workspace/rustup-home:/opt/rustwide/rustup-home:ro,Z" "-e" "SOURCE_DIR=/opt/rustwide/workdir" "-e" "CARGO_TARGET_DIR=/opt/rustwide/target" "-e" "CARGO_HOME=/opt/rustwide/cargo-home" "-e" "RUSTUP_HOME=/opt/rustwide/rustup-home" "-w" "/opt/rustwide/workdir" "-m" "1610612736" "--user" "0:0" "--network" "none" "ghcr.io/rust-lang/crates-build-env/linux@sha256:5ff2268d62e97bff2cde7d5815dd6ed5b47097566f13b8d0ca110b04b60e07ed" "/opt/rustwide/cargo-home/bin/cargo" "+beta-2023-04-20" "metadata" "--no-deps" "--format-version=1", kill_on_drop: false }`
[INFO] [stdout] 85fb8383253271a1b332639c81f567d0a8522ab4422726ec7016b11f9db25c76
[INFO] running `Command { std: "docker" "start" "-a" "85fb8383253271a1b332639c81f567d0a8522ab4422726ec7016b11f9db25c76", kill_on_drop: false }`
[INFO] running `Command { std: "docker" "inspect" "85fb8383253271a1b332639c81f567d0a8522ab4422726ec7016b11f9db25c76", kill_on_drop: false }`
[INFO] running `Command { std: "docker" "rm" "-f" "85fb8383253271a1b332639c81f567d0a8522ab4422726ec7016b11f9db25c76", kill_on_drop: false }`
[INFO] [stdout] 85fb8383253271a1b332639c81f567d0a8522ab4422726ec7016b11f9db25c76
[INFO] running `Command { std: "docker" "create" "-v" "/var/lib/crater-agent-workspace/builds/worker-4-tc2/target:/opt/rustwide/target:rw,Z" "-v" "/var/lib/crater-agent-workspace/builds/worker-4-tc2/source:/opt/rustwide/workdir:ro,Z" "-v" "/var/lib/crater-agent-workspace/cargo-home:/opt/rustwide/cargo-home:ro,Z" "-v" "/var/lib/crater-agent-workspace/rustup-home:/opt/rustwide/rustup-home:ro,Z" "-e" "SOURCE_DIR=/opt/rustwide/workdir" "-e" "CARGO_TARGET_DIR=/opt/rustwide/target" "-e" "CARGO_INCREMENTAL=0" "-e" "RUST_BACKTRACE=full" "-e" "RUSTFLAGS=--cap-lints=warn" "-e" "RUSTDOCFLAGS=--cap-lints=warn" "-e" "CARGO_HOME=/opt/rustwide/cargo-home" "-e" "RUSTUP_HOME=/opt/rustwide/rustup-home" "-w" "/opt/rustwide/workdir" "-m" "1610612736" "--user" "0:0" "--network" "none" "ghcr.io/rust-lang/crates-build-env/linux@sha256:5ff2268d62e97bff2cde7d5815dd6ed5b47097566f13b8d0ca110b04b60e07ed" "/opt/rustwide/cargo-home/bin/cargo" "+beta-2023-04-20" "doc" "--frozen" "--no-deps" "--document-private-items" "--message-format=json", kill_on_drop: false }`
[INFO] [stdout] 81fd604435aa51a25511fc49003039a05d4e6ce908a7d2a9180156b853483bae
[INFO] running `Command { std: "docker" "start" "-a" "81fd604435aa51a25511fc49003039a05d4e6ce908a7d2a9180156b853483bae", kill_on_drop: false }`
[INFO] [stderr]    Compiling proc-macro2 v1.0.39
[INFO] [stderr]    Compiling unicode-ident v1.0.0
[INFO] [stderr]    Compiling syn v1.0.95
[INFO] [stderr]    Compiling wasm-bindgen-shared v0.2.80
[INFO] [stderr]    Compiling log v0.4.17
[INFO] [stderr]     Checking cfg-if v1.0.0
[INFO] [stderr]    Compiling bumpalo v3.9.1
[INFO] [stderr]    Compiling lazy_static v1.4.0
[INFO] [stderr]    Compiling version_check v0.9.4
[INFO] [stderr]    Compiling serde_derive v1.0.137
[INFO] [stderr]    Compiling wasm-bindgen v0.2.80
[INFO] [stderr]    Compiling autocfg v1.1.0
[INFO] [stderr]    Compiling libc v0.2.126
[INFO] [stderr]    Compiling serde v1.0.137
[INFO] [stderr]     Checking once_cell v1.10.0
[INFO] [stderr]    Compiling futures-core v0.3.21
[INFO] [stderr]    Compiling futures-task v0.3.21
[INFO] [stderr]    Compiling memchr v2.5.0
[INFO] [stderr] error: failed to write `/opt/rustwide/target/debug/.fingerprint/memchr-a7ed78658623d3c3/invoked.timestamp`
[INFO] [stderr] 
[INFO] [stderr] Caused by:
[INFO] [stderr]   No space left on device (os error 28)
[INFO] [stderr] warning: build failed, waiting for other jobs to finish...
[INFO] [stderr] LLVM ERROR: IO failure on output stream: No space left on device
[INFO] [stderr] LLVM ERROR: IO failure on output stream: No space left on device
[INFO] [stderr] thread 'rustc' panicked at 'assertion failed: pos.get() <= self.position()', compiler/rustc_metadata/src/rmeta/encoder.rs:452:9
[INFO] [stderr] LLVM ERROR: IO failure on output stream: No space left on device
[INFO] [stderr] error: could not compile `wasm-bindgen` (build script)
[INFO] [stderr] error: could not compile `log` (build script)
[INFO] [stderr] error: could not compile `wasm-bindgen-shared` (build script)
[INFO] [stderr] LLVM ERROR: IO failure on output stream: No space left on device
[INFO] [stderr] LLVM ERROR: IO failure on output stream: No space left on device
[INFO] [stderr] LLVM ERROR: IO failure on output stream: No space left on device
[INFO] [stderr] error: could not compile `serde_derive` (build script)
[INFO] [stderr] LLVM ERROR: IO failure on output stream: No space left on device
[INFO] [stderr] LLVM ERROR: IO failure on output stream: No space left on device
[INFO] [stderr] error: could not compile `serde` (build script)
[INFO] [stderr] error: could not compile `syn` (build script)
[INFO] [stderr] error: could not compile `proc-macro2` (build script)
[INFO] [stderr] error: could not compile `libc` (build script)
[INFO] [stderr] error: could not compile `unicode-ident` (lib)
[INFO] [stdout] error: couldn't create a temp dir: No space left on device (os error 28) at path "/opt/rustwide/target/debug/build/futures-core-afaf24bf9493b70a/rmetaE6Lj25"
[INFO] [stdout] 
[INFO] [stdout] 
[INFO] [stdout] error: couldn't create a temp dir: No space left on device (os error 28) at path "/opt/rustwide/target/debug/deps/rmetaBKhNYB"
[INFO] [stdout] 
[INFO] [stdout] 
[INFO] [stderr] error: could not compile `futures-core` (build script) due to previous error
[INFO] [stderr] error: could not compile `once_cell` (lib) due to previous error
[INFO] [stdout] error: couldn't create a temp dir: No space left on device (os error 28) at path "/opt/rustwide/target/debug/build/futures-task-05f391cf2820b061/rmetaxEwkRQ"
[INFO] [stdout] 
[INFO] [stdout] 
[INFO] [stdout] error: couldn't create a temp dir: No space left on device (os error 28) at path "/opt/rustwide/target/debug/deps/rmetaMQsFor"
[INFO] [stdout] 
[INFO] [stdout] 
[INFO] [stderr] thread 'rustc' panicked at 'assertion failed: pos.get() <= self.position()', compiler/rustc_metadata/src/rmeta/encoder.rs:452:9
[INFO] [stderr] error: could not compile `futures-task` (build script) due to previous error
[INFO] [stderr] error: could not compile `bumpalo` (lib) due to previous error
[INFO] [stderr] thread 'rustc' panicked at 'assertion failed: pos.get() <= self.position()', compiler/rustc_metadata/src/rmeta/encoder.rs:452:9
[INFO] [stderr] error: could not compile `version_check` (lib)
[INFO] [stderr] error: could not compile `autocfg` (lib)
[INFO] running `Command { std: "docker" "inspect" "81fd604435aa51a25511fc49003039a05d4e6ce908a7d2a9180156b853483bae", kill_on_drop: false }`
[INFO] running `Command { std: "docker" "rm" "-f" "81fd604435aa51a25511fc49003039a05d4e6ce908a7d2a9180156b853483bae", kill_on_drop: false }`
[INFO] [stdout] 81fd604435aa51a25511fc49003039a05d4e6ce908a7d2a9180156b853483bae
