[INFO] cloning repository https://github.com/kylejlin/pong-31july2019
[INFO] running `Command { std: "git" "-c" "credential.helper=" "-c" "credential.helper=/workspace/cargo-home/bin/git-credential-null" "clone" "--bare" "https://github.com/kylejlin/pong-31july2019" "/workspace/cache/git-repos/https%3A%2F%2Fgithub.com%2Fkylejlin%2Fpong-31july2019", kill_on_drop: false }`
[INFO] [stderr] Cloning into bare repository '/workspace/cache/git-repos/https%3A%2F%2Fgithub.com%2Fkylejlin%2Fpong-31july2019'...
[INFO] running `Command { std: "git" "rev-parse" "HEAD", kill_on_drop: false }`
[INFO] [stdout] 9489e57f0294256d2afc69cb6ee58d596874dd26
[INFO] documenting kylejlin/pong-31july2019 against 1.69.0 for beta-1.70-rustdoc-1
[INFO] running `Command { std: "git" "clone" "/workspace/cache/git-repos/https%3A%2F%2Fgithub.com%2Fkylejlin%2Fpong-31july2019" "/workspace/builds/worker-7-tc1/source", kill_on_drop: false }`
[INFO] [stderr] Cloning into '/workspace/builds/worker-7-tc1/source'...
[INFO] [stderr] done.
[INFO] validating manifest of git repo https://github.com/kylejlin/pong-31july2019 on toolchain 1.69.0
[INFO] running `Command { std: CARGO_HOME="/workspace/cargo-home" RUSTUP_HOME="/workspace/rustup-home" "/workspace/cargo-home/bin/cargo" "+1.69.0" "metadata" "--manifest-path" "Cargo.toml" "--no-deps", kill_on_drop: false }`
[INFO] started tweaking git repo https://github.com/kylejlin/pong-31july2019
[INFO] finished tweaking git repo https://github.com/kylejlin/pong-31july2019
[INFO] tweaked toml for git repo https://github.com/kylejlin/pong-31july2019 written to /workspace/builds/worker-7-tc1/source/Cargo.toml
[INFO] crate git repo https://github.com/kylejlin/pong-31july2019 already has a lockfile, it will not be regenerated
[INFO] running `Command { std: CARGO_HOME="/workspace/cargo-home" RUSTUP_HOME="/workspace/rustup-home" "/workspace/cargo-home/bin/cargo" "+1.69.0" "fetch" "--manifest-path" "Cargo.toml", kill_on_drop: false }`
[INFO] [stderr]  Downloading crates ...
[INFO] [stderr]   Downloaded amethyst_utils v0.7.0
[INFO] [stderr]   Downloaded getrandom v0.1.7
[INFO] [stderr]   Downloaded derive-new v0.5.7
[INFO] [stderr]   Downloaded amethyst_error v0.2.0
[INFO] [stderr]   Downloaded percent-encoding v2.0.0
[INFO] [stderr]   Downloaded amethyst v0.12.0
[INFO] [stderr]   Downloaded amethyst_config v0.11.0
[INFO] [stderr]   Downloaded amethyst_controls v0.6.0
[INFO] [stderr]   Downloaded twox-hash v1.4.2
[INFO] [stderr]   Downloaded amethyst_derive v0.5.0
[INFO] [stderr]   Downloaded fluent v0.6.0
[INFO] [stderr]   Downloaded fluent-bundle v0.6.0
[INFO] [stderr]   Downloaded amethyst_locale v0.6.0
[INFO] [stderr]   Downloaded amethyst_network v0.5.0
[INFO] [stderr]   Downloaded amethyst_window v0.2.0
[INFO] [stderr]   Downloaded amethyst_animation v0.7.0
[INFO] [stderr]   Downloaded amethyst_assets v0.8.0
[INFO] [stderr]   Downloaded amethyst_input v0.8.0
[INFO] [stderr]   Downloaded amethyst_core v0.7.0
[INFO] [stderr]   Downloaded amethyst_ui v0.7.0
[INFO] [stderr]   Downloaded glyph_brush v0.5.3
[INFO] [stderr]   Downloaded miniz_oxide v0.3.0
[INFO] [stderr]   Downloaded gfx-backend-metal v0.2.3
[INFO] [stderr]   Downloaded amethyst_rendy v0.2.0
[INFO] [stderr]   Downloaded amethyst_audio v0.7.0
[INFO] [stderr]   Downloaded winit v0.19.2
[INFO] running `Command { std: "docker" "create" "-v" "/var/lib/crater-agent-workspace/builds/worker-7-tc1/target:/opt/rustwide/target:rw,Z" "-v" "/var/lib/crater-agent-workspace/builds/worker-7-tc1/source:/opt/rustwide/workdir:ro,Z" "-v" "/var/lib/crater-agent-workspace/cargo-home:/opt/rustwide/cargo-home:ro,Z" "-v" "/var/lib/crater-agent-workspace/rustup-home:/opt/rustwide/rustup-home:ro,Z" "-e" "SOURCE_DIR=/opt/rustwide/workdir" "-e" "CARGO_TARGET_DIR=/opt/rustwide/target" "-e" "CARGO_HOME=/opt/rustwide/cargo-home" "-e" "RUSTUP_HOME=/opt/rustwide/rustup-home" "-w" "/opt/rustwide/workdir" "-m" "1610612736" "--user" "0:0" "--network" "none" "ghcr.io/rust-lang/crates-build-env/linux@sha256:5ff2268d62e97bff2cde7d5815dd6ed5b47097566f13b8d0ca110b04b60e07ed" "/opt/rustwide/cargo-home/bin/cargo" "+1.69.0" "metadata" "--no-deps" "--format-version=1", kill_on_drop: false }`
[INFO] [stdout] c9c5d22c2cc65b4932485c893bfceeae77e24a0430e0a84b35cee550cebe2593
[INFO] running `Command { std: "docker" "start" "-a" "c9c5d22c2cc65b4932485c893bfceeae77e24a0430e0a84b35cee550cebe2593", kill_on_drop: false }`
[INFO] running `Command { std: "docker" "inspect" "c9c5d22c2cc65b4932485c893bfceeae77e24a0430e0a84b35cee550cebe2593", kill_on_drop: false }`
[INFO] running `Command { std: "docker" "rm" "-f" "c9c5d22c2cc65b4932485c893bfceeae77e24a0430e0a84b35cee550cebe2593", kill_on_drop: false }`
[INFO] [stdout] c9c5d22c2cc65b4932485c893bfceeae77e24a0430e0a84b35cee550cebe2593
[INFO] running `Command { std: "docker" "create" "-v" "/var/lib/crater-agent-workspace/builds/worker-7-tc1/target:/opt/rustwide/target:rw,Z" "-v" "/var/lib/crater-agent-workspace/builds/worker-7-tc1/source:/opt/rustwide/workdir:ro,Z" "-v" "/var/lib/crater-agent-workspace/cargo-home:/opt/rustwide/cargo-home:ro,Z" "-v" "/var/lib/crater-agent-workspace/rustup-home:/opt/rustwide/rustup-home:ro,Z" "-e" "SOURCE_DIR=/opt/rustwide/workdir" "-e" "CARGO_TARGET_DIR=/opt/rustwide/target" "-e" "CARGO_INCREMENTAL=0" "-e" "RUST_BACKTRACE=full" "-e" "RUSTFLAGS=--cap-lints=warn" "-e" "RUSTDOCFLAGS=--cap-lints=warn" "-e" "CARGO_HOME=/opt/rustwide/cargo-home" "-e" "RUSTUP_HOME=/opt/rustwide/rustup-home" "-w" "/opt/rustwide/workdir" "-m" "1610612736" "--user" "0:0" "--network" "none" "ghcr.io/rust-lang/crates-build-env/linux@sha256:5ff2268d62e97bff2cde7d5815dd6ed5b47097566f13b8d0ca110b04b60e07ed" "/opt/rustwide/cargo-home/bin/cargo" "+1.69.0" "doc" "--frozen" "--no-deps" "--document-private-items" "--message-format=json", kill_on_drop: false }`
[INFO] [stdout] fde13b6cdd1a559dbd7696eb418db1fde21c8f4c8f7a0e0b77edbb8900e80b5a
[INFO] running `Command { std: "docker" "start" "-a" "fde13b6cdd1a559dbd7696eb418db1fde21c8f4c8f7a0e0b77edbb8900e80b5a", kill_on_drop: false }`
[INFO] [stderr]    Compiling libc v0.2.60
[INFO] [stderr]    Compiling syn v0.15.42
[INFO] [stderr]    Compiling autocfg v0.1.5
[INFO] [stderr]     Checking cfg-if v0.1.9
[INFO] [stderr]    Compiling serde v1.0.98
[INFO] [stderr]    Compiling cc v1.0.38
[INFO] [stderr]     Checking lazy_static v1.3.0
[INFO] [stderr]    Compiling log v0.4.8
[INFO] [stderr]     Checking rand_core v0.4.0
[INFO] [stderr]    Compiling arrayvec v0.4.11
[INFO] [stderr]     Checking nodrop v0.1.13
[INFO] [stderr]    Compiling bitflags v1.1.0
[INFO] [stderr]    Compiling pkg-config v0.3.15
[INFO] [stderr]    Compiling quote v0.6.13
[INFO] [stderr]    Compiling memoffset v0.5.1
[INFO] [stderr]     Checking either v1.5.2
[INFO] [stderr]     Checking stable_deref_trait v1.1.1
[INFO] [stderr]     Checking scopeguard v0.3.3
[INFO] [stderr]     Checking crossbeam-utils v0.6.6
[INFO] [stderr]     Checking rustc-demangle v0.1.15
[INFO] [stderr]     Checking owning_ref v0.4.0
[INFO] [stderr]    Compiling version_check v0.1.5
[INFO] [stderr]     Checking rand_core v0.3.1
[INFO] [stderr]     Checking rand_jitter v0.1.4
[INFO] [stderr]     Checking rand_xorshift v0.1.1
[INFO] [stderr]     Checking rand_isaac v0.1.1
[INFO] [stderr]     Checking rand_hc v0.1.0
[INFO] [stderr]    Compiling num-traits v0.2.8
[INFO] [stderr]    Compiling rand_chacha v0.1.1
[INFO] [stderr]    Compiling rand_pcg v0.1.2
[INFO] [stderr]    Compiling rand v0.6.5
[INFO] [stderr]     Checking crossbeam-queue v0.1.2
[INFO] [stderr]    Compiling num-integer v0.1.41
[INFO] [stderr]     Checking lock_api v0.1.5
[INFO] [stderr]    Compiling rayon-core v1.5.0
[INFO] [stderr]    Compiling failure_derive v0.1.5
[INFO] [stderr]     Checking futures v0.1.28
[INFO] [stderr]    Compiling parking_lot_core v0.3.1
[INFO] [stderr]     Checking fxhash v0.2.1
[INFO] [stderr]     Checking crossbeam-epoch v0.7.2
[INFO] [stderr]     Checking void v1.0.2
[INFO] [stderr]     Checking adler32 v1.0.3
[INFO] [stderr]    Compiling xml-rs v0.8.0
[INFO] [stderr]     Checking num_cpus v1.10.1
[INFO] [stderr]     Checking rand_os v0.1.3
[INFO] [stderr]     Checking rand v0.5.6
[INFO] [stderr]     Checking crossbeam-deque v0.6.3
[INFO] [stderr]     Checking crossbeam-deque v0.7.1
[INFO] [stderr]    Compiling backtrace-sys v0.1.31
[INFO] [stderr]    Compiling libloading v0.5.2
[INFO] [stderr]    Compiling ryu v1.0.0
[INFO] [stderr]    Compiling unicase v1.4.2
[INFO] [stderr]    Compiling num-iter v0.1.39
[INFO] [stderr]    Compiling num-bigint v0.2.2
[INFO] [stderr]    Compiling nix v0.14.1
[INFO] [stderr]     Checking time v0.1.42
[INFO] [stderr]     Checking rayon v1.1.0
[INFO] [stderr]    Compiling wayland-scanner v0.21.13
[INFO] [stderr]    Compiling num-rational v0.2.2
[INFO] [stderr]     Checking rustc-hash v1.0.1
[INFO] [stderr]     Checking approx v0.3.2
[INFO] [stderr]     Checking ordered-float v1.0.2
[INFO] [stderr]    Compiling parking_lot_core v0.4.0
[INFO] [stderr]     Checking stb_truetype v0.2.6
[INFO] [stderr]     Checking dlib v0.4.1
[INFO] [stderr]     Checking linked-hash-map v0.5.2
[INFO] [stderr]     Checking atom v0.3.5
[INFO] [stderr]     Checking wayland-sys v0.21.13
[INFO] [stderr]    Compiling num-derive v0.2.5
[INFO] [stderr]     Checking same-file v1.0.5
[INFO] [stderr]    Compiling gcc v0.3.55
[INFO] [stderr]     Checking rusttype v0.7.7
[INFO] [stderr]    Compiling parking_lot_core v0.5.0
[INFO] [stderr]     Checking walkdir v2.2.9
[INFO] [stderr]     Checking lzw v0.10.0
[INFO] [stderr]     Checking downcast-rs v1.0.4
[INFO] [stderr]     Checking line_drawing v0.7.0
[INFO] [stderr]     Checking deflate v0.7.20
[INFO] [stderr]     Checking backtrace v0.3.34
[INFO] [stderr]     Checking inflate v0.4.5
[INFO] [stderr]    Compiling x11-dl v2.18.3
[INFO] [stderr]    Compiling parking_lot v0.8.0
[INFO] [stderr]     Checking color_quant v1.0.1
[INFO] [stderr]     Checking xdg v2.2.0
[INFO] [stderr]    Compiling core-foundation-sys v0.6.2
[INFO] [stderr]     Checking malloc_buf v0.0.6
[INFO] [stderr]     Checking memmap v0.7.0
[INFO] [stderr]     Checking gif v0.10.2
[INFO] [stderr]     Checking lock_api v0.2.0
[INFO] [stderr]     Checking scoped_threadpool v0.1.9
[INFO] [stderr]     Checking png v0.14.1
[INFO] [stderr]     Checking mint v0.5.1
[INFO] [stderr]    Compiling typenum v1.10.0
[INFO] [stderr]     Checking percent-encoding v2.0.0
[INFO] [stderr]    Compiling num-complex v0.2.3
[INFO] [stderr]     Checking andrew v0.2.1
[INFO] [stderr]     Checking memoffset v0.2.1
[INFO] [stderr]     Checking block v0.1.6
[INFO] [stderr]    Compiling spirv_cross v0.15.0
[INFO] [stderr]     Checking crossbeam-utils v0.5.0
[INFO] [stderr]    Compiling objc_exception v0.1.1
[INFO] [stderr]     Checking core-foundation v0.6.4
[INFO] [stderr]     Checking iovec v0.1.2
[INFO] [stderr]    Compiling memchr v2.2.1
[INFO] [stderr]    Compiling ucd-util v0.1.5
[INFO] [stderr]    Compiling gfx-backend-metal v0.2.3
[INFO] [stderr]    Compiling libm v0.1.4
[INFO] [stderr] The following warnings were emitted during compilation:
[INFO] [stderr] 
[INFO] [stderr] warning: cc: fatal error: cannot execute 'cc1obj': execvp: No such file or directory
[INFO] [stderr] warning: compilation terminated.
[INFO] [stderr] 
[INFO] [stderr] error: failed to run custom build command for `objc_exception v0.1.1`
[INFO] [stderr] note: To improve backtraces for build dependencies, set the CARGO_PROFILE_DEV_BUILD_OVERRIDE_DEBUG=true environment variable to enable debug information generation.
[INFO] [stderr] 
[INFO] [stderr] Caused by:
[INFO] [stderr]   process didn't exit successfully: `/opt/rustwide/target/debug/build/objc_exception-a99b9d5dcda59c60/build-script-build` (exit status: 101)
[INFO] [stderr]   --- stdout
[INFO] [stderr]   TARGET = Some("x86_64-unknown-linux-gnu")
[INFO] [stderr]   OPT_LEVEL = Some("0")
[INFO] [stderr]   TARGET = Some("x86_64-unknown-linux-gnu")
[INFO] [stderr]   HOST = Some("x86_64-unknown-linux-gnu")
[INFO] [stderr]   TARGET = Some("x86_64-unknown-linux-gnu")
[INFO] [stderr]   TARGET = Some("x86_64-unknown-linux-gnu")
[INFO] [stderr]   HOST = Some("x86_64-unknown-linux-gnu")
[INFO] [stderr]   CC_x86_64-unknown-linux-gnu = None
[INFO] [stderr]   CC_x86_64_unknown_linux_gnu = None
[INFO] [stderr]   HOST_CC = None
[INFO] [stderr]   CC = None
[INFO] [stderr]   HOST = Some("x86_64-unknown-linux-gnu")
[INFO] [stderr]   TARGET = Some("x86_64-unknown-linux-gnu")
[INFO] [stderr]   HOST = Some("x86_64-unknown-linux-gnu")
[INFO] [stderr]   CFLAGS_x86_64-unknown-linux-gnu = None
[INFO] [stderr]   CFLAGS_x86_64_unknown_linux_gnu = None
[INFO] [stderr]   HOST_CFLAGS = None
[INFO] [stderr]   CFLAGS = None
[INFO] [stderr]   DEBUG = Some("true")
[INFO] [stderr]   running: "cc" "-O0" "-ffunction-sections" "-fdata-sections" "-fPIC" "-g" "-m64" "-Wall" "-Wextra" "-o" "/opt/rustwide/target/debug/build/objc_exception-3126cf58d2402c36/out/extern/exception.o" "-c" "extern/exception.m"
[INFO] [stderr]   cargo:warning=cc: fatal error: cannot execute 'cc1obj': execvp: No such file or directory
[INFO] [stderr]   cargo:warning=compilation terminated.
[INFO] [stderr]   exit status: 1
[INFO] [stderr] 
[INFO] [stderr]   --- stderr
[INFO] [stderr]   thread 'main' panicked at '
[INFO] [stderr] 
[INFO] [stderr]   Internal error occurred: Command "cc" "-O0" "-ffunction-sections" "-fdata-sections" "-fPIC" "-g" "-m64" "-Wall" "-Wextra" "-o" "/opt/rustwide/target/debug/build/objc_exception-3126cf58d2402c36/out/extern/exception.o" "-c" "extern/exception.m" with args "cc" did not execute successfully (status code exit status: 1).
[INFO] [stderr] 
[INFO] [stderr]   ', /opt/rustwide/cargo-home/registry/src/github.com-1ecc6299db9ec823/gcc-0.3.55/src/lib.rs:1672:5
[INFO] [stderr]   stack backtrace:
[INFO] [stderr]      0:     0x55f3d9bb968a - std::backtrace_rs::backtrace::libunwind::trace::ha9053a9a07ca49cb
[INFO] [stderr]                                  at /rustc/84c898d65adf2f39a5a98507f1fe0ce10a2b8dbc/library/std/src/../../backtrace/src/backtrace/libunwind.rs:93:5
[INFO] [stderr]      1:     0x55f3d9bb968a - std::backtrace_rs::backtrace::trace_unsynchronized::h9c2852a457ad564e
[INFO] [stderr]                                  at /rustc/84c898d65adf2f39a5a98507f1fe0ce10a2b8dbc/library/std/src/../../backtrace/src/backtrace/mod.rs:66:5
[INFO] [stderr]      2:     0x55f3d9bb968a - std::sys_common::backtrace::_print_fmt::h457936fbfaa0070f
[INFO] [stderr]                                  at /rustc/84c898d65adf2f39a5a98507f1fe0ce10a2b8dbc/library/std/src/sys_common/backtrace.rs:65:5
[INFO] [stderr]      3:     0x55f3d9bb968a - <std::sys_common::backtrace::_print::DisplayBacktrace as core::fmt::Display>::fmt::h5779d7bf7f70cb0c
[INFO] [stderr]                                  at /rustc/84c898d65adf2f39a5a98507f1fe0ce10a2b8dbc/library/std/src/sys_common/backtrace.rs:44:22
[INFO] [stderr]      4:     0x55f3d9bd908e - core::fmt::write::h5a4baaff1bcd3eb5
[INFO] [stderr]                                  at /rustc/84c898d65adf2f39a5a98507f1fe0ce10a2b8dbc/library/core/src/fmt/mod.rs:1232:17
[INFO] [stderr]      5:     0x55f3d9bb64a5 - std::io::Write::write_fmt::h4bc1f301cb9e9cce
[INFO] [stderr]                                  at /rustc/84c898d65adf2f39a5a98507f1fe0ce10a2b8dbc/library/std/src/io/mod.rs:1684:15
[INFO] [stderr]      6:     0x55f3d9bb9455 - std::sys_common::backtrace::_print::h5fcdc36060f177e8
[INFO] [stderr]                                  at /rustc/84c898d65adf2f39a5a98507f1fe0ce10a2b8dbc/library/std/src/sys_common/backtrace.rs:47:5
[INFO] [stderr]      7:     0x55f3d9bb9455 - std::sys_common::backtrace::print::h54ca9458b876c8bf
[INFO] [stderr]                                  at /rustc/84c898d65adf2f39a5a98507f1fe0ce10a2b8dbc/library/std/src/sys_common/backtrace.rs:34:9
[INFO] [stderr]      8:     0x55f3d9bbae2f - std::panicking::default_hook::{{closure}}::hbe471161c7664ed6
[INFO] [stderr]                                  at /rustc/84c898d65adf2f39a5a98507f1fe0ce10a2b8dbc/library/std/src/panicking.rs:271:22
[INFO] [stderr]      9:     0x55f3d9bbab6b - std::panicking::default_hook::ha3500da57aa4ac4f
[INFO] [stderr]                                  at /rustc/84c898d65adf2f39a5a98507f1fe0ce10a2b8dbc/library/std/src/panicking.rs:290:9
[INFO] [stderr]     10:     0x55f3d9bbb3d8 - std::panicking::rust_panic_with_hook::h50c09d000dc561d2
[INFO] [stderr]                                  at /rustc/84c898d65adf2f39a5a98507f1fe0ce10a2b8dbc/library/std/src/panicking.rs:692:13
[INFO] [stderr]     11:     0x55f3d9bbb2d9 - std::panicking::begin_panic_handler::{{closure}}::h9e2b2176e00e0d9c
[INFO] [stderr]                                  at /rustc/84c898d65adf2f39a5a98507f1fe0ce10a2b8dbc/library/std/src/panicking.rs:583:13
[INFO] [stderr]     12:     0x55f3d9bb9af6 - std::sys_common::backtrace::__rust_end_short_backtrace::h5739b8e512c09d02
[INFO] [stderr]                                  at /rustc/84c898d65adf2f39a5a98507f1fe0ce10a2b8dbc/library/std/src/sys_common/backtrace.rs:150:18
[INFO] [stderr]     13:     0x55f3d9bbafe2 - rust_begin_unwind
[INFO] [stderr]                                  at /rustc/84c898d65adf2f39a5a98507f1fe0ce10a2b8dbc/library/std/src/panicking.rs:579:5
[INFO] [stderr]     14:     0x55f3d9b6c703 - core::panicking::panic_fmt::hf33a1475b4dc5c3e
[INFO] [stderr]                                  at /rustc/84c898d65adf2f39a5a98507f1fe0ce10a2b8dbc/library/core/src/panicking.rs:64:14
[INFO] [stderr]     15:     0x55f3d9b7c99f - gcc::fail::hcf70cfd2287582c4
[INFO] [stderr]     16:     0x55f3d9b70875 - gcc::Build::compile::h1b1004e072210ed4
[INFO] [stderr]     17:     0x55f3d9b6d404 - gcc::compile_library::hb4d5332ea6d685c5
[INFO] [stderr]     18:     0x55f3d9b6ce5f - build_script_build::main::hada1c71acd465d49
[INFO] [stderr]     19:     0x55f3d9b6ce23 - core::ops::function::FnOnce::call_once::h9291e5068bb882d1
[INFO] [stderr]     20:     0x55f3d9b6cd59 - std::sys_common::backtrace::__rust_begin_short_backtrace::h74a1aaae889bce4e
[INFO] [stderr]     21:     0x55f3d9b6cdb9 - std::rt::lang_start::{{closure}}::hafdf2bc00697880e
[INFO] [stderr]     22:     0x55f3d9bb2d9c - core::ops::function::impls::<impl core::ops::function::FnOnce<A> for &F>::call_once::hd6efcd3bec896f2c
[INFO] [stderr]                                  at /rustc/84c898d65adf2f39a5a98507f1fe0ce10a2b8dbc/library/core/src/ops/function.rs:287:13
[INFO] [stderr]     23:     0x55f3d9bb2d9c - std::panicking::try::do_call::hce04e543bb1f4cbb
[INFO] [stderr]                                  at /rustc/84c898d65adf2f39a5a98507f1fe0ce10a2b8dbc/library/std/src/panicking.rs:487:40
[INFO] [stderr]     24:     0x55f3d9bb2d9c - std::panicking::try::h3342dd4e1f680968
[INFO] [stderr]                                  at /rustc/84c898d65adf2f39a5a98507f1fe0ce10a2b8dbc/library/std/src/panicking.rs:451:19
[INFO] [stderr]     25:     0x55f3d9bb2d9c - std::panic::catch_unwind::h148ce1e59ac0cee7
[INFO] [stderr]                                  at /rustc/84c898d65adf2f39a5a98507f1fe0ce10a2b8dbc/library/std/src/panic.rs:140:14
[INFO] [stderr]     26:     0x55f3d9bb2d9c - std::rt::lang_start_internal::{{closure}}::h25f9dda2057a67fe
[INFO] [stderr]                                  at /rustc/84c898d65adf2f39a5a98507f1fe0ce10a2b8dbc/library/std/src/rt.rs:148:48
[INFO] [stderr]     27:     0x55f3d9bb2d9c - std::panicking::try::do_call::h7caaaeaf9401650b
[INFO] [stderr]                                  at /rustc/84c898d65adf2f39a5a98507f1fe0ce10a2b8dbc/library/std/src/panicking.rs:487:40
[INFO] [stderr]     28:     0x55f3d9bb2d9c - std::panicking::try::he7d15285746cbbc2
[INFO] [stderr]                                  at /rustc/84c898d65adf2f39a5a98507f1fe0ce10a2b8dbc/library/std/src/panicking.rs:451:19
[INFO] [stderr]     29:     0x55f3d9bb2d9c - std::panic::catch_unwind::h89fb4f50c0301fe0
[INFO] [stderr]                                  at /rustc/84c898d65adf2f39a5a98507f1fe0ce10a2b8dbc/library/std/src/panic.rs:140:14
[INFO] [stderr]     30:     0x55f3d9bb2d9c - std::rt::lang_start_internal::h078acd489417d3c1
[INFO] [stderr]                                  at /rustc/84c898d65adf2f39a5a98507f1fe0ce10a2b8dbc/library/std/src/rt.rs:148:20
[INFO] [stderr]     31:     0x55f3d9b6cd97 - std::rt::lang_start::hd7e730cf576a09f9
[INFO] [stderr]     32:     0x55f3d9b6ce85 - main
[INFO] [stderr]     33:     0x7f8a4987fd90 - <unknown>
[INFO] [stderr]     34:     0x7f8a4987fe40 - __libc_start_main
[INFO] [stderr]     35:     0x55f3d9b6cc85 - _start
[INFO] [stderr]     36:                0x0 - <unknown>
[INFO] [stderr] warning: build failed, waiting for other jobs to finish...
[INFO] running `Command { std: "docker" "inspect" "fde13b6cdd1a559dbd7696eb418db1fde21c8f4c8f7a0e0b77edbb8900e80b5a", kill_on_drop: false }`
[INFO] running `Command { std: "docker" "rm" "-f" "fde13b6cdd1a559dbd7696eb418db1fde21c8f4c8f7a0e0b77edbb8900e80b5a", kill_on_drop: false }`
[INFO] [stdout] fde13b6cdd1a559dbd7696eb418db1fde21c8f4c8f7a0e0b77edbb8900e80b5a
