[INFO] cloning repository https://github.com/kwyse/scintillis
[INFO] running `Command { std: "git" "-c" "credential.helper=" "-c" "credential.helper=/workspace/cargo-home/bin/git-credential-null" "clone" "--bare" "https://github.com/kwyse/scintillis" "/workspace/cache/git-repos/https%3A%2F%2Fgithub.com%2Fkwyse%2Fscintillis", kill_on_drop: false }`
[INFO] [stderr] Cloning into bare repository '/workspace/cache/git-repos/https%3A%2F%2Fgithub.com%2Fkwyse%2Fscintillis'...
[INFO] running `Command { std: "git" "rev-parse" "HEAD", kill_on_drop: false }`
[INFO] [stdout] cb4d6342f1316d8e36d6468e5d7e7cb03d89d635
[INFO] documenting kwyse/scintillis against 1.69.0 for beta-1.70-rustdoc-1
[INFO] running `Command { std: "git" "clone" "/workspace/cache/git-repos/https%3A%2F%2Fgithub.com%2Fkwyse%2Fscintillis" "/workspace/builds/worker-7-tc1/source", kill_on_drop: false }`
[INFO] [stderr] Cloning into '/workspace/builds/worker-7-tc1/source'...
[INFO] [stderr] done.
[INFO] validating manifest of git repo https://github.com/kwyse/scintillis on toolchain 1.69.0
[INFO] running `Command { std: CARGO_HOME="/workspace/cargo-home" RUSTUP_HOME="/workspace/rustup-home" "/workspace/cargo-home/bin/cargo" "+1.69.0" "metadata" "--manifest-path" "Cargo.toml" "--no-deps", kill_on_drop: false }`
[INFO] started tweaking git repo https://github.com/kwyse/scintillis
[INFO] finished tweaking git repo https://github.com/kwyse/scintillis
[INFO] tweaked toml for git repo https://github.com/kwyse/scintillis written to /workspace/builds/worker-7-tc1/source/Cargo.toml
[INFO] crate git repo https://github.com/kwyse/scintillis already has a lockfile, it will not be regenerated
[INFO] running `Command { std: CARGO_HOME="/workspace/cargo-home" RUSTUP_HOME="/workspace/rustup-home" "/workspace/cargo-home/bin/cargo" "+1.69.0" "fetch" "--manifest-path" "Cargo.toml", kill_on_drop: false }`
[INFO] [stderr]  Downloading crates ...
[INFO] [stderr]   Downloaded serde_derive v0.8.17
[INFO] [stderr]   Downloaded serde_yaml v0.5.0
[INFO] [stderr]   Downloaded serde_codegen v0.8.17
[INFO] [stderr]   Downloaded serde v0.8.17
[INFO] [stderr]   Downloaded syn v0.9.2
[INFO] [stderr]   Downloaded yaml-rust v0.3.4
[INFO] [stderr]   Downloaded quote v0.3.5
[INFO] [stderr]   Downloaded target_build_utils v0.1.2
[INFO] [stderr]   Downloaded serde_codegen_internals v0.10.0
[INFO] [stderr]   Downloaded phf_generator v0.7.19
[INFO] [stderr]   Downloaded phf_codegen v0.7.19
[INFO] [stderr]   Downloaded post-expansion v0.1.0
[INFO] [stderr]   Downloaded android_glue v0.2.1
[INFO] [stderr]   Downloaded rustc-demangle v0.1.2
[INFO] [stderr]   Downloaded gleam v0.2.24
[INFO] [stderr]   Downloaded libloading v0.3.1
[INFO] [stderr]   Downloaded serde_json v0.8.3
[INFO] [stderr]   Downloaded unicode-segmentation v0.1.2
[INFO] [stderr]   Downloaded x11-dl v2.11.0
[INFO] [stderr]   Downloaded clap v2.17.1
[INFO] [stderr]   Downloaded strsim v0.5.1
[INFO] [stderr]   Downloaded glutin v0.6.2
[INFO] [stderr]   Downloaded serde_test v0.8.17
[INFO] running `Command { std: "docker" "create" "-v" "/var/lib/crater-agent-workspace/builds/worker-7-tc1/target:/opt/rustwide/target:rw,Z" "-v" "/var/lib/crater-agent-workspace/builds/worker-7-tc1/source:/opt/rustwide/workdir:ro,Z" "-v" "/var/lib/crater-agent-workspace/cargo-home:/opt/rustwide/cargo-home:ro,Z" "-v" "/var/lib/crater-agent-workspace/rustup-home:/opt/rustwide/rustup-home:ro,Z" "-e" "SOURCE_DIR=/opt/rustwide/workdir" "-e" "CARGO_TARGET_DIR=/opt/rustwide/target" "-e" "CARGO_HOME=/opt/rustwide/cargo-home" "-e" "RUSTUP_HOME=/opt/rustwide/rustup-home" "-w" "/opt/rustwide/workdir" "-m" "1610612736" "--user" "0:0" "--network" "none" "ghcr.io/rust-lang/crates-build-env/linux@sha256:5ff2268d62e97bff2cde7d5815dd6ed5b47097566f13b8d0ca110b04b60e07ed" "/opt/rustwide/cargo-home/bin/cargo" "+1.69.0" "metadata" "--no-deps" "--format-version=1", kill_on_drop: false }`
[INFO] [stdout] 9dab21afd6c2b8e957b322f1c9b49dbaa59c61a736b3ed5f2dfd72a7eece995f
[INFO] running `Command { std: "docker" "start" "-a" "9dab21afd6c2b8e957b322f1c9b49dbaa59c61a736b3ed5f2dfd72a7eece995f", kill_on_drop: false }`
[INFO] running `Command { std: "docker" "inspect" "9dab21afd6c2b8e957b322f1c9b49dbaa59c61a736b3ed5f2dfd72a7eece995f", kill_on_drop: false }`
[INFO] running `Command { std: "docker" "rm" "-f" "9dab21afd6c2b8e957b322f1c9b49dbaa59c61a736b3ed5f2dfd72a7eece995f", kill_on_drop: false }`
[INFO] [stdout] 9dab21afd6c2b8e957b322f1c9b49dbaa59c61a736b3ed5f2dfd72a7eece995f
[INFO] running `Command { std: "docker" "create" "-v" "/var/lib/crater-agent-workspace/builds/worker-7-tc1/target:/opt/rustwide/target:rw,Z" "-v" "/var/lib/crater-agent-workspace/builds/worker-7-tc1/source:/opt/rustwide/workdir:ro,Z" "-v" "/var/lib/crater-agent-workspace/cargo-home:/opt/rustwide/cargo-home:ro,Z" "-v" "/var/lib/crater-agent-workspace/rustup-home:/opt/rustwide/rustup-home:ro,Z" "-e" "SOURCE_DIR=/opt/rustwide/workdir" "-e" "CARGO_TARGET_DIR=/opt/rustwide/target" "-e" "CARGO_INCREMENTAL=0" "-e" "RUST_BACKTRACE=full" "-e" "RUSTFLAGS=--cap-lints=warn" "-e" "RUSTDOCFLAGS=--cap-lints=warn" "-e" "CARGO_HOME=/opt/rustwide/cargo-home" "-e" "RUSTUP_HOME=/opt/rustwide/rustup-home" "-w" "/opt/rustwide/workdir" "-m" "1610612736" "--user" "0:0" "--network" "none" "ghcr.io/rust-lang/crates-build-env/linux@sha256:5ff2268d62e97bff2cde7d5815dd6ed5b47097566f13b8d0ca110b04b60e07ed" "/opt/rustwide/cargo-home/bin/cargo" "+1.69.0" "doc" "--frozen" "--no-deps" "--document-private-items" "--message-format=json", kill_on_drop: false }`
[INFO] [stdout] 9da8d1d171e228827e938905856ea2b586095d914254f2d1cf7133ccbc4fa2f6
[INFO] running `Command { std: "docker" "start" "-a" "9da8d1d171e228827e938905856ea2b586095d914254f2d1cf7133ccbc4fa2f6", kill_on_drop: false }`
[INFO] [stderr]     Checking libc v0.2.17
[INFO] [stderr]    Compiling phf_shared v0.7.19
[INFO] [stderr]    Compiling winapi-build v0.1.1
[INFO] [stderr]    Compiling bitflags v0.7.0
[INFO] [stderr]    Compiling itoa v0.1.1
[INFO] [stderr]    Compiling serde v0.8.17
[INFO] [stderr]    Compiling num-traits v0.1.36
[INFO] [stderr]    Compiling dtoa v0.2.2
[INFO] [stderr]     Checking lazy_static v0.2.1
[INFO] [stderr]     Checking winapi v0.2.8
[INFO] [stderr]    Compiling semver v0.1.20
[INFO] [stderr]    Compiling khronos_api v1.0.0
[INFO] [stderr]    Compiling log v0.3.6
[INFO] [stderr]     Checking lazy_static v0.1.16
[INFO] [stderr]    Compiling xml-rs v0.3.4
[INFO] [stderr]    Compiling phf v0.7.19
[INFO] [stderr]    Compiling quote v0.3.5
[INFO] [stderr]    Compiling gcc v0.3.38
[INFO] [stderr]    Compiling pkg-config v0.3.8
[INFO] [stderr]    Compiling unicode-xid v0.0.3
[INFO] [stderr]     Checking crossbeam v0.2.10
[INFO] [stderr]    Compiling kernel32-sys v0.2.2
[INFO] [stderr]    Compiling dbghelp-sys v0.2.0
[INFO] [stderr]    Compiling rustc_version v0.1.7
[INFO] [stderr]    Compiling syn v0.9.2
[INFO] [stderr]     Checking rand v0.3.14
[INFO] [stderr]     Checking shared_library v0.1.5
[INFO] [stderr]     Checking byteorder v0.5.3
[INFO] [stderr]    Compiling backtrace v0.2.3
[INFO] [stderr]     Checking cfg-if v0.1.0
[INFO] [stderr]     Checking fs2 v0.2.5
[INFO] [stderr]     Checking osmesa-sys v0.1.2
[INFO] [stderr]     Checking rustc-demangle v0.1.2
[INFO] [stderr]     Checking term_size v0.2.1
[INFO] [stderr]     Checking smallvec v0.1.8
[INFO] [stderr]    Compiling x11-dl v2.11.0
[INFO] [stderr]     Checking memmap v0.2.3
[INFO] [stderr]    Compiling tempfile v2.1.4
[INFO] [stderr]     Checking strsim v0.5.1
[INFO] [stderr]     Checking unicode-segmentation v0.1.2
[INFO] [stderr]     Checking unicode-width v0.1.3
[INFO] [stderr]    Compiling wayland-scanner v0.5.11
[INFO] [stderr]    Compiling gl_generator v0.5.2
[INFO] [stderr]     Checking vec_map v0.6.0
[INFO] [stderr]    Compiling backtrace-sys v0.1.4
[INFO] [stderr]     Checking clap v2.17.1
[INFO] [stderr]    Compiling phf_generator v0.7.19
[INFO] [stderr]    Compiling phf_codegen v0.7.19
[INFO] [stderr]    Compiling serde_codegen_internals v0.10.0
[INFO] [stderr]    Compiling post-expansion v0.1.0
[INFO] [stderr]    Compiling target_build_utils v0.1.2
[INFO] [stderr]    Compiling wayland-client v0.5.12
[INFO] [stderr]    Compiling serde_codegen v0.8.17
[INFO] [stderr]    Compiling glutin v0.6.2
[INFO] [stderr]    Compiling glium v0.15.0
[INFO] [stdout] error[E0463]: can't find crate for `syntax`
[INFO] [stdout]   --> /opt/rustwide/cargo-home/registry/src/github.com-1ecc6299db9ec823/serde_codegen-0.8.17/src/lib.rs:21:1
[INFO] [stdout]    |
[INFO] [stdout] 21 | extern crate syntax;
[INFO] [stdout]    | ^^^^^^^^^^^^^^^^^^^^ can't find crate
[INFO] [stdout] 
[INFO] [stdout] 
[INFO] [stdout] error[E0463]: can't find crate for `rustc_plugin`
[INFO] [stdout]   --> /opt/rustwide/cargo-home/registry/src/github.com-1ecc6299db9ec823/serde_codegen-0.8.17/src/lib.rs:24:1
[INFO] [stdout]    |
[INFO] [stdout] 24 | extern crate rustc_plugin;
[INFO] [stdout]    | ^^^^^^^^^^^^^^^^^^^^^^^^^^ can't find crate
[INFO] [stdout]    |
[INFO] [stdout]    = help: maybe you need to install the missing components with: `rustup component add rust-src rustc-dev llvm-tools-preview`
[INFO] [stdout] 
[INFO] [stdout] 
[INFO] [stdout] error[E0554]: `#![feature]` may not be used on the stable release channel
[INFO] [stdout]  --> /opt/rustwide/cargo-home/registry/src/github.com-1ecc6299db9ec823/serde_codegen-0.8.17/src/lib.rs:5:43
[INFO] [stdout]   |
[INFO] [stdout] 5 | #![cfg_attr(not(feature = "with-syntex"), feature(rustc_private, plugin))]
[INFO] [stdout]   |                                           ^^^^^^^^^^^^^^^^^^^^^^^^^^^^^^
[INFO] [stdout] 
[INFO] [stdout] 
[INFO] [stdout] error: aborting due to 3 previous errors
[INFO] [stdout] 
[INFO] [stdout] 
[INFO] [stdout] Some errors have detailed explanations: E0463, E0554.
[INFO] [stdout] 
[INFO] [stdout] For more information about an error, try `rustc --explain E0463`.
[INFO] [stdout] 
[INFO] [stderr] error: could not compile `serde_codegen` due to 4 previous errors
[INFO] [stderr] warning: build failed, waiting for other jobs to finish...
[INFO] running `Command { std: "docker" "inspect" "9da8d1d171e228827e938905856ea2b586095d914254f2d1cf7133ccbc4fa2f6", kill_on_drop: false }`
[INFO] running `Command { std: "docker" "rm" "-f" "9da8d1d171e228827e938905856ea2b586095d914254f2d1cf7133ccbc4fa2f6", kill_on_drop: false }`
[INFO] [stdout] 9da8d1d171e228827e938905856ea2b586095d914254f2d1cf7133ccbc4fa2f6
