[INFO] cloning repository https://github.com/kvark/yasteroids
[INFO] running `Command { std: "git" "-c" "credential.helper=" "-c" "credential.helper=/workspace/cargo-home/bin/git-credential-null" "clone" "--bare" "https://github.com/kvark/yasteroids" "/workspace/cache/git-repos/https%3A%2F%2Fgithub.com%2Fkvark%2Fyasteroids", kill_on_drop: false }`
[INFO] [stderr] Cloning into bare repository '/workspace/cache/git-repos/https%3A%2F%2Fgithub.com%2Fkvark%2Fyasteroids'...
[INFO] running `Command { std: "git" "rev-parse" "HEAD", kill_on_drop: false }`
[INFO] [stdout] cc5fdfdf88f86916c778d1e1b3454faf570d725a
[INFO] documenting kvark/yasteroids against 1.69.0 for beta-1.70-rustdoc-1
[INFO] running `Command { std: "git" "clone" "/workspace/cache/git-repos/https%3A%2F%2Fgithub.com%2Fkvark%2Fyasteroids" "/workspace/builds/worker-3-tc1/source", kill_on_drop: false }`
[INFO] [stderr] Cloning into '/workspace/builds/worker-3-tc1/source'...
[INFO] [stderr] done.
[INFO] validating manifest of git repo https://github.com/kvark/yasteroids on toolchain 1.69.0
[INFO] running `Command { std: CARGO_HOME="/workspace/cargo-home" RUSTUP_HOME="/workspace/rustup-home" "/workspace/cargo-home/bin/cargo" "+1.69.0" "metadata" "--manifest-path" "Cargo.toml" "--no-deps", kill_on_drop: false }`
[INFO] started tweaking git repo https://github.com/kvark/yasteroids
[INFO] finished tweaking git repo https://github.com/kvark/yasteroids
[INFO] tweaked toml for git repo https://github.com/kvark/yasteroids written to /workspace/builds/worker-3-tc1/source/Cargo.toml
[INFO] crate git repo https://github.com/kvark/yasteroids already has a lockfile, it will not be regenerated
[INFO] running `Command { std: CARGO_HOME="/workspace/cargo-home" RUSTUP_HOME="/workspace/rustup-home" "/workspace/cargo-home/bin/cargo" "+1.69.0" "fetch" "--manifest-path" "Cargo.toml", kill_on_drop: false }`
[INFO] [stderr]  Downloading crates ...
[INFO] [stderr]   Downloaded gfx v0.14.0
[INFO] [stderr]   Downloaded libloading v0.3.1
[INFO] [stderr]   Downloaded wayland-client v0.7.6
[INFO] [stderr]   Downloaded wayland-scanner v0.7.6
[INFO] [stderr]   Downloaded phf_codegen v0.7.20
[INFO] [stderr]   Downloaded wayland-kbd v0.6.2
[INFO] [stderr]   Downloaded gfx_device_gl v0.13.0
[INFO] [stderr]   Downloaded gfx_window_glutin v0.14.0
[INFO] [stderr]   Downloaded gleam v0.2.29
[INFO] [stderr]   Downloaded gfx_core v0.6.0
[INFO] [stderr]   Downloaded atom v0.3.4
[INFO] [stderr]   Downloaded wayland-sys v0.7.6
[INFO] [stderr]   Downloaded x11-dl v2.11.0
[INFO] [stderr]   Downloaded glutin v0.7.2
[INFO] [stderr]   Downloaded wayland-window v0.4.3
[INFO] [stderr]   Downloaded phf_generator v0.7.20
[INFO] [stderr]   Downloaded winit v0.5.8
[INFO] [stderr]   Downloaded serde v0.8.19
[INFO] [stderr]   Downloaded xml-rs v0.3.5
[INFO] [stderr]   Downloaded cgmath v0.8.0
[INFO] [stderr]   Downloaded target_build_utils v0.1.2
[INFO] [stderr]   Downloaded pegasus v0.3.0
[INFO] [stderr]   Downloaded specs v0.7.1
[INFO] running `Command { std: "docker" "create" "-v" "/var/lib/crater-agent-workspace/builds/worker-3-tc1/target:/opt/rustwide/target:rw,Z" "-v" "/var/lib/crater-agent-workspace/builds/worker-3-tc1/source:/opt/rustwide/workdir:ro,Z" "-v" "/var/lib/crater-agent-workspace/cargo-home:/opt/rustwide/cargo-home:ro,Z" "-v" "/var/lib/crater-agent-workspace/rustup-home:/opt/rustwide/rustup-home:ro,Z" "-e" "SOURCE_DIR=/opt/rustwide/workdir" "-e" "CARGO_TARGET_DIR=/opt/rustwide/target" "-e" "CARGO_HOME=/opt/rustwide/cargo-home" "-e" "RUSTUP_HOME=/opt/rustwide/rustup-home" "-w" "/opt/rustwide/workdir" "-m" "1610612736" "--user" "0:0" "--network" "none" "ghcr.io/rust-lang/crates-build-env/linux@sha256:5ff2268d62e97bff2cde7d5815dd6ed5b47097566f13b8d0ca110b04b60e07ed" "/opt/rustwide/cargo-home/bin/cargo" "+1.69.0" "metadata" "--no-deps" "--format-version=1", kill_on_drop: false }`
[INFO] [stdout] 3aa2efa9e69ecc4810131b27cf6e538b17fa831146ce12fb4a3bb05b79e68f8e
[INFO] running `Command { std: "docker" "start" "-a" "3aa2efa9e69ecc4810131b27cf6e538b17fa831146ce12fb4a3bb05b79e68f8e", kill_on_drop: false }`
[INFO] running `Command { std: "docker" "inspect" "3aa2efa9e69ecc4810131b27cf6e538b17fa831146ce12fb4a3bb05b79e68f8e", kill_on_drop: false }`
[INFO] running `Command { std: "docker" "rm" "-f" "3aa2efa9e69ecc4810131b27cf6e538b17fa831146ce12fb4a3bb05b79e68f8e", kill_on_drop: false }`
[INFO] [stdout] 3aa2efa9e69ecc4810131b27cf6e538b17fa831146ce12fb4a3bb05b79e68f8e
[INFO] running `Command { std: "docker" "create" "-v" "/var/lib/crater-agent-workspace/builds/worker-3-tc1/target:/opt/rustwide/target:rw,Z" "-v" "/var/lib/crater-agent-workspace/builds/worker-3-tc1/source:/opt/rustwide/workdir:ro,Z" "-v" "/var/lib/crater-agent-workspace/cargo-home:/opt/rustwide/cargo-home:ro,Z" "-v" "/var/lib/crater-agent-workspace/rustup-home:/opt/rustwide/rustup-home:ro,Z" "-e" "SOURCE_DIR=/opt/rustwide/workdir" "-e" "CARGO_TARGET_DIR=/opt/rustwide/target" "-e" "CARGO_INCREMENTAL=0" "-e" "RUST_BACKTRACE=full" "-e" "RUSTFLAGS=--cap-lints=warn" "-e" "RUSTDOCFLAGS=--cap-lints=warn" "-e" "CARGO_HOME=/opt/rustwide/cargo-home" "-e" "RUSTUP_HOME=/opt/rustwide/rustup-home" "-w" "/opt/rustwide/workdir" "-m" "1610612736" "--user" "0:0" "--network" "none" "ghcr.io/rust-lang/crates-build-env/linux@sha256:5ff2268d62e97bff2cde7d5815dd6ed5b47097566f13b8d0ca110b04b60e07ed" "/opt/rustwide/cargo-home/bin/cargo" "+1.69.0" "doc" "--frozen" "--no-deps" "--document-private-items" "--message-format=json", kill_on_drop: false }`
[INFO] [stdout] 49feda29c0af99c301a49cf94f8aee6e3a1076d253685bcf900e109907e95277
[INFO] running `Command { std: "docker" "start" "-a" "49feda29c0af99c301a49cf94f8aee6e3a1076d253685bcf900e109907e95277", kill_on_drop: false }`
[INFO] [stderr]     Checking libc v0.2.18
[INFO] [stderr]    Compiling bitflags v0.7.0
[INFO] [stderr]    Compiling phf_shared v0.7.20
[INFO] [stderr]    Compiling winapi-build v0.1.1
[INFO] [stderr]     Checking winapi v0.2.8
[INFO] [stderr]    Compiling dtoa v0.2.2
[INFO] [stderr]    Compiling serde v0.8.19
[INFO] [stderr]    Compiling num-traits v0.1.36
[INFO] [stderr]    Compiling itoa v0.1.1
[INFO] [stderr]     Checking lazy_static v0.2.2
[INFO] [stderr]    Compiling log v0.3.6
[INFO] [stderr]    Compiling khronos_api v1.0.0
[INFO] [stderr]    Compiling semver v0.1.20
[INFO] [stderr]     Checking bitflags v0.6.0
[INFO] [stderr]    Compiling xml-rs v0.3.5
[INFO] [stderr]    Compiling pkg-config v0.3.8
[INFO] [stderr]    Compiling phf v0.7.20
[INFO] [stderr]     Checking rustc-serialize v0.3.22
[INFO] [stderr]     Checking draw_state v0.6.0
[INFO] [stderr]     Checking byteorder v0.5.3
[INFO] [stderr]    Compiling kernel32-sys v0.2.2
[INFO] [stderr]     Checking atom v0.3.4
[INFO] [stderr]     Checking tuple_utils v0.2.0
[INFO] [stderr]     Checking rand v0.3.15
[INFO] [stderr]     Checking shared_library v0.1.5
[INFO] [stderr]    Compiling rustc_version v0.1.7
[INFO] [stderr]     Checking mopa v0.2.2
[INFO] [stderr]     Checking threadpool v1.3.2
[INFO] [stderr]     Checking gfx_core v0.6.0
[INFO] [stderr]     Checking osmesa-sys v0.1.2
[INFO] [stderr]     Checking fnv v1.0.5
[INFO] [stderr]     Checking num-integer v0.1.32
[INFO] [stderr]    Compiling x11-dl v2.11.0
[INFO] [stderr]    Compiling tempfile v2.1.4
[INFO] [stderr]     Checking fs2 v0.2.5
[INFO] [stderr]     Checking time v0.1.35
[INFO] [stderr]     Checking num-iter v0.1.32
[INFO] [stderr]     Checking memmap v0.4.0
[INFO] [stderr]    Compiling gl_generator v0.5.2
[INFO] [stderr]    Compiling wayland-scanner v0.7.6
[INFO] [stderr]     Checking pulse v0.5.3
[INFO] [stderr]    Compiling phf_generator v0.7.20
[INFO] [stderr]     Checking specs v0.7.1
[INFO] [stderr]    Compiling phf_codegen v0.7.20
[INFO] [stderr]    Compiling target_build_utils v0.1.2
[INFO] [stderr]    Compiling wayland-client v0.7.6
[INFO] [stderr]    Compiling gfx_gl v0.3.1
[INFO] [stderr]    Compiling glutin v0.7.2
[INFO] [stderr]     Checking gfx v0.14.0
[INFO] [stderr]    Compiling serde_json v0.8.4
[INFO] [stderr]     Checking num-bigint v0.1.35
[INFO] [stderr]     Checking num-complex v0.1.35
[INFO] [stderr]     Checking pegasus v0.3.0
[INFO] [stderr]     Checking num-rational v0.1.35
[INFO] [stderr]     Checking num v0.1.36
[INFO] [stderr]     Checking cgmath v0.8.0
[INFO] [stdout] error[E0369]: binary operation `==` cannot be applied to type `matrix::Matrix2<S>`
[INFO] [stdout]    --> /opt/rustwide/cargo-home/registry/src/github.com-1ecc6299db9ec823/cgmath-0.8.0/src/rotation.rs:165:5
[INFO] [stdout]     |
[INFO] [stdout] 163 | #[derive(PartialEq, Copy, Clone, RustcEncodable, RustcDecodable)]
[INFO] [stdout]     |          --------- in this derive macro expansion
[INFO] [stdout] 164 | pub struct Basis2<S> {
[INFO] [stdout] 165 |     mat: Matrix2<S>
[INFO] [stdout]     |     ^^^^^^^^^^^^^^^
[INFO] [stdout]     |
[INFO] [stdout]     = note: this error originates in the derive macro `PartialEq` (in Nightly builds, run with -Z macro-backtrace for more info)
[INFO] [stdout] help: consider restricting type parameter `S`
[INFO] [stdout]     |
[INFO] [stdout] 164 | pub struct Basis2<S: std::marker::Copy> {
[INFO] [stdout]     |                    +++++++++++++++++++
[INFO] [stdout] 
[INFO] [stdout] 
[INFO] [stdout] error[E0277]: the trait bound `S: Copy` is not satisfied
[INFO] [stdout]    --> /opt/rustwide/cargo-home/registry/src/github.com-1ecc6299db9ec823/cgmath-0.8.0/src/rotation.rs:165:5
[INFO] [stdout]     |
[INFO] [stdout] 163 | #[derive(PartialEq, Copy, Clone, RustcEncodable, RustcDecodable)]
[INFO] [stdout]     |                           ----- in this derive macro expansion
[INFO] [stdout] 164 | pub struct Basis2<S> {
[INFO] [stdout] 165 |     mat: Matrix2<S>
[INFO] [stdout]     |     ^^^^^^^^^^^^^^^ the trait `Copy` is not implemented for `S`
[INFO] [stdout]     |
[INFO] [stdout] note: required for `matrix::Matrix2<S>` to implement `Clone`
[INFO] [stdout]    --> /opt/rustwide/cargo-home/registry/src/github.com-1ecc6299db9ec823/cgmath-0.8.0/src/matrix.rs:41:16
[INFO] [stdout]     |
[INFO] [stdout] 41  | #[derive(Copy, Clone, PartialEq, RustcEncodable, RustcDecodable)]
[INFO] [stdout]     |                ^^^^^ unsatisfied trait bound introduced in this `derive` macro
[INFO] [stdout]     = note: this error originates in the derive macro `Clone` (in Nightly builds, run with -Z macro-backtrace for more info)
[INFO] [stdout] help: consider restricting type parameter `S`
[INFO] [stdout]     |
[INFO] [stdout] 164 | pub struct Basis2<S: std::marker::Copy> {
[INFO] [stdout]     |                    +++++++++++++++++++
[INFO] [stdout] 
[INFO] [stdout] 
[INFO] [stdout] error[E0277]: the trait bound `S: Copy` is not satisfied
[INFO] [stdout]    --> /opt/rustwide/cargo-home/registry/src/github.com-1ecc6299db9ec823/cgmath-0.8.0/src/rotation.rs:165:5
[INFO] [stdout]     |
[INFO] [stdout] 163 | #[derive(PartialEq, Copy, Clone, RustcEncodable, RustcDecodable)]
[INFO] [stdout]     |                                  --------------
[INFO] [stdout]     |                                  |
[INFO] [stdout]     |                                  required by a bound introduced by this call
[INFO] [stdout]     |                                  in this derive macro expansion
[INFO] [stdout] 164 | pub struct Basis2<S> {
[INFO] [stdout] 165 |     mat: Matrix2<S>
[INFO] [stdout]     |     ^^^^^^^^^^^^^^^ the trait `Copy` is not implemented for `S`
[INFO] [stdout]     |
[INFO] [stdout] note: required for `matrix::Matrix2<S>` to implement `Encodable`
[INFO] [stdout]    --> /opt/rustwide/cargo-home/registry/src/github.com-1ecc6299db9ec823/cgmath-0.8.0/src/matrix.rs:41:34
[INFO] [stdout]     |
[INFO] [stdout] 41  | #[derive(Copy, Clone, PartialEq, RustcEncodable, RustcDecodable)]
[INFO] [stdout]     |                                  ^^^^^^^^^^^^^^ unsatisfied trait bound introduced in this `derive` macro
[INFO] [stdout]     = note: 1 redundant requirement hidden
[INFO] [stdout]     = note: required for `&matrix::Matrix2<S>` to implement `Encodable`
[INFO] [stdout]     = note: this error originates in the derive macro `RustcEncodable` (in Nightly builds, run with -Z macro-backtrace for more info)
[INFO] [stdout] help: consider restricting type parameter `S`
[INFO] [stdout]     |
[INFO] [stdout] 164 | pub struct Basis2<S: std::marker::Copy> {
[INFO] [stdout]     |                    +++++++++++++++++++
[INFO] [stdout] 
[INFO] [stdout] 
[INFO] [stdout] error[E0277]: the trait bound `S: Copy` is not satisfied
[INFO] [stdout]    --> /opt/rustwide/cargo-home/registry/src/github.com-1ecc6299db9ec823/cgmath-0.8.0/src/rotation.rs:165:5
[INFO] [stdout]     |
[INFO] [stdout] 163 | #[derive(PartialEq, Copy, Clone, RustcEncodable, RustcDecodable)]
[INFO] [stdout]     |                                                  -------------- in this derive macro expansion
[INFO] [stdout] 164 | pub struct Basis2<S> {
[INFO] [stdout] 165 |     mat: Matrix2<S>
[INFO] [stdout]     |     ^^^^^^^^^^^^^^^ the trait `Copy` is not implemented for `S`
[INFO] [stdout]     |
[INFO] [stdout] note: required for `matrix::Matrix2<S>` to implement `Decodable`
[INFO] [stdout]    --> /opt/rustwide/cargo-home/registry/src/github.com-1ecc6299db9ec823/cgmath-0.8.0/src/matrix.rs:41:50
[INFO] [stdout]     |
[INFO] [stdout] 41  | #[derive(Copy, Clone, PartialEq, RustcEncodable, RustcDecodable)]
[INFO] [stdout]     |                                                  ^^^^^^^^^^^^^^ unsatisfied trait bound introduced in this `derive` macro
[INFO] [stdout]     = note: this error originates in the derive macro `RustcDecodable` (in Nightly builds, run with -Z macro-backtrace for more info)
[INFO] [stdout] help: consider restricting type parameter `S`
[INFO] [stdout]     |
[INFO] [stdout] 164 | pub struct Basis2<S: std::marker::Copy> {
[INFO] [stdout]     |                    +++++++++++++++++++
[INFO] [stdout] 
[INFO] [stdout] 
[INFO] [stdout] error[E0277]: the trait bound `S: Copy` is not satisfied
[INFO] [stdout]    --> /opt/rustwide/cargo-home/registry/src/github.com-1ecc6299db9ec823/cgmath-0.8.0/src/rotation.rs:163:50
[INFO] [stdout]     |
[INFO] [stdout] 163 | #[derive(PartialEq, Copy, Clone, RustcEncodable, RustcDecodable)]
[INFO] [stdout]     |                                                  ^^^^^^^^^^^^^^ the trait `Copy` is not implemented for `S`
[INFO] [stdout]     |
[INFO] [stdout] note: required for `matrix::Matrix2<S>` to implement `Decodable`
[INFO] [stdout]    --> /opt/rustwide/cargo-home/registry/src/github.com-1ecc6299db9ec823/cgmath-0.8.0/src/matrix.rs:41:50
[INFO] [stdout]     |
[INFO] [stdout] 41  | #[derive(Copy, Clone, PartialEq, RustcEncodable, RustcDecodable)]
[INFO] [stdout]     |                                                  ^^^^^^^^^^^^^^ unsatisfied trait bound introduced in this `derive` macro
[INFO] [stdout]     = note: this error originates in the derive macro `RustcDecodable` (in Nightly builds, run with -Z macro-backtrace for more info)
[INFO] [stdout] help: consider restricting type parameter `S`
[INFO] [stdout]     |
[INFO] [stdout] 164 | pub struct Basis2<S: std::marker::Copy> {
[INFO] [stdout]     |                    +++++++++++++++++++
[INFO] [stdout] 
[INFO] [stdout] 
[INFO] [stdout] error[E0369]: binary operation `==` cannot be applied to type `matrix::Matrix3<S>`
[INFO] [stdout]    --> /opt/rustwide/cargo-home/registry/src/github.com-1ecc6299db9ec823/cgmath-0.8.0/src/rotation.rs:242:5
[INFO] [stdout]     |
[INFO] [stdout] 240 | #[derive(PartialEq, Copy, Clone, RustcEncodable, RustcDecodable)]
[INFO] [stdout]     |          --------- in this derive macro expansion
[INFO] [stdout] 241 | pub struct Basis3<S> {
[INFO] [stdout] 242 |     mat: Matrix3<S>
[INFO] [stdout]     |     ^^^^^^^^^^^^^^^
[INFO] [stdout]     |
[INFO] [stdout]     = note: this error originates in the derive macro `PartialEq` (in Nightly builds, run with -Z macro-backtrace for more info)
[INFO] [stdout] help: consider restricting type parameter `S`
[INFO] [stdout]     |
[INFO] [stdout] 241 | pub struct Basis3<S: std::marker::Copy> {
[INFO] [stdout]     |                    +++++++++++++++++++
[INFO] [stdout] 
[INFO] [stdout] 
[INFO] [stdout] error[E0277]: the trait bound `S: Copy` is not satisfied
[INFO] [stdout]    --> /opt/rustwide/cargo-home/registry/src/github.com-1ecc6299db9ec823/cgmath-0.8.0/src/rotation.rs:242:5
[INFO] [stdout]     |
[INFO] [stdout] 240 | #[derive(PartialEq, Copy, Clone, RustcEncodable, RustcDecodable)]
[INFO] [stdout]     |                           ----- in this derive macro expansion
[INFO] [stdout] 241 | pub struct Basis3<S> {
[INFO] [stdout] 242 |     mat: Matrix3<S>
[INFO] [stdout]     |     ^^^^^^^^^^^^^^^ the trait `Copy` is not implemented for `S`
[INFO] [stdout]     |
[INFO] [stdout] note: required for `matrix::Matrix3<S>` to implement `Clone`
[INFO] [stdout]    --> /opt/rustwide/cargo-home/registry/src/github.com-1ecc6299db9ec823/cgmath-0.8.0/src/matrix.rs:51:16
[INFO] [stdout]     |
[INFO] [stdout] 51  | #[derive(Copy, Clone, PartialEq, RustcEncodable, RustcDecodable)]
[INFO] [stdout]     |                ^^^^^ unsatisfied trait bound introduced in this `derive` macro
[INFO] [stdout]     = note: this error originates in the derive macro `Clone` (in Nightly builds, run with -Z macro-backtrace for more info)
[INFO] [stdout] help: consider restricting type parameter `S`
[INFO] [stdout]     |
[INFO] [stdout] 241 | pub struct Basis3<S: std::marker::Copy> {
[INFO] [stdout]     |                    +++++++++++++++++++
[INFO] [stdout] 
[INFO] [stdout] 
[INFO] [stdout] error[E0277]: the trait bound `S: Copy` is not satisfied
[INFO] [stdout]    --> /opt/rustwide/cargo-home/registry/src/github.com-1ecc6299db9ec823/cgmath-0.8.0/src/rotation.rs:242:5
[INFO] [stdout]     |
[INFO] [stdout] 240 | #[derive(PartialEq, Copy, Clone, RustcEncodable, RustcDecodable)]
[INFO] [stdout]     |                                  --------------
[INFO] [stdout]     |                                  |
[INFO] [stdout]     |                                  required by a bound introduced by this call
[INFO] [stdout]     |                                  in this derive macro expansion
[INFO] [stdout] 241 | pub struct Basis3<S> {
[INFO] [stdout] 242 |     mat: Matrix3<S>
[INFO] [stdout]     |     ^^^^^^^^^^^^^^^ the trait `Copy` is not implemented for `S`
[INFO] [stdout]     |
[INFO] [stdout] note: required for `matrix::Matrix3<S>` to implement `Encodable`
[INFO] [stdout]    --> /opt/rustwide/cargo-home/registry/src/github.com-1ecc6299db9ec823/cgmath-0.8.0/src/matrix.rs:51:34
[INFO] [stdout]     |
[INFO] [stdout] 51  | #[derive(Copy, Clone, PartialEq, RustcEncodable, RustcDecodable)]
[INFO] [stdout]     |                                  ^^^^^^^^^^^^^^ unsatisfied trait bound introduced in this `derive` macro
[INFO] [stdout]     = note: 1 redundant requirement hidden
[INFO] [stdout]     = note: required for `&matrix::Matrix3<S>` to implement `Encodable`
[INFO] [stdout]     = note: this error originates in the derive macro `RustcEncodable` (in Nightly builds, run with -Z macro-backtrace for more info)
[INFO] [stdout] help: consider restricting type parameter `S`
[INFO] [stdout]     |
[INFO] [stdout] 241 | pub struct Basis3<S: std::marker::Copy> {
[INFO] [stdout]     |                    +++++++++++++++++++
[INFO] [stdout] 
[INFO] [stdout] 
[INFO] [stdout] error[E0277]: the trait bound `S: Copy` is not satisfied
[INFO] [stdout]    --> /opt/rustwide/cargo-home/registry/src/github.com-1ecc6299db9ec823/cgmath-0.8.0/src/rotation.rs:242:5
[INFO] [stdout]     |
[INFO] [stdout] 240 | #[derive(PartialEq, Copy, Clone, RustcEncodable, RustcDecodable)]
[INFO] [stdout]     |                                                  -------------- in this derive macro expansion
[INFO] [stdout] 241 | pub struct Basis3<S> {
[INFO] [stdout] 242 |     mat: Matrix3<S>
[INFO] [stdout]     |     ^^^^^^^^^^^^^^^ the trait `Copy` is not implemented for `S`
[INFO] [stdout]     |
[INFO] [stdout] note: required for `matrix::Matrix3<S>` to implement `Decodable`
[INFO] [stdout]    --> /opt/rustwide/cargo-home/registry/src/github.com-1ecc6299db9ec823/cgmath-0.8.0/src/matrix.rs:51:50
[INFO] [stdout]     |
[INFO] [stdout] 51  | #[derive(Copy, Clone, PartialEq, RustcEncodable, RustcDecodable)]
[INFO] [stdout]     |                                                  ^^^^^^^^^^^^^^ unsatisfied trait bound introduced in this `derive` macro
[INFO] [stdout]     = note: this error originates in the derive macro `RustcDecodable` (in Nightly builds, run with -Z macro-backtrace for more info)
[INFO] [stdout] help: consider restricting type parameter `S`
[INFO] [stdout]     |
[INFO] [stdout] 241 | pub struct Basis3<S: std::marker::Copy> {
[INFO] [stdout]     |                    +++++++++++++++++++
[INFO] [stdout] 
[INFO] [stdout] 
[INFO] [stdout] error[E0277]: the trait bound `S: Copy` is not satisfied
[INFO] [stdout]    --> /opt/rustwide/cargo-home/registry/src/github.com-1ecc6299db9ec823/cgmath-0.8.0/src/rotation.rs:240:50
[INFO] [stdout]     |
[INFO] [stdout] 240 | #[derive(PartialEq, Copy, Clone, RustcEncodable, RustcDecodable)]
[INFO] [stdout]     |                                                  ^^^^^^^^^^^^^^ the trait `Copy` is not implemented for `S`
[INFO] [stdout]     |
[INFO] [stdout] note: required for `matrix::Matrix3<S>` to implement `Decodable`
[INFO] [stdout]    --> /opt/rustwide/cargo-home/registry/src/github.com-1ecc6299db9ec823/cgmath-0.8.0/src/matrix.rs:51:50
[INFO] [stdout]     |
[INFO] [stdout] 51  | #[derive(Copy, Clone, PartialEq, RustcEncodable, RustcDecodable)]
[INFO] [stdout]     |                                                  ^^^^^^^^^^^^^^ unsatisfied trait bound introduced in this `derive` macro
[INFO] [stdout]     = note: this error originates in the derive macro `RustcDecodable` (in Nightly builds, run with -Z macro-backtrace for more info)
[INFO] [stdout] help: consider restricting type parameter `S`
[INFO] [stdout]     |
[INFO] [stdout] 241 | pub struct Basis3<S: std::marker::Copy> {
[INFO] [stdout]     |                    +++++++++++++++++++
[INFO] [stdout] 
[INFO] [stdout] 
[INFO] [stdout] error[E0277]: the trait bound `S: Copy` is not satisfied
[INFO] [stdout]    --> /opt/rustwide/cargo-home/registry/src/github.com-1ecc6299db9ec823/cgmath-0.8.0/src/transform.rs:169:5
[INFO] [stdout]     |
[INFO] [stdout] 167 | #[derive(Copy, Clone, RustcEncodable, RustcDecodable)]
[INFO] [stdout]     |                ----- in this derive macro expansion
[INFO] [stdout] 168 | pub struct AffineMatrix3<S> {
[INFO] [stdout] 169 |     pub mat: Matrix4<S>,
[INFO] [stdout]     |     ^^^^^^^^^^^^^^^^^^^ the trait `Copy` is not implemented for `S`
[INFO] [stdout]     |
[INFO] [stdout] note: required for `matrix::Matrix4<S>` to implement `Clone`
[INFO] [stdout]    --> /opt/rustwide/cargo-home/registry/src/github.com-1ecc6299db9ec823/cgmath-0.8.0/src/matrix.rs:62:16
[INFO] [stdout]     |
[INFO] [stdout] 62  | #[derive(Copy, Clone, PartialEq, RustcEncodable, RustcDecodable)]
[INFO] [stdout]     |                ^^^^^ unsatisfied trait bound introduced in this `derive` macro
[INFO] [stdout]     = note: this error originates in the derive macro `Clone` (in Nightly builds, run with -Z macro-backtrace for more info)
[INFO] [stdout] help: consider restricting type parameter `S`
[INFO] [stdout]     |
[INFO] [stdout] 168 | pub struct AffineMatrix3<S: std::marker::Copy> {
[INFO] [stdout]     |                           +++++++++++++++++++
[INFO] [stdout] 
[INFO] [stdout] 
[INFO] [stdout] error[E0277]: the trait bound `S: Copy` is not satisfied
[INFO] [stdout]    --> /opt/rustwide/cargo-home/registry/src/github.com-1ecc6299db9ec823/cgmath-0.8.0/src/transform.rs:169:5
[INFO] [stdout]     |
[INFO] [stdout] 167 | #[derive(Copy, Clone, RustcEncodable, RustcDecodable)]
[INFO] [stdout]     |                       --------------
[INFO] [stdout]     |                       |
[INFO] [stdout]     |                       required by a bound introduced by this call
[INFO] [stdout]     |                       in this derive macro expansion
[INFO] [stdout] 168 | pub struct AffineMatrix3<S> {
[INFO] [stdout] 169 |     pub mat: Matrix4<S>,
[INFO] [stdout]     |     ^^^^^^^^^^^^^^^^^^^ the trait `Copy` is not implemented for `S`
[INFO] [stdout]     |
[INFO] [stdout] note: required for `matrix::Matrix4<S>` to implement `Encodable`
[INFO] [stdout]    --> /opt/rustwide/cargo-home/registry/src/github.com-1ecc6299db9ec823/cgmath-0.8.0/src/matrix.rs:62:34
[INFO] [stdout]     |
[INFO] [stdout] 62  | #[derive(Copy, Clone, PartialEq, RustcEncodable, RustcDecodable)]
[INFO] [stdout]     |                                  ^^^^^^^^^^^^^^ unsatisfied trait bound introduced in this `derive` macro
[INFO] [stdout]     = note: 1 redundant requirement hidden
[INFO] [stdout]     = note: required for `&matrix::Matrix4<S>` to implement `Encodable`
[INFO] [stdout]     = note: this error originates in the derive macro `RustcEncodable` (in Nightly builds, run with -Z macro-backtrace for more info)
[INFO] [stdout] help: consider restricting type parameter `S`
[INFO] [stdout]     |
[INFO] [stdout] 168 | pub struct AffineMatrix3<S: std::marker::Copy> {
[INFO] [stdout]     |                           +++++++++++++++++++
[INFO] [stdout] 
[INFO] [stdout] 
[INFO] [stdout] error[E0277]: the trait bound `S: Copy` is not satisfied
[INFO] [stdout]    --> /opt/rustwide/cargo-home/registry/src/github.com-1ecc6299db9ec823/cgmath-0.8.0/src/transform.rs:169:5
[INFO] [stdout]     |
[INFO] [stdout] 167 | #[derive(Copy, Clone, RustcEncodable, RustcDecodable)]
[INFO] [stdout]     |                                       -------------- in this derive macro expansion
[INFO] [stdout] 168 | pub struct AffineMatrix3<S> {
[INFO] [stdout] 169 |     pub mat: Matrix4<S>,
[INFO] [stdout]     |     ^^^^^^^^^^^^^^^^^^^ the trait `Copy` is not implemented for `S`
[INFO] [stdout]     |
[INFO] [stdout] note: required for `matrix::Matrix4<S>` to implement `Decodable`
[INFO] [stdout]    --> /opt/rustwide/cargo-home/registry/src/github.com-1ecc6299db9ec823/cgmath-0.8.0/src/matrix.rs:62:50
[INFO] [stdout]     |
[INFO] [stdout] 62  | #[derive(Copy, Clone, PartialEq, RustcEncodable, RustcDecodable)]
[INFO] [stdout]     |                                                  ^^^^^^^^^^^^^^ unsatisfied trait bound introduced in this `derive` macro
[INFO] [stdout]     = note: this error originates in the derive macro `RustcDecodable` (in Nightly builds, run with -Z macro-backtrace for more info)
[INFO] [stdout] help: consider restricting type parameter `S`
[INFO] [stdout]     |
[INFO] [stdout] 168 | pub struct AffineMatrix3<S: std::marker::Copy> {
[INFO] [stdout]     |                           +++++++++++++++++++
[INFO] [stdout] 
[INFO] [stdout] 
[INFO] [stdout] error[E0277]: the trait bound `S: Copy` is not satisfied
[INFO] [stdout]    --> /opt/rustwide/cargo-home/registry/src/github.com-1ecc6299db9ec823/cgmath-0.8.0/src/transform.rs:167:39
[INFO] [stdout]     |
[INFO] [stdout] 167 | #[derive(Copy, Clone, RustcEncodable, RustcDecodable)]
[INFO] [stdout]     |                                       ^^^^^^^^^^^^^^ the trait `Copy` is not implemented for `S`
[INFO] [stdout]     |
[INFO] [stdout] note: required for `matrix::Matrix4<S>` to implement `Decodable`
[INFO] [stdout]    --> /opt/rustwide/cargo-home/registry/src/github.com-1ecc6299db9ec823/cgmath-0.8.0/src/matrix.rs:62:50
[INFO] [stdout]     |
[INFO] [stdout] 62  | #[derive(Copy, Clone, PartialEq, RustcEncodable, RustcDecodable)]
[INFO] [stdout]     |                                                  ^^^^^^^^^^^^^^ unsatisfied trait bound introduced in this `derive` macro
[INFO] [stdout]     = note: this error originates in the derive macro `RustcDecodable` (in Nightly builds, run with -Z macro-backtrace for more info)
[INFO] [stdout] help: consider restricting type parameter `S`
[INFO] [stdout]     |
[INFO] [stdout] 168 | pub struct AffineMatrix3<S: std::marker::Copy> {
[INFO] [stdout]     |                           +++++++++++++++++++
[INFO] [stdout] 
[INFO] [stdout] 
[INFO] [stdout] error[E0277]: the trait bound `S: Copy` is not satisfied
[INFO] [stdout]   --> /opt/rustwide/cargo-home/registry/src/github.com-1ecc6299db9ec823/cgmath-0.8.0/src/projection.rs:69:5
[INFO] [stdout]    |
[INFO] [stdout] 67 | #[derive(Copy, Clone, Debug, PartialEq, RustcEncodable, RustcDecodable)]
[INFO] [stdout]    |                ----- in this derive macro expansion
[INFO] [stdout] 68 | pub struct PerspectiveFov<S> {
[INFO] [stdout] 69 |     pub fovy:   Rad<S>,
[INFO] [stdout]    |     ^^^^^^^^^^^^^^^^^^ the trait `Copy` is not implemented for `S`
[INFO] [stdout]    |
[INFO] [stdout] note: required for `Rad<S>` to implement `Clone`
[INFO] [stdout]   --> /opt/rustwide/cargo-home/registry/src/github.com-1ecc6299db9ec823/cgmath-0.8.0/src/angle.rs:35:16
[INFO] [stdout]    |
[INFO] [stdout] 35 | #[derive(Copy, Clone, PartialEq, PartialOrd, RustcEncodable, RustcDecodable)]
[INFO] [stdout]    |                ^^^^^ unsatisfied trait bound introduced in this `derive` macro
[INFO] [stdout]    = note: this error originates in the derive macro `Clone` (in Nightly builds, run with -Z macro-backtrace for more info)
[INFO] [stdout] help: consider restricting type parameter `S`
[INFO] [stdout]    |
[INFO] [stdout] 68 | pub struct PerspectiveFov<S: std::marker::Copy> {
[INFO] [stdout]    |                            +++++++++++++++++++
[INFO] [stdout] 
[INFO] [stdout] 
[INFO] [stdout] error[E0369]: binary operation `==` cannot be applied to type `Rad<S>`
[INFO] [stdout]   --> /opt/rustwide/cargo-home/registry/src/github.com-1ecc6299db9ec823/cgmath-0.8.0/src/projection.rs:69:5
[INFO] [stdout]    |
[INFO] [stdout] 67 | #[derive(Copy, Clone, Debug, PartialEq, RustcEncodable, RustcDecodable)]
[INFO] [stdout]    |                              --------- in this derive macro expansion
[INFO] [stdout] 68 | pub struct PerspectiveFov<S> {
[INFO] [stdout] 69 |     pub fovy:   Rad<S>,
[INFO] [stdout]    |     ^^^^^^^^^^^^^^^^^^
[INFO] [stdout]    |
[INFO] [stdout]    = note: this error originates in the derive macro `PartialEq` (in Nightly builds, run with -Z macro-backtrace for more info)
[INFO] [stdout] help: consider restricting type parameter `S`
[INFO] [stdout]    |
[INFO] [stdout] 68 | pub struct PerspectiveFov<S: std::marker::Copy> {
[INFO] [stdout]    |                            +++++++++++++++++++
[INFO] [stdout] 
[INFO] [stdout] 
[INFO] [stdout] error[E0277]: the trait bound `S: Copy` is not satisfied
[INFO] [stdout]   --> /opt/rustwide/cargo-home/registry/src/github.com-1ecc6299db9ec823/cgmath-0.8.0/src/projection.rs:69:5
[INFO] [stdout]    |
[INFO] [stdout] 67 | #[derive(Copy, Clone, Debug, PartialEq, RustcEncodable, RustcDecodable)]
[INFO] [stdout]    |                                         --------------
[INFO] [stdout]    |                                         |
[INFO] [stdout]    |                                         required by a bound introduced by this call
[INFO] [stdout]    |                                         in this derive macro expansion
[INFO] [stdout] 68 | pub struct PerspectiveFov<S> {
[INFO] [stdout] 69 |     pub fovy:   Rad<S>,
[INFO] [stdout]    |     ^^^^^^^^^^^^^^^^^^ the trait `Copy` is not implemented for `S`
[INFO] [stdout]    |
[INFO] [stdout] note: required for `Rad<S>` to implement `Encodable`
[INFO] [stdout]   --> /opt/rustwide/cargo-home/registry/src/github.com-1ecc6299db9ec823/cgmath-0.8.0/src/angle.rs:35:46
[INFO] [stdout]    |
[INFO] [stdout] 35 | #[derive(Copy, Clone, PartialEq, PartialOrd, RustcEncodable, RustcDecodable)]
[INFO] [stdout]    |                                              ^^^^^^^^^^^^^^ unsatisfied trait bound introduced in this `derive` macro
[INFO] [stdout]    = note: 1 redundant requirement hidden
[INFO] [stdout]    = note: required for `&Rad<S>` to implement `Encodable`
[INFO] [stdout]    = note: this error originates in the derive macro `RustcEncodable` (in Nightly builds, run with -Z macro-backtrace for more info)
[INFO] [stdout] help: consider restricting type parameter `S`
[INFO] [stdout]    |
[INFO] [stdout] 68 | pub struct PerspectiveFov<S: std::marker::Copy> {
[INFO] [stdout]    |                            +++++++++++++++++++
[INFO] [stdout] 
[INFO] [stdout] 
[INFO] [stdout] error[E0277]: the trait bound `S: Copy` is not satisfied
[INFO] [stdout]   --> /opt/rustwide/cargo-home/registry/src/github.com-1ecc6299db9ec823/cgmath-0.8.0/src/projection.rs:69:5
[INFO] [stdout]    |
[INFO] [stdout] 67 | #[derive(Copy, Clone, Debug, PartialEq, RustcEncodable, RustcDecodable)]
[INFO] [stdout]    |                                                         -------------- in this derive macro expansion
[INFO] [stdout] 68 | pub struct PerspectiveFov<S> {
[INFO] [stdout] 69 |     pub fovy:   Rad<S>,
[INFO] [stdout]    |     ^^^^^^^^^^^^^^^^^^ the trait `Copy` is not implemented for `S`
[INFO] [stdout]    |
[INFO] [stdout] note: required for `Rad<S>` to implement `Decodable`
[INFO] [stdout]   --> /opt/rustwide/cargo-home/registry/src/github.com-1ecc6299db9ec823/cgmath-0.8.0/src/angle.rs:35:62
[INFO] [stdout]    |
[INFO] [stdout] 35 | #[derive(Copy, Clone, PartialEq, PartialOrd, RustcEncodable, RustcDecodable)]
[INFO] [stdout]    |                                                              ^^^^^^^^^^^^^^ unsatisfied trait bound introduced in this `derive` macro
[INFO] [stdout]    = note: this error originates in the derive macro `RustcDecodable` (in Nightly builds, run with -Z macro-backtrace for more info)
[INFO] [stdout] help: consider restricting type parameter `S`
[INFO] [stdout]    |
[INFO] [stdout] 68 | pub struct PerspectiveFov<S: std::marker::Copy> {
[INFO] [stdout]    |                            +++++++++++++++++++
[INFO] [stdout] 
[INFO] [stdout] 
[INFO] [stdout] error[E0277]: the trait bound `S: Copy` is not satisfied
[INFO] [stdout]   --> /opt/rustwide/cargo-home/registry/src/github.com-1ecc6299db9ec823/cgmath-0.8.0/src/projection.rs:67:57
[INFO] [stdout]    |
[INFO] [stdout] 67 | #[derive(Copy, Clone, Debug, PartialEq, RustcEncodable, RustcDecodable)]
[INFO] [stdout]    |                                                         ^^^^^^^^^^^^^^ the trait `Copy` is not implemented for `S`
[INFO] [stdout]    |
[INFO] [stdout] note: required for `Rad<S>` to implement `Decodable`
[INFO] [stdout]   --> /opt/rustwide/cargo-home/registry/src/github.com-1ecc6299db9ec823/cgmath-0.8.0/src/angle.rs:35:62
[INFO] [stdout]    |
[INFO] [stdout] 35 | #[derive(Copy, Clone, PartialEq, PartialOrd, RustcEncodable, RustcDecodable)]
[INFO] [stdout]    |                                                              ^^^^^^^^^^^^^^ unsatisfied trait bound introduced in this `derive` macro
[INFO] [stdout]    = note: this error originates in the derive macro `RustcDecodable` (in Nightly builds, run with -Z macro-backtrace for more info)
[INFO] [stdout] help: consider restricting type parameter `S`
[INFO] [stdout]    |
[INFO] [stdout] 68 | pub struct PerspectiveFov<S: std::marker::Copy> {
[INFO] [stdout]    |                            +++++++++++++++++++
[INFO] [stdout] 
[INFO] [stdout] 
[INFO] [stdout] error: aborting due to 19 previous errors
[INFO] [stdout] 
[INFO] [stdout] 
[INFO] [stdout] Some errors have detailed explanations: E0277, E0369.
[INFO] [stdout] 
[INFO] [stdout] For more information about an error, try `rustc --explain E0277`.
[INFO] [stdout] 
[INFO] [stderr] error: could not compile `cgmath` due to 20 previous errors
[INFO] [stderr] warning: build failed, waiting for other jobs to finish...
[INFO] running `Command { std: "docker" "inspect" "49feda29c0af99c301a49cf94f8aee6e3a1076d253685bcf900e109907e95277", kill_on_drop: false }`
[INFO] running `Command { std: "docker" "rm" "-f" "49feda29c0af99c301a49cf94f8aee6e3a1076d253685bcf900e109907e95277", kill_on_drop: false }`
[INFO] [stdout] 49feda29c0af99c301a49cf94f8aee6e3a1076d253685bcf900e109907e95277
