[INFO] cloning repository https://github.com/kuroneko1996/rusty_roguelike
[INFO] running `Command { std: "git" "-c" "credential.helper=" "-c" "credential.helper=/workspace/cargo-home/bin/git-credential-null" "clone" "--bare" "https://github.com/kuroneko1996/rusty_roguelike" "/workspace/cache/git-repos/https%3A%2F%2Fgithub.com%2Fkuroneko1996%2Frusty_roguelike", kill_on_drop: false }`
[INFO] [stderr] Cloning into bare repository '/workspace/cache/git-repos/https%3A%2F%2Fgithub.com%2Fkuroneko1996%2Frusty_roguelike'...
[INFO] running `Command { std: "git" "rev-parse" "HEAD", kill_on_drop: false }`
[INFO] [stdout] 6e8e88d9f673234d5c977103512c63212fa8b8ad
[INFO] documenting kuroneko1996/rusty_roguelike against beta-2023-04-20 for beta-1.70-rustdoc-1
[INFO] running `Command { std: "git" "clone" "/workspace/cache/git-repos/https%3A%2F%2Fgithub.com%2Fkuroneko1996%2Frusty_roguelike" "/workspace/builds/worker-3-tc2/source", kill_on_drop: false }`
[INFO] [stderr] Cloning into '/workspace/builds/worker-3-tc2/source'...
[INFO] [stderr] done.
[INFO] validating manifest of git repo https://github.com/kuroneko1996/rusty_roguelike on toolchain beta-2023-04-20
[INFO] running `Command { std: CARGO_HOME="/workspace/cargo-home" RUSTUP_HOME="/workspace/rustup-home" "/workspace/cargo-home/bin/cargo" "+beta-2023-04-20" "metadata" "--manifest-path" "Cargo.toml" "--no-deps", kill_on_drop: false }`
[INFO] started tweaking git repo https://github.com/kuroneko1996/rusty_roguelike
[INFO] finished tweaking git repo https://github.com/kuroneko1996/rusty_roguelike
[INFO] tweaked toml for git repo https://github.com/kuroneko1996/rusty_roguelike written to /workspace/builds/worker-3-tc2/source/Cargo.toml
[INFO] crate git repo https://github.com/kuroneko1996/rusty_roguelike already has a lockfile, it will not be regenerated
[INFO] running `Command { std: CARGO_HOME="/workspace/cargo-home" RUSTUP_HOME="/workspace/rustup-home" "/workspace/cargo-home/bin/cargo" "+beta-2023-04-20" "fetch" "--manifest-path" "Cargo.toml", kill_on_drop: false }`
[INFO] [stderr]  Downloading crates ...
[INFO] [stderr]   Downloaded tcod v0.10.0
[INFO] [stderr]   Downloaded tcod-sys v4.0.1
[INFO] running `Command { std: "docker" "create" "-v" "/var/lib/crater-agent-workspace/builds/worker-3-tc2/target:/opt/rustwide/target:rw,Z" "-v" "/var/lib/crater-agent-workspace/builds/worker-3-tc2/source:/opt/rustwide/workdir:ro,Z" "-v" "/var/lib/crater-agent-workspace/cargo-home:/opt/rustwide/cargo-home:ro,Z" "-v" "/var/lib/crater-agent-workspace/rustup-home:/opt/rustwide/rustup-home:ro,Z" "-e" "SOURCE_DIR=/opt/rustwide/workdir" "-e" "CARGO_TARGET_DIR=/opt/rustwide/target" "-e" "CARGO_HOME=/opt/rustwide/cargo-home" "-e" "RUSTUP_HOME=/opt/rustwide/rustup-home" "-w" "/opt/rustwide/workdir" "-m" "1610612736" "--user" "0:0" "--network" "none" "ghcr.io/rust-lang/crates-build-env/linux@sha256:5ff2268d62e97bff2cde7d5815dd6ed5b47097566f13b8d0ca110b04b60e07ed" "/opt/rustwide/cargo-home/bin/cargo" "+beta-2023-04-20" "metadata" "--no-deps" "--format-version=1", kill_on_drop: false }`
[INFO] [stdout] 12b49eccdd449bdb7a3a279efa62bfb8c9a05bfd8202626cd62d35b8890188b9
[INFO] running `Command { std: "docker" "start" "-a" "12b49eccdd449bdb7a3a279efa62bfb8c9a05bfd8202626cd62d35b8890188b9", kill_on_drop: false }`
[INFO] running `Command { std: "docker" "inspect" "12b49eccdd449bdb7a3a279efa62bfb8c9a05bfd8202626cd62d35b8890188b9", kill_on_drop: false }`
[INFO] running `Command { std: "docker" "rm" "-f" "12b49eccdd449bdb7a3a279efa62bfb8c9a05bfd8202626cd62d35b8890188b9", kill_on_drop: false }`
[INFO] [stdout] 12b49eccdd449bdb7a3a279efa62bfb8c9a05bfd8202626cd62d35b8890188b9
[INFO] running `Command { std: "docker" "create" "-v" "/var/lib/crater-agent-workspace/builds/worker-3-tc2/target:/opt/rustwide/target:rw,Z" "-v" "/var/lib/crater-agent-workspace/builds/worker-3-tc2/source:/opt/rustwide/workdir:ro,Z" "-v" "/var/lib/crater-agent-workspace/cargo-home:/opt/rustwide/cargo-home:ro,Z" "-v" "/var/lib/crater-agent-workspace/rustup-home:/opt/rustwide/rustup-home:ro,Z" "-e" "SOURCE_DIR=/opt/rustwide/workdir" "-e" "CARGO_TARGET_DIR=/opt/rustwide/target" "-e" "CARGO_INCREMENTAL=0" "-e" "RUST_BACKTRACE=full" "-e" "RUSTFLAGS=--cap-lints=warn" "-e" "RUSTDOCFLAGS=--cap-lints=warn" "-e" "CARGO_HOME=/opt/rustwide/cargo-home" "-e" "RUSTUP_HOME=/opt/rustwide/rustup-home" "-w" "/opt/rustwide/workdir" "-m" "1610612736" "--user" "0:0" "--network" "none" "ghcr.io/rust-lang/crates-build-env/linux@sha256:5ff2268d62e97bff2cde7d5815dd6ed5b47097566f13b8d0ca110b04b60e07ed" "/opt/rustwide/cargo-home/bin/cargo" "+beta-2023-04-20" "doc" "--frozen" "--no-deps" "--document-private-items" "--message-format=json", kill_on_drop: false }`
[INFO] [stdout] 90ff70c27a35abe280a0d53df4d10956ae8c6a6386ab245e5b08e0f51b3058fa
[INFO] running `Command { std: "docker" "start" "-a" "90ff70c27a35abe280a0d53df4d10956ae8c6a6386ab245e5b08e0f51b3058fa", kill_on_drop: false }`
[INFO] [stderr]    Compiling gcc v0.3.38
[INFO] [stderr]    Compiling pkg-config v0.3.8
[INFO] [stderr]     Checking libc v0.2.17
[INFO] [stderr]     Checking rustc-serialize v0.3.19
[INFO] [stdout] error[E0642]: patterns aren't allowed in functions without bodies
[INFO] [stdout]    --> /opt/rustwide/cargo-home/registry/src/index.crates.io-6f17d22bba15001f/rustc-serialize-0.3.19/src/serialize.rs:147:45
[INFO] [stdout]     |
[INFO] [stdout] 147 | ...                   &f_name: &str,
[INFO] [stdout]     |                       ^^^^^^^ pattern not allowed in function without body
[INFO] [stdout] 
[INFO] [stdout] 
[INFO] [stderr]     Checking rand v0.3.14
[INFO] [stderr]    Compiling tcod-sys v4.0.1
[INFO] [stdout] error: aborting due to previous error
[INFO] [stdout] 
[INFO] [stdout] 
[INFO] [stdout] For more information about this error, try `rustc --explain E0642`.
[INFO] [stdout] 
[INFO] [stderr] error: could not compile `rustc-serialize` (lib) due to 2 previous errors; 1 warning emitted
[INFO] [stderr] warning: build failed, waiting for other jobs to finish...
[INFO] [stderr] The following warnings were emitted during compilation:
[INFO] [stderr] 
[INFO] [stderr] warning: libtcod/src/zlib/gzlib.c: In function 'gz_open':
[INFO] [stderr] warning: libtcod/src/zlib/gzlib.c:14:17: warning: implicit declaration of function 'lseek'; did you mean 'fseek'? [-Wimplicit-function-declaration]
[INFO] [stderr] warning:    14 | #  define LSEEK lseek
[INFO] [stderr] warning:       |                 ^~~~~
[INFO] [stderr] warning: libtcod/src/zlib/gzlib.c:250:24: note: in expansion of macro 'LSEEK'
[INFO] [stderr] warning:   250 |         state->start = LSEEK(state->fd, 0, SEEK_CUR);
[INFO] [stderr] warning:       |                        ^~~~~
[INFO] [stderr] warning: libtcod/src/zlib/gzread.c: In function 'gz_load':
[INFO] [stderr] warning: libtcod/src/zlib/gzread.c:30:15: warning: implicit declaration of function 'read'; did you mean 'fread'? [-Wimplicit-function-declaration]
[INFO] [stderr] warning:    30 |         ret = read(state->fd, buf + *have, len - *have);
[INFO] [stderr] warning:       |               ^~~~
[INFO] [stderr] warning:       |               fread
[INFO] [stderr] warning: libtcod/src/zlib/gzread.c: In function 'gzclose_r':
[INFO] [stderr] warning: libtcod/src/zlib/gzread.c:586:11: warning: implicit declaration of function 'close'; did you mean 'pclose'? [-Wimplicit-function-declaration]
[INFO] [stderr] warning:   586 |     ret = close(state->fd);
[INFO] [stderr] warning:       |           ^~~~~
[INFO] [stderr] warning:       |           pclose
[INFO] [stderr] warning: libtcod/src/zlib/gzwrite.c: In function 'gz_comp':
[INFO] [stderr] warning: libtcod/src/zlib/gzwrite.c:84:15: warning: implicit declaration of function 'write'; did you mean 'fwrite'? [-Wimplicit-function-declaration]
[INFO] [stderr] warning:    84 |         got = write(state->fd, strm->next_in, strm->avail_in);
[INFO] [stderr] warning:       |               ^~~~~
[INFO] [stderr] warning:       |               fwrite
[INFO] [stderr] warning: libtcod/src/zlib/gzwrite.c: In function 'gzclose_w':
[INFO] [stderr] warning: libtcod/src/zlib/gzwrite.c:561:9: warning: implicit declaration of function 'close'; did you mean 'pclose'? [-Wimplicit-function-declaration]
[INFO] [stderr] warning:   561 |     if (close(state->fd) == -1)
[INFO] [stderr] warning:       |         ^~~~~
[INFO] [stderr] warning:       |         pclose
[INFO] [stderr] warning: libtcod/src/parser_c.c: In function 'TCOD_parser_error':
[INFO] [stderr] warning: libtcod/src/parser_c.c:89:45: warning: '%s' directive writing up to 2047 bytes into a region of size 2029 [-Wformat-overflow=]
[INFO] [stderr] warning:    89 |         sprintf(buf2,"error in %s line %d : %s",lex->filename,lex->file_line,buf);
[INFO] [stderr] warning:       |                                             ^~                               ~~~
[INFO] [stderr] warning: libtcod/src/parser_c.c:89:9: note: 'sprintf' output 20 or more bytes (assuming 2067) into a destination of size 2048
[INFO] [stderr] warning:    89 |         sprintf(buf2,"error in %s line %d : %s",lex->filename,lex->file_line,buf);
[INFO] [stderr] warning:       |         ^~~~~~~~~~~~~~~~~~~~~~~~~~~~~~~~~~~~~~~~~~~~~~~~~~~~~~~~~~~~~~~~~~~~~~~~~
[INFO] [stderr] warning: libtcod/src/parser_c.c: In function 'default_new_flag':
[INFO] [stderr] warning: libtcod/src/parser_c.c:781:27: warning: 'sprintf' may write a terminating nul past the end of the destination [-Wformat-overflow=]
[INFO] [stderr] warning:   781 |         sprintf(tmp,"%s.%s",cur_prop_name,name);
[INFO] [stderr] warning:       |                           ^
[INFO] [stderr] warning: libtcod/src/parser_c.c:781:9: note: 'sprintf' output 2 or more bytes (assuming 513) into a destination of size 512
[INFO] [stderr] warning:   781 |         sprintf(tmp,"%s.%s",cur_prop_name,name);
[INFO] [stderr] warning:       |         ^~~~~~~~~~~~~~~~~~~~~~~~~~~~~~~~~~~~~~~
[INFO] [stderr] warning: libtcod/src/parser_c.c: In function 'default_new_property':
[INFO] [stderr] warning: libtcod/src/parser_c.c:792:27: warning: 'sprintf' may write a terminating nul past the end of the destination [-Wformat-overflow=]
[INFO] [stderr] warning:   792 |         sprintf(tmp,"%s.%s",cur_prop_name,propname);
[INFO] [stderr] warning:       |                           ^
[INFO] [stderr] warning: libtcod/src/parser_c.c:792:9: note: 'sprintf' output 2 or more bytes (assuming 513) into a destination of size 512
[INFO] [stderr] warning:   792 |         sprintf(tmp,"%s.%s",cur_prop_name,propname);
[INFO] [stderr] warning:       |         ^~~~~~~~~~~~~~~~~~~~~~~~~~~~~~~~~~~~~~~~~~~
[INFO] [stderr] warning: libtcod/src/sys_c.c: In function 'TCOD_sys_get_directory_content':
[INFO] [stderr] warning: libtcod/src/sys_c.c:159:53: warning: passing argument 2 of 'TCOD_list_push' makes pointer from integer without a cast [-Wint-conversion]
[INFO] [stderr] warning:   159 |                                 TCOD_list_push(list,strdup(dirent->d_name));
[INFO] [stderr] warning:       |                                                     ^~~~~~~~~~~~~~~~~~~~~~
[INFO] [stderr] warning:       |                                                     |
[INFO] [stderr] warning:       |                                                     int
[INFO] [stderr] warning: In file included from libtcod/include/libtcod.h:178,
[INFO] [stderr] warning:                  from libtcod/src/sys_c.c:41:
[INFO] [stderr] warning: libtcod/include/list.h:37:61: note: expected 'const void *' but argument is of type 'int'
[INFO] [stderr] warning:    37 | TCODLIB_API void TCOD_list_push(TCOD_list_t l, const void * elt);
[INFO] [stderr] warning:       |                                                ~~~~~~~~~~~~~^~~
[INFO] [stderr] warning: libtcod/src/sys_c.c: In function 'TCOD_sys_clipboard_get':
[INFO] [stderr] warning: libtcod/src/sys_c.c:645:19: warning: initialization of 'char *' from 'int' makes pointer from integer without a cast [-Wint-conversion]
[INFO] [stderr] warning:   645 |         char *ret=strdup(xbuf);
[INFO] [stderr] warning:       |                   ^~~~~~
[INFO] [stderr] warning: libtcod/src/sys_opengl_c.c:35:10: fatal error: SDL/SDL.h: No such file or directory
[INFO] [stderr] warning:    35 | #include <SDL/SDL.h>
[INFO] [stderr] warning:       |          ^~~~~~~~~~~
[INFO] [stderr] warning: compilation terminated.
[INFO] [stderr] 
[INFO] [stderr] error: failed to run custom build command for `tcod-sys v4.0.1`
[INFO] [stderr] note: To improve backtraces for build dependencies, set the CARGO_PROFILE_DEV_BUILD_OVERRIDE_DEBUG=true environment variable to enable debug information generation.
[INFO] [stderr] 
[INFO] [stderr] Caused by:
[INFO] [stderr]   process didn't exit successfully: `/opt/rustwide/target/debug/build/tcod-sys-b3f8c46390c74baa/build-script-build` (exit status: 101)
[INFO] [stderr]   --- stdout
[INFO] [stderr]   TARGET = Some("x86_64-unknown-linux-gnu")
[INFO] [stderr]   OPT_LEVEL = Some("0")
[INFO] [stderr]   PROFILE = Some("debug")
[INFO] [stderr]   TARGET = Some("x86_64-unknown-linux-gnu")
[INFO] [stderr]   debug=true opt-level=0
[INFO] [stderr]   HOST = Some("x86_64-unknown-linux-gnu")
[INFO] [stderr]   TARGET = Some("x86_64-unknown-linux-gnu")
[INFO] [stderr]   TARGET = Some("x86_64-unknown-linux-gnu")
[INFO] [stderr]   HOST = Some("x86_64-unknown-linux-gnu")
[INFO] [stderr]   CC_x86_64-unknown-linux-gnu = None
[INFO] [stderr]   CC_x86_64_unknown_linux_gnu = None
[INFO] [stderr]   HOST_CC = None
[INFO] [stderr]   CC = None
[INFO] [stderr]   HOST = Some("x86_64-unknown-linux-gnu")
[INFO] [stderr]   TARGET = Some("x86_64-unknown-linux-gnu")
[INFO] [stderr]   HOST = Some("x86_64-unknown-linux-gnu")
[INFO] [stderr]   CFLAGS_x86_64-unknown-linux-gnu = None
[INFO] [stderr]   CFLAGS_x86_64_unknown_linux_gnu = None
[INFO] [stderr]   HOST_CFLAGS = None
[INFO] [stderr]   CFLAGS = None
[INFO] [stderr]   running: "cc" "-O0" "-ffunction-sections" "-fdata-sections" "-g" "-m64" "-fPIC" "-o" "/opt/rustwide/target/debug/build/tcod-sys-0557ff77a2cf9aaf/out/libtcod/src/zlib/adler32.o" "-c" "libtcod/src/zlib/adler32.c"
[INFO] [stderr]   ExitStatus(unix_wait_status(0))
[INFO] [stderr]   TARGET = Some("x86_64-unknown-linux-gnu")
[INFO] [stderr]   OPT_LEVEL = Some("0")
[INFO] [stderr]   PROFILE = Some("debug")
[INFO] [stderr]   TARGET = Some("x86_64-unknown-linux-gnu")
[INFO] [stderr]   debug=true opt-level=0
[INFO] [stderr]   HOST = Some("x86_64-unknown-linux-gnu")
[INFO] [stderr]   TARGET = Some("x86_64-unknown-linux-gnu")
[INFO] [stderr]   TARGET = Some("x86_64-unknown-linux-gnu")
[INFO] [stderr]   HOST = Some("x86_64-unknown-linux-gnu")
[INFO] [stderr]   CC_x86_64-unknown-linux-gnu = None
[INFO] [stderr]   CC_x86_64_unknown_linux_gnu = None
[INFO] [stderr]   HOST_CC = None
[INFO] [stderr]   CC = None
[INFO] [stderr]   HOST = Some("x86_64-unknown-linux-gnu")
[INFO] [stderr]   TARGET = Some("x86_64-unknown-linux-gnu")
[INFO] [stderr]   HOST = Some("x86_64-unknown-linux-gnu")
[INFO] [stderr]   CFLAGS_x86_64-unknown-linux-gnu = None
[INFO] [stderr]   CFLAGS_x86_64_unknown_linux_gnu = None
[INFO] [stderr]   HOST_CFLAGS = None
[INFO] [stderr]   CFLAGS = None
[INFO] [stderr]   running: "cc" "-O0" "-ffunction-sections" "-fdata-sections" "-g" "-m64" "-fPIC" "-o" "/opt/rustwide/target/debug/build/tcod-sys-0557ff77a2cf9aaf/out/libtcod/src/zlib/crc32.o" "-c" "libtcod/src/zlib/crc32.c"
[INFO] [stderr]   ExitStatus(unix_wait_status(0))
[INFO] [stderr]   TARGET = Some("x86_64-unknown-linux-gnu")
[INFO] [stderr]   OPT_LEVEL = Some("0")
[INFO] [stderr]   PROFILE = Some("debug")
[INFO] [stderr]   TARGET = Some("x86_64-unknown-linux-gnu")
[INFO] [stderr]   debug=true opt-level=0
[INFO] [stderr]   HOST = Some("x86_64-unknown-linux-gnu")
[INFO] [stderr]   TARGET = Some("x86_64-unknown-linux-gnu")
[INFO] [stderr]   TARGET = Some("x86_64-unknown-linux-gnu")
[INFO] [stderr]   HOST = Some("x86_64-unknown-linux-gnu")
[INFO] [stderr]   CC_x86_64-unknown-linux-gnu = None
[INFO] [stderr]   CC_x86_64_unknown_linux_gnu = None
[INFO] [stderr]   HOST_CC = None
[INFO] [stderr]   CC = None
[INFO] [stderr]   HOST = Some("x86_64-unknown-linux-gnu")
[INFO] [stderr]   TARGET = Some("x86_64-unknown-linux-gnu")
[INFO] [stderr]   HOST = Some("x86_64-unknown-linux-gnu")
[INFO] [stderr]   CFLAGS_x86_64-unknown-linux-gnu = None
[INFO] [stderr]   CFLAGS_x86_64_unknown_linux_gnu = None
[INFO] [stderr]   HOST_CFLAGS = None
[INFO] [stderr]   CFLAGS = None
[INFO] [stderr]   running: "cc" "-O0" "-ffunction-sections" "-fdata-sections" "-g" "-m64" "-fPIC" "-o" "/opt/rustwide/target/debug/build/tcod-sys-0557ff77a2cf9aaf/out/libtcod/src/zlib/deflate.o" "-c" "libtcod/src/zlib/deflate.c"
[INFO] [stderr]   ExitStatus(unix_wait_status(0))
[INFO] [stderr]   TARGET = Some("x86_64-unknown-linux-gnu")
[INFO] [stderr]   OPT_LEVEL = Some("0")
[INFO] [stderr]   PROFILE = Some("debug")
[INFO] [stderr]   TARGET = Some("x86_64-unknown-linux-gnu")
[INFO] [stderr]   debug=true opt-level=0
[INFO] [stderr]   HOST = Some("x86_64-unknown-linux-gnu")
[INFO] [stderr]   TARGET = Some("x86_64-unknown-linux-gnu")
[INFO] [stderr]   TARGET = Some("x86_64-unknown-linux-gnu")
[INFO] [stderr]   HOST = Some("x86_64-unknown-linux-gnu")
[INFO] [stderr]   CC_x86_64-unknown-linux-gnu = None
[INFO] [stderr]   CC_x86_64_unknown_linux_gnu = None
[INFO] [stderr]   HOST_CC = None
[INFO] [stderr]   CC = None
[INFO] [stderr]   HOST = Some("x86_64-unknown-linux-gnu")
[INFO] [stderr]   TARGET = Some("x86_64-unknown-linux-gnu")
[INFO] [stderr]   HOST = Some("x86_64-unknown-linux-gnu")
[INFO] [stderr]   CFLAGS_x86_64-unknown-linux-gnu = None
[INFO] [stderr]   CFLAGS_x86_64_unknown_linux_gnu = None
[INFO] [stderr]   HOST_CFLAGS = None
[INFO] [stderr]   CFLAGS = None
[INFO] [stderr]   running: "cc" "-O0" "-ffunction-sections" "-fdata-sections" "-g" "-m64" "-fPIC" "-o" "/opt/rustwide/target/debug/build/tcod-sys-0557ff77a2cf9aaf/out/libtcod/src/zlib/infback.o" "-c" "libtcod/src/zlib/infback.c"
[INFO] [stderr]   ExitStatus(unix_wait_status(0))
[INFO] [stderr]   TARGET = Some("x86_64-unknown-linux-gnu")
[INFO] [stderr]   OPT_LEVEL = Some("0")
[INFO] [stderr]   PROFILE = Some("debug")
[INFO] [stderr]   TARGET = Some("x86_64-unknown-linux-gnu")
[INFO] [stderr]   debug=true opt-level=0
[INFO] [stderr]   HOST = Some("x86_64-unknown-linux-gnu")
[INFO] [stderr]   TARGET = Some("x86_64-unknown-linux-gnu")
[INFO] [stderr]   TARGET = Some("x86_64-unknown-linux-gnu")
[INFO] [stderr]   HOST = Some("x86_64-unknown-linux-gnu")
[INFO] [stderr]   CC_x86_64-unknown-linux-gnu = None
[INFO] [stderr]   CC_x86_64_unknown_linux_gnu = None
[INFO] [stderr]   HOST_CC = None
[INFO] [stderr]   CC = None
[INFO] [stderr]   HOST = Some("x86_64-unknown-linux-gnu")
[INFO] [stderr]   TARGET = Some("x86_64-unknown-linux-gnu")
[INFO] [stderr]   HOST = Some("x86_64-unknown-linux-gnu")
[INFO] [stderr]   CFLAGS_x86_64-unknown-linux-gnu = None
[INFO] [stderr]   CFLAGS_x86_64_unknown_linux_gnu = None
[INFO] [stderr]   HOST_CFLAGS = None
[INFO] [stderr]   CFLAGS = None
[INFO] [stderr]   running: "cc" "-O0" "-ffunction-sections" "-fdata-sections" "-g" "-m64" "-fPIC" "-o" "/opt/rustwide/target/debug/build/tcod-sys-0557ff77a2cf9aaf/out/libtcod/src/zlib/inffast.o" "-c" "libtcod/src/zlib/inffast.c"
[INFO] [stderr]   ExitStatus(unix_wait_status(0))
[INFO] [stderr]   TARGET = Some("x86_64-unknown-linux-gnu")
[INFO] [stderr]   OPT_LEVEL = Some("0")
[INFO] [stderr]   PROFILE = Some("debug")
[INFO] [stderr]   TARGET = Some("x86_64-unknown-linux-gnu")
[INFO] [stderr]   debug=true opt-level=0
[INFO] [stderr]   HOST = Some("x86_64-unknown-linux-gnu")
[INFO] [stderr]   TARGET = Some("x86_64-unknown-linux-gnu")
[INFO] [stderr]   TARGET = Some("x86_64-unknown-linux-gnu")
[INFO] [stderr]   HOST = Some("x86_64-unknown-linux-gnu")
[INFO] [stderr]   CC_x86_64-unknown-linux-gnu = None
[INFO] [stderr]   CC_x86_64_unknown_linux_gnu = None
[INFO] [stderr]   HOST_CC = None
[INFO] [stderr]   CC = None
[INFO] [stderr]   HOST = Some("x86_64-unknown-linux-gnu")
[INFO] [stderr]   TARGET = Some("x86_64-unknown-linux-gnu")
[INFO] [stderr]   HOST = Some("x86_64-unknown-linux-gnu")
[INFO] [stderr]   CFLAGS_x86_64-unknown-linux-gnu = None
[INFO] [stderr]   CFLAGS_x86_64_unknown_linux_gnu = None
[INFO] [stderr]   HOST_CFLAGS = None
[INFO] [stderr]   CFLAGS = None
[INFO] [stderr]   running: "cc" "-O0" "-ffunction-sections" "-fdata-sections" "-g" "-m64" "-fPIC" "-o" "/opt/rustwide/target/debug/build/tcod-sys-0557ff77a2cf9aaf/out/libtcod/src/zlib/inflate.o" "-c" "libtcod/src/zlib/inflate.c"
[INFO] [stderr]   ExitStatus(unix_wait_status(0))
[INFO] [stderr]   TARGET = Some("x86_64-unknown-linux-gnu")
[INFO] [stderr]   OPT_LEVEL = Some("0")
[INFO] [stderr]   PROFILE = Some("debug")
[INFO] [stderr]   TARGET = Some("x86_64-unknown-linux-gnu")
[INFO] [stderr]   debug=true opt-level=0
[INFO] [stderr]   HOST = Some("x86_64-unknown-linux-gnu")
[INFO] [stderr]   TARGET = Some("x86_64-unknown-linux-gnu")
[INFO] [stderr]   TARGET = Some("x86_64-unknown-linux-gnu")
[INFO] [stderr]   HOST = Some("x86_64-unknown-linux-gnu")
[INFO] [stderr]   CC_x86_64-unknown-linux-gnu = None
[INFO] [stderr]   CC_x86_64_unknown_linux_gnu = None
[INFO] [stderr]   HOST_CC = None
[INFO] [stderr]   CC = None
[INFO] [stderr]   HOST = Some("x86_64-unknown-linux-gnu")
[INFO] [stderr]   TARGET = Some("x86_64-unknown-linux-gnu")
[INFO] [stderr]   HOST = Some("x86_64-unknown-linux-gnu")
[INFO] [stderr]   CFLAGS_x86_64-unknown-linux-gnu = None
[INFO] [stderr]   CFLAGS_x86_64_unknown_linux_gnu = None
[INFO] [stderr]   HOST_CFLAGS = None
[INFO] [stderr]   CFLAGS = None
[INFO] [stderr]   running: "cc" "-O0" "-ffunction-sections" "-fdata-sections" "-g" "-m64" "-fPIC" "-o" "/opt/rustwide/target/debug/build/tcod-sys-0557ff77a2cf9aaf/out/libtcod/src/zlib/inftrees.o" "-c" "libtcod/src/zlib/inftrees.c"
[INFO] [stderr]   ExitStatus(unix_wait_status(0))
[INFO] [stderr]   TARGET = Some("x86_64-unknown-linux-gnu")
[INFO] [stderr]   OPT_LEVEL = Some("0")
[INFO] [stderr]   PROFILE = Some("debug")
[INFO] [stderr]   TARGET = Some("x86_64-unknown-linux-gnu")
[INFO] [stderr]   debug=true opt-level=0
[INFO] [stderr]   HOST = Some("x86_64-unknown-linux-gnu")
[INFO] [stderr]   TARGET = Some("x86_64-unknown-linux-gnu")
[INFO] [stderr]   TARGET = Some("x86_64-unknown-linux-gnu")
[INFO] [stderr]   HOST = Some("x86_64-unknown-linux-gnu")
[INFO] [stderr]   CC_x86_64-unknown-linux-gnu = None
[INFO] [stderr]   CC_x86_64_unknown_linux_gnu = None
[INFO] [stderr]   HOST_CC = None
[INFO] [stderr]   CC = None
[INFO] [stderr]   HOST = Some("x86_64-unknown-linux-gnu")
[INFO] [stderr]   TARGET = Some("x86_64-unknown-linux-gnu")
[INFO] [stderr]   HOST = Some("x86_64-unknown-linux-gnu")
[INFO] [stderr]   CFLAGS_x86_64-unknown-linux-gnu = None
[INFO] [stderr]   CFLAGS_x86_64_unknown_linux_gnu = None
[INFO] [stderr]   HOST_CFLAGS = None
[INFO] [stderr]   CFLAGS = None
[INFO] [stderr]   running: "cc" "-O0" "-ffunction-sections" "-fdata-sections" "-g" "-m64" "-fPIC" "-o" "/opt/rustwide/target/debug/build/tcod-sys-0557ff77a2cf9aaf/out/libtcod/src/zlib/trees.o" "-c" "libtcod/src/zlib/trees.c"
[INFO] [stderr]   ExitStatus(unix_wait_status(0))
[INFO] [stderr]   TARGET = Some("x86_64-unknown-linux-gnu")
[INFO] [stderr]   OPT_LEVEL = Some("0")
[INFO] [stderr]   PROFILE = Some("debug")
[INFO] [stderr]   TARGET = Some("x86_64-unknown-linux-gnu")
[INFO] [stderr]   debug=true opt-level=0
[INFO] [stderr]   HOST = Some("x86_64-unknown-linux-gnu")
[INFO] [stderr]   TARGET = Some("x86_64-unknown-linux-gnu")
[INFO] [stderr]   TARGET = Some("x86_64-unknown-linux-gnu")
[INFO] [stderr]   HOST = Some("x86_64-unknown-linux-gnu")
[INFO] [stderr]   CC_x86_64-unknown-linux-gnu = None
[INFO] [stderr]   CC_x86_64_unknown_linux_gnu = None
[INFO] [stderr]   HOST_CC = None
[INFO] [stderr]   CC = None
[INFO] [stderr]   HOST = Some("x86_64-unknown-linux-gnu")
[INFO] [stderr]   TARGET = Some("x86_64-unknown-linux-gnu")
[INFO] [stderr]   HOST = Some("x86_64-unknown-linux-gnu")
[INFO] [stderr]   CFLAGS_x86_64-unknown-linux-gnu = None
[INFO] [stderr]   CFLAGS_x86_64_unknown_linux_gnu = None
[INFO] [stderr]   HOST_CFLAGS = None
[INFO] [stderr]   CFLAGS = None
[INFO] [stderr]   running: "cc" "-O0" "-ffunction-sections" "-fdata-sections" "-g" "-m64" "-fPIC" "-o" "/opt/rustwide/target/debug/build/tcod-sys-0557ff77a2cf9aaf/out/libtcod/src/zlib/zutil.o" "-c" "libtcod/src/zlib/zutil.c"
[INFO] [stderr]   ExitStatus(unix_wait_status(0))
[INFO] [stderr]   TARGET = Some("x86_64-unknown-linux-gnu")
[INFO] [stderr]   OPT_LEVEL = Some("0")
[INFO] [stderr]   PROFILE = Some("debug")
[INFO] [stderr]   TARGET = Some("x86_64-unknown-linux-gnu")
[INFO] [stderr]   debug=true opt-level=0
[INFO] [stderr]   HOST = Some("x86_64-unknown-linux-gnu")
[INFO] [stderr]   TARGET = Some("x86_64-unknown-linux-gnu")
[INFO] [stderr]   TARGET = Some("x86_64-unknown-linux-gnu")
[INFO] [stderr]   HOST = Some("x86_64-unknown-linux-gnu")
[INFO] [stderr]   CC_x86_64-unknown-linux-gnu = None
[INFO] [stderr]   CC_x86_64_unknown_linux_gnu = None
[INFO] [stderr]   HOST_CC = None
[INFO] [stderr]   CC = None
[INFO] [stderr]   HOST = Some("x86_64-unknown-linux-gnu")
[INFO] [stderr]   TARGET = Some("x86_64-unknown-linux-gnu")
[INFO] [stderr]   HOST = Some("x86_64-unknown-linux-gnu")
[INFO] [stderr]   CFLAGS_x86_64-unknown-linux-gnu = None
[INFO] [stderr]   CFLAGS_x86_64_unknown_linux_gnu = None
[INFO] [stderr]   HOST_CFLAGS = None
[INFO] [stderr]   CFLAGS = None
[INFO] [stderr]   running: "cc" "-O0" "-ffunction-sections" "-fdata-sections" "-g" "-m64" "-fPIC" "-o" "/opt/rustwide/target/debug/build/tcod-sys-0557ff77a2cf9aaf/out/libtcod/src/zlib/compress.o" "-c" "libtcod/src/zlib/compress.c"
[INFO] [stderr]   ExitStatus(unix_wait_status(0))
[INFO] [stderr]   TARGET = Some("x86_64-unknown-linux-gnu")
[INFO] [stderr]   OPT_LEVEL = Some("0")
[INFO] [stderr]   PROFILE = Some("debug")
[INFO] [stderr]   TARGET = Some("x86_64-unknown-linux-gnu")
[INFO] [stderr]   debug=true opt-level=0
[INFO] [stderr]   HOST = Some("x86_64-unknown-linux-gnu")
[INFO] [stderr]   TARGET = Some("x86_64-unknown-linux-gnu")
[INFO] [stderr]   TARGET = Some("x86_64-unknown-linux-gnu")
[INFO] [stderr]   HOST = Some("x86_64-unknown-linux-gnu")
[INFO] [stderr]   CC_x86_64-unknown-linux-gnu = None
[INFO] [stderr]   CC_x86_64_unknown_linux_gnu = None
[INFO] [stderr]   HOST_CC = None
[INFO] [stderr]   CC = None
[INFO] [stderr]   HOST = Some("x86_64-unknown-linux-gnu")
[INFO] [stderr]   TARGET = Some("x86_64-unknown-linux-gnu")
[INFO] [stderr]   HOST = Some("x86_64-unknown-linux-gnu")
[INFO] [stderr]   CFLAGS_x86_64-unknown-linux-gnu = None
[INFO] [stderr]   CFLAGS_x86_64_unknown_linux_gnu = None
[INFO] [stderr]   HOST_CFLAGS = None
[INFO] [stderr]   CFLAGS = None
[INFO] [stderr]   running: "cc" "-O0" "-ffunction-sections" "-fdata-sections" "-g" "-m64" "-fPIC" "-o" "/opt/rustwide/target/debug/build/tcod-sys-0557ff77a2cf9aaf/out/libtcod/src/zlib/uncompr.o" "-c" "libtcod/src/zlib/uncompr.c"
[INFO] [stderr]   ExitStatus(unix_wait_status(0))
[INFO] [stderr]   TARGET = Some("x86_64-unknown-linux-gnu")
[INFO] [stderr]   OPT_LEVEL = Some("0")
[INFO] [stderr]   PROFILE = Some("debug")
[INFO] [stderr]   TARGET = Some("x86_64-unknown-linux-gnu")
[INFO] [stderr]   debug=true opt-level=0
[INFO] [stderr]   HOST = Some("x86_64-unknown-linux-gnu")
[INFO] [stderr]   TARGET = Some("x86_64-unknown-linux-gnu")
[INFO] [stderr]   TARGET = Some("x86_64-unknown-linux-gnu")
[INFO] [stderr]   HOST = Some("x86_64-unknown-linux-gnu")
[INFO] [stderr]   CC_x86_64-unknown-linux-gnu = None
[INFO] [stderr]   CC_x86_64_unknown_linux_gnu = None
[INFO] [stderr]   HOST_CC = None
[INFO] [stderr]   CC = None
[INFO] [stderr]   HOST = Some("x86_64-unknown-linux-gnu")
[INFO] [stderr]   TARGET = Some("x86_64-unknown-linux-gnu")
[INFO] [stderr]   HOST = Some("x86_64-unknown-linux-gnu")
[INFO] [stderr]   CFLAGS_x86_64-unknown-linux-gnu = None
[INFO] [stderr]   CFLAGS_x86_64_unknown_linux_gnu = None
[INFO] [stderr]   HOST_CFLAGS = None
[INFO] [stderr]   CFLAGS = None
[INFO] [stderr]   running: "cc" "-O0" "-ffunction-sections" "-fdata-sections" "-g" "-m64" "-fPIC" "-o" "/opt/rustwide/target/debug/build/tcod-sys-0557ff77a2cf9aaf/out/libtcod/src/zlib/gzclose.o" "-c" "libtcod/src/zlib/gzclose.c"
[INFO] [stderr]   ExitStatus(unix_wait_status(0))
[INFO] [stderr]   TARGET = Some("x86_64-unknown-linux-gnu")
[INFO] [stderr]   OPT_LEVEL = Some("0")
[INFO] [stderr]   PROFILE = Some("debug")
[INFO] [stderr]   TARGET = Some("x86_64-unknown-linux-gnu")
[INFO] [stderr]   debug=true opt-level=0
[INFO] [stderr]   HOST = Some("x86_64-unknown-linux-gnu")
[INFO] [stderr]   TARGET = Some("x86_64-unknown-linux-gnu")
[INFO] [stderr]   TARGET = Some("x86_64-unknown-linux-gnu")
[INFO] [stderr]   HOST = Some("x86_64-unknown-linux-gnu")
[INFO] [stderr]   CC_x86_64-unknown-linux-gnu = None
[INFO] [stderr]   CC_x86_64_unknown_linux_gnu = None
[INFO] [stderr]   HOST_CC = None
[INFO] [stderr]   CC = None
[INFO] [stderr]   HOST = Some("x86_64-unknown-linux-gnu")
[INFO] [stderr]   TARGET = Some("x86_64-unknown-linux-gnu")
[INFO] [stderr]   HOST = Some("x86_64-unknown-linux-gnu")
[INFO] [stderr]   CFLAGS_x86_64-unknown-linux-gnu = None
[INFO] [stderr]   CFLAGS_x86_64_unknown_linux_gnu = None
[INFO] [stderr]   HOST_CFLAGS = None
[INFO] [stderr]   CFLAGS = None
[INFO] [stderr]   running: "cc" "-O0" "-ffunction-sections" "-fdata-sections" "-g" "-m64" "-fPIC" "-o" "/opt/rustwide/target/debug/build/tcod-sys-0557ff77a2cf9aaf/out/libtcod/src/zlib/gzlib.o" "-c" "libtcod/src/zlib/gzlib.c"
[INFO] [stderr]   cargo:warning=libtcod/src/zlib/gzlib.c: In function 'gz_open':
[INFO] [stderr]   cargo:warning=libtcod/src/zlib/gzlib.c:14:17: warning: implicit declaration of function 'lseek'; did you mean 'fseek'? [-Wimplicit-function-declaration]
[INFO] [stderr]   cargo:warning=   14 | #  define LSEEK lseek
[INFO] [stderr]   cargo:warning=      |                 ^~~~~
[INFO] [stderr]   cargo:warning=libtcod/src/zlib/gzlib.c:250:24: note: in expansion of macro 'LSEEK'
[INFO] [stderr]   cargo:warning=  250 |         state->start = LSEEK(state->fd, 0, SEEK_CUR);
[INFO] [stderr]   cargo:warning=      |                        ^~~~~
[INFO] [stderr]   ExitStatus(unix_wait_status(0))
[INFO] [stderr]   TARGET = Some("x86_64-unknown-linux-gnu")
[INFO] [stderr]   OPT_LEVEL = Some("0")
[INFO] [stderr]   PROFILE = Some("debug")
[INFO] [stderr]   TARGET = Some("x86_64-unknown-linux-gnu")
[INFO] [stderr]   debug=true opt-level=0
[INFO] [stderr]   HOST = Some("x86_64-unknown-linux-gnu")
[INFO] [stderr]   TARGET = Some("x86_64-unknown-linux-gnu")
[INFO] [stderr]   TARGET = Some("x86_64-unknown-linux-gnu")
[INFO] [stderr]   HOST = Some("x86_64-unknown-linux-gnu")
[INFO] [stderr]   CC_x86_64-unknown-linux-gnu = None
[INFO] [stderr]   CC_x86_64_unknown_linux_gnu = None
[INFO] [stderr]   HOST_CC = None
[INFO] [stderr]   CC = None
[INFO] [stderr]   HOST = Some("x86_64-unknown-linux-gnu")
[INFO] [stderr]   TARGET = Some("x86_64-unknown-linux-gnu")
[INFO] [stderr]   HOST = Some("x86_64-unknown-linux-gnu")
[INFO] [stderr]   CFLAGS_x86_64-unknown-linux-gnu = None
[INFO] [stderr]   CFLAGS_x86_64_unknown_linux_gnu = None
[INFO] [stderr]   HOST_CFLAGS = None
[INFO] [stderr]   CFLAGS = None
[INFO] [stderr]   running: "cc" "-O0" "-ffunction-sections" "-fdata-sections" "-g" "-m64" "-fPIC" "-o" "/opt/rustwide/target/debug/build/tcod-sys-0557ff77a2cf9aaf/out/libtcod/src/zlib/gzread.o" "-c" "libtcod/src/zlib/gzread.c"
[INFO] [stderr]   cargo:warning=libtcod/src/zlib/gzread.c: In function 'gz_load':
[INFO] [stderr]   cargo:warning=libtcod/src/zlib/gzread.c:30:15: warning: implicit declaration of function 'read'; did you mean 'fread'? [-Wimplicit-function-declaration]
[INFO] [stderr]   cargo:warning=   30 |         ret = read(state->fd, buf + *have, len - *have);
[INFO] [stderr]   cargo:warning=      |               ^~~~
[INFO] [stderr]   cargo:warning=      |               fread
[INFO] [stderr]   cargo:warning=libtcod/src/zlib/gzread.c: In function 'gzclose_r':
[INFO] [stderr]   cargo:warning=libtcod/src/zlib/gzread.c:586:11: warning: implicit declaration of function 'close'; did you mean 'pclose'? [-Wimplicit-function-declaration]
[INFO] [stderr]   cargo:warning=  586 |     ret = close(state->fd);
[INFO] [stderr]   cargo:warning=      |           ^~~~~
[INFO] [stderr]   cargo:warning=      |           pclose
[INFO] [stderr]   ExitStatus(unix_wait_status(0))
[INFO] [stderr]   TARGET = Some("x86_64-unknown-linux-gnu")
[INFO] [stderr]   OPT_LEVEL = Some("0")
[INFO] [stderr]   PROFILE = Some("debug")
[INFO] [stderr]   TARGET = Some("x86_64-unknown-linux-gnu")
[INFO] [stderr]   debug=true opt-level=0
[INFO] [stderr]   HOST = Some("x86_64-unknown-linux-gnu")
[INFO] [stderr]   TARGET = Some("x86_64-unknown-linux-gnu")
[INFO] [stderr]   TARGET = Some("x86_64-unknown-linux-gnu")
[INFO] [stderr]   HOST = Some("x86_64-unknown-linux-gnu")
[INFO] [stderr]   CC_x86_64-unknown-linux-gnu = None
[INFO] [stderr]   CC_x86_64_unknown_linux_gnu = None
[INFO] [stderr]   HOST_CC = None
[INFO] [stderr]   CC = None
[INFO] [stderr]   HOST = Some("x86_64-unknown-linux-gnu")
[INFO] [stderr]   TARGET = Some("x86_64-unknown-linux-gnu")
[INFO] [stderr]   HOST = Some("x86_64-unknown-linux-gnu")
[INFO] [stderr]   CFLAGS_x86_64-unknown-linux-gnu = None
[INFO] [stderr]   CFLAGS_x86_64_unknown_linux_gnu = None
[INFO] [stderr]   HOST_CFLAGS = None
[INFO] [stderr]   CFLAGS = None
[INFO] [stderr]   running: "cc" "-O0" "-ffunction-sections" "-fdata-sections" "-g" "-m64" "-fPIC" "-o" "/opt/rustwide/target/debug/build/tcod-sys-0557ff77a2cf9aaf/out/libtcod/src/zlib/gzwrite.o" "-c" "libtcod/src/zlib/gzwrite.c"
[INFO] [stderr]   cargo:warning=libtcod/src/zlib/gzwrite.c: In function 'gz_comp':
[INFO] [stderr]   cargo:warning=libtcod/src/zlib/gzwrite.c:84:15: warning: implicit declaration of function 'write'; did you mean 'fwrite'? [-Wimplicit-function-declaration]
[INFO] [stderr]   cargo:warning=   84 |         got = write(state->fd, strm->next_in, strm->avail_in);
[INFO] [stderr]   cargo:warning=      |               ^~~~~
[INFO] [stderr]   cargo:warning=      |               fwrite
[INFO] [stderr]   cargo:warning=libtcod/src/zlib/gzwrite.c: In function 'gzclose_w':
[INFO] [stderr]   cargo:warning=libtcod/src/zlib/gzwrite.c:561:9: warning: implicit declaration of function 'close'; did you mean 'pclose'? [-Wimplicit-function-declaration]
[INFO] [stderr]   cargo:warning=  561 |     if (close(state->fd) == -1)
[INFO] [stderr]   cargo:warning=      |         ^~~~~
[INFO] [stderr]   cargo:warning=      |         pclose
[INFO] [stderr]   ExitStatus(unix_wait_status(0))
[INFO] [stderr]   TARGET = Some("x86_64-unknown-linux-gnu")
[INFO] [stderr]   TARGET = Some("x86_64-unknown-linux-gnu")
[INFO] [stderr]   HOST = Some("x86_64-unknown-linux-gnu")
[INFO] [stderr]   AR_x86_64-unknown-linux-gnu = None
[INFO] [stderr]   AR_x86_64_unknown_linux_gnu = None
[INFO] [stderr]   HOST_AR = None
[INFO] [stderr]   AR = None
[INFO] [stderr]   TARGET = Some("x86_64-unknown-linux-gnu")
[INFO] [stderr]   TARGET = Some("x86_64-unknown-linux-gnu")
[INFO] [stderr]   running: "ar" "crs" "/opt/rustwide/target/debug/build/tcod-sys-0557ff77a2cf9aaf/out/libz.a" "/opt/rustwide/target/debug/build/tcod-sys-0557ff77a2cf9aaf/out/libtcod/src/zlib/adler32.o" "/opt/rustwide/target/debug/build/tcod-sys-0557ff77a2cf9aaf/out/libtcod/src/zlib/crc32.o" "/opt/rustwide/target/debug/build/tcod-sys-0557ff77a2cf9aaf/out/libtcod/src/zlib/deflate.o" "/opt/rustwide/target/debug/build/tcod-sys-0557ff77a2cf9aaf/out/libtcod/src/zlib/infback.o" "/opt/rustwide/target/debug/build/tcod-sys-0557ff77a2cf9aaf/out/libtcod/src/zlib/inffast.o" "/opt/rustwide/target/debug/build/tcod-sys-0557ff77a2cf9aaf/out/libtcod/src/zlib/inflate.o" "/opt/rustwide/target/debug/build/tcod-sys-0557ff77a2cf9aaf/out/libtcod/src/zlib/inftrees.o" "/opt/rustwide/target/debug/build/tcod-sys-0557ff77a2cf9aaf/out/libtcod/src/zlib/trees.o" "/opt/rustwide/target/debug/build/tcod-sys-0557ff77a2cf9aaf/out/libtcod/src/zlib/zutil.o" "/opt/rustwide/target/debug/build/tcod-sys-0557ff77a2cf9aaf/out/libtcod/src/zlib/compress.o" "/opt/rustwide/target/debug/build/tcod-sys-0557ff77a2cf9aaf/out/libtcod/src/zlib/uncompr.o" "/opt/rustwide/target/debug/build/tcod-sys-0557ff77a2cf9aaf/out/libtcod/src/zlib/gzclose.o" "/opt/rustwide/target/debug/build/tcod-sys-0557ff77a2cf9aaf/out/libtcod/src/zlib/gzlib.o" "/opt/rustwide/target/debug/build/tcod-sys-0557ff77a2cf9aaf/out/libtcod/src/zlib/gzread.o" "/opt/rustwide/target/debug/build/tcod-sys-0557ff77a2cf9aaf/out/libtcod/src/zlib/gzwrite.o"
[INFO] [stderr]   ExitStatus(unix_wait_status(0))
[INFO] [stderr]   cargo:rustc-link-lib=static=z
[INFO] [stderr]   cargo:rustc-link-search=native=/opt/rustwide/target/debug/build/tcod-sys-0557ff77a2cf9aaf/out
[INFO] [stderr]   running: "cc" "-O0" "-ffunction-sections" "-fdata-sections" "-g" "-m64" "-fPIC" "-I" "libtcod/include" "-I" "libtcod/src/zlib" "-fno-strict-aliasing" "-ansi" "-o" "/opt/rustwide/target/debug/build/tcod-sys-0557ff77a2cf9aaf/out/libtcod/src/bresenham_c.o" "-c" "libtcod/src/bresenham_c.c"
[INFO] [stderr]   ExitStatus(unix_wait_status(0))
[INFO] [stderr]   running: "cc" "-O0" "-ffunction-sections" "-fdata-sections" "-g" "-m64" "-fPIC" "-I" "libtcod/include" "-I" "libtcod/src/zlib" "-fno-strict-aliasing" "-ansi" "-o" "/opt/rustwide/target/debug/build/tcod-sys-0557ff77a2cf9aaf/out/libtcod/src/bsp_c.o" "-c" "libtcod/src/bsp_c.c"
[INFO] [stderr]   ExitStatus(unix_wait_status(0))
[INFO] [stderr]   running: "cc" "-O0" "-ffunction-sections" "-fdata-sections" "-g" "-m64" "-fPIC" "-I" "libtcod/include" "-I" "libtcod/src/zlib" "-fno-strict-aliasing" "-ansi" "-o" "/opt/rustwide/target/debug/build/tcod-sys-0557ff77a2cf9aaf/out/libtcod/src/color_c.o" "-c" "libtcod/src/color_c.c"
[INFO] [stderr]   ExitStatus(unix_wait_status(0))
[INFO] [stderr]   running: "cc" "-O0" "-ffunction-sections" "-fdata-sections" "-g" "-m64" "-fPIC" "-I" "libtcod/include" "-I" "libtcod/src/zlib" "-fno-strict-aliasing" "-ansi" "-o" "/opt/rustwide/target/debug/build/tcod-sys-0557ff77a2cf9aaf/out/libtcod/src/console_c.o" "-c" "libtcod/src/console_c.c"
[INFO] [stderr]   ExitStatus(unix_wait_status(0))
[INFO] [stderr]   running: "cc" "-O0" "-ffunction-sections" "-fdata-sections" "-g" "-m64" "-fPIC" "-I" "libtcod/include" "-I" "libtcod/src/zlib" "-fno-strict-aliasing" "-ansi" "-o" "/opt/rustwide/target/debug/build/tcod-sys-0557ff77a2cf9aaf/out/libtcod/src/fov_c.o" "-c" "libtcod/src/fov_c.c"
[INFO] [stderr]   ExitStatus(unix_wait_status(0))
[INFO] [stderr]   running: "cc" "-O0" "-ffunction-sections" "-fdata-sections" "-g" "-m64" "-fPIC" "-I" "libtcod/include" "-I" "libtcod/src/zlib" "-fno-strict-aliasing" "-ansi" "-o" "/opt/rustwide/target/debug/build/tcod-sys-0557ff77a2cf9aaf/out/libtcod/src/fov_circular_raycasting.o" "-c" "libtcod/src/fov_circular_raycasting.c"
[INFO] [stderr]   ExitStatus(unix_wait_status(0))
[INFO] [stderr]   running: "cc" "-O0" "-ffunction-sections" "-fdata-sections" "-g" "-m64" "-fPIC" "-I" "libtcod/include" "-I" "libtcod/src/zlib" "-fno-strict-aliasing" "-ansi" "-o" "/opt/rustwide/target/debug/build/tcod-sys-0557ff77a2cf9aaf/out/libtcod/src/fov_diamond_raycasting.o" "-c" "libtcod/src/fov_diamond_raycasting.c"
[INFO] [stderr]   ExitStatus(unix_wait_status(0))
[INFO] [stderr]   running: "cc" "-O0" "-ffunction-sections" "-fdata-sections" "-g" "-m64" "-fPIC" "-I" "libtcod/include" "-I" "libtcod/src/zlib" "-fno-strict-aliasing" "-ansi" "-o" "/opt/rustwide/target/debug/build/tcod-sys-0557ff77a2cf9aaf/out/libtcod/src/fov_recursive_shadowcasting.o" "-c" "libtcod/src/fov_recursive_shadowcasting.c"
[INFO] [stderr]   ExitStatus(unix_wait_status(0))
[INFO] [stderr]   running: "cc" "-O0" "-ffunction-sections" "-fdata-sections" "-g" "-m64" "-fPIC" "-I" "libtcod/include" "-I" "libtcod/src/zlib" "-fno-strict-aliasing" "-ansi" "-o" "/opt/rustwide/target/debug/build/tcod-sys-0557ff77a2cf9aaf/out/libtcod/src/fov_permissive2.o" "-c" "libtcod/src/fov_permissive2.c"
[INFO] [stderr]   ExitStatus(unix_wait_status(0))
[INFO] [stderr]   running: "cc" "-O0" "-ffunction-sections" "-fdata-sections" "-g" "-m64" "-fPIC" "-I" "libtcod/include" "-I" "libtcod/src/zlib" "-fno-strict-aliasing" "-ansi" "-o" "/opt/rustwide/target/debug/build/tcod-sys-0557ff77a2cf9aaf/out/libtcod/src/fov_restrictive.o" "-c" "libtcod/src/fov_restrictive.c"
[INFO] [stderr]   ExitStatus(unix_wait_status(0))
[INFO] [stderr]   running: "cc" "-O0" "-ffunction-sections" "-fdata-sections" "-g" "-m64" "-fPIC" "-I" "libtcod/include" "-I" "libtcod/src/zlib" "-fno-strict-aliasing" "-ansi" "-o" "/opt/rustwide/target/debug/build/tcod-sys-0557ff77a2cf9aaf/out/libtcod/src/heightmap_c.o" "-c" "libtcod/src/heightmap_c.c"
[INFO] [stderr]   ExitStatus(unix_wait_status(0))
[INFO] [stderr]   running: "cc" "-O0" "-ffunction-sections" "-fdata-sections" "-g" "-m64" "-fPIC" "-I" "libtcod/include" "-I" "libtcod/src/zlib" "-fno-strict-aliasing" "-ansi" "-o" "/opt/rustwide/target/debug/build/tcod-sys-0557ff77a2cf9aaf/out/libtcod/src/image_c.o" "-c" "libtcod/src/image_c.c"
[INFO] [stderr]   ExitStatus(unix_wait_status(0))
[INFO] [stderr]   running: "cc" "-O0" "-ffunction-sections" "-fdata-sections" "-g" "-m64" "-fPIC" "-I" "libtcod/include" "-I" "libtcod/src/zlib" "-fno-strict-aliasing" "-ansi" "-o" "/opt/rustwide/target/debug/build/tcod-sys-0557ff77a2cf9aaf/out/libtcod/src/lex_c.o" "-c" "libtcod/src/lex_c.c"
[INFO] [stderr]   ExitStatus(unix_wait_status(0))
[INFO] [stderr]   running: "cc" "-O0" "-ffunction-sections" "-fdata-sections" "-g" "-m64" "-fPIC" "-I" "libtcod/include" "-I" "libtcod/src/zlib" "-fno-strict-aliasing" "-ansi" "-o" "/opt/rustwide/target/debug/build/tcod-sys-0557ff77a2cf9aaf/out/libtcod/src/list_c.o" "-c" "libtcod/src/list_c.c"
[INFO] [stderr]   ExitStatus(unix_wait_status(0))
[INFO] [stderr]   running: "cc" "-O0" "-ffunction-sections" "-fdata-sections" "-g" "-m64" "-fPIC" "-I" "libtcod/include" "-I" "libtcod/src/zlib" "-fno-strict-aliasing" "-ansi" "-o" "/opt/rustwide/target/debug/build/tcod-sys-0557ff77a2cf9aaf/out/libtcod/src/mersenne_c.o" "-c" "libtcod/src/mersenne_c.c"
[INFO] [stderr]   ExitStatus(unix_wait_status(0))
[INFO] [stderr]   running: "cc" "-O0" "-ffunction-sections" "-fdata-sections" "-g" "-m64" "-fPIC" "-I" "libtcod/include" "-I" "libtcod/src/zlib" "-fno-strict-aliasing" "-ansi" "-o" "/opt/rustwide/target/debug/build/tcod-sys-0557ff77a2cf9aaf/out/libtcod/src/noise_c.o" "-c" "libtcod/src/noise_c.c"
[INFO] [stderr]   ExitStatus(unix_wait_status(0))
[INFO] [stderr]   running: "cc" "-O0" "-ffunction-sections" "-fdata-sections" "-g" "-m64" "-fPIC" "-I" "libtcod/include" "-I" "libtcod/src/zlib" "-fno-strict-aliasing" "-ansi" "-o" "/opt/rustwide/target/debug/build/tcod-sys-0557ff77a2cf9aaf/out/libtcod/src/parser_c.o" "-c" "libtcod/src/parser_c.c"
[INFO] [stderr]   cargo:warning=libtcod/src/parser_c.c: In function 'TCOD_parser_error':
[INFO] [stderr]   cargo:warning=libtcod/src/parser_c.c:89:45: warning: '%s' directive writing up to 2047 bytes into a region of size 2029 [-Wformat-overflow=]
[INFO] [stderr]   cargo:warning=   89 |         sprintf(buf2,"error in %s line %d : %s",lex->filename,lex->file_line,buf);
[INFO] [stderr]   cargo:warning=      |                                             ^~                               ~~~
[INFO] [stderr]   cargo:warning=libtcod/src/parser_c.c:89:9: note: 'sprintf' output 20 or more bytes (assuming 2067) into a destination of size 2048
[INFO] [stderr]   cargo:warning=   89 |         sprintf(buf2,"error in %s line %d : %s",lex->filename,lex->file_line,buf);
[INFO] [stderr]   cargo:warning=      |         ^~~~~~~~~~~~~~~~~~~~~~~~~~~~~~~~~~~~~~~~~~~~~~~~~~~~~~~~~~~~~~~~~~~~~~~~~
[INFO] [stderr]   cargo:warning=libtcod/src/parser_c.c: In function 'default_new_flag':
[INFO] [stderr]   cargo:warning=libtcod/src/parser_c.c:781:27: warning: 'sprintf' may write a terminating nul past the end of the destination [-Wformat-overflow=]
[INFO] [stderr]   cargo:warning=  781 |         sprintf(tmp,"%s.%s",cur_prop_name,name);
[INFO] [stderr]   cargo:warning=      |                           ^
[INFO] [stderr]   cargo:warning=libtcod/src/parser_c.c:781:9: note: 'sprintf' output 2 or more bytes (assuming 513) into a destination of size 512
[INFO] [stderr]   cargo:warning=  781 |         sprintf(tmp,"%s.%s",cur_prop_name,name);
[INFO] [stderr]   cargo:warning=      |         ^~~~~~~~~~~~~~~~~~~~~~~~~~~~~~~~~~~~~~~
[INFO] [stderr]   cargo:warning=libtcod/src/parser_c.c: In function 'default_new_property':
[INFO] [stderr]   cargo:warning=libtcod/src/parser_c.c:792:27: warning: 'sprintf' may write a terminating nul past the end of the destination [-Wformat-overflow=]
[INFO] [stderr]   cargo:warning=  792 |         sprintf(tmp,"%s.%s",cur_prop_name,propname);
[INFO] [stderr]   cargo:warning=      |                           ^
[INFO] [stderr]   cargo:warning=libtcod/src/parser_c.c:792:9: note: 'sprintf' output 2 or more bytes (assuming 513) into a destination of size 512
[INFO] [stderr]   cargo:warning=  792 |         sprintf(tmp,"%s.%s",cur_prop_name,propname);
[INFO] [stderr]   cargo:warning=      |         ^~~~~~~~~~~~~~~~~~~~~~~~~~~~~~~~~~~~~~~~~~~
[INFO] [stderr]   ExitStatus(unix_wait_status(0))
[INFO] [stderr]   running: "cc" "-O0" "-ffunction-sections" "-fdata-sections" "-g" "-m64" "-fPIC" "-I" "libtcod/include" "-I" "libtcod/src/zlib" "-fno-strict-aliasing" "-ansi" "-o" "/opt/rustwide/target/debug/build/tcod-sys-0557ff77a2cf9aaf/out/libtcod/src/path_c.o" "-c" "libtcod/src/path_c.c"
[INFO] [stderr]   ExitStatus(unix_wait_status(0))
[INFO] [stderr]   running: "cc" "-O0" "-ffunction-sections" "-fdata-sections" "-g" "-m64" "-fPIC" "-I" "libtcod/include" "-I" "libtcod/src/zlib" "-fno-strict-aliasing" "-ansi" "-o" "/opt/rustwide/target/debug/build/tcod-sys-0557ff77a2cf9aaf/out/libtcod/src/sys_c.o" "-c" "libtcod/src/sys_c.c"
[INFO] [stderr]   cargo:warning=libtcod/src/sys_c.c: In function 'TCOD_sys_get_directory_content':
[INFO] [stderr]   cargo:warning=libtcod/src/sys_c.c:159:53: warning: passing argument 2 of 'TCOD_list_push' makes pointer from integer without a cast [-Wint-conversion]
[INFO] [stderr]   cargo:warning=  159 |                                 TCOD_list_push(list,strdup(dirent->d_name));
[INFO] [stderr]   cargo:warning=      |                                                     ^~~~~~~~~~~~~~~~~~~~~~
[INFO] [stderr]   cargo:warning=      |                                                     |
[INFO] [stderr]   cargo:warning=      |                                                     int
[INFO] [stderr]   cargo:warning=In file included from libtcod/include/libtcod.h:178,
[INFO] [stderr]   cargo:warning=                 from libtcod/src/sys_c.c:41:
[INFO] [stderr]   cargo:warning=libtcod/include/list.h:37:61: note: expected 'const void *' but argument is of type 'int'
[INFO] [stderr]   cargo:warning=   37 | TCODLIB_API void TCOD_list_push(TCOD_list_t l, const void * elt);
[INFO] [stderr]   cargo:warning=      |                                                ~~~~~~~~~~~~~^~~
[INFO] [stderr]   cargo:warning=libtcod/src/sys_c.c: In function 'TCOD_sys_clipboard_get':
[INFO] [stderr]   cargo:warning=libtcod/src/sys_c.c:645:19: warning: initialization of 'char *' from 'int' makes pointer from integer without a cast [-Wint-conversion]
[INFO] [stderr]   cargo:warning=  645 |         char *ret=strdup(xbuf);
[INFO] [stderr]   cargo:warning=      |                   ^~~~~~
[INFO] [stderr]   ExitStatus(unix_wait_status(0))
[INFO] [stderr]   running: "cc" "-O0" "-ffunction-sections" "-fdata-sections" "-g" "-m64" "-fPIC" "-I" "libtcod/include" "-I" "libtcod/src/zlib" "-fno-strict-aliasing" "-ansi" "-o" "/opt/rustwide/target/debug/build/tcod-sys-0557ff77a2cf9aaf/out/libtcod/src/sys_opengl_c.o" "-c" "libtcod/src/sys_opengl_c.c"
[INFO] [stderr]   cargo:warning=libtcod/src/sys_opengl_c.c:35:10: fatal error: SDL/SDL.h: No such file or directory
[INFO] [stderr]   cargo:warning=   35 | #include <SDL/SDL.h>
[INFO] [stderr]   cargo:warning=      |          ^~~~~~~~~~~
[INFO] [stderr]   cargo:warning=compilation terminated.
[INFO] [stderr]   ExitStatus(unix_wait_status(256))
[INFO] [stderr] 
[INFO] [stderr] 
[INFO] [stderr]   command did not execute successfully, got: exit status: 1
[INFO] [stderr] 
[INFO] [stderr] 
[INFO] [stderr] 
[INFO] [stderr]   --- stderr
[INFO] [stderr]   thread 'main' panicked at 'explicit panic', /opt/rustwide/cargo-home/registry/src/index.crates.io-6f17d22bba15001f/gcc-0.3.38/src/lib.rs:958:5
[INFO] [stderr]   stack backtrace:
[INFO] [stderr]      0:     0x55eee5b5909a - std::backtrace_rs::backtrace::libunwind::trace::h2f05d0192276a8f6
[INFO] [stderr]                                  at /rustc/1b7dd2252b99671ce5d1cb9664c5f8636329436d/library/std/src/../../backtrace/src/backtrace/libunwind.rs:93:5
[INFO] [stderr]      1:     0x55eee5b5909a - std::backtrace_rs::backtrace::trace_unsynchronized::hedc23dff7a1af150
[INFO] [stderr]                                  at /rustc/1b7dd2252b99671ce5d1cb9664c5f8636329436d/library/std/src/../../backtrace/src/backtrace/mod.rs:66:5
[INFO] [stderr]      2:     0x55eee5b5909a - std::sys_common::backtrace::_print_fmt::h17541ef7592f3ce2
[INFO] [stderr]                                  at /rustc/1b7dd2252b99671ce5d1cb9664c5f8636329436d/library/std/src/sys_common/backtrace.rs:65:5
[INFO] [stderr]      3:     0x55eee5b5909a - <std::sys_common::backtrace::_print::DisplayBacktrace as core::fmt::Display>::fmt::h20f75df5ab0c0792
[INFO] [stderr]                                  at /rustc/1b7dd2252b99671ce5d1cb9664c5f8636329436d/library/std/src/sys_common/backtrace.rs:44:22
[INFO] [stderr]      4:     0x55eee5b789cf - core::fmt::write::h78109e6f466b3af6
[INFO] [stderr]                                  at /rustc/1b7dd2252b99671ce5d1cb9664c5f8636329436d/library/core/src/fmt/mod.rs:1254:17
[INFO] [stderr]      5:     0x55eee5b55e35 - std::io::Write::write_fmt::hc59e1b02dd273c8a
[INFO] [stderr]                                  at /rustc/1b7dd2252b99671ce5d1cb9664c5f8636329436d/library/std/src/io/mod.rs:1698:15
[INFO] [stderr]      6:     0x55eee5b58e65 - std::sys_common::backtrace::_print::h8dac57a9f8fbf9a5
[INFO] [stderr]                                  at /rustc/1b7dd2252b99671ce5d1cb9664c5f8636329436d/library/std/src/sys_common/backtrace.rs:47:5
[INFO] [stderr]      7:     0x55eee5b58e65 - std::sys_common::backtrace::print::hf9ecbf41d1aa712f
[INFO] [stderr]                                  at /rustc/1b7dd2252b99671ce5d1cb9664c5f8636329436d/library/std/src/sys_common/backtrace.rs:34:9
[INFO] [stderr]      8:     0x55eee5b5a60e - std::panicking::default_hook::{{closure}}::h04c07acfc84ca028
[INFO] [stderr]                                  at /rustc/1b7dd2252b99671ce5d1cb9664c5f8636329436d/library/std/src/panicking.rs:269:22
[INFO] [stderr]      9:     0x55eee5b5a3b5 - std::panicking::default_hook::h01f6bb23e1eceb2c
[INFO] [stderr]                                  at /rustc/1b7dd2252b99671ce5d1cb9664c5f8636329436d/library/std/src/panicking.rs:288:9
[INFO] [stderr]     10:     0x55eee5b5ab6e - std::panicking::rust_panic_with_hook::h2bb3722bbaf2f6df
[INFO] [stderr]                                  at /rustc/1b7dd2252b99671ce5d1cb9664c5f8636329436d/library/std/src/panicking.rs:691:13
[INFO] [stderr]     11:     0x55eee5b306fa - std::panicking::begin_panic::{{closure}}::h22b0adb4468efe99
[INFO] [stderr]     12:     0x55eee5b1a28a - std::sys_common::backtrace::__rust_end_short_backtrace::he9c9f9f0ad4ece61
[INFO] [stderr]     13:     0x55eee5b3064b - std::panicking::begin_panic::h105b31e91d6a0d82
[INFO] [stderr]     14:     0x55eee5b2b504 - gcc::fail::h6349dbefddbf6710
[INFO] [stderr]     15:     0x55eee5b2b43f - gcc::run::h4cb7c4bf5afc6edb
[INFO] [stderr]     16:     0x55eee5b23291 - gcc::Config::compile_object::hb653c791a7b69328
[INFO] [stderr]     17:     0x55eee5b22b16 - gcc::Config::compile_objects::h2f8a27756eb2a7dc
[INFO] [stderr]     18:     0x55eee5b22390 - gcc::Config::compile::h5190133c304a2081
[INFO] [stderr]     19:     0x55eee5b02fda - build_script_build::build_libtcod_objects::h201329ae55ea0d2b
[INFO] [stderr]     20:     0x55eee5b03abf - build_script_build::main::hefb47e6a655c9263
[INFO] [stderr]     21:     0x55eee5b07443 - core::ops::function::FnOnce::call_once::h3ccbf0afd7f5b534
[INFO] [stderr]     22:     0x55eee5b06e16 - std::sys_common::backtrace::__rust_begin_short_backtrace::h390811bfe7d03aaf
[INFO] [stderr]     23:     0x55eee5b06e69 - std::rt::lang_start::{{closure}}::h17bf96118a50caaa
[INFO] [stderr]     24:     0x55eee5b52dce - core::ops::function::impls::<impl core::ops::function::FnOnce<A> for &F>::call_once::h2eb19b8ce4148df4
[INFO] [stderr]                                  at /rustc/1b7dd2252b99671ce5d1cb9664c5f8636329436d/library/core/src/ops/function.rs:287:13
[INFO] [stderr]     25:     0x55eee5b52dce - std::panicking::try::do_call::h2e900feff5d504c5
[INFO] [stderr]                                  at /rustc/1b7dd2252b99671ce5d1cb9664c5f8636329436d/library/std/src/panicking.rs:485:40
[INFO] [stderr]     26:     0x55eee5b52dce - std::panicking::try::h8854836cb85aa9f2
[INFO] [stderr]                                  at /rustc/1b7dd2252b99671ce5d1cb9664c5f8636329436d/library/std/src/panicking.rs:449:19
[INFO] [stderr]     27:     0x55eee5b52dce - std::panic::catch_unwind::h706025dd4c48f64b
[INFO] [stderr]                                  at /rustc/1b7dd2252b99671ce5d1cb9664c5f8636329436d/library/std/src/panic.rs:140:14
[INFO] [stderr]     28:     0x55eee5b52dce - std::rt::lang_start_internal::{{closure}}::h7be5b97f4a07a91a
[INFO] [stderr]                                  at /rustc/1b7dd2252b99671ce5d1cb9664c5f8636329436d/library/std/src/rt.rs:148:48
[INFO] [stderr]     29:     0x55eee5b52dce - std::panicking::try::do_call::h59847e9d0a176965
[INFO] [stderr]                                  at /rustc/1b7dd2252b99671ce5d1cb9664c5f8636329436d/library/std/src/panicking.rs:485:40
[INFO] [stderr]     30:     0x55eee5b52dce - std::panicking::try::h399a918ba8522823
[INFO] [stderr]                                  at /rustc/1b7dd2252b99671ce5d1cb9664c5f8636329436d/library/std/src/panicking.rs:449:19
[INFO] [stderr]     31:     0x55eee5b52dce - std::panic::catch_unwind::hca7ca6c55b2a2e26
[INFO] [stderr]                                  at /rustc/1b7dd2252b99671ce5d1cb9664c5f8636329436d/library/std/src/panic.rs:140:14
[INFO] [stderr]     32:     0x55eee5b52dce - std::rt::lang_start_internal::h2c807a81560459eb
[INFO] [stderr]                                  at /rustc/1b7dd2252b99671ce5d1cb9664c5f8636329436d/library/std/src/rt.rs:148:20
[INFO] [stderr]     33:     0x55eee5b06e47 - std::rt::lang_start::h31e6310ad911f36d
[INFO] [stderr]     34:     0x55eee5b06dd5 - main
[INFO] [stderr]     35:     0x7fbefc801d90 - <unknown>
[INFO] [stderr]     36:     0x7fbefc801e40 - __libc_start_main
[INFO] [stderr]     37:     0x55eee5b02d25 - _start
[INFO] [stderr]     38:                0x0 - <unknown>
[INFO] running `Command { std: "docker" "inspect" "90ff70c27a35abe280a0d53df4d10956ae8c6a6386ab245e5b08e0f51b3058fa", kill_on_drop: false }`
[INFO] running `Command { std: "docker" "rm" "-f" "90ff70c27a35abe280a0d53df4d10956ae8c6a6386ab245e5b08e0f51b3058fa", kill_on_drop: false }`
[INFO] [stdout] 90ff70c27a35abe280a0d53df4d10956ae8c6a6386ab245e5b08e0f51b3058fa
