[INFO] cloning repository https://github.com/kurnevsky/rusty-cage
[INFO] running `Command { std: "git" "-c" "credential.helper=" "-c" "credential.helper=/workspace/cargo-home/bin/git-credential-null" "clone" "--bare" "https://github.com/kurnevsky/rusty-cage" "/workspace/cache/git-repos/https%3A%2F%2Fgithub.com%2Fkurnevsky%2Frusty-cage", kill_on_drop: false }`
[INFO] [stderr] Cloning into bare repository '/workspace/cache/git-repos/https%3A%2F%2Fgithub.com%2Fkurnevsky%2Frusty-cage'...
[INFO] running `Command { std: "git" "rev-parse" "HEAD", kill_on_drop: false }`
[INFO] [stdout] 6537019267a0a172ed9863d54631bdfb2a365066
[INFO] documenting kurnevsky/rusty-cage against 1.69.0 for beta-1.70-rustdoc-1
[INFO] running `Command { std: "git" "clone" "/workspace/cache/git-repos/https%3A%2F%2Fgithub.com%2Fkurnevsky%2Frusty-cage" "/workspace/builds/worker-4-tc1/source", kill_on_drop: false }`
[INFO] [stderr] Cloning into '/workspace/builds/worker-4-tc1/source'...
[INFO] [stderr] done.
[INFO] validating manifest of git repo https://github.com/kurnevsky/rusty-cage on toolchain 1.69.0
[INFO] running `Command { std: CARGO_HOME="/workspace/cargo-home" RUSTUP_HOME="/workspace/rustup-home" "/workspace/cargo-home/bin/cargo" "+1.69.0" "metadata" "--manifest-path" "Cargo.toml" "--no-deps", kill_on_drop: false }`
[INFO] started tweaking git repo https://github.com/kurnevsky/rusty-cage
[INFO] finished tweaking git repo https://github.com/kurnevsky/rusty-cage
[INFO] tweaked toml for git repo https://github.com/kurnevsky/rusty-cage written to /workspace/builds/worker-4-tc1/source/Cargo.toml
[INFO] crate git repo https://github.com/kurnevsky/rusty-cage already has a lockfile, it will not be regenerated
[INFO] running `Command { std: CARGO_HOME="/workspace/cargo-home" RUSTUP_HOME="/workspace/rustup-home" "/workspace/cargo-home/bin/cargo" "+1.69.0" "fetch" "--manifest-path" "Cargo.toml", kill_on_drop: false }`
[INFO] [stderr]  Downloading crates ...
[INFO] [stderr]   Downloaded clap v2.19.2
[INFO] [stderr]   Downloaded phf_macros v0.7.20
[INFO] running `Command { std: "docker" "create" "-v" "/var/lib/crater-agent-workspace/builds/worker-4-tc1/target:/opt/rustwide/target:rw,Z" "-v" "/var/lib/crater-agent-workspace/builds/worker-4-tc1/source:/opt/rustwide/workdir:ro,Z" "-v" "/var/lib/crater-agent-workspace/cargo-home:/opt/rustwide/cargo-home:ro,Z" "-v" "/var/lib/crater-agent-workspace/rustup-home:/opt/rustwide/rustup-home:ro,Z" "-e" "SOURCE_DIR=/opt/rustwide/workdir" "-e" "CARGO_TARGET_DIR=/opt/rustwide/target" "-e" "CARGO_HOME=/opt/rustwide/cargo-home" "-e" "RUSTUP_HOME=/opt/rustwide/rustup-home" "-w" "/opt/rustwide/workdir" "-m" "1610612736" "--user" "0:0" "--network" "none" "ghcr.io/rust-lang/crates-build-env/linux@sha256:5ff2268d62e97bff2cde7d5815dd6ed5b47097566f13b8d0ca110b04b60e07ed" "/opt/rustwide/cargo-home/bin/cargo" "+1.69.0" "metadata" "--no-deps" "--format-version=1", kill_on_drop: false }`
[INFO] [stdout] 2bd682120df776bff25e7b8627a473d7b17acacec084ee556e4050aa6dbfb84f
[INFO] running `Command { std: "docker" "start" "-a" "2bd682120df776bff25e7b8627a473d7b17acacec084ee556e4050aa6dbfb84f", kill_on_drop: false }`
[INFO] running `Command { std: "docker" "inspect" "2bd682120df776bff25e7b8627a473d7b17acacec084ee556e4050aa6dbfb84f", kill_on_drop: false }`
[INFO] running `Command { std: "docker" "rm" "-f" "2bd682120df776bff25e7b8627a473d7b17acacec084ee556e4050aa6dbfb84f", kill_on_drop: false }`
[INFO] [stdout] 2bd682120df776bff25e7b8627a473d7b17acacec084ee556e4050aa6dbfb84f
[INFO] running `Command { std: "docker" "create" "-v" "/var/lib/crater-agent-workspace/builds/worker-4-tc1/target:/opt/rustwide/target:rw,Z" "-v" "/var/lib/crater-agent-workspace/builds/worker-4-tc1/source:/opt/rustwide/workdir:ro,Z" "-v" "/var/lib/crater-agent-workspace/cargo-home:/opt/rustwide/cargo-home:ro,Z" "-v" "/var/lib/crater-agent-workspace/rustup-home:/opt/rustwide/rustup-home:ro,Z" "-e" "SOURCE_DIR=/opt/rustwide/workdir" "-e" "CARGO_TARGET_DIR=/opt/rustwide/target" "-e" "CARGO_INCREMENTAL=0" "-e" "RUST_BACKTRACE=full" "-e" "RUSTFLAGS=--cap-lints=warn" "-e" "RUSTDOCFLAGS=--cap-lints=warn" "-e" "CARGO_HOME=/opt/rustwide/cargo-home" "-e" "RUSTUP_HOME=/opt/rustwide/rustup-home" "-w" "/opt/rustwide/workdir" "-m" "1610612736" "--user" "0:0" "--network" "none" "ghcr.io/rust-lang/crates-build-env/linux@sha256:5ff2268d62e97bff2cde7d5815dd6ed5b47097566f13b8d0ca110b04b60e07ed" "/opt/rustwide/cargo-home/bin/cargo" "+1.69.0" "doc" "--frozen" "--no-deps" "--document-private-items" "--message-format=json", kill_on_drop: false }`
[INFO] [stdout] 704206021f16fb2950387ffbcf9fee97defa475580743ad79722ad1b9fa8526e
[INFO] running `Command { std: "docker" "start" "-a" "704206021f16fb2950387ffbcf9fee97defa475580743ad79722ad1b9fa8526e", kill_on_drop: false }`
[INFO] [stderr]    Compiling libc v0.2.18
[INFO] [stderr]    Compiling phf_shared v0.7.20
[INFO] [stderr]     Checking bitflags v0.7.0
[INFO] [stderr]     Checking unicode-width v0.1.4
[INFO] [stderr]     Checking vec_map v0.6.0
[INFO] [stderr]     Checking strsim v0.5.2
[INFO] [stderr]     Checking ansi_term v0.9.0
[INFO] [stderr]     Checking unicode-segmentation v0.1.3
[INFO] [stderr]     Checking cfg-if v0.1.0
[INFO] [stderr]     Checking phf v0.7.20
[INFO] [stderr]    Compiling rand v0.3.15
[INFO] [stderr]     Checking term_size v0.2.1
[INFO] [stderr]     Checking clap v2.19.2
[INFO] [stderr]    Compiling phf_generator v0.7.20
[INFO] [stderr]    Compiling phf_macros v0.7.20
[INFO] [stdout] error[E0557]: feature has been removed
[INFO] [stdout]   --> /opt/rustwide/cargo-home/registry/src/github.com-1ecc6299db9ec823/phf_macros-0.7.20/src/lib.rs:34:12
[INFO] [stdout]    |
[INFO] [stdout] 34 | #![feature(plugin_registrar, quote, rustc_private)]
[INFO] [stdout]    |            ^^^^^^^^^^^^^^^^ feature has been removed
[INFO] [stdout]    |
[INFO] [stdout]    = note: a __rustc_plugin_registrar symbol must now be defined instead
[INFO] [stdout] 
[INFO] [stdout] 
[INFO] [stdout] error[E0557]: feature has been removed
[INFO] [stdout]   --> /opt/rustwide/cargo-home/registry/src/github.com-1ecc6299db9ec823/phf_macros-0.7.20/src/lib.rs:34:30
[INFO] [stdout]    |
[INFO] [stdout] 34 | #![feature(plugin_registrar, quote, rustc_private)]
[INFO] [stdout]    |                              ^^^^^ feature has been removed
[INFO] [stdout] 
[INFO] [stdout] 
[INFO] [stdout] error[E0463]: can't find crate for `syntax`
[INFO] [stdout]   --> /opt/rustwide/cargo-home/registry/src/github.com-1ecc6299db9ec823/phf_macros-0.7.20/src/lib.rs:36:1
[INFO] [stdout]    |
[INFO] [stdout] 36 | extern crate syntax;
[INFO] [stdout]    | ^^^^^^^^^^^^^^^^^^^^ can't find crate
[INFO] [stdout] 
[INFO] [stdout] 
[INFO] [stdout] error[E0463]: can't find crate for `rustc_plugin`
[INFO] [stdout]   --> /opt/rustwide/cargo-home/registry/src/github.com-1ecc6299db9ec823/phf_macros-0.7.20/src/lib.rs:39:1
[INFO] [stdout]    |
[INFO] [stdout] 39 | extern crate rustc_plugin;
[INFO] [stdout]    | ^^^^^^^^^^^^^^^^^^^^^^^^^^ can't find crate
[INFO] [stdout]    |
[INFO] [stdout]    = help: maybe you need to install the missing components with: `rustup component add rust-src rustc-dev llvm-tools-preview`
[INFO] [stdout] 
[INFO] [stdout] 
[INFO] [stdout] error: cannot find macro `quote_expr` in this scope
[INFO] [stdout]   --> /opt/rustwide/cargo-home/registry/src/github.com-1ecc6299db9ec823/phf_macros-0.7.20/src/util.rs:93:39
[INFO] [stdout]    |
[INFO] [stdout] 93 |                      .map(|&(d1, d2)| quote_expr!(&*cx, ($d1, $d2)))
[INFO] [stdout]    |                                       ^^^^^^^^^^
[INFO] [stdout] 
[INFO] [stdout] 
[INFO] [stdout] error: cannot find macro `quote_expr` in this scope
[INFO] [stdout]    --> /opt/rustwide/cargo-home/registry/src/github.com-1ecc6299db9ec823/phf_macros-0.7.20/src/util.rs:101:28
[INFO] [stdout]     |
[INFO] [stdout] 101 | ...                   quote_expr!(&*cx, ($key, $value))
[INFO] [stdout]     |                       ^^^^^^^^^^
[INFO] [stdout] 
[INFO] [stdout] 
[INFO] [stdout] error: cannot find macro `quote_expr` in this scope
[INFO] [stdout]    --> /opt/rustwide/cargo-home/registry/src/github.com-1ecc6299db9ec823/phf_macros-0.7.20/src/util.rs:107:20
[INFO] [stdout]     |
[INFO] [stdout] 107 |     MacEager::expr(quote_expr!(cx, ::phf::Map {
[INFO] [stdout]     |                    ^^^^^^^^^^
[INFO] [stdout] 
[INFO] [stdout] 
[INFO] [stdout] error: cannot find macro `quote_expr` in this scope
[INFO] [stdout]    --> /opt/rustwide/cargo-home/registry/src/github.com-1ecc6299db9ec823/phf_macros-0.7.20/src/util.rs:120:20
[INFO] [stdout]     |
[INFO] [stdout] 120 |     MacEager::expr(quote_expr!(cx, ::phf::Set { map: $map }))
[INFO] [stdout]     |                    ^^^^^^^^^^
[INFO] [stdout] 
[INFO] [stdout] 
[INFO] [stdout] error: cannot find macro `quote_expr` in this scope
[INFO] [stdout]    --> /opt/rustwide/cargo-home/registry/src/github.com-1ecc6299db9ec823/phf_macros-0.7.20/src/util.rs:130:39
[INFO] [stdout]     |
[INFO] [stdout] 130 |                      .map(|&(d1, d2)| quote_expr!(&*cx, ($d1, $d2)))
[INFO] [stdout]     |                                       ^^^^^^^^^^
[INFO] [stdout] 
[INFO] [stdout] 
[INFO] [stdout] error: cannot find macro `quote_expr` in this scope
[INFO] [stdout]    --> /opt/rustwide/cargo-home/registry/src/github.com-1ecc6299db9ec823/phf_macros-0.7.20/src/util.rs:134:44
[INFO] [stdout]     |
[INFO] [stdout] 134 |     let idxs = state.map.iter().map(|&idx| quote_expr!(&*cx, $idx)).collect();
[INFO] [stdout]     |                                            ^^^^^^^^^^
[INFO] [stdout] 
[INFO] [stdout] 
[INFO] [stdout] error: cannot find macro `quote_expr` in this scope
[INFO] [stdout]    --> /opt/rustwide/cargo-home/registry/src/github.com-1ecc6299db9ec823/phf_macros-0.7.20/src/util.rs:139:30
[INFO] [stdout]     |
[INFO] [stdout] 139 | ...                   quote_expr!(&*cx, ($key, $value))
[INFO] [stdout]     |                       ^^^^^^^^^^
[INFO] [stdout] 
[INFO] [stdout] 
[INFO] [stdout] error: cannot find macro `quote_expr` in this scope
[INFO] [stdout]    --> /opt/rustwide/cargo-home/registry/src/github.com-1ecc6299db9ec823/phf_macros-0.7.20/src/util.rs:145:20
[INFO] [stdout]     |
[INFO] [stdout] 145 |     MacEager::expr(quote_expr!(cx, ::phf::OrderedMap {
[INFO] [stdout]     |                    ^^^^^^^^^^
[INFO] [stdout] 
[INFO] [stdout] 
[INFO] [stdout] error: cannot find macro `quote_expr` in this scope
[INFO] [stdout]    --> /opt/rustwide/cargo-home/registry/src/github.com-1ecc6299db9ec823/phf_macros-0.7.20/src/util.rs:159:20
[INFO] [stdout]     |
[INFO] [stdout] 159 |     MacEager::expr(quote_expr!(cx, ::phf::OrderedSet { map: $map }))
[INFO] [stdout]     |                    ^^^^^^^^^^
[INFO] [stdout] 
[INFO] [stdout] 
[INFO] [stdout] error: cannot find attribute `plugin_registrar` in this scope
[INFO] [stdout]   --> /opt/rustwide/cargo-home/registry/src/github.com-1ecc6299db9ec823/phf_macros-0.7.20/src/lib.rs:70:3
[INFO] [stdout]    |
[INFO] [stdout] 70 | #[plugin_registrar]
[INFO] [stdout]    |   ^^^^^^^^^^^^^^^^
[INFO] [stdout] 
[INFO] [stdout] 
[INFO] [stdout] error: cannot find macro `quote_expr` in this scope
[INFO] [stdout]    --> /opt/rustwide/cargo-home/registry/src/github.com-1ecc6299db9ec823/phf_macros-0.7.20/src/lib.rs:208:17
[INFO] [stdout]     |
[INFO] [stdout] 208 |     let value = quote_expr!(&*cx, ());
[INFO] [stdout]     |                 ^^^^^^^^^^
[INFO] [stdout] 
[INFO] [stdout] 
[INFO] [stdout] error[E0554]: `#![feature]` may not be used on the stable release channel
[INFO] [stdout]   --> /opt/rustwide/cargo-home/registry/src/github.com-1ecc6299db9ec823/phf_macros-0.7.20/src/lib.rs:34:1
[INFO] [stdout]    |
[INFO] [stdout] 34 | #![feature(plugin_registrar, quote, rustc_private)]
[INFO] [stdout]    | ^^^^^^^^^^^^^^^^^^^^^^^^^^^^^^^^^^^^^^^^^^^^^^^^^^^
[INFO] [stdout] 
[INFO] [stdout] 
[INFO] [stdout] error: aborting due to 16 previous errors
[INFO] [stdout] 
[INFO] [stdout] 
[INFO] [stdout] Some errors have detailed explanations: E0463, E0554, E0557.
[INFO] [stdout] 
[INFO] [stdout] For more information about an error, try `rustc --explain E0463`.
[INFO] [stdout] 
[INFO] [stderr] error: could not compile `phf_macros` due to 17 previous errors
[INFO] [stderr] warning: build failed, waiting for other jobs to finish...
[INFO] running `Command { std: "docker" "inspect" "704206021f16fb2950387ffbcf9fee97defa475580743ad79722ad1b9fa8526e", kill_on_drop: false }`
[INFO] running `Command { std: "docker" "rm" "-f" "704206021f16fb2950387ffbcf9fee97defa475580743ad79722ad1b9fa8526e", kill_on_drop: false }`
[INFO] [stdout] 704206021f16fb2950387ffbcf9fee97defa475580743ad79722ad1b9fa8526e
