[INFO] cloning repository https://github.com/ksev/nino
[INFO] running `Command { std: "git" "-c" "credential.helper=" "-c" "credential.helper=/workspace/cargo-home/bin/git-credential-null" "clone" "--bare" "https://github.com/ksev/nino" "/workspace/cache/git-repos/https%3A%2F%2Fgithub.com%2Fksev%2Fnino", kill_on_drop: false }`
[INFO] [stderr] Cloning into bare repository '/workspace/cache/git-repos/https%3A%2F%2Fgithub.com%2Fksev%2Fnino'...
[INFO] running `Command { std: "git" "rev-parse" "HEAD", kill_on_drop: false }`
[INFO] [stdout] e18f70a7f0a1ee89882893973351a812c46fd498
[INFO] documenting ksev/nino against beta-2023-04-20 for beta-1.70-rustdoc-1
[INFO] running `Command { std: "git" "clone" "/workspace/cache/git-repos/https%3A%2F%2Fgithub.com%2Fksev%2Fnino" "/workspace/builds/worker-2-tc2/source", kill_on_drop: false }`
[INFO] [stderr] Cloning into '/workspace/builds/worker-2-tc2/source'...
[INFO] [stderr] done.
[INFO] validating manifest of git repo https://github.com/ksev/nino on toolchain beta-2023-04-20
[INFO] running `Command { std: CARGO_HOME="/workspace/cargo-home" RUSTUP_HOME="/workspace/rustup-home" "/workspace/cargo-home/bin/cargo" "+beta-2023-04-20" "metadata" "--manifest-path" "Cargo.toml" "--no-deps", kill_on_drop: false }`
[INFO] started tweaking git repo https://github.com/ksev/nino
[INFO] finished tweaking git repo https://github.com/ksev/nino
[INFO] tweaked toml for git repo https://github.com/ksev/nino written to /workspace/builds/worker-2-tc2/source/Cargo.toml
[INFO] crate git repo https://github.com/ksev/nino already has a lockfile, it will not be regenerated
[INFO] running `Command { std: CARGO_HOME="/workspace/cargo-home" RUSTUP_HOME="/workspace/rustup-home" "/workspace/cargo-home/bin/cargo" "+beta-2023-04-20" "fetch" "--manifest-path" "Cargo.toml", kill_on_drop: false }`
[INFO] [stderr]     Updating crates.io index
[INFO] [stderr]  Downloading crates ...
[INFO] [stderr]   Downloaded thread-priority v0.2.1
[INFO] [stderr]   Downloaded rhai_codegen v0.3.2
[INFO] [stderr]   Downloaded const-random-macro v0.1.13
[INFO] [stderr]   Downloaded const-random v0.1.13
[INFO] [stderr]   Downloaded rhai v0.19.11
[INFO] [stderr]   Downloaded tokio v1.1.0
[INFO] running `Command { std: "docker" "create" "-v" "/var/lib/crater-agent-workspace/builds/worker-2-tc2/target:/opt/rustwide/target:rw,Z" "-v" "/var/lib/crater-agent-workspace/builds/worker-2-tc2/source:/opt/rustwide/workdir:ro,Z" "-v" "/var/lib/crater-agent-workspace/cargo-home:/opt/rustwide/cargo-home:ro,Z" "-v" "/var/lib/crater-agent-workspace/rustup-home:/opt/rustwide/rustup-home:ro,Z" "-e" "SOURCE_DIR=/opt/rustwide/workdir" "-e" "CARGO_TARGET_DIR=/opt/rustwide/target" "-e" "CARGO_HOME=/opt/rustwide/cargo-home" "-e" "RUSTUP_HOME=/opt/rustwide/rustup-home" "-w" "/opt/rustwide/workdir" "-m" "1610612736" "--user" "0:0" "--network" "none" "ghcr.io/rust-lang/crates-build-env/linux@sha256:5ff2268d62e97bff2cde7d5815dd6ed5b47097566f13b8d0ca110b04b60e07ed" "/opt/rustwide/cargo-home/bin/cargo" "+beta-2023-04-20" "metadata" "--no-deps" "--format-version=1", kill_on_drop: false }`
[INFO] [stdout] 6e40303f2e97f6e97bdf3316f7c1fbd50079d857dbc2bc652c851f561fc4b599
[INFO] running `Command { std: "docker" "start" "-a" "6e40303f2e97f6e97bdf3316f7c1fbd50079d857dbc2bc652c851f561fc4b599", kill_on_drop: false }`
[INFO] running `Command { std: "docker" "inspect" "6e40303f2e97f6e97bdf3316f7c1fbd50079d857dbc2bc652c851f561fc4b599", kill_on_drop: false }`
[INFO] running `Command { std: "docker" "rm" "-f" "6e40303f2e97f6e97bdf3316f7c1fbd50079d857dbc2bc652c851f561fc4b599", kill_on_drop: false }`
[INFO] [stdout] 6e40303f2e97f6e97bdf3316f7c1fbd50079d857dbc2bc652c851f561fc4b599
[INFO] running `Command { std: "docker" "create" "-v" "/var/lib/crater-agent-workspace/builds/worker-2-tc2/target:/opt/rustwide/target:rw,Z" "-v" "/var/lib/crater-agent-workspace/builds/worker-2-tc2/source:/opt/rustwide/workdir:ro,Z" "-v" "/var/lib/crater-agent-workspace/cargo-home:/opt/rustwide/cargo-home:ro,Z" "-v" "/var/lib/crater-agent-workspace/rustup-home:/opt/rustwide/rustup-home:ro,Z" "-e" "SOURCE_DIR=/opt/rustwide/workdir" "-e" "CARGO_TARGET_DIR=/opt/rustwide/target" "-e" "CARGO_INCREMENTAL=0" "-e" "RUST_BACKTRACE=full" "-e" "RUSTFLAGS=--cap-lints=warn" "-e" "RUSTDOCFLAGS=--cap-lints=warn" "-e" "CARGO_HOME=/opt/rustwide/cargo-home" "-e" "RUSTUP_HOME=/opt/rustwide/rustup-home" "-w" "/opt/rustwide/workdir" "-m" "1610612736" "--user" "0:0" "--network" "none" "ghcr.io/rust-lang/crates-build-env/linux@sha256:5ff2268d62e97bff2cde7d5815dd6ed5b47097566f13b8d0ca110b04b60e07ed" "/opt/rustwide/cargo-home/bin/cargo" "+beta-2023-04-20" "doc" "--frozen" "--no-deps" "--document-private-items" "--message-format=json", kill_on_drop: false }`
[INFO] [stdout] 5600afafa7840aefd5a77dd8162ff8f34c933b252c310d91f6976a04b559e61b
[INFO] running `Command { std: "docker" "start" "-a" "5600afafa7840aefd5a77dd8162ff8f34c933b252c310d91f6976a04b559e61b", kill_on_drop: false }`
[INFO] [stderr]    Compiling libc v0.2.83
[INFO] [stderr]    Compiling proc-macro2 v1.0.24
[INFO] [stderr]    Compiling unicode-xid v0.2.1
[INFO] [stderr]    Compiling autocfg v1.0.1
[INFO] [stderr]    Compiling syn v1.0.60
[INFO] [stderr]    Compiling getrandom v0.2.2
[INFO] [stderr]     Checking cfg-if v1.0.0
[INFO] [stderr]    Compiling anyhow v1.0.38
[INFO] [stderr]    Compiling log v0.4.14
[INFO] [stderr]    Compiling either v1.6.1
[INFO] [stderr]    Compiling crunchy v0.2.2
[INFO] [stderr]    Compiling proc-macro-hack v0.5.19
[INFO] [stderr]    Compiling tiny-keccak v2.0.2
[INFO] [stderr]    Compiling ppv-lite86 v0.2.10
[INFO] [stderr]     Checking once_cell v1.5.2
[INFO] [stderr]    Compiling memchr v2.3.4
[INFO] [stderr]     Checking smallvec v1.6.1
[INFO] [stderr]    Compiling itertools v0.9.0
[INFO] [stderr]    Compiling bytes v1.0.1
[INFO] [stderr]    Compiling hashbrown v0.9.1
[INFO] [stderr]     Checking instant v0.1.9
[INFO] [stderr]    Compiling lazy_static v1.4.0
[INFO] [stderr]    Compiling serde_derive v1.0.123
[INFO] [stderr]    Compiling remove_dir_all v0.5.3
[INFO] [stderr]    Compiling unicode-segmentation v1.7.1
[INFO] [stderr]    Compiling indexmap v1.6.1
[INFO] [stderr]    Compiling crossbeam-utils v0.8.1
[INFO] [stderr]    Compiling memoffset v0.6.1
[INFO] [stderr]    Compiling const_fn v0.4.5
[INFO] [stderr]    Compiling fixedbitset v0.2.0
[INFO] [stderr]    Compiling ahash v0.6.3
[INFO] [stderr]     Checking lock_api v0.4.2
[INFO] [stderr]    Compiling multimap v0.8.2
[INFO] [stderr]    Compiling heck v0.3.2
[INFO] [stderr]    Compiling quote v1.0.8
[INFO] [stderr]    Compiling crc32fast v1.2.1
[INFO] [stderr]     Checking byteorder v1.4.2
[INFO] [stderr]    Compiling serde v1.0.123
[INFO] [stderr]     Checking aho-corasick v0.7.15
[INFO] [stderr]    Compiling tokio v1.1.0
[INFO] [stderr]     Checking thread_local v1.1.2
[INFO] [stderr]     Checking regex-syntax v0.6.22
[INFO] [stderr]     Checking parking_lot_core v0.8.2
[INFO] [stderr]     Checking num_cpus v1.13.0
[INFO] [stderr]     Checking unicode-width v0.1.8
[INFO] [stderr]     Checking parking_lot v0.11.1
[INFO] [stderr]    Compiling petgraph v0.5.1
[INFO] [stderr]    Compiling rand_core v0.6.1
[INFO] [stderr]     Checking textwrap v0.12.1
[INFO] [stderr]     Checking fxhash v0.2.1
[INFO] [stderr]    Compiling const-random-macro v0.1.13
[INFO] [stderr]     Checking signal-hook-registry v1.3.0
[INFO] [stderr]     Checking fs2 v0.4.3
[INFO] [stderr]     Checking mio v0.7.7
[INFO] [stderr]     Checking atty v0.2.14
[INFO] [stderr]     Checking termcolor v1.1.2
[INFO] [stderr]     Checking os_str_bytes v2.4.0
[INFO] [stderr]    Compiling rand_chacha v0.3.0
[INFO] [stderr]     Checking crossbeam-epoch v0.9.1
[INFO] [stderr]     Checking vec_map v0.8.2
[INFO] [stderr]     Checking humantime v2.1.0
[INFO] [stderr]     Checking pin-project-lite v0.2.4
[INFO] [stderr]     Checking crossbeam-channel v0.5.0
[INFO] [stderr]     Checking thread-priority v0.2.1
[INFO] [stderr]    Compiling rand v0.8.3
[INFO] [stderr]     Checking sled v0.34.6
[INFO] [stderr]     Checking const-random v0.1.13
[INFO] [stderr]     Checking clap v3.0.0-beta.2
[INFO] [stderr]     Checking regex v1.4.3
[INFO] [stderr]     Checking ahash v0.3.8
[INFO] [stderr]     Checking dashmap v3.11.10
[INFO] [stderr]    Compiling tempfile v3.2.0
[INFO] [stderr]     Checking env_logger v0.8.2
[INFO] [stderr]    Compiling thiserror-impl v1.0.23
[INFO] [stderr]    Compiling prost-derive v0.7.0
[INFO] [stderr]    Compiling rhai_codegen v0.3.2
[INFO] [stderr]    Compiling tokio-macros v1.0.0
[INFO] [stderr]    Compiling thiserror v1.0.23
[INFO] [stderr]    Compiling which v4.0.2
[INFO] [stderr]     Checking rhai v0.19.11
[INFO] [stderr]    Compiling prost-build v0.7.0
[INFO] [stderr]    Compiling prost v0.7.0
[INFO] [stderr]    Compiling prost-types v0.7.0
[INFO] [stdout] error[E0425]: cannot find value `args` in this scope
[INFO] [stdout]    --> /opt/rustwide/cargo-home/registry/src/index.crates.io-6f17d22bba15001f/rhai-0.19.11/src/packages/arithmetic.rs:202:42
[INFO] [stdout]     |
[INFO] [stdout] 202 | gen_arithmetic_functions!(arith_basic => INT);
[INFO] [stdout]     |                                          ^^^ not found in this scope
[INFO] [stdout]     |
[INFO] [stdout]     = help: consider importing one of these items:
[INFO] [stdout]             crate::stdlib::env::args
[INFO] [stdout]             std::env::args
[INFO] [stdout] 
[INFO] [stdout] 
[INFO] [stdout] error[E0425]: cannot find value `args` in this scope
[INFO] [stdout]    --> /opt/rustwide/cargo-home/registry/src/index.crates.io-6f17d22bba15001f/rhai-0.19.11/src/packages/arithmetic.rs:213:39
[INFO] [stdout]     |
[INFO] [stdout] 213 | gen_signed_functions!(signed_basic => INT);
[INFO] [stdout]     |                                       ^^^ not found in this scope
[INFO] [stdout]     |
[INFO] [stdout]     = help: consider importing one of these items:
[INFO] [stdout]             crate::stdlib::env::args
[INFO] [stdout]             std::env::args
[INFO] [stdout] 
[INFO] [stdout] 
[INFO] [stdout] error[E0425]: cannot find value `args` in this scope
[INFO] [stdout]    --> /opt/rustwide/cargo-home/registry/src/index.crates.io-6f17d22bba15001f/rhai-0.19.11/src/packages/array_basic.rs:701:31
[INFO] [stdout]     |
[INFO] [stdout] 701 | gen_array_functions!(basic => INT, bool, char, ImmutableString, FnPtr, Array, Unit);
[INFO] [stdout]     |                               ^^^ not found in this scope
[INFO] [stdout]     |
[INFO] [stdout]     = help: consider importing one of these items:
[INFO] [stdout]             crate::stdlib::env::args
[INFO] [stdout]             std::env::args
[INFO] [stdout] 
[INFO] [stdout] 
[INFO] [stdout] error[E0425]: cannot find value `args` in this scope
[INFO] [stdout]    --> /opt/rustwide/cargo-home/registry/src/index.crates.io-6f17d22bba15001f/rhai-0.19.11/src/packages/array_basic.rs:701:36
[INFO] [stdout]     |
[INFO] [stdout] 701 | gen_array_functions!(basic => INT, bool, char, ImmutableString, FnPtr, Array, Unit);
[INFO] [stdout]     |                                    ^^^^ not found in this scope
[INFO] [stdout]     |
[INFO] [stdout]     = help: consider importing one of these items:
[INFO] [stdout]             crate::stdlib::env::args
[INFO] [stdout]             std::env::args
[INFO] [stdout] 
[INFO] [stdout] 
[INFO] [stdout] error[E0425]: cannot find value `args` in this scope
[INFO] [stdout]    --> /opt/rustwide/cargo-home/registry/src/index.crates.io-6f17d22bba15001f/rhai-0.19.11/src/packages/array_basic.rs:701:42
[INFO] [stdout]     |
[INFO] [stdout] 701 | gen_array_functions!(basic => INT, bool, char, ImmutableString, FnPtr, Array, Unit);
[INFO] [stdout]     |                                          ^^^^ not found in this scope
[INFO] [stdout]     |
[INFO] [stdout]     = help: consider importing one of these items:
[INFO] [stdout]             crate::stdlib::env::args
[INFO] [stdout]             std::env::args
[INFO] [stdout] 
[INFO] [stdout] 
[INFO] [stdout] error[E0425]: cannot find value `args` in this scope
[INFO] [stdout]    --> /opt/rustwide/cargo-home/registry/src/index.crates.io-6f17d22bba15001f/rhai-0.19.11/src/packages/array_basic.rs:701:48
[INFO] [stdout]     |
[INFO] [stdout] 701 | gen_array_functions!(basic => INT, bool, char, ImmutableString, FnPtr, Array, Unit);
[INFO] [stdout]     |                                                ^^^^^^^^^^^^^^^ not found in this scope
[INFO] [stdout]     |
[INFO] [stdout]     = help: consider importing one of these items:
[INFO] [stdout]             crate::stdlib::env::args
[INFO] [stdout]             std::env::args
[INFO] [stdout] 
[INFO] [stdout] 
[INFO] [stdout] error[E0425]: cannot find value `args` in this scope
[INFO] [stdout]    --> /opt/rustwide/cargo-home/registry/src/index.crates.io-6f17d22bba15001f/rhai-0.19.11/src/packages/array_basic.rs:701:65
[INFO] [stdout]     |
[INFO] [stdout] 701 | gen_array_functions!(basic => INT, bool, char, ImmutableString, FnPtr, Array, Unit);
[INFO] [stdout]     |                                                                 ^^^^^ not found in this scope
[INFO] [stdout]     |
[INFO] [stdout]     = help: consider importing one of these items:
[INFO] [stdout]             crate::stdlib::env::args
[INFO] [stdout]             std::env::args
[INFO] [stdout] 
[INFO] [stdout] 
[INFO] [stdout] error[E0425]: cannot find value `args` in this scope
[INFO] [stdout]    --> /opt/rustwide/cargo-home/registry/src/index.crates.io-6f17d22bba15001f/rhai-0.19.11/src/packages/array_basic.rs:701:72
[INFO] [stdout]     |
[INFO] [stdout] 701 | gen_array_functions!(basic => INT, bool, char, ImmutableString, FnPtr, Array, Unit);
[INFO] [stdout]     |                                                                        ^^^^^ not found in this scope
[INFO] [stdout]     |
[INFO] [stdout]     = help: consider importing one of these items:
[INFO] [stdout]             crate::stdlib::env::args
[INFO] [stdout]             std::env::args
[INFO] [stdout] 
[INFO] [stdout] 
[INFO] [stdout] error[E0425]: cannot find value `args` in this scope
[INFO] [stdout]    --> /opt/rustwide/cargo-home/registry/src/index.crates.io-6f17d22bba15001f/rhai-0.19.11/src/packages/array_basic.rs:701:79
[INFO] [stdout]     |
[INFO] [stdout] 701 | gen_array_functions!(basic => INT, bool, char, ImmutableString, FnPtr, Array, Unit);
[INFO] [stdout]     |                                                                               ^^^^ not found in this scope
[INFO] [stdout]     |
[INFO] [stdout]     = help: consider importing one of these items:
[INFO] [stdout]             crate::stdlib::env::args
[INFO] [stdout]             std::env::args
[INFO] [stdout] 
[INFO] [stdout] 
[INFO] [stdout] error[E0425]: cannot find value `args` in this scope
[INFO] [stdout]    --> /opt/rustwide/cargo-home/registry/src/index.crates.io-6f17d22bba15001f/rhai-0.19.11/src/packages/array_basic.rs:713:31
[INFO] [stdout]     |
[INFO] [stdout] 713 | gen_array_functions!(float => f32, f64);
[INFO] [stdout]     |                               ^^^ not found in this scope
[INFO] [stdout]     |
[INFO] [stdout]     = help: consider importing one of these items:
[INFO] [stdout]             crate::stdlib::env::args
[INFO] [stdout]             std::env::args
[INFO] [stdout] 
[INFO] [stdout] 
[INFO] [stdout] error[E0425]: cannot find value `args` in this scope
[INFO] [stdout]    --> /opt/rustwide/cargo-home/registry/src/index.crates.io-6f17d22bba15001f/rhai-0.19.11/src/packages/array_basic.rs:713:36
[INFO] [stdout]     |
[INFO] [stdout] 713 | gen_array_functions!(float => f32, f64);
[INFO] [stdout]     |                                    ^^^ not found in this scope
[INFO] [stdout]     |
[INFO] [stdout]     = help: consider importing one of these items:
[INFO] [stdout]             crate::stdlib::env::args
[INFO] [stdout]             std::env::args
[INFO] [stdout] 
[INFO] [stdout] 
[INFO] [stdout] error[E0425]: cannot find value `args` in this scope
[INFO] [stdout]    --> /opt/rustwide/cargo-home/registry/src/index.crates.io-6f17d22bba15001f/rhai-0.19.11/src/packages/array_basic.rs:716:29
[INFO] [stdout]     |
[INFO] [stdout] 716 | gen_array_functions!(map => Map);
[INFO] [stdout]     |                             ^^^ not found in this scope
[INFO] [stdout]     |
[INFO] [stdout]     = help: consider importing one of these items:
[INFO] [stdout]             crate::stdlib::env::args
[INFO] [stdout]             std::env::args
[INFO] [stdout] 
[INFO] [stdout] 
[INFO] [stdout] error[E0425]: cannot find value `args` in this scope
[INFO] [stdout]   --> /opt/rustwide/cargo-home/registry/src/index.crates.io-6f17d22bba15001f/rhai-0.19.11/src/packages/logic.rs:93:29
[INFO] [stdout]    |
[INFO] [stdout] 93 | gen_cmp_functions!(float => f32);
[INFO] [stdout]    |                             ^^^ not found in this scope
[INFO] [stdout]    |
[INFO] [stdout]    = help: consider importing one of these items:
[INFO] [stdout]            crate::stdlib::env::args
[INFO] [stdout]            std::env::args
[INFO] [stdout] 
[INFO] [stdout] 
[INFO] [stdout] error[E0425]: cannot find value `args` in this scope
[INFO] [stdout]    --> /opt/rustwide/cargo-home/registry/src/index.crates.io-6f17d22bba15001f/rhai-0.19.11/src/packages/math_basic.rs:251:55
[INFO] [stdout]     |
[INFO] [stdout] 251 | gen_conversion_functions!(basic_to_float => to_float (INT) -> FLOAT);
[INFO] [stdout]     |                                                       ^^^ not found in this scope
[INFO] [stdout]     |
[INFO] [stdout]     = help: consider importing one of these items:
[INFO] [stdout]             crate::stdlib::env::args
[INFO] [stdout]             std::env::args
[INFO] [stdout] 
[INFO] [stdout] 
[INFO] [stdout] error[E0425]: cannot find value `args` in this scope
[INFO] [stdout]    --> /opt/rustwide/cargo-home/registry/src/index.crates.io-6f17d22bba15001f/rhai-0.19.11/src/packages/math_basic.rs:264:51
[INFO] [stdout]     |
[INFO] [stdout] 264 | gen_conversion_functions!(basic_to_int => to_int (char) -> INT);
[INFO] [stdout]     |                                                   ^^^^ not found in this scope
[INFO] [stdout]     |
[INFO] [stdout]     = help: consider importing one of these items:
[INFO] [stdout]             crate::stdlib::env::args
[INFO] [stdout]             std::env::args
[INFO] [stdout] 
[INFO] [stdout] 
[INFO] [stdout] error[E0425]: cannot find value `args` in this scope
[INFO] [stdout]   --> /opt/rustwide/cargo-home/registry/src/index.crates.io-6f17d22bba15001f/rhai-0.19.11/src/packages/string_basic.rs:83:41
[INFO] [stdout]    |
[INFO] [stdout] 83 | gen_functions!(print_basic => to_string(INT, bool, char, FnPtr));
[INFO] [stdout]    |                                         ^^^ not found in this scope
[INFO] [stdout]    |
[INFO] [stdout]    = help: consider importing one of these items:
[INFO] [stdout]            crate::stdlib::env::args
[INFO] [stdout]            std::env::args
[INFO] [stdout] 
[INFO] [stdout] 
[INFO] [stdout] error[E0425]: cannot find value `args` in this scope
[INFO] [stdout]   --> /opt/rustwide/cargo-home/registry/src/index.crates.io-6f17d22bba15001f/rhai-0.19.11/src/packages/string_basic.rs:83:46
[INFO] [stdout]    |
[INFO] [stdout] 83 | gen_functions!(print_basic => to_string(INT, bool, char, FnPtr));
[INFO] [stdout]    |                                              ^^^^ not found in this scope
[INFO] [stdout]    |
[INFO] [stdout]    = help: consider importing one of these items:
[INFO] [stdout]            crate::stdlib::env::args
[INFO] [stdout]            std::env::args
[INFO] [stdout] 
[INFO] [stdout] 
[INFO] [stdout] error[E0425]: cannot find value `args` in this scope
[INFO] [stdout]   --> /opt/rustwide/cargo-home/registry/src/index.crates.io-6f17d22bba15001f/rhai-0.19.11/src/packages/string_basic.rs:83:52
[INFO] [stdout]    |
[INFO] [stdout] 83 | gen_functions!(print_basic => to_string(INT, bool, char, FnPtr));
[INFO] [stdout]    |                                                    ^^^^ not found in this scope
[INFO] [stdout]    |
[INFO] [stdout]    = help: consider importing one of these items:
[INFO] [stdout]            crate::stdlib::env::args
[INFO] [stdout]            std::env::args
[INFO] [stdout] 
[INFO] [stdout] 
[INFO] [stdout] error[E0425]: cannot find value `args` in this scope
[INFO] [stdout]   --> /opt/rustwide/cargo-home/registry/src/index.crates.io-6f17d22bba15001f/rhai-0.19.11/src/packages/string_basic.rs:83:58
[INFO] [stdout]    |
[INFO] [stdout] 83 | gen_functions!(print_basic => to_string(INT, bool, char, FnPtr));
[INFO] [stdout]    |                                                          ^^^^^ not found in this scope
[INFO] [stdout]    |
[INFO] [stdout]    = help: consider importing one of these items:
[INFO] [stdout]            crate::stdlib::env::args
[INFO] [stdout]            std::env::args
[INFO] [stdout] 
[INFO] [stdout] 
[INFO] [stdout] error[E0425]: cannot find value `args` in this scope
[INFO] [stdout]   --> /opt/rustwide/cargo-home/registry/src/index.crates.io-6f17d22bba15001f/rhai-0.19.11/src/packages/string_basic.rs:84:40
[INFO] [stdout]    |
[INFO] [stdout] 84 | gen_functions!(debug_basic => to_debug(INT, bool, Unit, char, ImmutableString));
[INFO] [stdout]    |                                        ^^^ not found in this scope
[INFO] [stdout]    |
[INFO] [stdout]    = help: consider importing one of these items:
[INFO] [stdout]            crate::stdlib::env::args
[INFO] [stdout]            std::env::args
[INFO] [stdout] 
[INFO] [stdout] 
[INFO] [stdout] error[E0425]: cannot find value `args` in this scope
[INFO] [stdout]   --> /opt/rustwide/cargo-home/registry/src/index.crates.io-6f17d22bba15001f/rhai-0.19.11/src/packages/string_basic.rs:84:45
[INFO] [stdout]    |
[INFO] [stdout] 84 | gen_functions!(debug_basic => to_debug(INT, bool, Unit, char, ImmutableString));
[INFO] [stdout]    |                                             ^^^^ not found in this scope
[INFO] [stdout]    |
[INFO] [stdout]    = help: consider importing one of these items:
[INFO] [stdout]            crate::stdlib::env::args
[INFO] [stdout]            std::env::args
[INFO] [stdout] 
[INFO] [stdout] 
[INFO] [stdout] error[E0425]: cannot find value `args` in this scope
[INFO] [stdout]   --> /opt/rustwide/cargo-home/registry/src/index.crates.io-6f17d22bba15001f/rhai-0.19.11/src/packages/string_basic.rs:84:51
[INFO] [stdout]    |
[INFO] [stdout] 84 | gen_functions!(debug_basic => to_debug(INT, bool, Unit, char, ImmutableString));
[INFO] [stdout]    |                                                   ^^^^ not found in this scope
[INFO] [stdout]    |
[INFO] [stdout]    = help: consider importing one of these items:
[INFO] [stdout]            crate::stdlib::env::args
[INFO] [stdout]            std::env::args
[INFO] [stdout] 
[INFO] [stdout] 
[INFO] [stdout] error[E0425]: cannot find value `args` in this scope
[INFO] [stdout]   --> /opt/rustwide/cargo-home/registry/src/index.crates.io-6f17d22bba15001f/rhai-0.19.11/src/packages/string_basic.rs:84:57
[INFO] [stdout]    |
[INFO] [stdout] 84 | gen_functions!(debug_basic => to_debug(INT, bool, Unit, char, ImmutableString));
[INFO] [stdout]    |                                                         ^^^^ not found in this scope
[INFO] [stdout]    |
[INFO] [stdout]    = help: consider importing one of these items:
[INFO] [stdout]            crate::stdlib::env::args
[INFO] [stdout]            std::env::args
[INFO] [stdout] 
[INFO] [stdout] 
[INFO] [stdout] error[E0425]: cannot find value `args` in this scope
[INFO] [stdout]   --> /opt/rustwide/cargo-home/registry/src/index.crates.io-6f17d22bba15001f/rhai-0.19.11/src/packages/string_basic.rs:84:63
[INFO] [stdout]    |
[INFO] [stdout] 84 | gen_functions!(debug_basic => to_debug(INT, bool, Unit, char, ImmutableString));
[INFO] [stdout]    |                                                               ^^^^^^^^^^^^^^^ not found in this scope
[INFO] [stdout]    |
[INFO] [stdout]    = help: consider importing one of these items:
[INFO] [stdout]            crate::stdlib::env::args
[INFO] [stdout]            std::env::args
[INFO] [stdout] 
[INFO] [stdout] 
[INFO] [stdout] error[E0425]: cannot find value `args` in this scope
[INFO] [stdout]    --> /opt/rustwide/cargo-home/registry/src/index.crates.io-6f17d22bba15001f/rhai-0.19.11/src/packages/string_basic.rs:105:41
[INFO] [stdout]     |
[INFO] [stdout] 105 | gen_functions!(print_float => to_string(f32, f64));
[INFO] [stdout]     |                                         ^^^ not found in this scope
[INFO] [stdout]     |
[INFO] [stdout]     = help: consider importing one of these items:
[INFO] [stdout]             crate::stdlib::env::args
[INFO] [stdout]             std::env::args
[INFO] [stdout] 
[INFO] [stdout] 
[INFO] [stdout] error[E0425]: cannot find value `args` in this scope
[INFO] [stdout]    --> /opt/rustwide/cargo-home/registry/src/index.crates.io-6f17d22bba15001f/rhai-0.19.11/src/packages/string_basic.rs:105:46
[INFO] [stdout]     |
[INFO] [stdout] 105 | gen_functions!(print_float => to_string(f32, f64));
[INFO] [stdout]     |                                              ^^^ not found in this scope
[INFO] [stdout]     |
[INFO] [stdout]     = help: consider importing one of these items:
[INFO] [stdout]             crate::stdlib::env::args
[INFO] [stdout]             std::env::args
[INFO] [stdout] 
[INFO] [stdout] 
[INFO] [stdout] error[E0425]: cannot find value `args` in this scope
[INFO] [stdout]    --> /opt/rustwide/cargo-home/registry/src/index.crates.io-6f17d22bba15001f/rhai-0.19.11/src/packages/string_basic.rs:108:40
[INFO] [stdout]     |
[INFO] [stdout] 108 | gen_functions!(debug_float => to_debug(f32, f64));
[INFO] [stdout]     |                                        ^^^ not found in this scope
[INFO] [stdout]     |
[INFO] [stdout]     = help: consider importing one of these items:
[INFO] [stdout]             crate::stdlib::env::args
[INFO] [stdout]             std::env::args
[INFO] [stdout] 
[INFO] [stdout] 
[INFO] [stdout] error[E0425]: cannot find value `args` in this scope
[INFO] [stdout]    --> /opt/rustwide/cargo-home/registry/src/index.crates.io-6f17d22bba15001f/rhai-0.19.11/src/packages/string_basic.rs:108:45
[INFO] [stdout]     |
[INFO] [stdout] 108 | gen_functions!(debug_float => to_debug(f32, f64));
[INFO] [stdout]     |                                             ^^^ not found in this scope
[INFO] [stdout]     |
[INFO] [stdout]     = help: consider importing one of these items:
[INFO] [stdout]             crate::stdlib::env::args
[INFO] [stdout]             std::env::args
[INFO] [stdout] 
[INFO] [stdout] 
[INFO] [stdout] error[E0425]: cannot find value `args` in this scope
[INFO] [stdout]   --> /opt/rustwide/cargo-home/registry/src/index.crates.io-6f17d22bba15001f/rhai-0.19.11/src/packages/string_more.rs:60:32
[INFO] [stdout]    |
[INFO] [stdout] 60 | gen_concat_functions!(basic => INT, bool, char, FnPtr);
[INFO] [stdout]    |                                ^^^ not found in this scope
[INFO] [stdout]    |
[INFO] [stdout]    = help: consider importing one of these items:
[INFO] [stdout]            crate::stdlib::env::args
[INFO] [stdout]            std::env::args
[INFO] [stdout] 
[INFO] [stdout] 
[INFO] [stdout] error[E0425]: cannot find value `args` in this scope
[INFO] [stdout]   --> /opt/rustwide/cargo-home/registry/src/index.crates.io-6f17d22bba15001f/rhai-0.19.11/src/packages/string_more.rs:60:37
[INFO] [stdout]    |
[INFO] [stdout] 60 | gen_concat_functions!(basic => INT, bool, char, FnPtr);
[INFO] [stdout]    |                                     ^^^^ not found in this scope
[INFO] [stdout]    |
[INFO] [stdout]    = help: consider importing one of these items:
[INFO] [stdout]            crate::stdlib::env::args
[INFO] [stdout]            std::env::args
[INFO] [stdout] 
[INFO] [stdout] 
[INFO] [stdout] error[E0425]: cannot find value `args` in this scope
[INFO] [stdout]   --> /opt/rustwide/cargo-home/registry/src/index.crates.io-6f17d22bba15001f/rhai-0.19.11/src/packages/string_more.rs:60:43
[INFO] [stdout]    |
[INFO] [stdout] 60 | gen_concat_functions!(basic => INT, bool, char, FnPtr);
[INFO] [stdout]    |                                           ^^^^ not found in this scope
[INFO] [stdout]    |
[INFO] [stdout]    = help: consider importing one of these items:
[INFO] [stdout]            crate::stdlib::env::args
[INFO] [stdout]            std::env::args
[INFO] [stdout] 
[INFO] [stdout] 
[INFO] [stdout] error[E0425]: cannot find value `args` in this scope
[INFO] [stdout]   --> /opt/rustwide/cargo-home/registry/src/index.crates.io-6f17d22bba15001f/rhai-0.19.11/src/packages/string_more.rs:60:49
[INFO] [stdout]    |
[INFO] [stdout] 60 | gen_concat_functions!(basic => INT, bool, char, FnPtr);
[INFO] [stdout]    |                                                 ^^^^^ not found in this scope
[INFO] [stdout]    |
[INFO] [stdout]    = help: consider importing one of these items:
[INFO] [stdout]            crate::stdlib::env::args
[INFO] [stdout]            std::env::args
[INFO] [stdout] 
[INFO] [stdout] 
[INFO] [stdout] error[E0425]: cannot find value `args` in this scope
[INFO] [stdout]   --> /opt/rustwide/cargo-home/registry/src/index.crates.io-6f17d22bba15001f/rhai-0.19.11/src/packages/string_more.rs:72:32
[INFO] [stdout]    |
[INFO] [stdout] 72 | gen_concat_functions!(float => f32, f64);
[INFO] [stdout]    |                                ^^^ not found in this scope
[INFO] [stdout]    |
[INFO] [stdout]    = help: consider importing one of these items:
[INFO] [stdout]            crate::stdlib::env::args
[INFO] [stdout]            std::env::args
[INFO] [stdout] 
[INFO] [stdout] 
[INFO] [stdout] error[E0425]: cannot find value `args` in this scope
[INFO] [stdout]   --> /opt/rustwide/cargo-home/registry/src/index.crates.io-6f17d22bba15001f/rhai-0.19.11/src/packages/string_more.rs:72:37
[INFO] [stdout]    |
[INFO] [stdout] 72 | gen_concat_functions!(float => f32, f64);
[INFO] [stdout]    |                                     ^^^ not found in this scope
[INFO] [stdout]    |
[INFO] [stdout]    = help: consider importing one of these items:
[INFO] [stdout]            crate::stdlib::env::args
[INFO] [stdout]            std::env::args
[INFO] [stdout] 
[INFO] [stdout] 
[INFO] [stderr]    Compiling nino v0.1.0 (/opt/rustwide/workdir)
[INFO] [stdout] error: aborting due to 34 previous errors
[INFO] [stdout] 
[INFO] [stdout] 
[INFO] [stdout] For more information about this error, try `rustc --explain E0425`.
[INFO] [stdout] 
[INFO] [stderr] error: could not compile `rhai` (lib) due to 35 previous errors
[INFO] [stderr] warning: build failed, waiting for other jobs to finish...
[INFO] running `Command { std: "docker" "inspect" "5600afafa7840aefd5a77dd8162ff8f34c933b252c310d91f6976a04b559e61b", kill_on_drop: false }`
[INFO] running `Command { std: "docker" "rm" "-f" "5600afafa7840aefd5a77dd8162ff8f34c933b252c310d91f6976a04b559e61b", kill_on_drop: false }`
[INFO] [stdout] 5600afafa7840aefd5a77dd8162ff8f34c933b252c310d91f6976a04b559e61b
