[INFO] cloning repository https://github.com/kooparse/fuel_gfx
[INFO] running `Command { std: "git" "-c" "credential.helper=" "-c" "credential.helper=/workspace/cargo-home/bin/git-credential-null" "clone" "--bare" "https://github.com/kooparse/fuel_gfx" "/workspace/cache/git-repos/https%3A%2F%2Fgithub.com%2Fkooparse%2Ffuel_gfx", kill_on_drop: false }`
[INFO] [stderr] Cloning into bare repository '/workspace/cache/git-repos/https%3A%2F%2Fgithub.com%2Fkooparse%2Ffuel_gfx'...
[INFO] running `Command { std: "git" "rev-parse" "HEAD", kill_on_drop: false }`
[INFO] [stdout] 822d37ad47a85e6ba512ed8f0cd87a874c6264da
[INFO] documenting kooparse/fuel_gfx against 1.69.0 for beta-1.70-rustdoc-1
[INFO] running `Command { std: "git" "clone" "/workspace/cache/git-repos/https%3A%2F%2Fgithub.com%2Fkooparse%2Ffuel_gfx" "/workspace/builds/worker-2-tc1/source", kill_on_drop: false }`
[INFO] [stderr] Cloning into '/workspace/builds/worker-2-tc1/source'...
[INFO] [stderr] done.
[INFO] validating manifest of git repo https://github.com/kooparse/fuel_gfx on toolchain 1.69.0
[INFO] running `Command { std: CARGO_HOME="/workspace/cargo-home" RUSTUP_HOME="/workspace/rustup-home" "/workspace/cargo-home/bin/cargo" "+1.69.0" "metadata" "--manifest-path" "Cargo.toml" "--no-deps", kill_on_drop: false }`
[INFO] started tweaking git repo https://github.com/kooparse/fuel_gfx
[INFO] finished tweaking git repo https://github.com/kooparse/fuel_gfx
[INFO] tweaked toml for git repo https://github.com/kooparse/fuel_gfx written to /workspace/builds/worker-2-tc1/source/Cargo.toml
[INFO] crate git repo https://github.com/kooparse/fuel_gfx already has a lockfile, it will not be regenerated
[INFO] running `Command { std: CARGO_HOME="/workspace/cargo-home" RUSTUP_HOME="/workspace/rustup-home" "/workspace/cargo-home/bin/cargo" "+1.69.0" "fetch" "--manifest-path" "Cargo.toml", kill_on_drop: false }`
[INFO] [stderr]  Downloading crates ...
[INFO] [stderr]   Downloaded quote v0.6.6
[INFO] [stderr]   Downloaded cocoa v0.18.0
[INFO] [stderr]   Downloaded metal v0.13.0
[INFO] [stderr]   Downloaded smallvec v0.6.4
[INFO] [stderr]   Downloaded syn v0.14.8
[INFO] [stderr]   Downloaded core-graphics v0.17.1
[INFO] [stderr]   Downloaded spirv_cross v0.11.2
[INFO] [stderr]   Downloaded glsl-to-spirv v0.1.6
[INFO] running `Command { std: "docker" "create" "-v" "/var/lib/crater-agent-workspace/builds/worker-2-tc1/target:/opt/rustwide/target:rw,Z" "-v" "/var/lib/crater-agent-workspace/builds/worker-2-tc1/source:/opt/rustwide/workdir:ro,Z" "-v" "/var/lib/crater-agent-workspace/cargo-home:/opt/rustwide/cargo-home:ro,Z" "-v" "/var/lib/crater-agent-workspace/rustup-home:/opt/rustwide/rustup-home:ro,Z" "-e" "SOURCE_DIR=/opt/rustwide/workdir" "-e" "CARGO_TARGET_DIR=/opt/rustwide/target" "-e" "CARGO_HOME=/opt/rustwide/cargo-home" "-e" "RUSTUP_HOME=/opt/rustwide/rustup-home" "-w" "/opt/rustwide/workdir" "-m" "1610612736" "--user" "0:0" "--network" "none" "ghcr.io/rust-lang/crates-build-env/linux@sha256:5ff2268d62e97bff2cde7d5815dd6ed5b47097566f13b8d0ca110b04b60e07ed" "/opt/rustwide/cargo-home/bin/cargo" "+1.69.0" "metadata" "--no-deps" "--format-version=1", kill_on_drop: false }`
[INFO] [stdout] 0c5c5546a173ead63212cb331e2c025ba6a003470e474674d512ae4d28b939a8
[INFO] running `Command { std: "docker" "start" "-a" "0c5c5546a173ead63212cb331e2c025ba6a003470e474674d512ae4d28b939a8", kill_on_drop: false }`
[INFO] running `Command { std: "docker" "inspect" "0c5c5546a173ead63212cb331e2c025ba6a003470e474674d512ae4d28b939a8", kill_on_drop: false }`
[INFO] running `Command { std: "docker" "rm" "-f" "0c5c5546a173ead63212cb331e2c025ba6a003470e474674d512ae4d28b939a8", kill_on_drop: false }`
[INFO] [stdout] 0c5c5546a173ead63212cb331e2c025ba6a003470e474674d512ae4d28b939a8
[INFO] running `Command { std: "docker" "create" "-v" "/var/lib/crater-agent-workspace/builds/worker-2-tc1/target:/opt/rustwide/target:rw,Z" "-v" "/var/lib/crater-agent-workspace/builds/worker-2-tc1/source:/opt/rustwide/workdir:ro,Z" "-v" "/var/lib/crater-agent-workspace/cargo-home:/opt/rustwide/cargo-home:ro,Z" "-v" "/var/lib/crater-agent-workspace/rustup-home:/opt/rustwide/rustup-home:ro,Z" "-e" "SOURCE_DIR=/opt/rustwide/workdir" "-e" "CARGO_TARGET_DIR=/opt/rustwide/target" "-e" "CARGO_INCREMENTAL=0" "-e" "RUST_BACKTRACE=full" "-e" "RUSTFLAGS=--cap-lints=warn" "-e" "RUSTDOCFLAGS=--cap-lints=warn" "-e" "CARGO_HOME=/opt/rustwide/cargo-home" "-e" "RUSTUP_HOME=/opt/rustwide/rustup-home" "-w" "/opt/rustwide/workdir" "-m" "1610612736" "--user" "0:0" "--network" "none" "ghcr.io/rust-lang/crates-build-env/linux@sha256:5ff2268d62e97bff2cde7d5815dd6ed5b47097566f13b8d0ca110b04b60e07ed" "/opt/rustwide/cargo-home/bin/cargo" "+1.69.0" "doc" "--frozen" "--no-deps" "--document-private-items" "--message-format=json", kill_on_drop: false }`
[INFO] [stdout] 092c7b041ba350185c972ea944ec55e0619a9db3cfb0f82b8e989ee9b6a94dca
[INFO] running `Command { std: "docker" "start" "-a" "092c7b041ba350185c972ea944ec55e0619a9db3cfb0f82b8e989ee9b6a94dca", kill_on_drop: false }`
[INFO] [stderr]    Compiling cc v1.0.18
[INFO] [stderr]     Checking libc v0.2.43
[INFO] [stderr]    Compiling version_check v0.1.4
[INFO] [stderr]    Compiling bitflags v1.0.3
[INFO] [stderr]    Compiling typenum v1.10.0
[INFO] [stderr]    Compiling gcc v0.3.54
[INFO] [stderr]    Compiling proc-macro2 v0.4.13
[INFO] [stderr]    Compiling xml-rs v0.7.0
[INFO] [stderr]     Checking cfg-if v0.1.5
[INFO] [stderr]     Checking void v1.0.2
[INFO] [stderr]    Compiling unicode-xid v0.1.0
[INFO] [stderr]    Compiling lazy_static v1.1.0
[INFO] [stderr]    Compiling byte-tools v0.2.0
[INFO] [stderr]    Compiling core-foundation-sys v0.6.1
[INFO] [stderr]    Compiling arrayref v0.3.5
[INFO] [stderr]    Compiling block-buffer v0.3.3
[INFO] [stderr]    Compiling wayland-scanner v0.20.12
[INFO] [stderr]    Compiling objc_exception v0.1.1
[INFO] [stderr]    Compiling quote v0.6.6
[INFO] [stderr]     Checking malloc_buf v0.0.6
[INFO] [stderr]     Checking unreachable v1.0.0
[INFO] [stderr]     Checking downcast-rs v1.0.3
[INFO] [stderr]    Compiling libloading v0.5.0
[INFO] [stderr]    Compiling backtrace-sys v0.1.24
[INFO] [stderr]     Checking stable_deref_trait v1.1.1
[INFO] [stderr]    Compiling fake-simd v0.1.2
[INFO] [stderr] The following warnings were emitted during compilation:
[INFO] [stderr] 
[INFO] [stderr] warning: cc: fatal error: cannot execute 'cc1obj': execvp: No such file or directory
[INFO] [stderr] warning: compilation terminated.
[INFO] [stderr] 
[INFO] [stderr] error: failed to run custom build command for `objc_exception v0.1.1`
[INFO] [stderr] note: To improve backtraces for build dependencies, set the CARGO_PROFILE_DEV_BUILD_OVERRIDE_DEBUG=true environment variable to enable debug information generation.
[INFO] [stderr] 
[INFO] [stderr] Caused by:
[INFO] [stderr]   process didn't exit successfully: `/opt/rustwide/target/debug/build/objc_exception-eb37b01cfbfc1d4a/build-script-build` (exit status: 101)
[INFO] [stderr]   --- stdout
[INFO] [stderr]   TARGET = Some("x86_64-unknown-linux-gnu")
[INFO] [stderr]   OPT_LEVEL = Some("0")
[INFO] [stderr]   TARGET = Some("x86_64-unknown-linux-gnu")
[INFO] [stderr]   HOST = Some("x86_64-unknown-linux-gnu")
[INFO] [stderr]   TARGET = Some("x86_64-unknown-linux-gnu")
[INFO] [stderr]   TARGET = Some("x86_64-unknown-linux-gnu")
[INFO] [stderr]   HOST = Some("x86_64-unknown-linux-gnu")
[INFO] [stderr]   CC_x86_64-unknown-linux-gnu = None
[INFO] [stderr]   CC_x86_64_unknown_linux_gnu = None
[INFO] [stderr]   HOST_CC = None
[INFO] [stderr]   CC = None
[INFO] [stderr]   HOST = Some("x86_64-unknown-linux-gnu")
[INFO] [stderr]   TARGET = Some("x86_64-unknown-linux-gnu")
[INFO] [stderr]   HOST = Some("x86_64-unknown-linux-gnu")
[INFO] [stderr]   CFLAGS_x86_64-unknown-linux-gnu = None
[INFO] [stderr]   CFLAGS_x86_64_unknown_linux_gnu = None
[INFO] [stderr]   HOST_CFLAGS = None
[INFO] [stderr]   CFLAGS = None
[INFO] [stderr]   DEBUG = Some("true")
[INFO] [stderr]   running: "cc" "-O0" "-ffunction-sections" "-fdata-sections" "-fPIC" "-g" "-m64" "-Wall" "-Wextra" "-o" "/opt/rustwide/target/debug/build/objc_exception-aed0c04efdb029cc/out/extern/exception.o" "-c" "extern/exception.m"
[INFO] [stderr]   cargo:warning=cc: fatal error: cannot execute 'cc1obj': execvp: No such file or directory
[INFO] [stderr]   cargo:warning=compilation terminated.
[INFO] [stderr]   exit status: 1
[INFO] [stderr] 
[INFO] [stderr]   --- stderr
[INFO] [stderr]   thread 'main' panicked at '
[INFO] [stderr] 
[INFO] [stderr]   Internal error occurred: Command "cc" "-O0" "-ffunction-sections" "-fdata-sections" "-fPIC" "-g" "-m64" "-Wall" "-Wextra" "-o" "/opt/rustwide/target/debug/build/objc_exception-aed0c04efdb029cc/out/extern/exception.o" "-c" "extern/exception.m" with args "cc" did not execute successfully (status code exit status: 1).
[INFO] [stderr] 
[INFO] [stderr]   ', /opt/rustwide/cargo-home/registry/src/github.com-1ecc6299db9ec823/gcc-0.3.54/src/lib.rs:1670:5
[INFO] [stderr]   stack backtrace:
[INFO] [stderr]      0:     0x5631ad0e068a - std::backtrace_rs::backtrace::libunwind::trace::ha9053a9a07ca49cb
[INFO] [stderr]                                  at /rustc/84c898d65adf2f39a5a98507f1fe0ce10a2b8dbc/library/std/src/../../backtrace/src/backtrace/libunwind.rs:93:5
[INFO] [stderr]      1:     0x5631ad0e068a - std::backtrace_rs::backtrace::trace_unsynchronized::h9c2852a457ad564e
[INFO] [stderr]                                  at /rustc/84c898d65adf2f39a5a98507f1fe0ce10a2b8dbc/library/std/src/../../backtrace/src/backtrace/mod.rs:66:5
[INFO] [stderr]      2:     0x5631ad0e068a - std::sys_common::backtrace::_print_fmt::h457936fbfaa0070f
[INFO] [stderr]                                  at /rustc/84c898d65adf2f39a5a98507f1fe0ce10a2b8dbc/library/std/src/sys_common/backtrace.rs:65:5
[INFO] [stderr]      3:     0x5631ad0e068a - <std::sys_common::backtrace::_print::DisplayBacktrace as core::fmt::Display>::fmt::h5779d7bf7f70cb0c
[INFO] [stderr]                                  at /rustc/84c898d65adf2f39a5a98507f1fe0ce10a2b8dbc/library/std/src/sys_common/backtrace.rs:44:22
[INFO] [stderr]      4:     0x5631ad10008e - core::fmt::write::h5a4baaff1bcd3eb5
[INFO] [stderr]                                  at /rustc/84c898d65adf2f39a5a98507f1fe0ce10a2b8dbc/library/core/src/fmt/mod.rs:1232:17
[INFO] [stderr]      5:     0x5631ad0dd4a5 - std::io::Write::write_fmt::h4bc1f301cb9e9cce
[INFO] [stderr]                                  at /rustc/84c898d65adf2f39a5a98507f1fe0ce10a2b8dbc/library/std/src/io/mod.rs:1684:15
[INFO] [stderr]      6:     0x5631ad0e0455 - std::sys_common::backtrace::_print::h5fcdc36060f177e8
[INFO] [stderr]                                  at /rustc/84c898d65adf2f39a5a98507f1fe0ce10a2b8dbc/library/std/src/sys_common/backtrace.rs:47:5
[INFO] [stderr]      7:     0x5631ad0e0455 - std::sys_common::backtrace::print::h54ca9458b876c8bf
[INFO] [stderr]                                  at /rustc/84c898d65adf2f39a5a98507f1fe0ce10a2b8dbc/library/std/src/sys_common/backtrace.rs:34:9
[INFO] [stderr]      8:     0x5631ad0e1e2f - std::panicking::default_hook::{{closure}}::hbe471161c7664ed6
[INFO] [stderr]                                  at /rustc/84c898d65adf2f39a5a98507f1fe0ce10a2b8dbc/library/std/src/panicking.rs:271:22
[INFO] [stderr]      9:     0x5631ad0e1b6b - std::panicking::default_hook::ha3500da57aa4ac4f
[INFO] [stderr]                                  at /rustc/84c898d65adf2f39a5a98507f1fe0ce10a2b8dbc/library/std/src/panicking.rs:290:9
[INFO] [stderr]     10:     0x5631ad0e23d8 - std::panicking::rust_panic_with_hook::h50c09d000dc561d2
[INFO] [stderr]                                  at /rustc/84c898d65adf2f39a5a98507f1fe0ce10a2b8dbc/library/std/src/panicking.rs:692:13
[INFO] [stderr]     11:     0x5631ad0e22d9 - std::panicking::begin_panic_handler::{{closure}}::h9e2b2176e00e0d9c
[INFO] [stderr]                                  at /rustc/84c898d65adf2f39a5a98507f1fe0ce10a2b8dbc/library/std/src/panicking.rs:583:13
[INFO] [stderr]     12:     0x5631ad0e0af6 - std::sys_common::backtrace::__rust_end_short_backtrace::h5739b8e512c09d02
[INFO] [stderr]                                  at /rustc/84c898d65adf2f39a5a98507f1fe0ce10a2b8dbc/library/std/src/sys_common/backtrace.rs:150:18
[INFO] [stderr]     13:     0x5631ad0e1fe2 - rust_begin_unwind
[INFO] [stderr]                                  at /rustc/84c898d65adf2f39a5a98507f1fe0ce10a2b8dbc/library/std/src/panicking.rs:579:5
[INFO] [stderr]     14:     0x5631ad093703 - core::panicking::panic_fmt::hf33a1475b4dc5c3e
[INFO] [stderr]                                  at /rustc/84c898d65adf2f39a5a98507f1fe0ce10a2b8dbc/library/core/src/panicking.rs:64:14
[INFO] [stderr]     15:     0x5631ad0a399f - gcc::fail::ha726d9209cb307d3
[INFO] [stderr]     16:     0x5631ad097875 - gcc::Build::compile::h7340e688656521ee
[INFO] [stderr]     17:     0x5631ad094404 - gcc::compile_library::h7031311186ec86c1
[INFO] [stderr]     18:     0x5631ad093ddf - build_script_build::main::ha5e39093add8d5c6
[INFO] [stderr]     19:     0x5631ad093e23 - core::ops::function::FnOnce::call_once::h283fa6fede33d1b7
[INFO] [stderr]     20:     0x5631ad093e89 - std::sys_common::backtrace::__rust_begin_short_backtrace::h44f797fe201c0bf7
[INFO] [stderr]     21:     0x5631ad093da9 - std::rt::lang_start::{{closure}}::h3b779162412de042
[INFO] [stderr]     22:     0x5631ad0d9d9c - core::ops::function::impls::<impl core::ops::function::FnOnce<A> for &F>::call_once::hd6efcd3bec896f2c
[INFO] [stderr]                                  at /rustc/84c898d65adf2f39a5a98507f1fe0ce10a2b8dbc/library/core/src/ops/function.rs:287:13
[INFO] [stderr]     23:     0x5631ad0d9d9c - std::panicking::try::do_call::hce04e543bb1f4cbb
[INFO] [stderr]                                  at /rustc/84c898d65adf2f39a5a98507f1fe0ce10a2b8dbc/library/std/src/panicking.rs:487:40
[INFO] [stderr]     24:     0x5631ad0d9d9c - std::panicking::try::h3342dd4e1f680968
[INFO] [stderr]                                  at /rustc/84c898d65adf2f39a5a98507f1fe0ce10a2b8dbc/library/std/src/panicking.rs:451:19
[INFO] [stderr]     25:     0x5631ad0d9d9c - std::panic::catch_unwind::h148ce1e59ac0cee7
[INFO] [stderr]                                  at /rustc/84c898d65adf2f39a5a98507f1fe0ce10a2b8dbc/library/std/src/panic.rs:140:14
[INFO] [stderr]     26:     0x5631ad0d9d9c - std::rt::lang_start_internal::{{closure}}::h25f9dda2057a67fe
[INFO] [stderr]                                  at /rustc/84c898d65adf2f39a5a98507f1fe0ce10a2b8dbc/library/std/src/rt.rs:148:48
[INFO] [stderr]     27:     0x5631ad0d9d9c - std::panicking::try::do_call::h7caaaeaf9401650b
[INFO] [stderr]                                  at /rustc/84c898d65adf2f39a5a98507f1fe0ce10a2b8dbc/library/std/src/panicking.rs:487:40
[INFO] [stderr]     28:     0x5631ad0d9d9c - std::panicking::try::he7d15285746cbbc2
[INFO] [stderr]                                  at /rustc/84c898d65adf2f39a5a98507f1fe0ce10a2b8dbc/library/std/src/panicking.rs:451:19
[INFO] [stderr]     29:     0x5631ad0d9d9c - std::panic::catch_unwind::h89fb4f50c0301fe0
[INFO] [stderr]                                  at /rustc/84c898d65adf2f39a5a98507f1fe0ce10a2b8dbc/library/std/src/panic.rs:140:14
[INFO] [stderr]     30:     0x5631ad0d9d9c - std::rt::lang_start_internal::h078acd489417d3c1
[INFO] [stderr]                                  at /rustc/84c898d65adf2f39a5a98507f1fe0ce10a2b8dbc/library/std/src/rt.rs:148:20
[INFO] [stderr]     31:     0x5631ad093d87 - std::rt::lang_start::h36aa0b399be50158
[INFO] [stderr]     32:     0x5631ad093e05 - main
[INFO] [stderr]     33:     0x7fc707f9bd90 - <unknown>
[INFO] [stderr]     34:     0x7fc707f9be40 - __libc_start_main
[INFO] [stderr]     35:     0x5631ad093c85 - _start
[INFO] [stderr]     36:                0x0 - <unknown>
[INFO] [stderr] warning: build failed, waiting for other jobs to finish...
[INFO] running `Command { std: "docker" "inspect" "092c7b041ba350185c972ea944ec55e0619a9db3cfb0f82b8e989ee9b6a94dca", kill_on_drop: false }`
[INFO] running `Command { std: "docker" "rm" "-f" "092c7b041ba350185c972ea944ec55e0619a9db3cfb0f82b8e989ee9b6a94dca", kill_on_drop: false }`
[INFO] [stdout] 092c7b041ba350185c972ea944ec55e0619a9db3cfb0f82b8e989ee9b6a94dca
