[INFO] cloning repository https://github.com/koba-e964/calc-rust
[INFO] running `Command { std: "git" "-c" "credential.helper=" "-c" "credential.helper=/workspace/cargo-home/bin/git-credential-null" "clone" "--bare" "https://github.com/koba-e964/calc-rust" "/workspace/cache/git-repos/https%3A%2F%2Fgithub.com%2Fkoba-e964%2Fcalc-rust", kill_on_drop: false }`
[INFO] [stderr] Cloning into bare repository '/workspace/cache/git-repos/https%3A%2F%2Fgithub.com%2Fkoba-e964%2Fcalc-rust'...
[INFO] running `Command { std: "git" "rev-parse" "HEAD", kill_on_drop: false }`
[INFO] [stdout] d6e7c76f637cc99cdaf0f0682385bd8317fb2ec6
[INFO] documenting koba-e964/calc-rust against beta-2023-04-20 for beta-1.70-rustdoc-1
[INFO] running `Command { std: "git" "clone" "/workspace/cache/git-repos/https%3A%2F%2Fgithub.com%2Fkoba-e964%2Fcalc-rust" "/workspace/builds/worker-0-tc2/source", kill_on_drop: false }`
[INFO] [stderr] Cloning into '/workspace/builds/worker-0-tc2/source'...
[INFO] [stderr] done.
[INFO] validating manifest of git repo https://github.com/koba-e964/calc-rust on toolchain beta-2023-04-20
[INFO] running `Command { std: CARGO_HOME="/workspace/cargo-home" RUSTUP_HOME="/workspace/rustup-home" "/workspace/cargo-home/bin/cargo" "+beta-2023-04-20" "metadata" "--manifest-path" "Cargo.toml" "--no-deps", kill_on_drop: false }`
[INFO] started tweaking git repo https://github.com/koba-e964/calc-rust
[INFO] finished tweaking git repo https://github.com/koba-e964/calc-rust
[INFO] tweaked toml for git repo https://github.com/koba-e964/calc-rust written to /workspace/builds/worker-0-tc2/source/Cargo.toml
[INFO] crate git repo https://github.com/koba-e964/calc-rust already has a lockfile, it will not be regenerated
[INFO] running `Command { std: CARGO_HOME="/workspace/cargo-home" RUSTUP_HOME="/workspace/rustup-home" "/workspace/cargo-home/bin/cargo" "+beta-2023-04-20" "fetch" "--manifest-path" "Cargo.toml", kill_on_drop: false }`
[INFO] [stderr]     Updating crates.io index
[INFO] [stderr]  Downloading crates ...
[INFO] [stderr]   Downloaded docopt_macros v0.7.0
[INFO] [stderr]   Downloaded quote v0.3.13
[INFO] [stderr]   Downloaded peg-syntax-ext v0.5.0
[INFO] [stderr]   Downloaded peg v0.5.1
[INFO] running `Command { std: "docker" "create" "-v" "/var/lib/crater-agent-workspace/builds/worker-0-tc2/target:/opt/rustwide/target:rw,Z" "-v" "/var/lib/crater-agent-workspace/builds/worker-0-tc2/source:/opt/rustwide/workdir:ro,Z" "-v" "/var/lib/crater-agent-workspace/cargo-home:/opt/rustwide/cargo-home:ro,Z" "-v" "/var/lib/crater-agent-workspace/rustup-home:/opt/rustwide/rustup-home:ro,Z" "-e" "SOURCE_DIR=/opt/rustwide/workdir" "-e" "CARGO_TARGET_DIR=/opt/rustwide/target" "-e" "CARGO_HOME=/opt/rustwide/cargo-home" "-e" "RUSTUP_HOME=/opt/rustwide/rustup-home" "-w" "/opt/rustwide/workdir" "-m" "1610612736" "--user" "0:0" "--network" "none" "ghcr.io/rust-lang/crates-build-env/linux@sha256:97d61d7686bf65f8ecb15491ab51835e82dc9176a96a831f143a431b191fc501" "/opt/rustwide/cargo-home/bin/cargo" "+beta-2023-04-20" "metadata" "--no-deps" "--format-version=1", kill_on_drop: false }`
[INFO] [stdout] 2039f42a74c8a25d553a6a43fe82d119b585338cc1805d6877695ebdb2967269
[INFO] running `Command { std: "docker" "start" "-a" "2039f42a74c8a25d553a6a43fe82d119b585338cc1805d6877695ebdb2967269", kill_on_drop: false }`
[INFO] running `Command { std: "docker" "inspect" "2039f42a74c8a25d553a6a43fe82d119b585338cc1805d6877695ebdb2967269", kill_on_drop: false }`
[INFO] running `Command { std: "docker" "rm" "-f" "2039f42a74c8a25d553a6a43fe82d119b585338cc1805d6877695ebdb2967269", kill_on_drop: false }`
[INFO] [stdout] 2039f42a74c8a25d553a6a43fe82d119b585338cc1805d6877695ebdb2967269
[INFO] running `Command { std: "docker" "create" "-v" "/var/lib/crater-agent-workspace/builds/worker-0-tc2/target:/opt/rustwide/target:rw,Z" "-v" "/var/lib/crater-agent-workspace/builds/worker-0-tc2/source:/opt/rustwide/workdir:ro,Z" "-v" "/var/lib/crater-agent-workspace/cargo-home:/opt/rustwide/cargo-home:ro,Z" "-v" "/var/lib/crater-agent-workspace/rustup-home:/opt/rustwide/rustup-home:ro,Z" "-e" "SOURCE_DIR=/opt/rustwide/workdir" "-e" "CARGO_TARGET_DIR=/opt/rustwide/target" "-e" "CARGO_INCREMENTAL=0" "-e" "RUST_BACKTRACE=full" "-e" "RUSTFLAGS=--cap-lints=warn" "-e" "RUSTDOCFLAGS=--cap-lints=warn" "-e" "CARGO_HOME=/opt/rustwide/cargo-home" "-e" "RUSTUP_HOME=/opt/rustwide/rustup-home" "-w" "/opt/rustwide/workdir" "-m" "1610612736" "--user" "0:0" "--network" "none" "ghcr.io/rust-lang/crates-build-env/linux@sha256:97d61d7686bf65f8ecb15491ab51835e82dc9176a96a831f143a431b191fc501" "/opt/rustwide/cargo-home/bin/cargo" "+beta-2023-04-20" "doc" "--frozen" "--no-deps" "--document-private-items" "--message-format=json", kill_on_drop: false }`
[INFO] [stdout] 4779cd1f688ef611fe8f45c352565dccf9abcfa599fd0bb8ad73185a78cdf959
[INFO] running `Command { std: "docker" "start" "-a" "4779cd1f688ef611fe8f45c352565dccf9abcfa599fd0bb8ad73185a78cdf959", kill_on_drop: false }`
[INFO] [stderr]    Compiling libc v0.2.20
[INFO] [stderr]    Compiling void v1.0.2
[INFO] [stderr]    Compiling utf8-ranges v1.0.0
[INFO] [stderr]    Compiling regex-syntax v0.4.0
[INFO] [stderr]    Compiling lazy_static v0.2.2
[INFO] [stderr]    Compiling unreachable v0.1.1
[INFO] [stderr]    Compiling quote v0.3.13
[INFO] [stderr]    Compiling strsim v0.6.0
[INFO] [stderr]    Compiling rustc-serialize v0.3.22
[INFO] [stderr]    Compiling thread-id v3.0.0
[INFO] [stderr]    Compiling memchr v1.0.1
[INFO] [stderr]    Compiling thread_local v0.3.3
[INFO] [stderr]    Compiling aho-corasick v0.6.2
[INFO] [stderr]    Compiling peg v0.5.1
[INFO] [stderr]     Checking regex v0.2.1
[INFO] [stderr]    Compiling peg-syntax-ext v0.5.0
[INFO] [stdout] error[E0557]: feature has been removed
[INFO] [stdout]  --> /opt/rustwide/cargo-home/registry/src/index.crates.io-6f17d22bba15001f/peg-syntax-ext-0.5.0/lib.rs:1:12
[INFO] [stdout]   |
[INFO] [stdout] 1 | #![feature(plugin_registrar, quote, rustc_private, box_patterns)]
[INFO] [stdout]   |            ^^^^^^^^^^^^^^^^ feature has been removed
[INFO] [stdout]   |
[INFO] [stdout]   = note: a __rustc_plugin_registrar symbol must now be defined instead
[INFO] [stdout] 
[INFO] [stdout] 
[INFO] [stdout] error[E0557]: feature has been removed
[INFO] [stdout]  --> /opt/rustwide/cargo-home/registry/src/index.crates.io-6f17d22bba15001f/peg-syntax-ext-0.5.0/lib.rs:1:30
[INFO] [stdout]   |
[INFO] [stdout] 1 | #![feature(plugin_registrar, quote, rustc_private, box_patterns)]
[INFO] [stdout]   |                              ^^^^^ feature has been removed
[INFO] [stdout] 
[INFO] [stdout] 
[INFO] [stdout] error[E0463]: can't find crate for `rustc_plugin`
[INFO] [stdout]  --> /opt/rustwide/cargo-home/registry/src/index.crates.io-6f17d22bba15001f/peg-syntax-ext-0.5.0/lib.rs:2:1
[INFO] [stdout]   |
[INFO] [stdout] 2 | extern crate rustc_plugin;
[INFO] [stdout]   | ^^^^^^^^^^^^^^^^^^^^^^^^^^ can't find crate
[INFO] [stdout]   |
[INFO] [stdout]   = help: maybe you need to install the missing components with: `rustup component add rust-src rustc-dev llvm-tools-preview`
[INFO] [stdout] 
[INFO] [stdout] 
[INFO] [stdout] error[E0463]: can't find crate for `syntax`
[INFO] [stdout]  --> /opt/rustwide/cargo-home/registry/src/index.crates.io-6f17d22bba15001f/peg-syntax-ext-0.5.0/lib.rs:3:14
[INFO] [stdout]   |
[INFO] [stdout] 3 | #[macro_use] pub extern crate syntax;
[INFO] [stdout]   |              ^^^^^^^^^^^^^^^^^^^^^^^^ can't find crate
[INFO] [stdout] 
[INFO] [stdout] 
[INFO] [stdout] error[E0463]: can't find crate for `syntax_pos`
[INFO] [stdout]  --> /opt/rustwide/cargo-home/registry/src/index.crates.io-6f17d22bba15001f/peg-syntax-ext-0.5.0/lib.rs:4:14
[INFO] [stdout]   |
[INFO] [stdout] 4 | #[macro_use] extern crate syntax_pos;
[INFO] [stdout]   |              ^^^^^^^^^^^^^^^^^^^^^^^^ can't find crate
[INFO] [stdout] 
[INFO] [stdout] 
[INFO] [stdout] error[E0463]: can't find crate for `rustc_errors`
[INFO] [stdout]  --> /opt/rustwide/cargo-home/registry/src/index.crates.io-6f17d22bba15001f/peg-syntax-ext-0.5.0/lib.rs:5:1
[INFO] [stdout]   |
[INFO] [stdout] 5 | extern crate rustc_errors as errors;
[INFO] [stdout]   | ^^^^^^^^^^^^^^^^^^^^^^^^^^^^^^^^^^^^ can't find crate
[INFO] [stdout]   |
[INFO] [stdout]   = help: maybe you need to install the missing components with: `rustup component add rust-src rustc-dev llvm-tools-preview`
[INFO] [stdout] 
[INFO] [stdout] 
[INFO] [stdout] error: cannot find attribute `plugin_registrar` in this scope
[INFO] [stdout]   --> /opt/rustwide/cargo-home/registry/src/index.crates.io-6f17d22bba15001f/peg-syntax-ext-0.5.0/lib.rs:23:3
[INFO] [stdout]    |
[INFO] [stdout] 23 | #[plugin_registrar]
[INFO] [stdout]    |   ^^^^^^^^^^^^^^^^
[INFO] [stdout]    |
[INFO] [stdout]    = note: `plugin_registrar` is in scope, but it is a function, not an attribute
[INFO] [stdout] 
[INFO] [stdout] 
[INFO] [stdout] error: cannot find macro `panictry` in this scope
[INFO] [stdout]   --> /opt/rustwide/cargo-home/registry/src/index.crates.io-6f17d22bba15001f/peg-syntax-ext-0.5.0/lib.rs:72:15
[INFO] [stdout]    |
[INFO] [stdout] 72 |     let tts = panictry!(p.parse_all_token_trees());
[INFO] [stdout]    |               ^^^^^^^^
[INFO] [stdout] 
[INFO] [stdout] 
[INFO] [stdout] error: cannot find macro `quote_item` in this scope
[INFO] [stdout]   --> /opt/rustwide/cargo-home/registry/src/index.crates.io-6f17d22bba15001f/peg-syntax-ext-0.5.0/lib.rs:74:18
[INFO] [stdout]    |
[INFO] [stdout] 74 |     let module = quote_item! { cx,
[INFO] [stdout]    |                  ^^^^^^^^^^
[INFO] [stdout] 
[INFO] [stdout] 
[INFO] [stdout] error: cannot find macro `panictry` in this scope
[INFO] [stdout]   --> /opt/rustwide/cargo-home/registry/src/index.crates.io-6f17d22bba15001f/peg-syntax-ext-0.5.0/lib.rs:89:39
[INFO] [stdout]    |
[INFO] [stdout] 89 |     let arg = cx.expander().fold_expr(panictry!(parser.parse_expr()));
[INFO] [stdout]    |                                       ^^^^^^^^
[INFO] [stdout] 
[INFO] [stdout] 
[INFO] [stdout] error[E0554]: `#![feature]` may not be used on the beta release channel
[INFO] [stdout]  --> /opt/rustwide/cargo-home/registry/src/index.crates.io-6f17d22bba15001f/peg-syntax-ext-0.5.0/lib.rs:1:1
[INFO] [stdout]   |
[INFO] [stdout] 1 | #![feature(plugin_registrar, quote, rustc_private, box_patterns)]
[INFO] [stdout]   | ^^^^^^^^^^^^^^^^^^^^^^^^^^^^^^^^^^^^^^^^^^^^^^^^^^^^^^^^^^^^^^^^^
[INFO] [stdout] 
[INFO] [stdout] 
[INFO] [stdout] error: aborting due to 11 previous errors
[INFO] [stdout] 
[INFO] [stdout] 
[INFO] [stdout] Some errors have detailed explanations: E0463, E0554, E0557.
[INFO] [stdout] 
[INFO] [stdout] For more information about an error, try `rustc --explain E0463`.
[INFO] [stdout] 
[INFO] [stderr] error: could not compile `peg-syntax-ext` (lib) due to 12 previous errors
[INFO] [stderr] warning: build failed, waiting for other jobs to finish...
[INFO] running `Command { std: "docker" "inspect" "4779cd1f688ef611fe8f45c352565dccf9abcfa599fd0bb8ad73185a78cdf959", kill_on_drop: false }`
[INFO] running `Command { std: "docker" "rm" "-f" "4779cd1f688ef611fe8f45c352565dccf9abcfa599fd0bb8ad73185a78cdf959", kill_on_drop: false }`
[INFO] [stdout] 4779cd1f688ef611fe8f45c352565dccf9abcfa599fd0bb8ad73185a78cdf959
