[INFO] cloning repository https://github.com/kirushik/nonchalance
[INFO] running `Command { std: "git" "-c" "credential.helper=" "-c" "credential.helper=/workspace/cargo-home/bin/git-credential-null" "clone" "--bare" "https://github.com/kirushik/nonchalance" "/workspace/cache/git-repos/https%3A%2F%2Fgithub.com%2Fkirushik%2Fnonchalance", kill_on_drop: false }`
[INFO] [stderr] Cloning into bare repository '/workspace/cache/git-repos/https%3A%2F%2Fgithub.com%2Fkirushik%2Fnonchalance'...
[INFO] running `Command { std: "git" "rev-parse" "HEAD", kill_on_drop: false }`
[INFO] [stdout] 3ed8e91a6533319a6f85718ca6119e307f3804a5
[INFO] documenting kirushik/nonchalance against 1.69.0 for beta-1.70-rustdoc-1
[INFO] running `Command { std: "git" "clone" "/workspace/cache/git-repos/https%3A%2F%2Fgithub.com%2Fkirushik%2Fnonchalance" "/workspace/builds/worker-2-tc1/source", kill_on_drop: false }`
[INFO] [stderr] Cloning into '/workspace/builds/worker-2-tc1/source'...
[INFO] [stderr] done.
[INFO] validating manifest of git repo https://github.com/kirushik/nonchalance on toolchain 1.69.0
[INFO] running `Command { std: CARGO_HOME="/workspace/cargo-home" RUSTUP_HOME="/workspace/rustup-home" "/workspace/cargo-home/bin/cargo" "+1.69.0" "metadata" "--manifest-path" "Cargo.toml" "--no-deps", kill_on_drop: false }`
[INFO] started tweaking git repo https://github.com/kirushik/nonchalance
[INFO] finished tweaking git repo https://github.com/kirushik/nonchalance
[INFO] tweaked toml for git repo https://github.com/kirushik/nonchalance written to /workspace/builds/worker-2-tc1/source/Cargo.toml
[INFO] crate git repo https://github.com/kirushik/nonchalance already has a lockfile, it will not be regenerated
[INFO] running `Command { std: CARGO_HOME="/workspace/cargo-home" RUSTUP_HOME="/workspace/rustup-home" "/workspace/cargo-home/bin/cargo" "+1.69.0" "fetch" "--manifest-path" "Cargo.toml", kill_on_drop: false }`
[INFO] [stderr]  Downloading crates ...
[INFO] [stderr]   Downloaded data-encoding v1.2.0
[INFO] [stderr]   Downloaded fixedbitset v0.1.6
[INFO] [stderr]   Downloaded petgraph v0.4.5
[INFO] [stderr]   Downloaded ring-pwhash v0.2.0
[INFO] [stderr]   Downloaded simple-signal v1.1.0
[INFO] [stderr]   Downloaded conrod v0.53.0
[INFO] [stderr]   Downloaded ring v0.9.7
[INFO] [stderr]   Downloaded ttf-noto-sans v0.1.1
[INFO] running `Command { std: "docker" "create" "-v" "/var/lib/crater-agent-workspace/builds/worker-2-tc1/target:/opt/rustwide/target:rw,Z" "-v" "/var/lib/crater-agent-workspace/builds/worker-2-tc1/source:/opt/rustwide/workdir:ro,Z" "-v" "/var/lib/crater-agent-workspace/cargo-home:/opt/rustwide/cargo-home:ro,Z" "-v" "/var/lib/crater-agent-workspace/rustup-home:/opt/rustwide/rustup-home:ro,Z" "-e" "SOURCE_DIR=/opt/rustwide/workdir" "-e" "CARGO_TARGET_DIR=/opt/rustwide/target" "-e" "CARGO_HOME=/opt/rustwide/cargo-home" "-e" "RUSTUP_HOME=/opt/rustwide/rustup-home" "-w" "/opt/rustwide/workdir" "-m" "1610612736" "--user" "0:0" "--network" "none" "ghcr.io/rust-lang/crates-build-env/linux@sha256:5ff2268d62e97bff2cde7d5815dd6ed5b47097566f13b8d0ca110b04b60e07ed" "/opt/rustwide/cargo-home/bin/cargo" "+1.69.0" "metadata" "--no-deps" "--format-version=1", kill_on_drop: false }`
[INFO] [stdout] 2e3a959e8bf84d806f8e8662f9aa47069869d6ff75c96825c158adf8a8a51247
[INFO] running `Command { std: "docker" "start" "-a" "2e3a959e8bf84d806f8e8662f9aa47069869d6ff75c96825c158adf8a8a51247", kill_on_drop: false }`
[INFO] running `Command { std: "docker" "inspect" "2e3a959e8bf84d806f8e8662f9aa47069869d6ff75c96825c158adf8a8a51247", kill_on_drop: false }`
[INFO] running `Command { std: "docker" "rm" "-f" "2e3a959e8bf84d806f8e8662f9aa47069869d6ff75c96825c158adf8a8a51247", kill_on_drop: false }`
[INFO] [stdout] 2e3a959e8bf84d806f8e8662f9aa47069869d6ff75c96825c158adf8a8a51247
[INFO] running `Command { std: "docker" "create" "-v" "/var/lib/crater-agent-workspace/builds/worker-2-tc1/target:/opt/rustwide/target:rw,Z" "-v" "/var/lib/crater-agent-workspace/builds/worker-2-tc1/source:/opt/rustwide/workdir:ro,Z" "-v" "/var/lib/crater-agent-workspace/cargo-home:/opt/rustwide/cargo-home:ro,Z" "-v" "/var/lib/crater-agent-workspace/rustup-home:/opt/rustwide/rustup-home:ro,Z" "-e" "SOURCE_DIR=/opt/rustwide/workdir" "-e" "CARGO_TARGET_DIR=/opt/rustwide/target" "-e" "CARGO_INCREMENTAL=0" "-e" "RUST_BACKTRACE=full" "-e" "RUSTFLAGS=--cap-lints=warn" "-e" "RUSTDOCFLAGS=--cap-lints=warn" "-e" "CARGO_HOME=/opt/rustwide/cargo-home" "-e" "RUSTUP_HOME=/opt/rustwide/rustup-home" "-w" "/opt/rustwide/workdir" "-m" "1610612736" "--user" "0:0" "--network" "none" "ghcr.io/rust-lang/crates-build-env/linux@sha256:5ff2268d62e97bff2cde7d5815dd6ed5b47097566f13b8d0ca110b04b60e07ed" "/opt/rustwide/cargo-home/bin/cargo" "+1.69.0" "doc" "--frozen" "--no-deps" "--document-private-items" "--message-format=json", kill_on_drop: false }`
[INFO] [stdout] 160bfa1498b2793bcef517c9a8536e5e6780bb77cca3113b33b19ea2c2df82eb
[INFO] running `Command { std: "docker" "start" "-a" "160bfa1498b2793bcef517c9a8536e5e6780bb77cca3113b33b19ea2c2df82eb", kill_on_drop: false }`
[INFO] [stderr]     Checking libc v0.2.24
[INFO] [stderr]    Compiling siphasher v0.2.2
[INFO] [stderr]    Compiling bitflags v0.7.0
[INFO] [stderr]     Checking lazy_static v0.2.8
[INFO] [stderr]    Compiling winapi-build v0.1.1
[INFO] [stderr]    Compiling dtoa v0.4.1
[INFO] [stderr]    Compiling itoa v0.3.1
[INFO] [stderr]    Compiling serde v0.9.15
[INFO] [stderr]    Compiling num-traits v0.1.39
[INFO] [stderr]    Compiling gcc v0.3.51
[INFO] [stderr]     Checking winapi v0.2.8
[INFO] [stderr]    Compiling semver v0.1.20
[INFO] [stderr]    Compiling khronos_api v1.0.1
[INFO] [stderr]    Compiling log v0.3.8
[INFO] [stderr]    Compiling xml-rs v0.3.6
[INFO] [stderr]    Compiling rayon-core v1.2.1
[INFO] [stderr]    Compiling phf_shared v0.7.21
[INFO] [stderr]    Compiling scopeguard v0.3.2
[INFO] [stderr]    Compiling kernel32-sys v0.2.2
[INFO] [stderr]    Compiling pkg-config v0.3.9
[INFO] [stderr]    Compiling rustc_version v0.1.7
[INFO] [stderr]    Compiling either v1.1.0
[INFO] [stderr]    Compiling phf v0.7.21
[INFO] [stderr]     Checking byteorder v1.0.0
[INFO] [stderr]     Checking rand v0.3.15
[INFO] [stderr]    Compiling num_cpus v1.5.1
[INFO] [stderr]    Compiling coco v0.1.1
[INFO] [stderr]    Compiling dbghelp-sys v0.2.0
[INFO] [stderr]     Checking cfg-if v0.1.1
[INFO] [stderr]     Checking rustc-serialize v0.3.24
[INFO] [stderr]    Compiling futures v0.1.14
[INFO] [stderr]     Checking num-integer v0.1.34
[INFO] [stderr]     Checking shared_library v0.1.5
[INFO] [stderr]    Compiling tempfile v2.1.5
[INFO] [stderr]     Checking fs2 v0.2.5
[INFO] [stderr]     Checking matches v0.1.6
[INFO] [stderr]    Compiling wayland-scanner v0.7.8
[INFO] [stderr]    Compiling gl_generator v0.5.3
[INFO] [stderr]     Checking odds v0.2.25
[INFO] [stderr]     Checking memmap v0.4.0
[INFO] [stderr]    Compiling x11-dl v2.14.0
[INFO] [stderr]    Compiling backtrace v0.2.3
[INFO] [stderr]    Compiling backtrace-sys v0.1.11
[INFO] [stderr]     Checking osmesa-sys v0.1.2
[INFO] [stderr]     Checking unicode-bidi v0.3.3
[INFO] [stderr]     Checking iovec v0.1.0
[INFO] [stderr]     Checking piston-float v0.3.0
[INFO] [stderr]    Compiling phf_generator v0.7.21
[INFO] [stderr]     Checking nodrop v0.1.9
[INFO] [stderr]     Checking rustc-demangle v0.1.4
[INFO] [stderr]    Compiling phf_codegen v0.7.21
[INFO] [stderr]     Checking fixedbitset v0.1.6
[INFO] [stderr]     Checking unicode-normalization v0.1.5
[INFO] [stderr]     Checking byteorder v0.4.2
[INFO] [stderr]     Checking arrayvec v0.3.23
[INFO] [stderr]     Checking piston-viewport v0.3.0
[INFO] [stderr]     Checking num-iter v0.1.33
[INFO] [stderr]     Checking net2 v0.2.29
[INFO] [stderr]    Compiling target_build_utils v0.3.1
[INFO] [stderr]     Checking petgraph v0.4.5
[INFO] [stderr]     Checking linked-hash-map v0.0.10
[INFO] [stderr]     Checking untrusted v0.5.0
[INFO] [stderr]     Checking stb_truetype v0.2.1
[INFO] [stderr]     Checking slab v0.3.0
[INFO] [stderr]    Compiling wayland-client v0.7.8
[INFO] [stderr]     Checking fnv v1.0.5
[INFO] [stderr]     Checking smallvec v0.1.8
[INFO] [stderr]     Checking idna v0.1.2
[INFO] [stderr]     Checking bitflags v0.8.2
[INFO] [stderr]     Checking percent-encoding v1.0.0
[INFO] [stderr]     Checking lazycell v0.4.0
[INFO] [stderr]     Checking rusttype v0.2.1
[INFO] [stderr]     Checking bytes v0.4.4
[INFO] [stderr]     Checking data-encoding v1.2.0
[INFO] [stderr]     Checking lazy_static v0.1.16
[INFO] [stderr]     Checking mio v0.6.9
[INFO] [stderr]     Checking httparse v1.2.3
[INFO] [stderr]    Compiling glutin v0.7.4
[INFO] [stderr]    Compiling glium v0.16.0
[INFO] [stderr]     Checking sha1 v0.2.0
[INFO] [stderr]     Checking simple-signal v1.1.0
[INFO] [stderr]     Checking ttf-noto-sans v0.1.1
[INFO] [stderr]    Compiling rayon v0.7.1
[INFO] [stderr]     Checking daggy v0.5.0
[INFO] [stderr]     Checking num-bigint v0.1.39
[INFO] [stderr]     Checking num-complex v0.1.38
[INFO] [stderr]     Checking pistoncore-input v0.18.0
[INFO] [stdout] error[E0311]: the parameter type `K` may not live long enough
[INFO] [stdout]   --> /opt/rustwide/cargo-home/registry/src/github.com-1ecc6299db9ec823/rusttype-0.2.1/src/support/bst/map.rs:81:19
[INFO] [stdout]    |
[INFO] [stdout] 81 |             match node.force() {
[INFO] [stdout]    |                   ^^^^
[INFO] [stdout]    |
[INFO] [stdout] note: the parameter type `K` must be valid for the anonymous lifetime defined here...
[INFO] [stdout]   --> /opt/rustwide/cargo-home/registry/src/github.com-1ecc6299db9ec823/rusttype-0.2.1/src/support/bst/map.rs:78:37
[INFO] [stdout]    |
[INFO] [stdout] 78 |                 node: node::NodeRef<marker::Immut, K, V, marker::LeafOrInternal>)
[INFO] [stdout]    |                                     ^^^^^^^^^^^^^
[INFO] [stdout] note: ...so that the type `K` will meet its required lifetime bounds
[INFO] [stdout]   --> /opt/rustwide/cargo-home/registry/src/github.com-1ecc6299db9ec823/rusttype-0.2.1/src/support/bst/map.rs:81:19
[INFO] [stdout]    |
[INFO] [stdout] 81 |             match node.force() {
[INFO] [stdout]    |                   ^^^^
[INFO] [stdout] help: consider adding an explicit lifetime bound...
[INFO] [stdout]    |
[INFO] [stdout] 77 ~         fn clone_subtree<'a, K: Clone + 'a, V: Clone>(
[INFO] [stdout] 78 ~                 node: node::NodeRef<marker::Immut<'a>, K, V, marker::LeafOrInternal>)
[INFO] [stdout]    |
[INFO] [stdout] 
[INFO] [stdout] 
[INFO] [stdout] error[E0311]: the parameter type `V` may not live long enough
[INFO] [stdout]   --> /opt/rustwide/cargo-home/registry/src/github.com-1ecc6299db9ec823/rusttype-0.2.1/src/support/bst/map.rs:81:19
[INFO] [stdout]    |
[INFO] [stdout] 81 |             match node.force() {
[INFO] [stdout]    |                   ^^^^
[INFO] [stdout]    |
[INFO] [stdout] note: the parameter type `V` must be valid for the anonymous lifetime defined here...
[INFO] [stdout]   --> /opt/rustwide/cargo-home/registry/src/github.com-1ecc6299db9ec823/rusttype-0.2.1/src/support/bst/map.rs:78:37
[INFO] [stdout]    |
[INFO] [stdout] 78 |                 node: node::NodeRef<marker::Immut, K, V, marker::LeafOrInternal>)
[INFO] [stdout]    |                                     ^^^^^^^^^^^^^
[INFO] [stdout] note: ...so that the type `V` will meet its required lifetime bounds
[INFO] [stdout]   --> /opt/rustwide/cargo-home/registry/src/github.com-1ecc6299db9ec823/rusttype-0.2.1/src/support/bst/map.rs:81:19
[INFO] [stdout]    |
[INFO] [stdout] 81 |             match node.force() {
[INFO] [stdout]    |                   ^^^^
[INFO] [stdout] help: consider adding an explicit lifetime bound...
[INFO] [stdout]    |
[INFO] [stdout] 77 ~         fn clone_subtree<'a, K: Clone, V: Clone + 'a>(
[INFO] [stdout] 78 ~                 node: node::NodeRef<marker::Immut<'a>, K, V, marker::LeafOrInternal>)
[INFO] [stdout]    |
[INFO] [stdout] 
[INFO] [stdout] 
[INFO] [stderr]     Checking url v1.5.0
[INFO] [stdout] error: aborting due to 2 previous errors
[INFO] [stdout] 
[INFO] [stdout] 
[INFO] [stdout] For more information about this error, try `rustc --explain E0311`.
[INFO] [stdout] 
[INFO] [stderr] error: could not compile `rusttype` due to 3 previous errors
[INFO] [stderr] warning: build failed, waiting for other jobs to finish...
[INFO] [stdout] error[E0713]: borrow may still be in use when destructor runs
[INFO] [stdout]    --> /opt/rustwide/cargo-home/registry/src/github.com-1ecc6299db9ec823/url-1.5.0/src/form_urlencoded.rs:251:40
[INFO] [stdout]     |
[INFO] [stdout] 249 | impl<'a> Target for ::UrlQuery<'a> {
[INFO] [stdout]     |      -- lifetime `'a` defined here
[INFO] [stdout] 250 |     fn as_mut_string(&mut self) -> &mut String { &mut self.url.serialization }
[INFO] [stdout] 251 |     fn finish(self) -> &'a mut ::Url { self.url }
[INFO] [stdout]     |                                        ^^^^^^^^ - here, drop of `self` needs exclusive access to `*self.url`, because the type `UrlQuery<'_>` implements the `Drop` trait
[INFO] [stdout]     |                                        |
[INFO] [stdout]     |                                        returning this value requires that `*self.url` is borrowed for `'a`
[INFO] [stdout] 
[INFO] [stdout] 
[INFO] [stdout] error: aborting due to previous error
[INFO] [stdout] 
[INFO] [stdout] 
[INFO] [stdout] For more information about this error, try `rustc --explain E0713`.
[INFO] [stdout] 
[INFO] [stderr] error: could not compile `url` due to 2 previous errors
[INFO] running `Command { std: "docker" "inspect" "160bfa1498b2793bcef517c9a8536e5e6780bb77cca3113b33b19ea2c2df82eb", kill_on_drop: false }`
[INFO] running `Command { std: "docker" "rm" "-f" "160bfa1498b2793bcef517c9a8536e5e6780bb77cca3113b33b19ea2c2df82eb", kill_on_drop: false }`
[INFO] [stdout] 160bfa1498b2793bcef517c9a8536e5e6780bb77cca3113b33b19ea2c2df82eb
