[INFO] cloning repository https://github.com/khaivubui/rust_iron_gcd
[INFO] running `Command { std: "git" "-c" "credential.helper=" "-c" "credential.helper=/workspace/cargo-home/bin/git-credential-null" "clone" "--bare" "https://github.com/khaivubui/rust_iron_gcd" "/workspace/cache/git-repos/https%3A%2F%2Fgithub.com%2Fkhaivubui%2Frust_iron_gcd", kill_on_drop: false }`
[INFO] [stderr] Cloning into bare repository '/workspace/cache/git-repos/https%3A%2F%2Fgithub.com%2Fkhaivubui%2Frust_iron_gcd'...
[INFO] running `Command { std: "git" "rev-parse" "HEAD", kill_on_drop: false }`
[INFO] [stdout] d0ac9f890bb17be08005011d02f50568cd8fc10c
[INFO] documenting khaivubui/rust_iron_gcd against beta-2023-04-20 for beta-1.70-rustdoc-1
[INFO] running `Command { std: "git" "clone" "/workspace/cache/git-repos/https%3A%2F%2Fgithub.com%2Fkhaivubui%2Frust_iron_gcd" "/workspace/builds/worker-2-tc2/source", kill_on_drop: false }`
[INFO] [stderr] Cloning into '/workspace/builds/worker-2-tc2/source'...
[INFO] [stderr] done.
[INFO] validating manifest of git repo https://github.com/khaivubui/rust_iron_gcd on toolchain beta-2023-04-20
[INFO] running `Command { std: CARGO_HOME="/workspace/cargo-home" RUSTUP_HOME="/workspace/rustup-home" "/workspace/cargo-home/bin/cargo" "+beta-2023-04-20" "metadata" "--manifest-path" "Cargo.toml" "--no-deps", kill_on_drop: false }`
[INFO] started tweaking git repo https://github.com/khaivubui/rust_iron_gcd
[INFO] finished tweaking git repo https://github.com/khaivubui/rust_iron_gcd
[INFO] tweaked toml for git repo https://github.com/khaivubui/rust_iron_gcd written to /workspace/builds/worker-2-tc2/source/Cargo.toml
[INFO] crate git repo https://github.com/khaivubui/rust_iron_gcd already has a lockfile, it will not be regenerated
[INFO] running `Command { std: CARGO_HOME="/workspace/cargo-home" RUSTUP_HOME="/workspace/rustup-home" "/workspace/cargo-home/bin/cargo" "+beta-2023-04-20" "fetch" "--manifest-path" "Cargo.toml", kill_on_drop: false }`
[INFO] running `Command { std: "docker" "create" "-v" "/var/lib/crater-agent-workspace/builds/worker-2-tc2/target:/opt/rustwide/target:rw,Z" "-v" "/var/lib/crater-agent-workspace/builds/worker-2-tc2/source:/opt/rustwide/workdir:ro,Z" "-v" "/var/lib/crater-agent-workspace/cargo-home:/opt/rustwide/cargo-home:ro,Z" "-v" "/var/lib/crater-agent-workspace/rustup-home:/opt/rustwide/rustup-home:ro,Z" "-e" "SOURCE_DIR=/opt/rustwide/workdir" "-e" "CARGO_TARGET_DIR=/opt/rustwide/target" "-e" "CARGO_HOME=/opt/rustwide/cargo-home" "-e" "RUSTUP_HOME=/opt/rustwide/rustup-home" "-w" "/opt/rustwide/workdir" "-m" "1610612736" "--user" "0:0" "--network" "none" "ghcr.io/rust-lang/crates-build-env/linux@sha256:5ff2268d62e97bff2cde7d5815dd6ed5b47097566f13b8d0ca110b04b60e07ed" "/opt/rustwide/cargo-home/bin/cargo" "+beta-2023-04-20" "metadata" "--no-deps" "--format-version=1", kill_on_drop: false }`
[INFO] [stdout] b935dcc553c07fe80ef456501859b7327f76da5709e7cd3ef98d2db57295cbfa
[INFO] running `Command { std: "docker" "start" "-a" "b935dcc553c07fe80ef456501859b7327f76da5709e7cd3ef98d2db57295cbfa", kill_on_drop: false }`
[INFO] running `Command { std: "docker" "inspect" "b935dcc553c07fe80ef456501859b7327f76da5709e7cd3ef98d2db57295cbfa", kill_on_drop: false }`
[INFO] running `Command { std: "docker" "rm" "-f" "b935dcc553c07fe80ef456501859b7327f76da5709e7cd3ef98d2db57295cbfa", kill_on_drop: false }`
[INFO] [stdout] b935dcc553c07fe80ef456501859b7327f76da5709e7cd3ef98d2db57295cbfa
[INFO] running `Command { std: "docker" "create" "-v" "/var/lib/crater-agent-workspace/builds/worker-2-tc2/target:/opt/rustwide/target:rw,Z" "-v" "/var/lib/crater-agent-workspace/builds/worker-2-tc2/source:/opt/rustwide/workdir:ro,Z" "-v" "/var/lib/crater-agent-workspace/cargo-home:/opt/rustwide/cargo-home:ro,Z" "-v" "/var/lib/crater-agent-workspace/rustup-home:/opt/rustwide/rustup-home:ro,Z" "-e" "SOURCE_DIR=/opt/rustwide/workdir" "-e" "CARGO_TARGET_DIR=/opt/rustwide/target" "-e" "CARGO_INCREMENTAL=0" "-e" "RUST_BACKTRACE=full" "-e" "RUSTFLAGS=--cap-lints=warn" "-e" "RUSTDOCFLAGS=--cap-lints=warn" "-e" "CARGO_HOME=/opt/rustwide/cargo-home" "-e" "RUSTUP_HOME=/opt/rustwide/rustup-home" "-w" "/opt/rustwide/workdir" "-m" "1610612736" "--user" "0:0" "--network" "none" "ghcr.io/rust-lang/crates-build-env/linux@sha256:5ff2268d62e97bff2cde7d5815dd6ed5b47097566f13b8d0ca110b04b60e07ed" "/opt/rustwide/cargo-home/bin/cargo" "+beta-2023-04-20" "doc" "--frozen" "--no-deps" "--document-private-items" "--message-format=json", kill_on_drop: false }`
[INFO] [stdout] 59427f04a2c35a0bae65a5fa993e387b6063ea3c2489454c631ad3fe7136a6d4
[INFO] running `Command { std: "docker" "start" "-a" "59427f04a2c35a0bae65a5fa993e387b6063ea3c2489454c631ad3fe7136a6d4", kill_on_drop: false }`
[INFO] [stderr]     Checking traitobject v0.1.0
[INFO] [stderr]     Checking matches v0.1.6
[INFO] [stderr]    Compiling version_check v0.1.3
[INFO] [stderr]     Checking cfg-if v0.1.2
[INFO] [stderr]     Checking libc v0.2.39
[INFO] [stderr]     Checking unicode-normalization v0.1.5
[INFO] [stderr]     Checking percent-encoding v1.0.1
[INFO] [stderr]     Checking byteorder v1.2.1
[INFO] [stderr]     Checking typeable v0.1.2
[INFO] [stderr]     Checking safemem v0.2.0
[INFO] [stderr]     Checking rustc-serialize v0.3.24
[INFO] [stderr]     Checking language-tags v0.2.2
[INFO] [stderr]     Checking httparse v1.2.4
[INFO] [stderr]     Checking lazy_static v0.2.11
[INFO] [stderr]     Checking modifier v0.1.0
[INFO] [stderr]     Checking num-traits v0.2.1
[INFO] [stderr]     Checking log v0.4.1
[INFO] [stderr]     Checking unicode-bidi v0.3.4
[INFO] [stderr]     Checking serde v0.8.23
[INFO] [stderr]     Checking itoa v0.1.1
[INFO] [stderr]     Checking dtoa v0.2.2
[INFO] [stderr]     Checking route-recognizer v0.1.12
[INFO] [stderr]     Checking unsafe-any v0.4.2
[INFO] [stderr]     Checking error v0.1.9
[INFO] [stderr]     Checking typemap v0.3.3
[INFO] [stderr] LLVM ERROR: IO failure on output stream: No space left on device
[INFO] [stderr] thread 'rustc' panicked at 'make sure that the calls to `lazy*` are in the same order as the metadata fields', compiler/rustc_metadata/src/rmeta/encoder.rs:410:17
[INFO] [stderr] error: could not parse/generate dep info at: /opt/rustwide/target/debug/deps/error-11f6243b2b9bf6d2.d
[INFO] [stderr] 
[INFO] [stderr] Caused by:
[INFO] [stderr]   failed to write `/opt/rustwide/target/debug/.fingerprint/error-11f6243b2b9bf6d2/dep-lib-error`
[INFO] [stderr] 
[INFO] [stderr] Caused by:
[INFO] [stderr]   No space left on device (os error 28)
[INFO] [stderr] warning: build failed, waiting for other jobs to finish...
[INFO] [stdout] error: couldn't create a temp dir: No space left on device (os error 28) at path "/opt/rustwide/target/debug/deps/rmetaLy7GrN"
[INFO] [stdout] 
[INFO] [stdout] 
[INFO] [stdout] error: couldn't create a temp dir: No space left on device (os error 28) at path "/opt/rustwide/target/debug/deps/rmetaPXWxc4"
[INFO] [stdout] 
[INFO] [stdout] 
[INFO] [stderr] error: could not compile `version_check` (lib)
[INFO] [stderr] error: could not compile `dtoa` (lib) due to previous error
[INFO] [stderr] error: could not compile `log` (lib) due to previous error
[INFO] [stdout] error: couldn't create a temp dir: No space left on device (os error 28) at path "/opt/rustwide/target/debug/deps/rmetaxGV0fl"
[INFO] [stdout] 
[INFO] [stdout] 
[INFO] [stderr] error: could not compile `route-recognizer` (lib) due to previous error
[INFO] [stderr] error: could not compile `byteorder` (lib)
[INFO] [stderr] thread 'rustc' panicked at 'assertion failed: pos.get() <= self.position()', compiler/rustc_metadata/src/rmeta/encoder.rs:433:9
[INFO] [stdout] error: couldn't create a temp dir: No space left on device (os error 28) at path "/opt/rustwide/target/debug/deps/rmetalOcmIB"
[INFO] [stdout] 
[INFO] [stdout] 
[INFO] [stderr] error: could not compile `typemap` (lib) due to previous error
[INFO] [stderr] error: could not compile `unicode-bidi` (lib)
[INFO] [stderr] thread 'rustc' panicked at 'assertion failed: pos.get() <= self.position()', compiler/rustc_metadata/src/rmeta/encoder.rs:433:9
[INFO] [stdout] error: couldn't create a temp dir: No space left on device (os error 28) at path "/opt/rustwide/target/debug/deps/rmeta06qiIi"
[INFO] [stdout] 
[INFO] [stdout] 
[INFO] [stderr] error: could not compile `unicode-normalization` (lib) due to previous error
[INFO] [stderr] error: could not compile `libc` (lib)
[INFO] [stderr] thread 'rustc' panicked at 'assertion failed: pos.get() <= self.position()', compiler/rustc_metadata/src/rmeta/encoder.rs:433:9
[INFO] [stderr] error: could not compile `num-traits` (lib)
[INFO] [stderr] thread 'rustc' panicked at 'assertion failed: pos.get() <= self.position()', compiler/rustc_metadata/src/rmeta/encoder.rs:433:9
[INFO] [stderr] error: could not compile `rustc-serialize` (lib)
[INFO] [stderr] thread 'rustc' panicked at 'assertion failed: pos.get() <= self.position()', compiler/rustc_metadata/src/rmeta/encoder.rs:433:9
[INFO] [stderr] error: could not compile `serde` (lib)
[INFO] running `Command { std: "docker" "inspect" "59427f04a2c35a0bae65a5fa993e387b6063ea3c2489454c631ad3fe7136a6d4", kill_on_drop: false }`
[INFO] running `Command { std: "docker" "rm" "-f" "59427f04a2c35a0bae65a5fa993e387b6063ea3c2489454c631ad3fe7136a6d4", kill_on_drop: false }`
[INFO] [stdout] 59427f04a2c35a0bae65a5fa993e387b6063ea3c2489454c631ad3fe7136a6d4
