[INFO] cloning repository https://github.com/kevinmehall/webrender-experiments
[INFO] running `Command { std: "git" "-c" "credential.helper=" "-c" "credential.helper=/workspace/cargo-home/bin/git-credential-null" "clone" "--bare" "https://github.com/kevinmehall/webrender-experiments" "/workspace/cache/git-repos/https%3A%2F%2Fgithub.com%2Fkevinmehall%2Fwebrender-experiments", kill_on_drop: false }`
[INFO] [stderr] Cloning into bare repository '/workspace/cache/git-repos/https%3A%2F%2Fgithub.com%2Fkevinmehall%2Fwebrender-experiments'...
[INFO] running `Command { std: "git" "rev-parse" "HEAD", kill_on_drop: false }`
[INFO] [stdout] 7c077ef1f15d87530a28132485783068be9c08ce
[INFO] documenting kevinmehall/webrender-experiments against 1.69.0 for beta-1.70-rustdoc-1
[INFO] running `Command { std: "git" "clone" "/workspace/cache/git-repos/https%3A%2F%2Fgithub.com%2Fkevinmehall%2Fwebrender-experiments" "/workspace/builds/worker-3-tc1/source", kill_on_drop: false }`
[INFO] [stderr] Cloning into '/workspace/builds/worker-3-tc1/source'...
[INFO] [stderr] done.
[INFO] validating manifest of git repo https://github.com/kevinmehall/webrender-experiments on toolchain 1.69.0
[INFO] running `Command { std: CARGO_HOME="/workspace/cargo-home" RUSTUP_HOME="/workspace/rustup-home" "/workspace/cargo-home/bin/cargo" "+1.69.0" "metadata" "--manifest-path" "Cargo.toml" "--no-deps", kill_on_drop: false }`
[INFO] started tweaking git repo https://github.com/kevinmehall/webrender-experiments
[INFO] finished tweaking git repo https://github.com/kevinmehall/webrender-experiments
[INFO] tweaked toml for git repo https://github.com/kevinmehall/webrender-experiments written to /workspace/builds/worker-3-tc1/source/Cargo.toml
[INFO] crate git repo https://github.com/kevinmehall/webrender-experiments already has a lockfile, it will not be regenerated
[INFO] running `Command { std: CARGO_HOME="/workspace/cargo-home" RUSTUP_HOME="/workspace/rustup-home" "/workspace/cargo-home/bin/cargo" "+1.69.0" "fetch" "--manifest-path" "Cargo.toml", kill_on_drop: false }`
[INFO] [stderr]     Updating git repository `https://github.com/servo/webrender`
[INFO] [stderr]     Updating git repository `https://github.com/servo/webrender_traits`
[INFO] [stderr]     Updating git repository `https://github.com/servo/ipc-channel`
[INFO] [stderr]     Updating git repository `https://github.com/ecoal95/rust-offscreen-rendering-context`
[INFO] [stderr]     Updating git repository `https://github.com/servo/rust-freetype`
[INFO] [stderr]     Updating git repository `https://github.com/TyOverby/bincode`
[INFO] [stderr]  Downloading crates ...
[INFO] [stderr]   Downloaded gleam v0.2.6
[INFO] [stderr]   Downloaded x11 v2.3.1
[INFO] [stderr]   Downloaded regex v0.1.55
[INFO] [stderr]   Downloaded fnv v1.0.2
[INFO] [stderr]   Downloaded heapsize_plugin v0.1.4
[INFO] [stderr]   Downloaded pkg-config v0.3.7
[INFO] [stderr]   Downloaded quasi v0.7.0
[INFO] [stderr]   Downloaded regex-syntax v0.2.5
[INFO] [stderr]   Downloaded app_units v0.2.3
[INFO] [stderr]   Downloaded quasi_codegen v0.7.0
[INFO] [stderr]   Downloaded euclid v0.6.2
[INFO] [stderr]   Downloaded core-text v1.0.0
[INFO] [stderr]   Downloaded heapsize v0.3.3
[INFO] [stderr]   Downloaded aster v0.13.1
[INFO] [stderr]   Downloaded serde_codegen v0.6.14
[INFO] [stderr]   Downloaded quasi_macros v0.7.0
[INFO] [stderr]   Downloaded serde_macros v0.6.14
[INFO] running `Command { std: "docker" "create" "-v" "/var/lib/crater-agent-workspace/builds/worker-3-tc1/target:/opt/rustwide/target:rw,Z" "-v" "/var/lib/crater-agent-workspace/builds/worker-3-tc1/source:/opt/rustwide/workdir:ro,Z" "-v" "/var/lib/crater-agent-workspace/cargo-home:/opt/rustwide/cargo-home:ro,Z" "-v" "/var/lib/crater-agent-workspace/rustup-home:/opt/rustwide/rustup-home:ro,Z" "-e" "SOURCE_DIR=/opt/rustwide/workdir" "-e" "CARGO_TARGET_DIR=/opt/rustwide/target" "-e" "CARGO_HOME=/opt/rustwide/cargo-home" "-e" "RUSTUP_HOME=/opt/rustwide/rustup-home" "-w" "/opt/rustwide/workdir" "-m" "1610612736" "--user" "0:0" "--network" "none" "ghcr.io/rust-lang/crates-build-env/linux@sha256:5ff2268d62e97bff2cde7d5815dd6ed5b47097566f13b8d0ca110b04b60e07ed" "/opt/rustwide/cargo-home/bin/cargo" "+1.69.0" "metadata" "--no-deps" "--format-version=1", kill_on_drop: false }`
[INFO] [stdout] 8fada1a5f5c810be41d337fe1c33b5390c4d0a1b23e5d8f761ce7ae0046795b8
[INFO] running `Command { std: "docker" "start" "-a" "8fada1a5f5c810be41d337fe1c33b5390c4d0a1b23e5d8f761ce7ae0046795b8", kill_on_drop: false }`
[INFO] running `Command { std: "docker" "inspect" "8fada1a5f5c810be41d337fe1c33b5390c4d0a1b23e5d8f761ce7ae0046795b8", kill_on_drop: false }`
[INFO] running `Command { std: "docker" "rm" "-f" "8fada1a5f5c810be41d337fe1c33b5390c4d0a1b23e5d8f761ce7ae0046795b8", kill_on_drop: false }`
[INFO] [stdout] 8fada1a5f5c810be41d337fe1c33b5390c4d0a1b23e5d8f761ce7ae0046795b8
[INFO] running `Command { std: "docker" "create" "-v" "/var/lib/crater-agent-workspace/builds/worker-3-tc1/target:/opt/rustwide/target:rw,Z" "-v" "/var/lib/crater-agent-workspace/builds/worker-3-tc1/source:/opt/rustwide/workdir:ro,Z" "-v" "/var/lib/crater-agent-workspace/cargo-home:/opt/rustwide/cargo-home:ro,Z" "-v" "/var/lib/crater-agent-workspace/rustup-home:/opt/rustwide/rustup-home:ro,Z" "-e" "SOURCE_DIR=/opt/rustwide/workdir" "-e" "CARGO_TARGET_DIR=/opt/rustwide/target" "-e" "CARGO_INCREMENTAL=0" "-e" "RUST_BACKTRACE=full" "-e" "RUSTFLAGS=--cap-lints=warn" "-e" "RUSTDOCFLAGS=--cap-lints=warn" "-e" "CARGO_HOME=/opt/rustwide/cargo-home" "-e" "RUSTUP_HOME=/opt/rustwide/rustup-home" "-w" "/opt/rustwide/workdir" "-m" "1610612736" "--user" "0:0" "--network" "none" "ghcr.io/rust-lang/crates-build-env/linux@sha256:5ff2268d62e97bff2cde7d5815dd6ed5b47097566f13b8d0ca110b04b60e07ed" "/opt/rustwide/cargo-home/bin/cargo" "+1.69.0" "doc" "--frozen" "--no-deps" "--document-private-items" "--message-format=json", kill_on_drop: false }`
[INFO] [stdout] f579005acd71ac4bf5bc481034a970b64da4e8e3999f52bcc69492677261f981
[INFO] running `Command { std: "docker" "start" "-a" "f579005acd71ac4bf5bc481034a970b64da4e8e3999f52bcc69492677261f981", kill_on_drop: false }`
[INFO] [stderr]     Checking libc v0.2.7
[INFO] [stderr]    Compiling winapi-build v0.1.1
[INFO] [stderr]    Compiling bitflags v0.3.3
[INFO] [stderr]     Checking winapi v0.2.5
[INFO] [stderr]    Compiling khronos_api v1.0.0
[INFO] [stderr]     Checking lazy_static v0.1.15
[INFO] [stderr]     Checking rustc-serialize v0.3.18
[INFO] [stderr]    Compiling aster v0.13.1
[INFO] [stderr]    Compiling utf8-ranges v0.1.3
[INFO] [stderr]    Compiling serde_codegen v0.6.14
[INFO] [stderr]    Compiling regex-syntax v0.2.5
[INFO] [stderr]    Compiling quasi v0.7.0
[INFO] [stderr]    Compiling libloading v0.2.1
[INFO] [stderr]    Compiling pkg-config v0.3.7
[INFO] [stderr]     Checking byteorder v0.4.2
[INFO] [stderr]    Compiling xml-rs v0.2.2
[INFO] [stderr]    Compiling heapsize_plugin v0.1.4
[INFO] [stderr]     Checking crossbeam v0.1.6
[INFO] [stdout] error[E0463]: can't find crate for `syntax`
[INFO] [stdout]   --> /opt/rustwide/cargo-home/registry/src/github.com-1ecc6299db9ec823/aster-0.13.1/src/lib.rs:10:1
[INFO] [stdout]    |
[INFO] [stdout] 10 | extern crate syntax;
[INFO] [stdout]    | ^^^^^^^^^^^^^^^^^^^^ can't find crate
[INFO] [stdout] 
[INFO] [stdout] 
[INFO] [stdout] error[E0554]: `#![feature]` may not be used on the stable release channel
[INFO] [stdout]  --> /opt/rustwide/cargo-home/registry/src/github.com-1ecc6299db9ec823/aster-0.13.1/src/lib.rs:1:43
[INFO] [stdout]   |
[INFO] [stdout] 1 | #![cfg_attr(not(feature = "with-syntex"), feature(rustc_private))]
[INFO] [stdout]   |                                           ^^^^^^^^^^^^^^^^^^^^^^
[INFO] [stdout] 
[INFO] [stdout] 
[INFO] [stdout] error[E0463]: can't find crate for `syntax`
[INFO] [stdout]   --> /opt/rustwide/cargo-home/registry/src/github.com-1ecc6299db9ec823/quasi-0.7.0/src/lib.rs:19:1
[INFO] [stdout]    |
[INFO] [stdout] 19 | extern crate syntax;
[INFO] [stdout]    | ^^^^^^^^^^^^^^^^^^^^ can't find crate
[INFO] [stdout] 
[INFO] [stdout] 
[INFO] [stdout] error: cannot find macro `panictry` in this scope
[INFO] [stdout]    --> /opt/rustwide/cargo-home/registry/src/github.com-1ecc6299db9ec823/quasi-0.7.0/src/lib.rs:340:9
[INFO] [stdout]     |
[INFO] [stdout] 340 |         panictry!(parser.parse_expr())
[INFO] [stdout]     |         ^^^^^^^^
[INFO] [stdout] 
[INFO] [stdout] 
[INFO] [stdout] error: cannot find macro `panictry` in this scope
[INFO] [stdout]    --> /opt/rustwide/cargo-home/registry/src/github.com-1ecc6299db9ec823/quasi-0.7.0/src/lib.rs:344:9
[INFO] [stdout]     |
[INFO] [stdout] 344 |         panictry!(parser.parse_item())
[INFO] [stdout]     |         ^^^^^^^^
[INFO] [stdout] 
[INFO] [stdout] 
[INFO] [stdout] error: cannot find macro `panictry` in this scope
[INFO] [stdout]    --> /opt/rustwide/cargo-home/registry/src/github.com-1ecc6299db9ec823/quasi-0.7.0/src/lib.rs:348:9
[INFO] [stdout]     |
[INFO] [stdout] 348 |         panictry!(parser.parse_pat())
[INFO] [stdout]     |         ^^^^^^^^
[INFO] [stdout] 
[INFO] [stdout] 
[INFO] [stdout] error: cannot find macro `panictry` in this scope
[INFO] [stdout]    --> /opt/rustwide/cargo-home/registry/src/github.com-1ecc6299db9ec823/quasi-0.7.0/src/lib.rs:352:9
[INFO] [stdout]     |
[INFO] [stdout] 352 |         panictry!(parser.parse_arm())
[INFO] [stdout]     |         ^^^^^^^^
[INFO] [stdout] 
[INFO] [stdout] 
[INFO] [stdout] error: cannot find macro `panictry` in this scope
[INFO] [stdout]    --> /opt/rustwide/cargo-home/registry/src/github.com-1ecc6299db9ec823/quasi-0.7.0/src/lib.rs:356:9
[INFO] [stdout]     |
[INFO] [stdout] 356 |         panictry!(parser.parse_ty())
[INFO] [stdout]     |         ^^^^^^^^
[INFO] [stdout] 
[INFO] [stdout] 
[INFO] [stdout] error: cannot find macro `panictry` in this scope
[INFO] [stdout]    --> /opt/rustwide/cargo-home/registry/src/github.com-1ecc6299db9ec823/quasi-0.7.0/src/lib.rs:360:5
[INFO] [stdout]     |
[INFO] [stdout] 360 |     panictry!(parser.parse_stmt())
[INFO] [stdout]     |     ^^^^^^^^
[INFO] [stdout] 
[INFO] [stdout] 
[INFO] [stdout] error: cannot find macro `panictry` in this scope
[INFO] [stdout]    --> /opt/rustwide/cargo-home/registry/src/github.com-1ecc6299db9ec823/quasi-0.7.0/src/lib.rs:364:9
[INFO] [stdout]     |
[INFO] [stdout] 364 |         panictry!(parser.parse_attribute(permit_inner))
[INFO] [stdout]     |         ^^^^^^^^
[INFO] [stdout] 
[INFO] [stdout] 
[INFO] [stdout] error[E0554]: `#![feature]` may not be used on the stable release channel
[INFO] [stdout]   --> /opt/rustwide/cargo-home/registry/src/github.com-1ecc6299db9ec823/quasi-0.7.0/src/lib.rs:11:43
[INFO] [stdout]    |
[INFO] [stdout] 11 | #![cfg_attr(not(feature = "with-syntex"), feature(rustc_private))]
[INFO] [stdout]    |                                           ^^^^^^^^^^^^^^^^^^^^^^
[INFO] [stdout] 
[INFO] [stdout] 
[INFO] [stdout] error[E0642]: patterns aren't allowed in functions without bodies
[INFO] [stdout]    --> /opt/rustwide/cargo-home/registry/src/github.com-1ecc6299db9ec823/rustc-serialize-0.3.18/src/serialize.rs:145:45
[INFO] [stdout]     |
[INFO] [stdout] 145 | ...                   &f_name: &str,
[INFO] [stdout]     |                       ^^^^^^^ pattern not allowed in function without body
[INFO] [stdout] 
[INFO] [stdout] 
[INFO] [stdout] error[E0557]: feature has been removed
[INFO] [stdout]   --> /opt/rustwide/cargo-home/registry/src/github.com-1ecc6299db9ec823/heapsize_plugin-0.1.4/src/lib.rs:10:12
[INFO] [stdout]    |
[INFO] [stdout] 10 | #![feature(plugin_registrar, quote, plugin, box_syntax, rustc_private)]
[INFO] [stdout]    |            ^^^^^^^^^^^^^^^^ feature has been removed
[INFO] [stdout]    |
[INFO] [stdout]    = note: a __rustc_plugin_registrar symbol must now be defined instead
[INFO] [stdout] 
[INFO] [stdout] 
[INFO] [stdout] error[E0557]: feature has been removed
[INFO] [stdout]   --> /opt/rustwide/cargo-home/registry/src/github.com-1ecc6299db9ec823/heapsize_plugin-0.1.4/src/lib.rs:10:30
[INFO] [stdout]    |
[INFO] [stdout] 10 | #![feature(plugin_registrar, quote, plugin, box_syntax, rustc_private)]
[INFO] [stdout]    |                              ^^^^^ feature has been removed
[INFO] [stdout] 
[INFO] [stdout] 
[INFO] [stdout] error[E0463]: can't find crate for `syntax`
[INFO] [stdout]   --> /opt/rustwide/cargo-home/registry/src/github.com-1ecc6299db9ec823/heapsize_plugin-0.1.4/src/lib.rs:13:1
[INFO] [stdout]    |
[INFO] [stdout] 13 | extern crate syntax;
[INFO] [stdout]    | ^^^^^^^^^^^^^^^^^^^^ can't find crate
[INFO] [stdout] 
[INFO] [stdout] 
[INFO] [stdout] error[E0463]: can't find crate for `syntax_ext`
[INFO] [stdout]   --> /opt/rustwide/cargo-home/registry/src/github.com-1ecc6299db9ec823/heapsize_plugin-0.1.4/src/lib.rs:15:1
[INFO] [stdout]    |
[INFO] [stdout] 15 | extern crate syntax_ext;
[INFO] [stdout]    | ^^^^^^^^^^^^^^^^^^^^^^^^ can't find crate
[INFO] [stdout] 
[INFO] [stdout] 
[INFO] [stdout] error[E0463]: can't find crate for `rustc_plugin`
[INFO] [stdout]   --> /opt/rustwide/cargo-home/registry/src/github.com-1ecc6299db9ec823/heapsize_plugin-0.1.4/src/lib.rs:17:1
[INFO] [stdout]    |
[INFO] [stdout] 17 | extern crate rustc_plugin;
[INFO] [stdout]    | ^^^^^^^^^^^^^^^^^^^^^^^^^^ can't find crate
[INFO] [stdout]    |
[INFO] [stdout]    = help: maybe you need to install the missing components with: `rustup component add rust-src rustc-dev llvm-tools-preview`
[INFO] [stdout] 
[INFO] [stdout] 
[INFO] [stdout] error: cannot find attribute `plugin_registrar` in this scope
[INFO] [stdout]   --> /opt/rustwide/cargo-home/registry/src/github.com-1ecc6299db9ec823/heapsize_plugin-0.1.4/src/lib.rs:28:3
[INFO] [stdout]    |
[INFO] [stdout] 28 | #[plugin_registrar]
[INFO] [stdout]    |   ^^^^^^^^^^^^^^^^
[INFO] [stdout]    |
[INFO] [stdout]    = note: `plugin_registrar` is in scope, but it is a function, not an attribute
[INFO] [stdout] 
[INFO] [stdout] 
[INFO] [stdout] error[E0433]: failed to resolve: use of undeclared crate or module `ty`
[INFO] [stdout]   --> /opt/rustwide/cargo-home/registry/src/github.com-1ecc6299db9ec823/heapsize_plugin-0.1.4/src/heap_size.rs:31:19
[INFO] [stdout]    |
[INFO] [stdout] 31 |         generics: ty::LifetimeBounds::empty(),
[INFO] [stdout]    |                   ^^ use of undeclared crate or module `ty`
[INFO] [stdout] 
[INFO] [stdout] 
[INFO] [stdout] error[E0433]: failed to resolve: use of undeclared crate or module `ty`
[INFO] [stdout]   --> /opt/rustwide/cargo-home/registry/src/github.com-1ecc6299db9ec823/heapsize_plugin-0.1.4/src/heap_size.rs:35:27
[INFO] [stdout]    |
[INFO] [stdout] 35 |                 generics: ty::LifetimeBounds::empty(),
[INFO] [stdout]    |                           ^^ use of undeclared crate or module `ty`
[INFO] [stdout] 
[INFO] [stdout] 
[INFO] [stdout] error[E0433]: failed to resolve: use of undeclared type `MetaItemKind`
[INFO] [stdout]   --> /opt/rustwide/cargo-home/registry/src/github.com-1ecc6299db9ec823/heapsize_plugin-0.1.4/src/heap_size.rs:61:24
[INFO] [stdout]    |
[INFO] [stdout] 61 |                        MetaItemKind::NameValue(..) => (),
[INFO] [stdout]    |                        ^^^^^^^^^^^^ use of undeclared type `MetaItemKind`
[INFO] [stdout] 
[INFO] [stdout] 
[INFO] [stdout] error[E0433]: failed to resolve: use of undeclared type `BinOpKind`
[INFO] [stdout]   --> /opt/rustwide/cargo-home/registry/src/github.com-1ecc6299db9ec823/heapsize_plugin-0.1.4/src/heap_size.rs:75:39
[INFO] [stdout]    |
[INFO] [stdout] 75 |             cx.expr_binary(item.span, BinOpKind::Add, acc,
[INFO] [stdout]    |                                       ^^^^^^^^^ use of undeclared type `BinOpKind`
[INFO] [stdout] 
[INFO] [stdout] 
[INFO] [stdout] error[E0412]: cannot find type `MetaItem` in this scope
[INFO] [stdout]   --> /opt/rustwide/cargo-home/registry/src/github.com-1ecc6299db9ec823/heapsize_plugin-0.1.4/src/heap_size.rs:23:63
[INFO] [stdout]    |
[INFO] [stdout] 23 | pub fn expand_heap_size(cx: &mut ExtCtxt, span: Span, mitem: &MetaItem,
[INFO] [stdout]    |                                                               ^^^^^^^^ not found in this scope
[INFO] [stdout] 
[INFO] [stdout] 
[INFO] [stdout] error[E0422]: cannot find struct, variant or union type `TraitDef` in this scope
[INFO] [stdout]   --> /opt/rustwide/cargo-home/registry/src/github.com-1ecc6299db9ec823/heapsize_plugin-0.1.4/src/heap_size.rs:25:21
[INFO] [stdout]    |
[INFO] [stdout] 25 |     let trait_def = TraitDef {
[INFO] [stdout]    |                     ^^^^^^^^ not found in this scope
[INFO] [stdout] 
[INFO] [stdout] 
[INFO] [stdout] error[E0433]: failed to resolve: use of undeclared crate or module `ty`
[INFO] [stdout]   --> /opt/rustwide/cargo-home/registry/src/github.com-1ecc6299db9ec823/heapsize_plugin-0.1.4/src/heap_size.rs:29:15
[INFO] [stdout]    |
[INFO] [stdout] 29 |         path: ty::Path::new(vec!("heapsize", "HeapSizeOf")),
[INFO] [stdout]    |               ^^ use of undeclared crate or module `ty`
[INFO] [stdout]    |
[INFO] [stdout] help: consider importing this struct
[INFO] [stdout]    |
[INFO] [stdout] 15 | use std::path::Path;
[INFO] [stdout]    |
[INFO] [stdout] help: if you import `Path`, refer to it directly
[INFO] [stdout]    |
[INFO] [stdout] 29 -         path: ty::Path::new(vec!("heapsize", "HeapSizeOf")),
[INFO] [stdout] 29 +         path: Path::new(vec!("heapsize", "HeapSizeOf")),
[INFO] [stdout]    |
[INFO] [stdout] 
[INFO] [stdout] 
[INFO] [stdout] error[E0422]: cannot find struct, variant or union type `MethodDef` in this scope
[INFO] [stdout]   --> /opt/rustwide/cargo-home/registry/src/github.com-1ecc6299db9ec823/heapsize_plugin-0.1.4/src/heap_size.rs:33:13
[INFO] [stdout]    |
[INFO] [stdout] 33 |             MethodDef {
[INFO] [stdout]    |             ^^^^^^^^^ not found in this scope
[INFO] [stdout] 
[INFO] [stdout] 
[INFO] [stdout] error[E0433]: failed to resolve: use of undeclared crate or module `ty`
[INFO] [stdout]   --> /opt/rustwide/cargo-home/registry/src/github.com-1ecc6299db9ec823/heapsize_plugin-0.1.4/src/heap_size.rs:38:37
[INFO] [stdout]    |
[INFO] [stdout] 38 |                 ret_ty: ty::Literal(ty::Path::new_local("usize")),
[INFO] [stdout]    |                                     ^^ use of undeclared crate or module `ty`
[INFO] [stdout]    |
[INFO] [stdout] help: consider importing this struct
[INFO] [stdout]    |
[INFO] [stdout] 15 | use std::path::Path;
[INFO] [stdout]    |
[INFO] [stdout] help: if you import `Path`, refer to it directly
[INFO] [stdout]    |
[INFO] [stdout] 38 -                 ret_ty: ty::Literal(ty::Path::new_local("usize")),
[INFO] [stdout] 38 +                 ret_ty: ty::Literal(Path::new_local("usize")),
[INFO] [stdout]    |
[INFO] [stdout] 
[INFO] [stdout] 
[INFO] [stdout] error[E0412]: cannot find type `Substructure` in this scope
[INFO] [stdout]   --> /opt/rustwide/cargo-home/registry/src/github.com-1ecc6299db9ec823/heapsize_plugin-0.1.4/src/heap_size.rs:50:72
[INFO] [stdout]    |
[INFO] [stdout] 50 | fn heap_size_substructure(cx: &mut ExtCtxt, trait_span: Span, substr: &Substructure) -> P<Expr> {
[INFO] [stdout]    |                                                                        ^^^^^^^^^^^^ not found in this scope
[INFO] [stdout] 
[INFO] [stdout] 
[INFO] [stdout] error[E0412]: cannot find type `Expr` in this scope
[INFO] [stdout]   --> /opt/rustwide/cargo-home/registry/src/github.com-1ecc6299db9ec823/heapsize_plugin-0.1.4/src/heap_size.rs:50:91
[INFO] [stdout]    |
[INFO] [stdout] 50 | fn heap_size_substructure(cx: &mut ExtCtxt, trait_span: Span, substr: &Substructure) -> P<Expr> {
[INFO] [stdout]    |                                                                                           ^^^^ not found in this scope
[INFO] [stdout]    |
[INFO] [stdout] help: you might be missing a type parameter
[INFO] [stdout]    |
[INFO] [stdout] 50 | fn heap_size_substructure<Expr>(cx: &mut ExtCtxt, trait_span: Span, substr: &Substructure) -> P<Expr> {
[INFO] [stdout]    |                          ++++++
[INFO] [stdout] 
[INFO] [stdout] 
[INFO] [stdout] error[E0531]: cannot find tuple struct or tuple variant `Struct` in this scope
[INFO] [stdout]   --> /opt/rustwide/cargo-home/registry/src/github.com-1ecc6299db9ec823/heapsize_plugin-0.1.4/src/heap_size.rs:52:9
[INFO] [stdout]    |
[INFO] [stdout] 52 |         Struct(_, ref fs) | EnumMatching(_, _, ref fs) => fs,
[INFO] [stdout]    |         ^^^^^^ not found in this scope
[INFO] [stdout] 
[INFO] [stdout] 
[INFO] [stdout] error[E0531]: cannot find tuple struct or tuple variant `EnumMatching` in this scope
[INFO] [stdout]   --> /opt/rustwide/cargo-home/registry/src/github.com-1ecc6299db9ec823/heapsize_plugin-0.1.4/src/heap_size.rs:52:29
[INFO] [stdout]    |
[INFO] [stdout] 52 |         Struct(_, ref fs) | EnumMatching(_, _, ref fs) => fs,
[INFO] [stdout]    |                             ^^^^^^^^^^^^ not found in this scope
[INFO] [stdout] 
[INFO] [stdout] 
[INFO] [stdout] error[E0554]: `#![feature]` may not be used on the stable release channel
[INFO] [stdout]   --> /opt/rustwide/cargo-home/registry/src/github.com-1ecc6299db9ec823/heapsize_plugin-0.1.4/src/lib.rs:10:1
[INFO] [stdout]    |
[INFO] [stdout] 10 | #![feature(plugin_registrar, quote, plugin, box_syntax, rustc_private)]
[INFO] [stdout]    | ^^^^^^^^^^^^^^^^^^^^^^^^^^^^^^^^^^^^^^^^^^^^^^^^^^^^^^^^^^^^^^^^^^^^^^^
[INFO] [stdout] 
[INFO] [stdout] 
[INFO] [stdout] error[E0433]: failed to resolve: use of undeclared crate or module `ty`
[INFO] [stdout]   --> /opt/rustwide/cargo-home/registry/src/github.com-1ecc6299db9ec823/heapsize_plugin-0.1.4/src/heap_size.rs:36:32
[INFO] [stdout]    |
[INFO] [stdout] 36 |                 explicit_self: ty::borrowed_explicit_self(),
[INFO] [stdout]    |                                ^^ use of undeclared crate or module `ty`
[INFO] [stdout] 
[INFO] [stdout] 
[INFO] [stdout] error[E0433]: failed to resolve: use of undeclared crate or module `ty`
[INFO] [stdout]   --> /opt/rustwide/cargo-home/registry/src/github.com-1ecc6299db9ec823/heapsize_plugin-0.1.4/src/heap_size.rs:38:25
[INFO] [stdout]    |
[INFO] [stdout] 38 |                 ret_ty: ty::Literal(ty::Path::new_local("usize")),
[INFO] [stdout]    |                         ^^ use of undeclared crate or module `ty`
[INFO] [stdout] 
[INFO] [stdout] 
[INFO] [stderr]    Compiling kernel32-sys v0.2.1
[INFO] [stdout] error[E0425]: cannot find function `combine_substructure` in this scope
[INFO] [stdout]   --> /opt/rustwide/cargo-home/registry/src/github.com-1ecc6299db9ec823/heapsize_plugin-0.1.4/src/heap_size.rs:41:39
[INFO] [stdout]    |
[INFO] [stdout] 41 |                 combine_substructure: combine_substructure(Box::new(heap_size_substructure))
[INFO] [stdout]    |                                       ^^^^^^^^^^^^^^^^^^^^ not found in this scope
[INFO] [stdout] 
[INFO] [stdout] 
[INFO] [stdout] error[E0609]: no field `attrs` on type `&_`
[INFO] [stdout]   --> /opt/rustwide/cargo-home/registry/src/github.com-1ecc6299db9ec823/heapsize_plugin-0.1.4/src/heap_size.rs:57:31
[INFO] [stdout]    |
[INFO] [stdout] 57 |         let has_ignore = item.attrs.iter()
[INFO] [stdout]    |                               ^^^^^
[INFO] [stdout] 
[INFO] [stdout] 
[INFO] [stdout] error: aborting due to 9 previous errors
[INFO] [stdout] 
[INFO] [stdout] 
[INFO] [stdout] Some errors have detailed explanations: E0463, E0554.
[INFO] [stdout] 
[INFO] [stdout] For more information about an error, try `rustc --explain E0463`.
[INFO] [stdout] 
[INFO] [stdout] error[E0425]: cannot find function, tuple struct or tuple variant `MultiDecorator` in this scope
[INFO] [stdout]   --> /opt/rustwide/cargo-home/registry/src/github.com-1ecc6299db9ec823/heapsize_plugin-0.1.4/src/lib.rs:30:64
[INFO] [stdout]    |
[INFO] [stdout] 30 |     reg.register_syntax_extension(intern("derive_HeapSizeOf"), MultiDecorator(box heap_size::expand_heap_size));
[INFO] [stdout]    |                                                                ^^^^^^^^^^^^^^ not found in this scope
[INFO] [stdout] 
[INFO] [stdout] 
[INFO] [stdout] error: aborting due to 2 previous errors
[INFO] [stdout] 
[INFO] [stdout] 
[INFO] [stdout] Some errors have detailed explanations: E0463, E0554.
[INFO] [stdout] 
[INFO] [stdout] For more information about an error, try `rustc --explain E0463`.
[INFO] [stdout] 
[INFO] [stdout] error: aborting due to 25 previous errors
[INFO] [stdout] 
[INFO] [stdout] 
[INFO] [stdout] Some errors have detailed explanations: E0412, E0422, E0425, E0433, E0463, E0531, E0554, E0557, E0609.
[INFO] [stdout] 
[INFO] [stdout] For more information about an error, try `rustc --explain E0412`.
[INFO] [stdout] 
[INFO] [stderr] error: could not compile `quasi` due to 10 previous errors; 18 warnings emitted
[INFO] [stderr] warning: build failed, waiting for other jobs to finish...
[INFO] [stderr] error: could not compile `aster` due to 3 previous errors
[INFO] [stderr] error: could not compile `heapsize_plugin` due to 26 previous errors
[INFO] [stdout] error[E0512]: cannot transmute between types of different sizes, or dependently-sized types
[INFO] [stdout]   --> /opt/rustwide/cargo-home/registry/src/github.com-1ecc6299db9ec823/crossbeam-0.1.6/src/sync/seg_queue.rs:34:29
[INFO] [stdout]    |
[INFO] [stdout] 34 |             ready: unsafe { mem::transmute([0usize; SEG_SIZE]) },
[INFO] [stdout]    |                             ^^^^^^^^^^^^^^
[INFO] [stdout]    |
[INFO] [stdout]    = note: source type: `[usize; 32]` (2048 bits)
[INFO] [stdout]    = note: target type: `[AtomicBool; 32]` (256 bits)
[INFO] [stdout] 
[INFO] [stdout] 
[INFO] [stdout] error: aborting due to previous error
[INFO] [stdout] 
[INFO] [stdout] 
[INFO] [stdout] For more information about this error, try `rustc --explain E0512`.
[INFO] [stdout] 
[INFO] [stderr] error: could not compile `crossbeam` due to 2 previous errors
[INFO] [stdout] error: aborting due to previous error
[INFO] [stdout] 
[INFO] [stdout] 
[INFO] [stdout] For more information about this error, try `rustc --explain E0642`.
[INFO] [stdout] 
[INFO] [stderr] error: could not compile `rustc-serialize` due to 2 previous errors; 1 warning emitted
[INFO] running `Command { std: "docker" "inspect" "f579005acd71ac4bf5bc481034a970b64da4e8e3999f52bcc69492677261f981", kill_on_drop: false }`
[INFO] running `Command { std: "docker" "rm" "-f" "f579005acd71ac4bf5bc481034a970b64da4e8e3999f52bcc69492677261f981", kill_on_drop: false }`
[INFO] [stdout] f579005acd71ac4bf5bc481034a970b64da4e8e3999f52bcc69492677261f981
