[INFO] cloning repository https://github.com/kevinburke/rustclient
[INFO] running `Command { std: "git" "-c" "credential.helper=" "-c" "credential.helper=/workspace/cargo-home/bin/git-credential-null" "clone" "--bare" "https://github.com/kevinburke/rustclient" "/workspace/cache/git-repos/https%3A%2F%2Fgithub.com%2Fkevinburke%2Frustclient", kill_on_drop: false }`
[INFO] [stderr] Cloning into bare repository '/workspace/cache/git-repos/https%3A%2F%2Fgithub.com%2Fkevinburke%2Frustclient'...
[INFO] running `Command { std: "git" "rev-parse" "HEAD", kill_on_drop: false }`
[INFO] [stdout] ea502150fa697396c6aee42ebc9ac4aa2f5cc638
[INFO] documenting kevinburke/rustclient against beta-2023-04-20 for beta-1.70-rustdoc-1
[INFO] running `Command { std: "git" "clone" "/workspace/cache/git-repos/https%3A%2F%2Fgithub.com%2Fkevinburke%2Frustclient" "/workspace/builds/worker-4-tc2/source", kill_on_drop: false }`
[INFO] [stderr] Cloning into '/workspace/builds/worker-4-tc2/source'...
[INFO] [stderr] done.
[INFO] validating manifest of git repo https://github.com/kevinburke/rustclient on toolchain beta-2023-04-20
[INFO] running `Command { std: CARGO_HOME="/workspace/cargo-home" RUSTUP_HOME="/workspace/rustup-home" "/workspace/cargo-home/bin/cargo" "+beta-2023-04-20" "metadata" "--manifest-path" "Cargo.toml" "--no-deps", kill_on_drop: false }`
[INFO] started tweaking git repo https://github.com/kevinburke/rustclient
[INFO] finished tweaking git repo https://github.com/kevinburke/rustclient
[INFO] tweaked toml for git repo https://github.com/kevinburke/rustclient written to /workspace/builds/worker-4-tc2/source/Cargo.toml
[INFO] crate git repo https://github.com/kevinburke/rustclient already has a lockfile, it will not be regenerated
[INFO] running `Command { std: CARGO_HOME="/workspace/cargo-home" RUSTUP_HOME="/workspace/rustup-home" "/workspace/cargo-home/bin/cargo" "+beta-2023-04-20" "fetch" "--manifest-path" "Cargo.toml", kill_on_drop: false }`
[INFO] [stderr] warning: dependency (url) specified without providing a local path, Git repository, or version to use. This will be considered an error in future versions
[INFO] [stderr] warning: unused manifest key: dependencies.url.url
[INFO] [stderr]  Downloading crates ...
[INFO] [stderr]   Downloaded rustc-serialize v0.2.8
[INFO] [stderr]   Downloaded url v0.2.16
[INFO] running `Command { std: "docker" "create" "-v" "/var/lib/crater-agent-workspace/builds/worker-4-tc2/target:/opt/rustwide/target:rw,Z" "-v" "/var/lib/crater-agent-workspace/builds/worker-4-tc2/source:/opt/rustwide/workdir:ro,Z" "-v" "/var/lib/crater-agent-workspace/cargo-home:/opt/rustwide/cargo-home:ro,Z" "-v" "/var/lib/crater-agent-workspace/rustup-home:/opt/rustwide/rustup-home:ro,Z" "-e" "SOURCE_DIR=/opt/rustwide/workdir" "-e" "CARGO_TARGET_DIR=/opt/rustwide/target" "-e" "CARGO_HOME=/opt/rustwide/cargo-home" "-e" "RUSTUP_HOME=/opt/rustwide/rustup-home" "-w" "/opt/rustwide/workdir" "-m" "1610612736" "--user" "0:0" "--network" "none" "ghcr.io/rust-lang/crates-build-env/linux@sha256:5ff2268d62e97bff2cde7d5815dd6ed5b47097566f13b8d0ca110b04b60e07ed" "/opt/rustwide/cargo-home/bin/cargo" "+beta-2023-04-20" "metadata" "--no-deps" "--format-version=1", kill_on_drop: false }`
[INFO] [stdout] 030c2ff5baafb5d7466d9156e7e21d5954d9cd24086e16399e1c18ddbe9de2e9
[INFO] running `Command { std: "docker" "start" "-a" "030c2ff5baafb5d7466d9156e7e21d5954d9cd24086e16399e1c18ddbe9de2e9", kill_on_drop: false }`
[INFO] running `Command { std: "docker" "inspect" "030c2ff5baafb5d7466d9156e7e21d5954d9cd24086e16399e1c18ddbe9de2e9", kill_on_drop: false }`
[INFO] running `Command { std: "docker" "rm" "-f" "030c2ff5baafb5d7466d9156e7e21d5954d9cd24086e16399e1c18ddbe9de2e9", kill_on_drop: false }`
[INFO] [stdout] 030c2ff5baafb5d7466d9156e7e21d5954d9cd24086e16399e1c18ddbe9de2e9
[INFO] running `Command { std: "docker" "create" "-v" "/var/lib/crater-agent-workspace/builds/worker-4-tc2/target:/opt/rustwide/target:rw,Z" "-v" "/var/lib/crater-agent-workspace/builds/worker-4-tc2/source:/opt/rustwide/workdir:ro,Z" "-v" "/var/lib/crater-agent-workspace/cargo-home:/opt/rustwide/cargo-home:ro,Z" "-v" "/var/lib/crater-agent-workspace/rustup-home:/opt/rustwide/rustup-home:ro,Z" "-e" "SOURCE_DIR=/opt/rustwide/workdir" "-e" "CARGO_TARGET_DIR=/opt/rustwide/target" "-e" "CARGO_INCREMENTAL=0" "-e" "RUST_BACKTRACE=full" "-e" "RUSTFLAGS=--cap-lints=warn" "-e" "RUSTDOCFLAGS=--cap-lints=warn" "-e" "CARGO_HOME=/opt/rustwide/cargo-home" "-e" "RUSTUP_HOME=/opt/rustwide/rustup-home" "-w" "/opt/rustwide/workdir" "-m" "1610612736" "--user" "0:0" "--network" "none" "ghcr.io/rust-lang/crates-build-env/linux@sha256:5ff2268d62e97bff2cde7d5815dd6ed5b47097566f13b8d0ca110b04b60e07ed" "/opt/rustwide/cargo-home/bin/cargo" "+beta-2023-04-20" "doc" "--frozen" "--no-deps" "--document-private-items" "--message-format=json", kill_on_drop: false }`
[INFO] [stdout] 602b299a037b862fa944526ed8662928057a317234f0613c8edabeca996dc310
[INFO] running `Command { std: "docker" "start" "-a" "602b299a037b862fa944526ed8662928057a317234f0613c8edabeca996dc310", kill_on_drop: false }`
[INFO] [stderr] warning: dependency (url) specified without providing a local path, Git repository, or version to use. This will be considered an error in future versions
[INFO] [stderr] warning: unused manifest key: dependencies.url.url
[INFO] [stderr]     Checking rustc-serialize v0.2.8
[INFO] [stderr]     Checking matches v0.1.2
[INFO] [stdout] error: expected expression, found `]`
[INFO] [stdout]    --> /opt/rustwide/cargo-home/registry/src/index.crates.io-6f17d22bba15001f/rustc-serialize-0.2.8/src/json.rs:647:39
[INFO] [stdout]     |
[INFO] [stdout] 647 |         let out = str::from_utf8(&buf[]).unwrap();
[INFO] [stdout]     |                                       ^ expected expression
[INFO] [stdout] 
[INFO] [stdout] 
[INFO] [stdout] error: expected expression, found `]`
[INFO] [stdout]    --> /opt/rustwide/cargo-home/registry/src/index.crates.io-6f17d22bba15001f/rustc-serialize-0.2.8/src/json.rs:918:39
[INFO] [stdout]     |
[INFO] [stdout] 918 |         let out = str::from_utf8(&buf[]).unwrap();
[INFO] [stdout]     |                                       ^ expected expression
[INFO] [stdout] 
[INFO] [stdout] 
[INFO] [stdout] error: expected expression, found `]`
[INFO] [stdout]     --> /opt/rustwide/cargo-home/registry/src/index.crates.io-6f17d22bba15001f/rustc-serialize-0.2.8/src/json.rs:1071:44
[INFO] [stdout]      |
[INFO] [stdout] 1071 |             Json::String(ref s) => Some(&s[]),
[INFO] [stdout]      |                                            ^ expected expression
[INFO] [stdout] 
[INFO] [stdout] 
[INFO] [stdout] error: expected expression, found `]`
[INFO] [stdout]     --> /opt/rustwide/cargo-home/registry/src/index.crates.io-6f17d22bba15001f/rustc-serialize-0.2.8/src/json.rs:2166:63
[INFO] [stdout]      |
[INFO] [stdout] 2166 |         let idx = match names.iter().position(|n| *n == &name[]) {
[INFO] [stdout]      |                   ----- while parsing this `match` expression ^ expected expression
[INFO] [stdout] 
[INFO] [stdout] 
[INFO] [stdout] error: expected expression, found `]`
[INFO] [stdout]     --> /opt/rustwide/cargo-home/registry/src/index.crates.io-6f17d22bba15001f/rustc-serialize-0.2.8/src/json.rs:3376:43
[INFO] [stdout]      |
[INFO] [stdout] 3376 |         let json_str = from_utf8(&mem_buf[]).unwrap();
[INFO] [stdout]      |                                           ^ expected expression
[INFO] [stdout] 
[INFO] [stdout] 
[INFO] [stdout] error: expected expression, found `]`
[INFO] [stdout]     --> /opt/rustwide/cargo-home/registry/src/index.crates.io-6f17d22bba15001f/rustc-serialize-0.2.8/src/json.rs:3392:43
[INFO] [stdout]      |
[INFO] [stdout] 3392 |         let json_str = from_utf8(&mem_buf[]).unwrap();
[INFO] [stdout]      |                                           ^ expected expression
[INFO] [stdout] 
[INFO] [stdout] 
[INFO] [stdout] error: expected expression, found `]`
[INFO] [stdout]     --> /opt/rustwide/cargo-home/registry/src/index.crates.io-6f17d22bba15001f/rustc-serialize-0.2.8/src/json.rs:3432:45
[INFO] [stdout]      |
[INFO] [stdout] 3432 |             let printed = from_utf8(&writer[]).unwrap();
[INFO] [stdout]      |                                             ^ expected expression
[INFO] [stdout] 
[INFO] [stdout] 
[INFO] [stdout] error[E0463]: can't find crate for `unicode`
[INFO] [stdout]   --> /opt/rustwide/cargo-home/registry/src/index.crates.io-6f17d22bba15001f/rustc-serialize-0.2.8/src/lib.rs:23:1
[INFO] [stdout]    |
[INFO] [stdout] 23 | extern crate unicode;
[INFO] [stdout]    | ^^^^^^^^^^^^^^^^^^^^^ can't find crate
[INFO] [stdout] 
[INFO] [stdout] 
[INFO] [stdout] error[E0642]: patterns aren't allowed in functions without bodies
[INFO] [stdout]    --> /opt/rustwide/cargo-home/registry/src/index.crates.io-6f17d22bba15001f/rustc-serialize-0.2.8/src/serialize.rs:142:45
[INFO] [stdout]     |
[INFO] [stdout] 142 | ...                   &f_name: &str,
[INFO] [stdout]     |                       ^^^^^^^ pattern not allowed in function without body
[INFO] [stdout] 
[INFO] [stdout] 
[INFO] [stdout] error[E0432]: unresolved imports `std::collections::DList`, `std::collections::RingBuf`, `std::collections::VecMap`
[INFO] [stdout]   --> /opt/rustwide/cargo-home/registry/src/index.crates.io-6f17d22bba15001f/rustc-serialize-0.2.8/src/collection_impls.rs:17:24
[INFO] [stdout]    |
[INFO] [stdout] 17 | use std::collections::{DList, RingBuf, BTreeMap, BTreeSet, HashMap, HashSet, VecMap};
[INFO] [stdout]    |                        ^^^^^  ^^^^^^^ no `RingBuf` in `collections`          ^^^^^^ no `VecMap` in `collections`
[INFO] [stdout]    |                        |
[INFO] [stdout]    |                        no `DList` in `collections`
[INFO] [stdout] 
[INFO] [stdout] 
[INFO] [stdout] error[E0432]: unresolved import `std::collections::hash_state`
[INFO] [stdout]   --> /opt/rustwide/cargo-home/registry/src/index.crates.io-6f17d22bba15001f/rustc-serialize-0.2.8/src/collection_impls.rs:18:23
[INFO] [stdout]    |
[INFO] [stdout] 18 | use std::collections::hash_state::HashState;
[INFO] [stdout]    |                       ^^^^^^^^^^ could not find `hash_state` in `collections`
[INFO] [stdout] 
[INFO] [stdout] 
[INFO] [stdout] error[E0432]: unresolved imports `std::num::Float`, `std::num::Int`
[INFO] [stdout]    --> /opt/rustwide/cargo-home/registry/src/index.crates.io-6f17d22bba15001f/rustc-serialize-0.2.8/src/json.rs:213:16
[INFO] [stdout]     |
[INFO] [stdout] 213 | use std::num::{Float, Int};
[INFO] [stdout]     |                ^^^^^  ^^^ no `Int` in `num`
[INFO] [stdout]     |                |
[INFO] [stdout]     |                no `Float` in `num`
[INFO] [stdout] 
[INFO] [stdout] 
[INFO] [stdout] error: cannot find derive macro `Show` in this scope
[INFO] [stdout]    --> /opt/rustwide/cargo-home/registry/src/index.crates.io-6f17d22bba15001f/rustc-serialize-0.2.8/src/json.rs:225:40
[INFO] [stdout]     |
[INFO] [stdout] 225 | #[derive(Clone, PartialEq, PartialOrd, Show)]
[INFO] [stdout]     |                                        ^^^^
[INFO] [stdout] 
[INFO] [stdout] 
[INFO] [stdout] error: cannot find derive macro `Show` in this scope
[INFO] [stdout]    --> /opt/rustwide/cargo-home/registry/src/index.crates.io-6f17d22bba15001f/rustc-serialize-0.2.8/src/json.rs:267:34
[INFO] [stdout]     |
[INFO] [stdout] 267 | #[derive(Clone, Copy, PartialEq, Show)]
[INFO] [stdout]     |                                  ^^^^
[INFO] [stdout] 
[INFO] [stdout] 
[INFO] [stdout] error: cannot find derive macro `Show` in this scope
[INFO] [stdout]    --> /opt/rustwide/cargo-home/registry/src/index.crates.io-6f17d22bba15001f/rustc-serialize-0.2.8/src/json.rs:277:28
[INFO] [stdout]     |
[INFO] [stdout] 277 | #[derive(Clone, PartialEq, Show)]
[INFO] [stdout]     |                            ^^^^
[INFO] [stdout] 
[INFO] [stdout] 
[INFO] [stdout] error: cannot find derive macro `Show` in this scope
[INFO] [stdout]     --> /opt/rustwide/cargo-home/registry/src/index.crates.io-6f17d22bba15001f/rustc-serialize-0.2.8/src/json.rs:1188:28
[INFO] [stdout]      |
[INFO] [stdout] 1188 | #[derive(PartialEq, Clone, Show)]
[INFO] [stdout]      |                            ^^^^
[INFO] [stdout] 
[INFO] [stdout] 
[INFO] [stdout] error: cannot find derive macro `Show` in this scope
[INFO] [stdout]     --> /opt/rustwide/cargo-home/registry/src/index.crates.io-6f17d22bba15001f/rustc-serialize-0.2.8/src/json.rs:1203:21
[INFO] [stdout]      |
[INFO] [stdout] 1203 | #[derive(PartialEq, Show)]
[INFO] [stdout]      |                     ^^^^
[INFO] [stdout] 
[INFO] [stdout] 
[INFO] [stdout] error: cannot find derive macro `Show` in this scope
[INFO] [stdout]     --> /opt/rustwide/cargo-home/registry/src/index.crates.io-6f17d22bba15001f/rustc-serialize-0.2.8/src/json.rs:1232:28
[INFO] [stdout]      |
[INFO] [stdout] 1232 | #[derive(PartialEq, Clone, Show)]
[INFO] [stdout]      |                            ^^^^
[INFO] [stdout] 
[INFO] [stdout] 
[INFO] [stdout] error: cannot find derive macro `Show` in this scope
[INFO] [stdout]     --> /opt/rustwide/cargo-home/registry/src/index.crates.io-6f17d22bba15001f/rustc-serialize-0.2.8/src/json.rs:1240:28
[INFO] [stdout]      |
[INFO] [stdout] 1240 | #[derive(PartialEq, Clone, Show)]
[INFO] [stdout]      |                            ^^^^
[INFO] [stdout] 
[INFO] [stdout] 
[INFO] [stdout] error[E0433]: failed to resolve: could not find `posix` in `path`
[INFO] [stdout]    --> /opt/rustwide/cargo-home/registry/src/index.crates.io-6f17d22bba15001f/rustc-serialize-0.2.8/src/serialize.rs:541:26
[INFO] [stdout]     |
[INFO] [stdout] 541 | impl Encodable for path::posix::Path {
[INFO] [stdout]     |                          ^^^^^ could not find `posix` in `path`
[INFO] [stdout] 
[INFO] [stdout] 
[INFO] [stdout] error[E0433]: failed to resolve: could not find `posix` in `path`
[INFO] [stdout]    --> /opt/rustwide/cargo-home/registry/src/index.crates.io-6f17d22bba15001f/rustc-serialize-0.2.8/src/serialize.rs:547:26
[INFO] [stdout]     |
[INFO] [stdout] 547 | impl Decodable for path::posix::Path {
[INFO] [stdout]     |                          ^^^^^ could not find `posix` in `path`
[INFO] [stdout] 
[INFO] [stdout] 
[INFO] [stdout] error[E0433]: failed to resolve: could not find `posix` in `path`
[INFO] [stdout]    --> /opt/rustwide/cargo-home/registry/src/index.crates.io-6f17d22bba15001f/rustc-serialize-0.2.8/src/serialize.rs:548:54
[INFO] [stdout]     |
[INFO] [stdout] 548 |     fn decode<D: Decoder>(d: &mut D) -> Result<path::posix::Path, D::Error> {
[INFO] [stdout]     |                                                      ^^^^^ could not find `posix` in `path`
[INFO] [stdout] 
[INFO] [stdout] 
[INFO] [stdout] error[E0433]: failed to resolve: could not find `windows` in `path`
[INFO] [stdout]    --> /opt/rustwide/cargo-home/registry/src/index.crates.io-6f17d22bba15001f/rustc-serialize-0.2.8/src/serialize.rs:554:26
[INFO] [stdout]     |
[INFO] [stdout] 554 | impl Encodable for path::windows::Path {
[INFO] [stdout]     |                          ^^^^^^^ could not find `windows` in `path`
[INFO] [stdout] 
[INFO] [stdout] 
[INFO] [stdout] error[E0433]: failed to resolve: could not find `windows` in `path`
[INFO] [stdout]    --> /opt/rustwide/cargo-home/registry/src/index.crates.io-6f17d22bba15001f/rustc-serialize-0.2.8/src/serialize.rs:560:26
[INFO] [stdout]     |
[INFO] [stdout] 560 | impl Decodable for path::windows::Path {
[INFO] [stdout]     |                          ^^^^^^^ could not find `windows` in `path`
[INFO] [stdout] 
[INFO] [stdout] 
[INFO] [stdout] error[E0433]: failed to resolve: could not find `windows` in `path`
[INFO] [stdout]    --> /opt/rustwide/cargo-home/registry/src/index.crates.io-6f17d22bba15001f/rustc-serialize-0.2.8/src/serialize.rs:561:54
[INFO] [stdout]     |
[INFO] [stdout] 561 |     fn decode<D: Decoder>(d: &mut D) -> Result<path::windows::Path, D::Error> {
[INFO] [stdout]     |                                                      ^^^^^^^ could not find `windows` in `path`
[INFO] [stdout] 
[INFO] [stdout] 
[INFO] [stdout] error[E0407]: method `detail` is not a member of trait `error::Error`
[INFO] [stdout]    --> /opt/rustwide/cargo-home/registry/src/index.crates.io-6f17d22bba15001f/rustc-serialize-0.2.8/src/base64.rs:207:5
[INFO] [stdout]     |
[INFO] [stdout] 207 | /     fn detail(&self) -> Option<String> {
[INFO] [stdout] 208 | |         Some(format!("{:?}", self))
[INFO] [stdout] 209 | |     }
[INFO] [stdout]     | |_____^ not a member of trait `error::Error`
[INFO] [stdout] 
[INFO] [stdout] 
[INFO] [stdout] error[E0407]: method `detail` is not a member of trait `error::Error`
[INFO] [stdout]   --> /opt/rustwide/cargo-home/registry/src/index.crates.io-6f17d22bba15001f/rustc-serialize-0.2.8/src/hex.rs:91:5
[INFO] [stdout]    |
[INFO] [stdout] 91 | /     fn detail(&self) -> Option<String> {
[INFO] [stdout] 92 | |         Some(format!("{:?}", self))
[INFO] [stdout] 93 | |     }
[INFO] [stdout]    | |_____^ not a member of trait `error::Error`
[INFO] [stdout] 
[INFO] [stdout] 
[INFO] [stdout] error[E0407]: method `detail` is not a member of trait `StdError`
[INFO] [stdout]    --> /opt/rustwide/cargo-home/registry/src/index.crates.io-6f17d22bba15001f/rustc-serialize-0.2.8/src/json.rs:342:5
[INFO] [stdout]     |
[INFO] [stdout] 342 |     fn detail(&self) -> Option<std::string::String> { Some(format!("{:?}", self)) }
[INFO] [stdout]     |     ^^^^^^^^^^^^^^^^^^^^^^^^^^^^^^^^^^^^^^^^^^^^^^^^^^^^^^^^^^^^^^^^^^^^^^^^^^^^^^^ not a member of trait `StdError`
[INFO] [stdout] 
[INFO] [stdout] 
[INFO] [stdout] error[E0407]: method `detail` is not a member of trait `StdError`
[INFO] [stdout]    --> /opt/rustwide/cargo-home/registry/src/index.crates.io-6f17d22bba15001f/rustc-serialize-0.2.8/src/json.rs:353:5
[INFO] [stdout]     |
[INFO] [stdout] 353 |     fn detail(&self) -> Option<std::string::String> { Some(format!("{:?}", self)) }
[INFO] [stdout]     |     ^^^^^^^^^^^^^^^^^^^^^^^^^^^^^^^^^^^^^^^^^^^^^^^^^^^^^^^^^^^^^^^^^^^^^^^^^^^^^^^ not a member of trait `StdError`
[INFO] [stdout] 
[INFO] [stdout] 
[INFO] [stdout] error[E0425]: cannot find function `range` in this scope
[INFO] [stdout]    --> /opt/rustwide/cargo-home/registry/src/index.crates.io-6f17d22bba15001f/rustc-serialize-0.2.8/src/serialize.rs:464:22
[INFO] [stdout]     |
[INFO] [stdout] 464 |             for i in range(0, len) {
[INFO] [stdout]     |                      ^^^^^ not found in this scope
[INFO] [stdout]     |
[INFO] [stdout] help: consider importing this function
[INFO] [stdout]     |
[INFO] [stdout] 17  + use std::slice::range;
[INFO] [stdout]     |
[INFO] [stdout] 
[INFO] [stdout] 
[INFO] [stdout] error[E0433]: failed to resolve: could not find `posix` in `path`
[INFO] [stdout]    --> /opt/rustwide/cargo-home/registry/src/index.crates.io-6f17d22bba15001f/rustc-serialize-0.2.8/src/serialize.rs:550:18
[INFO] [stdout]     |
[INFO] [stdout] 550 |         Ok(path::posix::Path::new(bytes))
[INFO] [stdout]     |                  ^^^^^ could not find `posix` in `path`
[INFO] [stdout]     |
[INFO] [stdout] help: consider importing this struct
[INFO] [stdout]     |
[INFO] [stdout] 17  + use serialize::path::Path;
[INFO] [stdout]     |
[INFO] [stdout] help: if you import `Path`, refer to it directly
[INFO] [stdout]     |
[INFO] [stdout] 550 -         Ok(path::posix::Path::new(bytes))
[INFO] [stdout] 550 +         Ok(Path::new(bytes))
[INFO] [stdout]     |
[INFO] [stdout] 
[INFO] [stdout] 
[INFO] [stdout] error[E0433]: failed to resolve: could not find `windows` in `path`
[INFO] [stdout]    --> /opt/rustwide/cargo-home/registry/src/index.crates.io-6f17d22bba15001f/rustc-serialize-0.2.8/src/serialize.rs:563:18
[INFO] [stdout]     |
[INFO] [stdout] 563 |         Ok(path::windows::Path::new(bytes))
[INFO] [stdout]     |                  ^^^^^^^ could not find `windows` in `path`
[INFO] [stdout]     |
[INFO] [stdout] help: consider importing this struct
[INFO] [stdout]     |
[INFO] [stdout] 17  + use serialize::path::Path;
[INFO] [stdout]     |
[INFO] [stdout] help: if you import `Path`, refer to it directly
[INFO] [stdout]     |
[INFO] [stdout] 563 -         Ok(path::windows::Path::new(bytes))
[INFO] [stdout] 563 +         Ok(Path::new(bytes))
[INFO] [stdout]     |
[INFO] [stdout] 
[INFO] [stdout] 
[INFO] [stdout] error[E0425]: cannot find function `range` in this scope
[INFO] [stdout]    --> /opt/rustwide/cargo-home/registry/src/index.crates.io-6f17d22bba15001f/rustc-serialize-0.2.8/src/serialize.rs:644:22
[INFO] [stdout]     |
[INFO] [stdout] 644 |             for i in range(0, len) {
[INFO] [stdout]     |                      ^^^^^ not found in this scope
[INFO] [stdout]     |
[INFO] [stdout] help: consider importing this function
[INFO] [stdout]     |
[INFO] [stdout] 17  + use std::slice::range;
[INFO] [stdout]     |
[INFO] [stdout] 
[INFO] [stdout] 
[INFO] [stdout] error[E0425]: cannot find function `range` in this scope
[INFO] [stdout]   --> /opt/rustwide/cargo-home/registry/src/index.crates.io-6f17d22bba15001f/rustc-serialize-0.2.8/src/collection_impls.rs:37:22
[INFO] [stdout]    |
[INFO] [stdout] 37 |             for i in range(0, len) {
[INFO] [stdout]    |                      ^^^^^ not found in this scope
[INFO] [stdout]    |
[INFO] [stdout] help: consider importing this function
[INFO] [stdout]    |
[INFO] [stdout] 13 + use std::slice::range;
[INFO] [stdout]    |
[INFO] [stdout] 
[INFO] [stdout] 
[INFO] [stdout] error[E0425]: cannot find function `range` in this scope
[INFO] [stdout]   --> /opt/rustwide/cargo-home/registry/src/index.crates.io-6f17d22bba15001f/rustc-serialize-0.2.8/src/collection_impls.rs:60:22
[INFO] [stdout]    |
[INFO] [stdout] 60 |             for i in range(0, len) {
[INFO] [stdout]    |                      ^^^^^ not found in this scope
[INFO] [stdout]    |
[INFO] [stdout] help: consider importing this function
[INFO] [stdout]    |
[INFO] [stdout] 13 + use std::slice::range;
[INFO] [stdout]    |
[INFO] [stdout] 
[INFO] [stdout] 
[INFO] [stdout] error[E0425]: cannot find function `range` in this scope
[INFO] [stdout]   --> /opt/rustwide/cargo-home/registry/src/index.crates.io-6f17d22bba15001f/rustc-serialize-0.2.8/src/collection_impls.rs:92:22
[INFO] [stdout]    |
[INFO] [stdout] 92 |             for i in range(0, len) {
[INFO] [stdout]    |                      ^^^^^ not found in this scope
[INFO] [stdout]    |
[INFO] [stdout] help: consider importing this function
[INFO] [stdout]    |
[INFO] [stdout] 13 + use std::slice::range;
[INFO] [stdout]    |
[INFO] [stdout] 
[INFO] [stdout] 
[INFO] [stdout] error[E0425]: cannot find function `range` in this scope
[INFO] [stdout]    --> /opt/rustwide/cargo-home/registry/src/index.crates.io-6f17d22bba15001f/rustc-serialize-0.2.8/src/collection_impls.rs:123:22
[INFO] [stdout]     |
[INFO] [stdout] 123 |             for i in range(0, len) {
[INFO] [stdout]     |                      ^^^^^ not found in this scope
[INFO] [stdout]     |
[INFO] [stdout] help: consider importing this function
[INFO] [stdout]     |
[INFO] [stdout] 13  + use std::slice::range;
[INFO] [stdout]     |
[INFO] [stdout] 
[INFO] [stdout] 
[INFO] [stdout] error[E0425]: cannot find function `range` in this scope
[INFO] [stdout]    --> /opt/rustwide/cargo-home/registry/src/index.crates.io-6f17d22bba15001f/rustc-serialize-0.2.8/src/collection_impls.rs:160:22
[INFO] [stdout]     |
[INFO] [stdout] 160 |             for i in range(0, len) {
[INFO] [stdout]     |                      ^^^^^ not found in this scope
[INFO] [stdout]     |
[INFO] [stdout] help: consider importing this function
[INFO] [stdout]     |
[INFO] [stdout] 13  + use std::slice::range;
[INFO] [stdout]     |
[INFO] [stdout] 
[INFO] [stdout] 
[INFO] [stdout] error[E0425]: cannot find function `range` in this scope
[INFO] [stdout]    --> /opt/rustwide/cargo-home/registry/src/index.crates.io-6f17d22bba15001f/rustc-serialize-0.2.8/src/collection_impls.rs:196:22
[INFO] [stdout]     |
[INFO] [stdout] 196 |             for i in range(0, len) {
[INFO] [stdout]     |                      ^^^^^ not found in this scope
[INFO] [stdout]     |
[INFO] [stdout] help: consider importing this function
[INFO] [stdout]     |
[INFO] [stdout] 13  + use std::slice::range;
[INFO] [stdout]     |
[INFO] [stdout] 
[INFO] [stdout] 
[INFO] [stdout] error[E0425]: cannot find function `range` in this scope
[INFO] [stdout]    --> /opt/rustwide/cargo-home/registry/src/index.crates.io-6f17d22bba15001f/rustc-serialize-0.2.8/src/collection_impls.rs:219:22
[INFO] [stdout]     |
[INFO] [stdout] 219 |             for i in range(0, len) {
[INFO] [stdout]     |                      ^^^^^ not found in this scope
[INFO] [stdout]     |
[INFO] [stdout] help: consider importing this function
[INFO] [stdout]     |
[INFO] [stdout] 13  + use std::slice::range;
[INFO] [stdout]     |
[INFO] [stdout] 
[INFO] [stdout] 
[INFO] [stdout] error[E0405]: cannot find trait `Show` in module `fmt`
[INFO] [stdout]    --> /opt/rustwide/cargo-home/registry/src/index.crates.io-6f17d22bba15001f/rustc-serialize-0.2.8/src/base64.rs:189:11
[INFO] [stdout]     |
[INFO] [stdout] 189 | impl fmt::Show for FromBase64Error {
[INFO] [stdout]     |           ^^^^ not found in `fmt`
[INFO] [stdout] 
[INFO] [stdout] 
[INFO] [stdout] error[E0405]: cannot find trait `Show` in module `fmt`
[INFO] [stdout]   --> /opt/rustwide/cargo-home/registry/src/index.crates.io-6f17d22bba15001f/rustc-serialize-0.2.8/src/hex.rs:73:11
[INFO] [stdout]    |
[INFO] [stdout] 73 | impl fmt::Show for FromHexError {
[INFO] [stdout]    |           ^^^^ not found in `fmt`
[INFO] [stdout] 
[INFO] [stdout] 
[INFO] [stdout] error[E0412]: cannot find type `IoErrorKind` in module `io`
[INFO] [stdout]    --> /opt/rustwide/cargo-home/registry/src/index.crates.io-6f17d22bba15001f/rustc-serialize-0.2.8/src/json.rs:271:17
[INFO] [stdout]     |
[INFO] [stdout] 271 |     IoError(io::IoErrorKind, &'static str),
[INFO] [stdout]     |                 ^^^^^^^^^^^ help: an enum with a similar name exists: `ErrorKind`
[INFO] [stdout]    --> /rustc/1b7dd2252b99671ce5d1cb9664c5f8636329436d/library/std/src/io/error.rs:179:1
[INFO] [stdout]     |
[INFO] [stdout]     = note: similarly named enum `ErrorKind` defined here
[INFO] [stdout] 
[INFO] [stdout] 
[INFO] [stdout] error[E0405]: cannot find trait `Show` in module `fmt`
[INFO] [stdout]    --> /opt/rustwide/cargo-home/registry/src/index.crates.io-6f17d22bba15001f/rustc-serialize-0.2.8/src/json.rs:330:11
[INFO] [stdout]     |
[INFO] [stdout] 330 | impl fmt::Show for ErrorCode {
[INFO] [stdout]     |           ^^^^ not found in `fmt`
[INFO] [stdout] 
[INFO] [stdout] 
[INFO] [stdout] error[E0412]: cannot find type `IoError` in module `io`
[INFO] [stdout]    --> /opt/rustwide/cargo-home/registry/src/index.crates.io-6f17d22bba15001f/rustc-serialize-0.2.8/src/json.rs:336:30
[INFO] [stdout]     |
[INFO] [stdout] 336 | fn io_error_to_error(io: io::IoError) -> ParserError {
[INFO] [stdout]     |                              ^^^^^^^
[INFO] [stdout]    --> /rustc/1b7dd2252b99671ce5d1cb9664c5f8636329436d/library/std/src/io/error.rs:67:1
[INFO] [stdout]     |
[INFO] [stdout]     = note: similarly named struct `Error` defined here
[INFO] [stdout]     |
[INFO] [stdout] help: there is an enum variant `json::ParserError::IoError`; try using the variant's enum
[INFO] [stdout]     |
[INFO] [stdout] 336 | fn io_error_to_error(io: json::ParserError) -> ParserError {
[INFO] [stdout]     |                          ~~~~~~~~~~~~~~~~~
[INFO] [stdout] help: a struct with a similar name exists
[INFO] [stdout]     |
[INFO] [stdout] 336 | fn io_error_to_error(io: io::Error) -> ParserError {
[INFO] [stdout]     |                              ~~~~~
[INFO] [stdout] 
[INFO] [stdout] 
[INFO] [stdout] error[E0412]: cannot find type `Writer` in module `fmt`
[INFO] [stdout]    --> /opt/rustwide/cargo-home/registry/src/index.crates.io-6f17d22bba15001f/rustc-serialize-0.2.8/src/json.rs:359:29
[INFO] [stdout]     |
[INFO] [stdout] 359 | fn escape_str(wr: &mut fmt::Writer, v: &str) -> fmt::Result {
[INFO] [stdout]     |                             ^^^^^^ help: a trait with a similar name exists: `Write`
[INFO] [stdout]    --> /rustc/1b7dd2252b99671ce5d1cb9664c5f8636329436d/library/core/src/fmt/mod.rs:110:1
[INFO] [stdout]     |
[INFO] [stdout]     = note: similarly named trait `Write` defined here
[INFO] [stdout] 
[INFO] [stdout] 
[INFO] [stdout] error[E0412]: cannot find type `Writer` in module `fmt`
[INFO] [stdout]    --> /opt/rustwide/cargo-home/registry/src/index.crates.io-6f17d22bba15001f/rustc-serialize-0.2.8/src/json.rs:420:34
[INFO] [stdout]     |
[INFO] [stdout] 420 | fn escape_char(writer: &mut fmt::Writer, v: char) -> fmt::Result {
[INFO] [stdout]     |                                  ^^^^^^ help: a trait with a similar name exists: `Write`
[INFO] [stdout]    --> /rustc/1b7dd2252b99671ce5d1cb9664c5f8636329436d/library/core/src/fmt/mod.rs:110:1
[INFO] [stdout]     |
[INFO] [stdout]     = note: similarly named trait `Write` defined here
[INFO] [stdout] 
[INFO] [stdout] 
[INFO] [stdout] error[E0412]: cannot find type `Writer` in module `fmt`
[INFO] [stdout]    --> /opt/rustwide/cargo-home/registry/src/index.crates.io-6f17d22bba15001f/rustc-serialize-0.2.8/src/json.rs:427:25
[INFO] [stdout]     |
[INFO] [stdout] 427 | fn spaces(wr: &mut fmt::Writer, n: u32) -> fmt::Result {
[INFO] [stdout]     |                         ^^^^^^ help: a trait with a similar name exists: `Write`
[INFO] [stdout]    --> /rustc/1b7dd2252b99671ce5d1cb9664c5f8636329436d/library/core/src/fmt/mod.rs:110:1
[INFO] [stdout]     |
[INFO] [stdout]     = note: similarly named trait `Write` defined here
[INFO] [stdout] 
[INFO] [stdout] 
[INFO] [stdout] error[E0405]: cannot find trait `Writer` in module `fmt`
[INFO] [stdout]    --> /opt/rustwide/cargo-home/registry/src/index.crates.io-6f17d22bba15001f/rustc-serialize-0.2.8/src/json.rs:455:27
[INFO] [stdout]     |
[INFO] [stdout] 455 |     writer: &'a mut (fmt::Writer+'a),
[INFO] [stdout]     |                           ^^^^^^ help: a trait with a similar name exists: `Write`
[INFO] [stdout]    --> /rustc/1b7dd2252b99671ce5d1cb9664c5f8636329436d/library/core/src/fmt/mod.rs:110:1
[INFO] [stdout]     |
[INFO] [stdout]     = note: similarly named trait `Write` defined here
[INFO] [stdout] 
[INFO] [stdout] 
[INFO] [stdout] error[E0412]: cannot find type `Writer` in module `fmt`
[INFO] [stdout]    --> /opt/rustwide/cargo-home/registry/src/index.crates.io-6f17d22bba15001f/rustc-serialize-0.2.8/src/json.rs:461:37
[INFO] [stdout]     |
[INFO] [stdout] 461 |     pub fn new(writer: &'a mut fmt::Writer) -> Encoder<'a> {
[INFO] [stdout]     |                                     ^^^^^^ help: a trait with a similar name exists: `Write`
[INFO] [stdout]    --> /rustc/1b7dd2252b99671ce5d1cb9664c5f8636329436d/library/core/src/fmt/mod.rs:110:1
[INFO] [stdout]     |
[INFO] [stdout]     = note: similarly named trait `Write` defined here
[INFO] [stdout] 
[INFO] [stdout] 
[INFO] [stdout] error[E0405]: cannot find trait `Writer` in module `fmt`
[INFO] [stdout]    --> /opt/rustwide/cargo-home/registry/src/index.crates.io-6f17d22bba15001f/rustc-serialize-0.2.8/src/json.rs:666:27
[INFO] [stdout]     |
[INFO] [stdout] 666 |     writer: &'a mut (fmt::Writer+'a),
[INFO] [stdout]     |                           ^^^^^^ help: a trait with a similar name exists: `Write`
[INFO] [stdout]    --> /rustc/1b7dd2252b99671ce5d1cb9664c5f8636329436d/library/core/src/fmt/mod.rs:110:1
[INFO] [stdout]     |
[INFO] [stdout]     = note: similarly named trait `Write` defined here
[INFO] [stdout] 
[INFO] [stdout] 
[INFO] [stdout] error[E0412]: cannot find type `Writer` in module `fmt`
[INFO] [stdout]    --> /opt/rustwide/cargo-home/registry/src/index.crates.io-6f17d22bba15001f/rustc-serialize-0.2.8/src/json.rs:673:37
[INFO] [stdout]     |
[INFO] [stdout] 673 |     pub fn new(writer: &'a mut fmt::Writer) -> PrettyEncoder<'a> {
[INFO] [stdout]     |                                     ^^^^^^ help: a trait with a similar name exists: `Write`
[INFO] [stdout]    --> /rustc/1b7dd2252b99671ce5d1cb9664c5f8636329436d/library/core/src/fmt/mod.rs:110:1
[INFO] [stdout]     |
[INFO] [stdout]     = note: similarly named trait `Write` defined here
[INFO] [stdout] 
[INFO] [stdout] 
[INFO] [stdout] error[E0412]: cannot find type `Reader` in module `io`
[INFO] [stdout]    --> /opt/rustwide/cargo-home/registry/src/index.crates.io-6f17d22bba15001f/rustc-serialize-0.2.8/src/json.rs:963:38
[INFO] [stdout]     |
[INFO] [stdout] 963 |     pub fn from_reader(rdr: &mut io::Reader) -> Result<Self, BuilderError> {
[INFO] [stdout]     |                                      ^^^^^^ help: a trait with a similar name exists: `Read`
[INFO] [stdout]    --> /rustc/1b7dd2252b99671ce5d1cb9664c5f8636329436d/library/std/src/io/mod.rs:554:1
[INFO] [stdout]     |
[INFO] [stdout]     = note: similarly named trait `Read` defined here
[INFO] [stdout] 
[INFO] [stdout] 
[INFO] [stdout] error[E0425]: cannot find function `cast` in module `num`
[INFO] [stdout]     --> /opt/rustwide/cargo-home/registry/src/index.crates.io-6f17d22bba15001f/rustc-serialize-0.2.8/src/json.rs:1113:34
[INFO] [stdout]      |
[INFO] [stdout] 1113 |             Json::U64(n) => num::cast(n),
[INFO] [stdout]      |                                  ^^^^ not found in `num`
[INFO] [stdout] 
[INFO] [stdout] 
[INFO] [stdout] error[E0425]: cannot find function `cast` in module `num`
[INFO] [stdout]     --> /opt/rustwide/cargo-home/registry/src/index.crates.io-6f17d22bba15001f/rustc-serialize-0.2.8/src/json.rs:1122:34
[INFO] [stdout]      |
[INFO] [stdout] 1122 |             Json::I64(n) => num::cast(n),
[INFO] [stdout]      |                                  ^^^^ not found in `num`
[INFO] [stdout] 
[INFO] [stdout] 
[INFO] [stdout] error[E0425]: cannot find function `cast` in module `num`
[INFO] [stdout]     --> /opt/rustwide/cargo-home/registry/src/index.crates.io-6f17d22bba15001f/rustc-serialize-0.2.8/src/json.rs:1132:34
[INFO] [stdout]      |
[INFO] [stdout] 1132 |             Json::I64(n) => num::cast(n),
[INFO] [stdout]      |                                  ^^^^ not found in `num`
[INFO] [stdout] 
[INFO] [stdout] 
[INFO] [stdout] error[E0425]: cannot find function `cast` in module `num`
[INFO] [stdout]     --> /opt/rustwide/cargo-home/registry/src/index.crates.io-6f17d22bba15001f/rustc-serialize-0.2.8/src/json.rs:1133:34
[INFO] [stdout]      |
[INFO] [stdout] 1133 |             Json::U64(n) => num::cast(n),
[INFO] [stdout]      |                                  ^^^^ not found in `num`
[INFO] [stdout] 
[INFO] [stdout] 
[INFO] [stdout] error[E0425]: cannot find function `range` in this scope
[INFO] [stdout]     --> /opt/rustwide/cargo-home/registry/src/index.crates.io-6f17d22bba15001f/rustc-serialize-0.2.8/src/json.rs:1273:18
[INFO] [stdout]      |
[INFO] [stdout] 1273 |         for i in range(0, rhs.len()) {
[INFO] [stdout]      |                  ^^^^^ not found in this scope
[INFO] [stdout]      |
[INFO] [stdout] help: consider importing this function
[INFO] [stdout]      |
[INFO] [stdout] 203  + use std::slice::range;
[INFO] [stdout]      |
[INFO] [stdout] 
[INFO] [stdout] 
[INFO] [stdout] error[E0425]: cannot find function `range` in this scope
[INFO] [stdout]     --> /opt/rustwide/cargo-home/registry/src/index.crates.io-6f17d22bba15001f/rustc-serialize-0.2.8/src/json.rs:1283:18
[INFO] [stdout]      |
[INFO] [stdout] 1283 |         for i in range(0, rhs.len()) {
[INFO] [stdout]      |                  ^^^^^ not found in this scope
[INFO] [stdout]      |
[INFO] [stdout] help: consider importing this function
[INFO] [stdout]      |
[INFO] [stdout] 203  + use std::slice::range;
[INFO] [stdout]      |
[INFO] [stdout] 
[INFO] [stdout] 
[INFO] [stdout] error[E0425]: cannot find function `range` in this scope
[INFO] [stdout]     --> /opt/rustwide/cargo-home/registry/src/index.crates.io-6f17d22bba15001f/rustc-serialize-0.2.8/src/json.rs:1294:18
[INFO] [stdout]      |
[INFO] [stdout] 1294 |         for i in range(0, rhs.len()) {
[INFO] [stdout]      |                  ^^^^^ not found in this scope
[INFO] [stdout]      |
[INFO] [stdout] help: consider importing this function
[INFO] [stdout]      |
[INFO] [stdout] 203  + use std::slice::range;
[INFO] [stdout]      |
[INFO] [stdout] 
[INFO] [stdout] 
[INFO] [stdout] error[E0425]: cannot find function `cast` in module `num`
[INFO] [stdout]     --> /opt/rustwide/cargo-home/registry/src/index.crates.io-6f17d22bba15001f/rustc-serialize-0.2.8/src/json.rs:2045:44
[INFO] [stdout]      |
[INFO] [stdout] 2045 |                 Json::I64(f) => match num::cast(f) {
[INFO] [stdout]      |                                            ^^^^ not found in `num`
[INFO] [stdout] ...
[INFO] [stdout] 2073 |     read_primitive! { read_usize, usize }
[INFO] [stdout]      |     ------------------------------------- in this macro invocation
[INFO] [stdout]      |
[INFO] [stdout]      = note: this error originates in the macro `read_primitive` (in Nightly builds, run with -Z macro-backtrace for more info)
[INFO] [stdout] 
[INFO] [stdout] 
[INFO] [stdout] error[E0425]: cannot find function `cast` in module `num`
[INFO] [stdout]     --> /opt/rustwide/cargo-home/registry/src/index.crates.io-6f17d22bba15001f/rustc-serialize-0.2.8/src/json.rs:2049:44
[INFO] [stdout]      |
[INFO] [stdout] 2049 |                 Json::U64(f) => match num::cast(f) {
[INFO] [stdout]      |                                            ^^^^ not found in `num`
[INFO] [stdout] ...
[INFO] [stdout] 2073 |     read_primitive! { read_usize, usize }
[INFO] [stdout]      |     ------------------------------------- in this macro invocation
[INFO] [stdout]      |
[INFO] [stdout]      = note: this error originates in the macro `read_primitive` (in Nightly builds, run with -Z macro-backtrace for more info)
[INFO] [stdout] 
[INFO] [stdout] 
[INFO] [stdout] error[E0425]: cannot find function `cast` in module `num`
[INFO] [stdout]     --> /opt/rustwide/cargo-home/registry/src/index.crates.io-6f17d22bba15001f/rustc-serialize-0.2.8/src/json.rs:2045:44
[INFO] [stdout]      |
[INFO] [stdout] 2045 |                 Json::I64(f) => match num::cast(f) {
[INFO] [stdout]      |                                            ^^^^ not found in `num`
[INFO] [stdout] ...
[INFO] [stdout] 2074 |     read_primitive! { read_u8, u8 }
[INFO] [stdout]      |     ------------------------------- in this macro invocation
[INFO] [stdout]      |
[INFO] [stdout]      = note: this error originates in the macro `read_primitive` (in Nightly builds, run with -Z macro-backtrace for more info)
[INFO] [stdout] 
[INFO] [stdout] 
[INFO] [stdout] error[E0425]: cannot find function `cast` in module `num`
[INFO] [stdout]     --> /opt/rustwide/cargo-home/registry/src/index.crates.io-6f17d22bba15001f/rustc-serialize-0.2.8/src/json.rs:2049:44
[INFO] [stdout]      |
[INFO] [stdout] 2049 |                 Json::U64(f) => match num::cast(f) {
[INFO] [stdout]      |                                            ^^^^ not found in `num`
[INFO] [stdout] ...
[INFO] [stdout] 2074 |     read_primitive! { read_u8, u8 }
[INFO] [stdout]      |     ------------------------------- in this macro invocation
[INFO] [stdout]      |
[INFO] [stdout]      = note: this error originates in the macro `read_primitive` (in Nightly builds, run with -Z macro-backtrace for more info)
[INFO] [stdout] 
[INFO] [stdout] 
[INFO] [stdout] error[E0425]: cannot find function `cast` in module `num`
[INFO] [stdout]     --> /opt/rustwide/cargo-home/registry/src/index.crates.io-6f17d22bba15001f/rustc-serialize-0.2.8/src/json.rs:2045:44
[INFO] [stdout]      |
[INFO] [stdout] 2045 |                 Json::I64(f) => match num::cast(f) {
[INFO] [stdout]      |                                            ^^^^ not found in `num`
[INFO] [stdout] ...
[INFO] [stdout] 2075 |     read_primitive! { read_u16, u16 }
[INFO] [stdout]      |     --------------------------------- in this macro invocation
[INFO] [stdout]      |
[INFO] [stdout]      = note: this error originates in the macro `read_primitive` (in Nightly builds, run with -Z macro-backtrace for more info)
[INFO] [stdout] 
[INFO] [stdout] 
[INFO] [stdout] error[E0425]: cannot find function `cast` in module `num`
[INFO] [stdout]     --> /opt/rustwide/cargo-home/registry/src/index.crates.io-6f17d22bba15001f/rustc-serialize-0.2.8/src/json.rs:2049:44
[INFO] [stdout]      |
[INFO] [stdout] 2049 |                 Json::U64(f) => match num::cast(f) {
[INFO] [stdout]      |                                            ^^^^ not found in `num`
[INFO] [stdout] ...
[INFO] [stdout] 2075 |     read_primitive! { read_u16, u16 }
[INFO] [stdout]      |     --------------------------------- in this macro invocation
[INFO] [stdout]      |
[INFO] [stdout]      = note: this error originates in the macro `read_primitive` (in Nightly builds, run with -Z macro-backtrace for more info)
[INFO] [stdout] 
[INFO] [stdout] 
[INFO] [stdout] error[E0425]: cannot find function `cast` in module `num`
[INFO] [stdout]     --> /opt/rustwide/cargo-home/registry/src/index.crates.io-6f17d22bba15001f/rustc-serialize-0.2.8/src/json.rs:2045:44
[INFO] [stdout]      |
[INFO] [stdout] 2045 |                 Json::I64(f) => match num::cast(f) {
[INFO] [stdout]      |                                            ^^^^ not found in `num`
[INFO] [stdout] ...
[INFO] [stdout] 2076 |     read_primitive! { read_u32, u32 }
[INFO] [stdout]      |     --------------------------------- in this macro invocation
[INFO] [stdout]      |
[INFO] [stdout]      = note: this error originates in the macro `read_primitive` (in Nightly builds, run with -Z macro-backtrace for more info)
[INFO] [stdout] 
[INFO] [stdout] 
[INFO] [stdout] error[E0425]: cannot find function `cast` in module `num`
[INFO] [stdout]     --> /opt/rustwide/cargo-home/registry/src/index.crates.io-6f17d22bba15001f/rustc-serialize-0.2.8/src/json.rs:2049:44
[INFO] [stdout]      |
[INFO] [stdout] 2049 |                 Json::U64(f) => match num::cast(f) {
[INFO] [stdout]      |                                            ^^^^ not found in `num`
[INFO] [stdout] ...
[INFO] [stdout] 2076 |     read_primitive! { read_u32, u32 }
[INFO] [stdout]      |     --------------------------------- in this macro invocation
[INFO] [stdout]      |
[INFO] [stdout]      = note: this error originates in the macro `read_primitive` (in Nightly builds, run with -Z macro-backtrace for more info)
[INFO] [stdout] 
[INFO] [stdout] 
[INFO] [stdout] error[E0425]: cannot find function `cast` in module `num`
[INFO] [stdout]     --> /opt/rustwide/cargo-home/registry/src/index.crates.io-6f17d22bba15001f/rustc-serialize-0.2.8/src/json.rs:2045:44
[INFO] [stdout]      |
[INFO] [stdout] 2045 |                 Json::I64(f) => match num::cast(f) {
[INFO] [stdout]      |                                            ^^^^ not found in `num`
[INFO] [stdout] ...
[INFO] [stdout] 2077 |     read_primitive! { read_u64, u64 }
[INFO] [stdout]      |     --------------------------------- in this macro invocation
[INFO] [stdout]      |
[INFO] [stdout]      = note: this error originates in the macro `read_primitive` (in Nightly builds, run with -Z macro-backtrace for more info)
[INFO] [stdout] 
[INFO] [stdout] 
[INFO] [stdout] error[E0425]: cannot find function `cast` in module `num`
[INFO] [stdout]     --> /opt/rustwide/cargo-home/registry/src/index.crates.io-6f17d22bba15001f/rustc-serialize-0.2.8/src/json.rs:2049:44
[INFO] [stdout]      |
[INFO] [stdout] 2049 |                 Json::U64(f) => match num::cast(f) {
[INFO] [stdout]      |                                            ^^^^ not found in `num`
[INFO] [stdout] ...
[INFO] [stdout] 2077 |     read_primitive! { read_u64, u64 }
[INFO] [stdout]      |     --------------------------------- in this macro invocation
[INFO] [stdout]      |
[INFO] [stdout]      = note: this error originates in the macro `read_primitive` (in Nightly builds, run with -Z macro-backtrace for more info)
[INFO] [stdout] 
[INFO] [stdout] 
[INFO] [stdout] error[E0425]: cannot find function `cast` in module `num`
[INFO] [stdout]     --> /opt/rustwide/cargo-home/registry/src/index.crates.io-6f17d22bba15001f/rustc-serialize-0.2.8/src/json.rs:2045:44
[INFO] [stdout]      |
[INFO] [stdout] 2045 |                 Json::I64(f) => match num::cast(f) {
[INFO] [stdout]      |                                            ^^^^ not found in `num`
[INFO] [stdout] ...
[INFO] [stdout] 2078 |     read_primitive! { read_isize, isize }
[INFO] [stdout]      |     ------------------------------------- in this macro invocation
[INFO] [stdout]      |
[INFO] [stdout]      = note: this error originates in the macro `read_primitive` (in Nightly builds, run with -Z macro-backtrace for more info)
[INFO] [stdout] 
[INFO] [stdout] 
[INFO] [stdout] error[E0425]: cannot find function `cast` in module `num`
[INFO] [stdout]     --> /opt/rustwide/cargo-home/registry/src/index.crates.io-6f17d22bba15001f/rustc-serialize-0.2.8/src/json.rs:2049:44
[INFO] [stdout]      |
[INFO] [stdout] 2049 |                 Json::U64(f) => match num::cast(f) {
[INFO] [stdout]      |                                            ^^^^ not found in `num`
[INFO] [stdout] ...
[INFO] [stdout] 2078 |     read_primitive! { read_isize, isize }
[INFO] [stdout]      |     ------------------------------------- in this macro invocation
[INFO] [stdout]      |
[INFO] [stdout]      = note: this error originates in the macro `read_primitive` (in Nightly builds, run with -Z macro-backtrace for more info)
[INFO] [stdout] 
[INFO] [stdout] 
[INFO] [stdout] error[E0425]: cannot find function `cast` in module `num`
[INFO] [stdout]     --> /opt/rustwide/cargo-home/registry/src/index.crates.io-6f17d22bba15001f/rustc-serialize-0.2.8/src/json.rs:2045:44
[INFO] [stdout]      |
[INFO] [stdout] 2045 |                 Json::I64(f) => match num::cast(f) {
[INFO] [stdout]      |                                            ^^^^ not found in `num`
[INFO] [stdout] ...
[INFO] [stdout] 2079 |     read_primitive! { read_i8, i8 }
[INFO] [stdout]      |     ------------------------------- in this macro invocation
[INFO] [stdout]      |
[INFO] [stdout]      = note: this error originates in the macro `read_primitive` (in Nightly builds, run with -Z macro-backtrace for more info)
[INFO] [stdout] 
[INFO] [stdout] 
[INFO] [stdout] error[E0425]: cannot find function `cast` in module `num`
[INFO] [stdout]     --> /opt/rustwide/cargo-home/registry/src/index.crates.io-6f17d22bba15001f/rustc-serialize-0.2.8/src/json.rs:2049:44
[INFO] [stdout]      |
[INFO] [stdout] 2049 |                 Json::U64(f) => match num::cast(f) {
[INFO] [stdout]      |                                            ^^^^ not found in `num`
[INFO] [stdout] ...
[INFO] [stdout] 2079 |     read_primitive! { read_i8, i8 }
[INFO] [stdout]      |     ------------------------------- in this macro invocation
[INFO] [stdout]      |
[INFO] [stdout]      = note: this error originates in the macro `read_primitive` (in Nightly builds, run with -Z macro-backtrace for more info)
[INFO] [stdout] 
[INFO] [stdout] 
[INFO] [stdout] error[E0425]: cannot find function `cast` in module `num`
[INFO] [stdout]     --> /opt/rustwide/cargo-home/registry/src/index.crates.io-6f17d22bba15001f/rustc-serialize-0.2.8/src/json.rs:2045:44
[INFO] [stdout]      |
[INFO] [stdout] 2045 |                 Json::I64(f) => match num::cast(f) {
[INFO] [stdout]      |                                            ^^^^ not found in `num`
[INFO] [stdout] ...
[INFO] [stdout] 2080 |     read_primitive! { read_i16, i16 }
[INFO] [stdout]      |     --------------------------------- in this macro invocation
[INFO] [stdout]      |
[INFO] [stdout]      = note: this error originates in the macro `read_primitive` (in Nightly builds, run with -Z macro-backtrace for more info)
[INFO] [stdout] 
[INFO] [stdout] 
[INFO] [stdout] error[E0425]: cannot find function `cast` in module `num`
[INFO] [stdout]     --> /opt/rustwide/cargo-home/registry/src/index.crates.io-6f17d22bba15001f/rustc-serialize-0.2.8/src/json.rs:2049:44
[INFO] [stdout]      |
[INFO] [stdout] 2049 |                 Json::U64(f) => match num::cast(f) {
[INFO] [stdout]      |                                            ^^^^ not found in `num`
[INFO] [stdout] ...
[INFO] [stdout] 2080 |     read_primitive! { read_i16, i16 }
[INFO] [stdout]      |     --------------------------------- in this macro invocation
[INFO] [stdout]      |
[INFO] [stdout]      = note: this error originates in the macro `read_primitive` (in Nightly builds, run with -Z macro-backtrace for more info)
[INFO] [stdout] 
[INFO] [stdout] 
[INFO] [stdout] error[E0425]: cannot find function `cast` in module `num`
[INFO] [stdout]     --> /opt/rustwide/cargo-home/registry/src/index.crates.io-6f17d22bba15001f/rustc-serialize-0.2.8/src/json.rs:2045:44
[INFO] [stdout]      |
[INFO] [stdout] 2045 |                 Json::I64(f) => match num::cast(f) {
[INFO] [stdout]      |                                            ^^^^ not found in `num`
[INFO] [stdout] ...
[INFO] [stdout] 2081 |     read_primitive! { read_i32, i32 }
[INFO] [stdout]      |     --------------------------------- in this macro invocation
[INFO] [stdout]      |
[INFO] [stdout]      = note: this error originates in the macro `read_primitive` (in Nightly builds, run with -Z macro-backtrace for more info)
[INFO] [stdout] 
[INFO] [stdout] 
[INFO] [stdout] error[E0425]: cannot find function `cast` in module `num`
[INFO] [stdout]     --> /opt/rustwide/cargo-home/registry/src/index.crates.io-6f17d22bba15001f/rustc-serialize-0.2.8/src/json.rs:2049:44
[INFO] [stdout]      |
[INFO] [stdout] 2049 |                 Json::U64(f) => match num::cast(f) {
[INFO] [stdout]      |                                            ^^^^ not found in `num`
[INFO] [stdout] ...
[INFO] [stdout] 2081 |     read_primitive! { read_i32, i32 }
[INFO] [stdout]      |     --------------------------------- in this macro invocation
[INFO] [stdout]      |
[INFO] [stdout]      = note: this error originates in the macro `read_primitive` (in Nightly builds, run with -Z macro-backtrace for more info)
[INFO] [stdout] 
[INFO] [stdout] 
[INFO] [stdout] error[E0425]: cannot find function `cast` in module `num`
[INFO] [stdout]     --> /opt/rustwide/cargo-home/registry/src/index.crates.io-6f17d22bba15001f/rustc-serialize-0.2.8/src/json.rs:2045:44
[INFO] [stdout]      |
[INFO] [stdout] 2045 |                 Json::I64(f) => match num::cast(f) {
[INFO] [stdout]      |                                            ^^^^ not found in `num`
[INFO] [stdout] ...
[INFO] [stdout] 2082 |     read_primitive! { read_i64, i64 }
[INFO] [stdout]      |     --------------------------------- in this macro invocation
[INFO] [stdout]      |
[INFO] [stdout]      = note: this error originates in the macro `read_primitive` (in Nightly builds, run with -Z macro-backtrace for more info)
[INFO] [stdout] 
[INFO] [stdout] 
[INFO] [stdout] error[E0425]: cannot find function `cast` in module `num`
[INFO] [stdout]     --> /opt/rustwide/cargo-home/registry/src/index.crates.io-6f17d22bba15001f/rustc-serialize-0.2.8/src/json.rs:2049:44
[INFO] [stdout]      |
[INFO] [stdout] 2049 |                 Json::U64(f) => match num::cast(f) {
[INFO] [stdout]      |                                            ^^^^ not found in `num`
[INFO] [stdout] ...
[INFO] [stdout] 2082 |     read_primitive! { read_i64, i64 }
[INFO] [stdout]      |     --------------------------------- in this macro invocation
[INFO] [stdout]      |
[INFO] [stdout]      = note: this error originates in the macro `read_primitive` (in Nightly builds, run with -Z macro-backtrace for more info)
[INFO] [stdout] 
[INFO] [stdout] 
[INFO] [stdout] error[E0405]: cannot find trait `Writer` in module `fmt`
[INFO] [stdout]     --> /opt/rustwide/cargo-home/registry/src/index.crates.io-6f17d22bba15001f/rustc-serialize-0.2.8/src/json.rs:2458:19
[INFO] [stdout]      |
[INFO] [stdout] 2458 | impl<'a, 'b> fmt::Writer for FormatShim<'a, 'b> {
[INFO] [stdout]      |                   ^^^^^^ help: a trait with a similar name exists: `Write`
[INFO] [stdout]     --> /rustc/1b7dd2252b99671ce5d1cb9664c5f8636329436d/library/core/src/fmt/mod.rs:110:1
[INFO] [stdout]      |
[INFO] [stdout]      = note: similarly named trait `Write` defined here
[INFO] [stdout] 
[INFO] [stdout] 
[INFO] [stdout] error[E0405]: cannot find trait `String` in module `fmt`
[INFO] [stdout]     --> /opt/rustwide/cargo-home/registry/src/index.crates.io-6f17d22bba15001f/rustc-serialize-0.2.8/src/json.rs:2464:11
[INFO] [stdout]      |
[INFO] [stdout] 2464 | impl fmt::String for Json {
[INFO] [stdout]      |           ^^^^^^ not found in `fmt`
[INFO] [stdout] 
[INFO] [stdout] 
[INFO] [stdout] error[E0405]: cannot find trait `String` in module `fmt`
[INFO] [stdout]     --> /opt/rustwide/cargo-home/registry/src/index.crates.io-6f17d22bba15001f/rustc-serialize-0.2.8/src/json.rs:2473:15
[INFO] [stdout]      |
[INFO] [stdout] 2473 | impl<'a> fmt::String for PrettyJson<'a> {
[INFO] [stdout]      |               ^^^^^^ not found in `fmt`
[INFO] [stdout] 
[INFO] [stdout] 
[INFO] [stdout] error[E0405]: cannot find trait `String` in module `fmt`
[INFO] [stdout]     --> /opt/rustwide/cargo-home/registry/src/index.crates.io-6f17d22bba15001f/rustc-serialize-0.2.8/src/json.rs:2482:29
[INFO] [stdout]      |
[INFO] [stdout] 2482 | impl<'a, T: Encodable> fmt::String for AsJson<'a, T> {
[INFO] [stdout]      |                             ^^^^^^ not found in `fmt`
[INFO] [stdout] 
[INFO] [stdout] 
[INFO] [stdout] error[E0405]: cannot find trait `String` in module `fmt`
[INFO] [stdout]     --> /opt/rustwide/cargo-home/registry/src/index.crates.io-6f17d22bba15001f/rustc-serialize-0.2.8/src/json.rs:2499:29
[INFO] [stdout]      |
[INFO] [stdout] 2499 | impl<'a, T: Encodable> fmt::String for AsPrettyJson<'a, T> {
[INFO] [stdout]      |                             ^^^^^^ not found in `fmt`
[INFO] [stdout] 
[INFO] [stdout] 
[INFO] [stdout] error[E0107]: trait takes 0 generic arguments but 1 generic argument was supplied
[INFO] [stdout]    --> /opt/rustwide/cargo-home/registry/src/index.crates.io-6f17d22bba15001f/rustc-serialize-0.2.8/src/collection_impls.rs:132:26
[INFO] [stdout]     |
[INFO] [stdout] 132 |     where K: Encodable + Hash< <S as HashState>::Hasher> + Eq,
[INFO] [stdout]     |                          ^^^^--------------------------- help: remove these generics
[INFO] [stdout]     |                          |
[INFO] [stdout]     |                          expected 0 generic arguments
[INFO] [stdout] 
[INFO] [stdout] 
[INFO] [stdout] error: aborting due to 86 previous errors
[INFO] [stdout] 
[INFO] [stdout] 
[INFO] [stdout] Some errors have detailed explanations: E0107, E0405, E0407, E0412, E0425, E0432, E0433, E0463, E0642.
[INFO] [stdout] 
[INFO] [stdout] For more information about an error, try `rustc --explain E0107`.
[INFO] [stdout] 
[INFO] [stderr] error: could not compile `rustc-serialize` (lib) due to 87 previous errors
[INFO] running `Command { std: "docker" "inspect" "602b299a037b862fa944526ed8662928057a317234f0613c8edabeca996dc310", kill_on_drop: false }`
[INFO] running `Command { std: "docker" "rm" "-f" "602b299a037b862fa944526ed8662928057a317234f0613c8edabeca996dc310", kill_on_drop: false }`
[INFO] [stdout] 602b299a037b862fa944526ed8662928057a317234f0613c8edabeca996dc310
