[INFO] cloning repository https://github.com/kettle11/minimal_uefi
[INFO] running `Command { std: "git" "-c" "credential.helper=" "-c" "credential.helper=/workspace/cargo-home/bin/git-credential-null" "clone" "--bare" "https://github.com/kettle11/minimal_uefi" "/workspace/cache/git-repos/https%3A%2F%2Fgithub.com%2Fkettle11%2Fminimal_uefi", kill_on_drop: false }`
[INFO] [stderr] Cloning into bare repository '/workspace/cache/git-repos/https%3A%2F%2Fgithub.com%2Fkettle11%2Fminimal_uefi'...
[INFO] running `Command { std: "git" "rev-parse" "HEAD", kill_on_drop: false }`
[INFO] [stdout] 514e29bc071f19774a9073ab699cea7ca4a6e8ad
[INFO] documenting kettle11/minimal_uefi against beta-2023-04-20 for beta-1.70-rustdoc-1
[INFO] running `Command { std: "git" "clone" "/workspace/cache/git-repos/https%3A%2F%2Fgithub.com%2Fkettle11%2Fminimal_uefi" "/workspace/builds/worker-1-tc2/source", kill_on_drop: false }`
[INFO] [stderr] Cloning into '/workspace/builds/worker-1-tc2/source'...
[INFO] [stderr] done.
[INFO] validating manifest of git repo https://github.com/kettle11/minimal_uefi on toolchain beta-2023-04-20
[INFO] running `Command { std: CARGO_HOME="/workspace/cargo-home" RUSTUP_HOME="/workspace/rustup-home" "/workspace/cargo-home/bin/cargo" "+beta-2023-04-20" "metadata" "--manifest-path" "Cargo.toml" "--no-deps", kill_on_drop: false }`
[INFO] removed /workspace/builds/worker-1-tc2/source/.cargo/config
[INFO] removed /workspace/builds/worker-1-tc2/source/rust-toolchain
[INFO] started tweaking git repo https://github.com/kettle11/minimal_uefi
[INFO] finished tweaking git repo https://github.com/kettle11/minimal_uefi
[INFO] tweaked toml for git repo https://github.com/kettle11/minimal_uefi written to /workspace/builds/worker-1-tc2/source/Cargo.toml
[INFO] crate git repo https://github.com/kettle11/minimal_uefi already has a lockfile, it will not be regenerated
[INFO] running `Command { std: CARGO_HOME="/workspace/cargo-home" RUSTUP_HOME="/workspace/rustup-home" "/workspace/cargo-home/bin/cargo" "+beta-2023-04-20" "fetch" "--manifest-path" "Cargo.toml", kill_on_drop: false }`
[INFO] [stderr]  Downloading crates ...
[INFO] [stderr]   Downloaded bit_field v0.10.0
[INFO] [stderr]   Downloaded ucs2 v0.3.1
[INFO] [stderr]   Downloaded uefi-macros v0.3.1
[INFO] [stderr]   Downloaded uefi v0.4.5
[INFO] running `Command { std: "docker" "create" "-v" "/var/lib/crater-agent-workspace/builds/worker-1-tc2/target:/opt/rustwide/target:rw,Z" "-v" "/var/lib/crater-agent-workspace/builds/worker-1-tc2/source:/opt/rustwide/workdir:ro,Z" "-v" "/var/lib/crater-agent-workspace/cargo-home:/opt/rustwide/cargo-home:ro,Z" "-v" "/var/lib/crater-agent-workspace/rustup-home:/opt/rustwide/rustup-home:ro,Z" "-e" "SOURCE_DIR=/opt/rustwide/workdir" "-e" "CARGO_TARGET_DIR=/opt/rustwide/target" "-e" "CARGO_HOME=/opt/rustwide/cargo-home" "-e" "RUSTUP_HOME=/opt/rustwide/rustup-home" "-w" "/opt/rustwide/workdir" "-m" "1610612736" "--user" "0:0" "--network" "none" "ghcr.io/rust-lang/crates-build-env/linux@sha256:5ff2268d62e97bff2cde7d5815dd6ed5b47097566f13b8d0ca110b04b60e07ed" "/opt/rustwide/cargo-home/bin/cargo" "+beta-2023-04-20" "metadata" "--no-deps" "--format-version=1", kill_on_drop: false }`
[INFO] [stdout] 4afefba86a109798b75432c372f0db958a3e31a63976ea7bf71622aba6a8d6ec
[INFO] running `Command { std: "docker" "start" "-a" "4afefba86a109798b75432c372f0db958a3e31a63976ea7bf71622aba6a8d6ec", kill_on_drop: false }`
[INFO] running `Command { std: "docker" "inspect" "4afefba86a109798b75432c372f0db958a3e31a63976ea7bf71622aba6a8d6ec", kill_on_drop: false }`
[INFO] running `Command { std: "docker" "rm" "-f" "4afefba86a109798b75432c372f0db958a3e31a63976ea7bf71622aba6a8d6ec", kill_on_drop: false }`
[INFO] [stdout] 4afefba86a109798b75432c372f0db958a3e31a63976ea7bf71622aba6a8d6ec
[INFO] running `Command { std: "docker" "create" "-v" "/var/lib/crater-agent-workspace/builds/worker-1-tc2/target:/opt/rustwide/target:rw,Z" "-v" "/var/lib/crater-agent-workspace/builds/worker-1-tc2/source:/opt/rustwide/workdir:ro,Z" "-v" "/var/lib/crater-agent-workspace/cargo-home:/opt/rustwide/cargo-home:ro,Z" "-v" "/var/lib/crater-agent-workspace/rustup-home:/opt/rustwide/rustup-home:ro,Z" "-e" "SOURCE_DIR=/opt/rustwide/workdir" "-e" "CARGO_TARGET_DIR=/opt/rustwide/target" "-e" "CARGO_INCREMENTAL=0" "-e" "RUST_BACKTRACE=full" "-e" "RUSTFLAGS=--cap-lints=warn" "-e" "RUSTDOCFLAGS=--cap-lints=warn" "-e" "CARGO_HOME=/opt/rustwide/cargo-home" "-e" "RUSTUP_HOME=/opt/rustwide/rustup-home" "-w" "/opt/rustwide/workdir" "-m" "1610612736" "--user" "0:0" "--network" "none" "ghcr.io/rust-lang/crates-build-env/linux@sha256:5ff2268d62e97bff2cde7d5815dd6ed5b47097566f13b8d0ca110b04b60e07ed" "/opt/rustwide/cargo-home/bin/cargo" "+beta-2023-04-20" "doc" "--frozen" "--no-deps" "--document-private-items" "--message-format=json", kill_on_drop: false }`
[INFO] [stdout] 65054bbe982d3ae690f933e78d1865739d60459a0af2b30be1df5da04b77add4
[INFO] running `Command { std: "docker" "start" "-a" "65054bbe982d3ae690f933e78d1865739d60459a0af2b30be1df5da04b77add4", kill_on_drop: false }`
[INFO] [stderr]    Compiling proc-macro2 v1.0.13
[INFO] [stderr]    Compiling unicode-xid v0.2.0
[INFO] [stderr]    Compiling syn v1.0.22
[INFO] [stderr]    Compiling log v0.4.8
[INFO] [stderr]    Compiling bitflags v1.2.1
[INFO] [stderr]     Checking bit_field v0.10.0
[INFO] [stderr]     Checking cfg-if v0.1.10
[INFO] [stderr]     Checking ucs2 v0.3.1
[INFO] [stderr]    Compiling quote v1.0.6
[INFO] [stderr]    Compiling uefi-macros v0.3.1
[INFO] [stderr]     Checking uefi v0.4.5
[INFO] [stdout] error[E0557]: feature has been removed
[INFO] [stdout]   --> /opt/rustwide/cargo-home/registry/src/index.crates.io-6f17d22bba15001f/uefi-0.4.5/src/lib.rs:27:12
[INFO] [stdout]    |
[INFO] [stdout] 27 | #![feature(optin_builtin_traits)]
[INFO] [stdout]    |            ^^^^^^^^^^^^^^^^^^^^ feature has been removed
[INFO] [stdout]    |
[INFO] [stdout]    = note: renamed to `auto_traits`
[INFO] [stdout] 
[INFO] [stdout] 
[INFO] [stdout] error[E0437]: type `Ok` is not a member of trait `ops::Try`
[INFO] [stdout]    --> /opt/rustwide/cargo-home/registry/src/index.crates.io-6f17d22bba15001f/uefi-0.4.5/src/result/status.rs:174:5
[INFO] [stdout]     |
[INFO] [stdout] 174 |     type Ok = Completion<()>;
[INFO] [stdout]     |     ^^^^^^^^^^^^^^^^^^^^^^^^^ not a member of trait `ops::Try`
[INFO] [stdout] 
[INFO] [stdout] 
[INFO] [stdout] error[E0437]: type `Error` is not a member of trait `ops::Try`
[INFO] [stdout]    --> /opt/rustwide/cargo-home/registry/src/index.crates.io-6f17d22bba15001f/uefi-0.4.5/src/result/status.rs:175:5
[INFO] [stdout]     |
[INFO] [stdout] 175 |     type Error = Error<()>;
[INFO] [stdout]     |     ^^^^^^^^^^^^^^^^^^^^^^^ not a member of trait `ops::Try`
[INFO] [stdout] 
[INFO] [stdout] 
[INFO] [stdout] error[E0407]: method `into_result` is not a member of trait `ops::Try`
[INFO] [stdout]    --> /opt/rustwide/cargo-home/registry/src/index.crates.io-6f17d22bba15001f/uefi-0.4.5/src/result/status.rs:177:5
[INFO] [stdout]     |
[INFO] [stdout] 177 | /     fn into_result(self) -> Result<(), ()> {
[INFO] [stdout] 178 | |         self.into()
[INFO] [stdout] 179 | |     }
[INFO] [stdout]     | |_____^ not a member of trait `ops::Try`
[INFO] [stdout] 
[INFO] [stdout] 
[INFO] [stdout] error[E0407]: method `from_error` is not a member of trait `ops::Try`
[INFO] [stdout]    --> /opt/rustwide/cargo-home/registry/src/index.crates.io-6f17d22bba15001f/uefi-0.4.5/src/result/status.rs:181:5
[INFO] [stdout]     |
[INFO] [stdout] 181 | /     fn from_error(error: Self::Error) -> Self {
[INFO] [stdout] 182 | |         error.status()
[INFO] [stdout] 183 | |     }
[INFO] [stdout]     | |_____^ not a member of trait `ops::Try`
[INFO] [stdout] 
[INFO] [stdout] 
[INFO] [stdout] error[E0407]: method `from_ok` is not a member of trait `ops::Try`
[INFO] [stdout]    --> /opt/rustwide/cargo-home/registry/src/index.crates.io-6f17d22bba15001f/uefi-0.4.5/src/result/status.rs:185:5
[INFO] [stdout]     |
[INFO] [stdout] 185 | /     fn from_ok(ok: Self::Ok) -> Self {
[INFO] [stdout] 186 | |         ok.status()
[INFO] [stdout] 187 | |     }
[INFO] [stdout]     | |_____^ not a member of trait `ops::Try`
[INFO] [stdout] 
[INFO] [stdout] 
[INFO] [stdout] error[E0554]: `#![feature]` may not be used on the beta release channel
[INFO] [stdout]   --> /opt/rustwide/cargo-home/registry/src/index.crates.io-6f17d22bba15001f/uefi-0.4.5/src/lib.rs:27:1
[INFO] [stdout]    |
[INFO] [stdout] 27 | #![feature(optin_builtin_traits)]
[INFO] [stdout]    | ^^^^^^^^^^^^^^^^^^^^^^^^^^^^^^^^^
[INFO] [stdout] 
[INFO] [stdout] 
[INFO] [stdout] error[E0554]: `#![feature]` may not be used on the beta release channel
[INFO] [stdout]   --> /opt/rustwide/cargo-home/registry/src/index.crates.io-6f17d22bba15001f/uefi-0.4.5/src/lib.rs:28:1
[INFO] [stdout]    |
[INFO] [stdout] 28 | #![feature(try_trait)]
[INFO] [stdout]    | ^^^^^^^^^^^^^^^^^^^^^^
[INFO] [stdout] 
[INFO] [stdout] 
[INFO] [stdout] error[E0554]: `#![feature]` may not be used on the beta release channel
[INFO] [stdout]   --> /opt/rustwide/cargo-home/registry/src/index.crates.io-6f17d22bba15001f/uefi-0.4.5/src/lib.rs:29:1
[INFO] [stdout]    |
[INFO] [stdout] 29 | #![feature(abi_efiapi)]
[INFO] [stdout]    | ^^^^^^^^^^^^^^^^^^^^^^^ help: remove the attribute
[INFO] [stdout]    |
[INFO] [stdout]    = help: the feature `abi_efiapi` has been stable since `1.68.0` and no longer requires an attribute to enable
[INFO] [stdout] 
[INFO] [stdout] 
[INFO] [stdout] error[E0554]: `#![feature]` may not be used on the beta release channel
[INFO] [stdout]   --> /opt/rustwide/cargo-home/registry/src/index.crates.io-6f17d22bba15001f/uefi-0.4.5/src/lib.rs:30:1
[INFO] [stdout]    |
[INFO] [stdout] 30 | #![feature(negative_impls)]
[INFO] [stdout]    | ^^^^^^^^^^^^^^^^^^^^^^^^^^^
[INFO] [stdout] 
[INFO] [stdout] 
[INFO] [stdout] error[E0658]: use of unstable library feature 'try_trait_v2'
[INFO] [stdout]    --> /opt/rustwide/cargo-home/registry/src/index.crates.io-6f17d22bba15001f/uefi-0.4.5/src/result/status.rs:173:6
[INFO] [stdout]     |
[INFO] [stdout] 173 | impl ops::Try for Status {
[INFO] [stdout]     |      ^^^^^^^^
[INFO] [stdout]     |
[INFO] [stdout]     = note: see issue #84277 <https://github.com/rust-lang/rust/issues/84277> for more information
[INFO] [stdout] 
[INFO] [stdout] 
[INFO] [stdout] error[E0554]: `#![feature]` may not be used on the beta release channel
[INFO] [stdout]   --> /opt/rustwide/cargo-home/registry/src/index.crates.io-6f17d22bba15001f/uefi-0.4.5/src/lib.rs:28:12
[INFO] [stdout]    |
[INFO] [stdout] 28 | #![feature(try_trait)]
[INFO] [stdout]    |            ^^^^^^^^^
[INFO] [stdout] 
[INFO] [stdout] 
[INFO] [stdout] error[E0635]: unknown feature `try_trait`
[INFO] [stdout]   --> /opt/rustwide/cargo-home/registry/src/index.crates.io-6f17d22bba15001f/uefi-0.4.5/src/lib.rs:28:12
[INFO] [stdout]    |
[INFO] [stdout] 28 | #![feature(try_trait)]
[INFO] [stdout]    |            ^^^^^^^^^
[INFO] [stdout] 
[INFO] [stdout] 
[INFO] [stdout] error[E0220]: associated type `Error` not found for `Self`
[INFO] [stdout]    --> /opt/rustwide/cargo-home/registry/src/index.crates.io-6f17d22bba15001f/uefi-0.4.5/src/result/status.rs:181:32
[INFO] [stdout]     |
[INFO] [stdout] 181 |     fn from_error(error: Self::Error) -> Self {
[INFO] [stdout]     |                                ^^^^^ associated type `Error` not found
[INFO] [stdout] 
[INFO] [stdout] 
[INFO] [stdout] error[E0220]: associated type `Ok` not found for `Self`
[INFO] [stdout]    --> /opt/rustwide/cargo-home/registry/src/index.crates.io-6f17d22bba15001f/uefi-0.4.5/src/result/status.rs:185:26
[INFO] [stdout]     |
[INFO] [stdout] 185 |     fn from_ok(ok: Self::Ok) -> Self {
[INFO] [stdout]     |                          ^^ associated type `Ok` not found
[INFO] [stdout] 
[INFO] [stdout] 
[INFO] [stdout] error: aborting due to 15 previous errors
[INFO] [stdout] 
[INFO] [stdout] 
[INFO] [stdout] Some errors have detailed explanations: E0220, E0407, E0437, E0554, E0557, E0635, E0658.
[INFO] [stdout] 
[INFO] [stdout] For more information about an error, try `rustc --explain E0220`.
[INFO] [stdout] 
[INFO] [stderr] error: could not compile `uefi` (lib) due to 16 previous errors
[INFO] running `Command { std: "docker" "inspect" "65054bbe982d3ae690f933e78d1865739d60459a0af2b30be1df5da04b77add4", kill_on_drop: false }`
[INFO] running `Command { std: "docker" "rm" "-f" "65054bbe982d3ae690f933e78d1865739d60459a0af2b30be1df5da04b77add4", kill_on_drop: false }`
[INFO] [stdout] 65054bbe982d3ae690f933e78d1865739d60459a0af2b30be1df5da04b77add4
