[INFO] cloning repository https://github.com/kernelmachine/numbers
[INFO] running `Command { std: "git" "-c" "credential.helper=" "-c" "credential.helper=/workspace/cargo-home/bin/git-credential-null" "clone" "--bare" "https://github.com/kernelmachine/numbers" "/workspace/cache/git-repos/https%3A%2F%2Fgithub.com%2Fkernelmachine%2Fnumbers", kill_on_drop: false }`
[INFO] [stderr] Cloning into bare repository '/workspace/cache/git-repos/https%3A%2F%2Fgithub.com%2Fkernelmachine%2Fnumbers'...
[INFO] running `Command { std: "git" "rev-parse" "HEAD", kill_on_drop: false }`
[INFO] [stdout] 8d7d054d353ac63b2bd003252ef10b4b68a95651
[INFO] documenting kernelmachine/numbers against 1.69.0 for beta-1.70-rustdoc-1
[INFO] running `Command { std: "git" "clone" "/workspace/cache/git-repos/https%3A%2F%2Fgithub.com%2Fkernelmachine%2Fnumbers" "/workspace/builds/worker-2-tc1/source", kill_on_drop: false }`
[INFO] [stderr] Cloning into '/workspace/builds/worker-2-tc1/source'...
[INFO] [stderr] done.
[INFO] validating manifest of git repo https://github.com/kernelmachine/numbers on toolchain 1.69.0
[INFO] running `Command { std: CARGO_HOME="/workspace/cargo-home" RUSTUP_HOME="/workspace/rustup-home" "/workspace/cargo-home/bin/cargo" "+1.69.0" "metadata" "--manifest-path" "Cargo.toml" "--no-deps", kill_on_drop: false }`
[INFO] started tweaking git repo https://github.com/kernelmachine/numbers
[INFO] finished tweaking git repo https://github.com/kernelmachine/numbers
[INFO] tweaked toml for git repo https://github.com/kernelmachine/numbers written to /workspace/builds/worker-2-tc1/source/Cargo.toml
[INFO] crate git repo https://github.com/kernelmachine/numbers already has a lockfile, it will not be regenerated
[INFO] running `Command { std: CARGO_HOME="/workspace/cargo-home" RUSTUP_HOME="/workspace/rustup-home" "/workspace/cargo-home/bin/cargo" "+1.69.0" "fetch" "--manifest-path" "Cargo.toml", kill_on_drop: false }`
[INFO] [stderr]  Downloading crates ...
[INFO] [stderr]   Downloaded libc v0.2.1
[INFO] [stderr]   Downloaded zipWith v0.2.0
[INFO] [stderr]   Downloaded unicode-normalization v0.1.1
[INFO] [stderr]   Downloaded num v0.1.27
[INFO] [stderr]   Downloaded blas v0.9.1
[INFO] [stderr]   Downloaded clippy v0.0.23
[INFO] [stderr]   Downloaded lapack-sys v0.4.0
[INFO] [stderr]   Downloaded blas-sys v0.2.1
[INFO] [stderr]   Downloaded lapack v0.8.1
[INFO] [stderr]   Downloaded openblas-provider v0.1.6
[INFO] running `Command { std: "docker" "create" "-v" "/var/lib/crater-agent-workspace/builds/worker-2-tc1/target:/opt/rustwide/target:rw,Z" "-v" "/var/lib/crater-agent-workspace/builds/worker-2-tc1/source:/opt/rustwide/workdir:ro,Z" "-v" "/var/lib/crater-agent-workspace/cargo-home:/opt/rustwide/cargo-home:ro,Z" "-v" "/var/lib/crater-agent-workspace/rustup-home:/opt/rustwide/rustup-home:ro,Z" "-e" "SOURCE_DIR=/opt/rustwide/workdir" "-e" "CARGO_TARGET_DIR=/opt/rustwide/target" "-e" "CARGO_HOME=/opt/rustwide/cargo-home" "-e" "RUSTUP_HOME=/opt/rustwide/rustup-home" "-w" "/opt/rustwide/workdir" "-m" "1610612736" "--user" "0:0" "--network" "none" "ghcr.io/rust-lang/crates-build-env/linux@sha256:5ff2268d62e97bff2cde7d5815dd6ed5b47097566f13b8d0ca110b04b60e07ed" "/opt/rustwide/cargo-home/bin/cargo" "+1.69.0" "metadata" "--no-deps" "--format-version=1", kill_on_drop: false }`
[INFO] [stdout] 4e9dd6e173ea3c0c591b7221bbfe24f9de5366a7b846edcb70b7842078397a63
[INFO] running `Command { std: "docker" "start" "-a" "4e9dd6e173ea3c0c591b7221bbfe24f9de5366a7b846edcb70b7842078397a63", kill_on_drop: false }`
[INFO] running `Command { std: "docker" "inspect" "4e9dd6e173ea3c0c591b7221bbfe24f9de5366a7b846edcb70b7842078397a63", kill_on_drop: false }`
[INFO] running `Command { std: "docker" "rm" "-f" "4e9dd6e173ea3c0c591b7221bbfe24f9de5366a7b846edcb70b7842078397a63", kill_on_drop: false }`
[INFO] [stdout] 4e9dd6e173ea3c0c591b7221bbfe24f9de5366a7b846edcb70b7842078397a63
[INFO] running `Command { std: "docker" "create" "-v" "/var/lib/crater-agent-workspace/builds/worker-2-tc1/target:/opt/rustwide/target:rw,Z" "-v" "/var/lib/crater-agent-workspace/builds/worker-2-tc1/source:/opt/rustwide/workdir:ro,Z" "-v" "/var/lib/crater-agent-workspace/cargo-home:/opt/rustwide/cargo-home:ro,Z" "-v" "/var/lib/crater-agent-workspace/rustup-home:/opt/rustwide/rustup-home:ro,Z" "-e" "SOURCE_DIR=/opt/rustwide/workdir" "-e" "CARGO_TARGET_DIR=/opt/rustwide/target" "-e" "CARGO_INCREMENTAL=0" "-e" "RUST_BACKTRACE=full" "-e" "RUSTFLAGS=--cap-lints=warn" "-e" "RUSTDOCFLAGS=--cap-lints=warn" "-e" "CARGO_HOME=/opt/rustwide/cargo-home" "-e" "RUSTUP_HOME=/opt/rustwide/rustup-home" "-w" "/opt/rustwide/workdir" "-m" "1610612736" "--user" "0:0" "--network" "none" "ghcr.io/rust-lang/crates-build-env/linux@sha256:5ff2268d62e97bff2cde7d5815dd6ed5b47097566f13b8d0ca110b04b60e07ed" "/opt/rustwide/cargo-home/bin/cargo" "+1.69.0" "doc" "--frozen" "--no-deps" "--document-private-items" "--message-format=json", kill_on_drop: false }`
[INFO] [stdout] d7104b2aca96248b60531be6b05f44aeb2a81be03990a2b6a4b69eca35854c1c
[INFO] running `Command { std: "docker" "start" "-a" "d7104b2aca96248b60531be6b05f44aeb2a81be03990a2b6a4b69eca35854c1c", kill_on_drop: false }`
[INFO] [stderr]     Blocking waiting for file lock on package cache
[INFO] [stderr]    Compiling winapi-build v0.1.1
[INFO] [stderr]    Compiling openblas-provider v0.1.6
[INFO] [stderr]     Checking winapi v0.2.4
[INFO] [stderr]     Checking libc v0.1.12
[INFO] [stderr]     Checking rustc-serialize v0.3.16
[INFO] [stderr]     Checking libc v0.2.1
[INFO] [stderr]    Compiling unicode-normalization v0.1.1
[INFO] [stderr]     Checking zipWith v0.2.0
[INFO] [stderr]    Compiling advapi32-sys v0.1.2
[INFO] [stdout] error[E0642]: patterns aren't allowed in functions without bodies
[INFO] [stdout]    --> /opt/rustwide/cargo-home/registry/src/github.com-1ecc6299db9ec823/rustc-serialize-0.3.16/src/serialize.rs:145:45
[INFO] [stdout]     |
[INFO] [stdout] 145 | ...                   &f_name: &str,
[INFO] [stdout]     |                       ^^^^^^^ pattern not allowed in function without body
[INFO] [stdout] 
[INFO] [stdout] 
[INFO] [stderr]     Checking rand v0.3.11
[INFO] [stderr] error: failed to run custom build command for `openblas-provider v0.1.6`
[INFO] [stderr] note: To improve backtraces for build dependencies, set the CARGO_PROFILE_DEV_BUILD_OVERRIDE_DEBUG=true environment variable to enable debug information generation.
[INFO] [stderr] 
[INFO] [stderr] Caused by:
[INFO] [stderr]   process didn't exit successfully: `/opt/rustwide/target/debug/build/openblas-provider-d2442c8bba8a151d/build-script-build` (exit status: 101)
[INFO] [stderr]   --- stdout
[INFO] [stderr]   Running: cd "/opt/rustwide/cargo-home/registry/src/github.com-1ecc6299db9ec823/openblas-provider-0.1.6/source" && "make" "libs" "netlib" "shared" "YES_CBLAS=1" "-j8"
[INFO] [stderr] 
[INFO] [stderr]   --- stderr
[INFO] [stderr]   /usr/bin/ld: cannot open output file getarch: Read-only file system
[INFO] [stderr]   collect2: error: ld returned 1 exit status
[INFO] [stderr]   make: *** [Makefile.prebuild:42: getarch] Error 1
[INFO] [stderr]   Makefile.system:889: Makefile.: No such file or directory
[INFO] [stderr]   make: *** No rule to make target 'Makefile.'.  Stop.
[INFO] [stderr]   thread 'main' panicked at '`cd "/opt/rustwide/cargo-home/registry/src/github.com-1ecc6299db9ec823/openblas-provider-0.1.6/source" && "make" "libs" "netlib" "shared" "YES_CBLAS=1" "-j8"` failed: exit status: 2', /opt/rustwide/cargo-home/registry/src/github.com-1ecc6299db9ec823/openblas-provider-0.1.6/build.rs:57:13
[INFO] [stderr]   stack backtrace:
[INFO] [stderr]      0:     0x56151c0454da - std::backtrace_rs::backtrace::libunwind::trace::ha9053a9a07ca49cb
[INFO] [stderr]                                  at /rustc/84c898d65adf2f39a5a98507f1fe0ce10a2b8dbc/library/std/src/../../backtrace/src/backtrace/libunwind.rs:93:5
[INFO] [stderr]      1:     0x56151c0454da - std::backtrace_rs::backtrace::trace_unsynchronized::h9c2852a457ad564e
[INFO] [stderr]                                  at /rustc/84c898d65adf2f39a5a98507f1fe0ce10a2b8dbc/library/std/src/../../backtrace/src/backtrace/mod.rs:66:5
[INFO] [stderr]      2:     0x56151c0454da - std::sys_common::backtrace::_print_fmt::h457936fbfaa0070f
[INFO] [stderr]                                  at /rustc/84c898d65adf2f39a5a98507f1fe0ce10a2b8dbc/library/std/src/sys_common/backtrace.rs:65:5
[INFO] [stderr]      3:     0x56151c0454da - <std::sys_common::backtrace::_print::DisplayBacktrace as core::fmt::Display>::fmt::h5779d7bf7f70cb0c
[INFO] [stderr]                                  at /rustc/84c898d65adf2f39a5a98507f1fe0ce10a2b8dbc/library/std/src/sys_common/backtrace.rs:44:22
[INFO] [stderr]      4:     0x56151c06369e - core::fmt::write::h5a4baaff1bcd3eb5
[INFO] [stderr]                                  at /rustc/84c898d65adf2f39a5a98507f1fe0ce10a2b8dbc/library/core/src/fmt/mod.rs:1232:17
[INFO] [stderr]      5:     0x56151c043295 - std::io::Write::write_fmt::h4bc1f301cb9e9cce
[INFO] [stderr]                                  at /rustc/84c898d65adf2f39a5a98507f1fe0ce10a2b8dbc/library/std/src/io/mod.rs:1684:15
[INFO] [stderr]      6:     0x56151c0452a5 - std::sys_common::backtrace::_print::h5fcdc36060f177e8
[INFO] [stderr]                                  at /rustc/84c898d65adf2f39a5a98507f1fe0ce10a2b8dbc/library/std/src/sys_common/backtrace.rs:47:5
[INFO] [stderr]      7:     0x56151c0452a5 - std::sys_common::backtrace::print::h54ca9458b876c8bf
[INFO] [stderr]                                  at /rustc/84c898d65adf2f39a5a98507f1fe0ce10a2b8dbc/library/std/src/sys_common/backtrace.rs:34:9
[INFO] [stderr]      8:     0x56151c04697f - std::panicking::default_hook::{{closure}}::hbe471161c7664ed6
[INFO] [stderr]                                  at /rustc/84c898d65adf2f39a5a98507f1fe0ce10a2b8dbc/library/std/src/panicking.rs:271:22
[INFO] [stderr]      9:     0x56151c0466bb - std::panicking::default_hook::ha3500da57aa4ac4f
[INFO] [stderr]                                  at /rustc/84c898d65adf2f39a5a98507f1fe0ce10a2b8dbc/library/std/src/panicking.rs:290:9
[INFO] [stderr]     10:     0x56151c046f28 - std::panicking::rust_panic_with_hook::h50c09d000dc561d2
[INFO] [stderr]                                  at /rustc/84c898d65adf2f39a5a98507f1fe0ce10a2b8dbc/library/std/src/panicking.rs:692:13
[INFO] [stderr]     11:     0x56151c046e29 - std::panicking::begin_panic_handler::{{closure}}::h9e2b2176e00e0d9c
[INFO] [stderr]                                  at /rustc/84c898d65adf2f39a5a98507f1fe0ce10a2b8dbc/library/std/src/panicking.rs:583:13
[INFO] [stderr]     12:     0x56151c045946 - std::sys_common::backtrace::__rust_end_short_backtrace::h5739b8e512c09d02
[INFO] [stderr]                                  at /rustc/84c898d65adf2f39a5a98507f1fe0ce10a2b8dbc/library/std/src/sys_common/backtrace.rs:150:18
[INFO] [stderr]     13:     0x56151c046b32 - rust_begin_unwind
[INFO] [stderr]                                  at /rustc/84c898d65adf2f39a5a98507f1fe0ce10a2b8dbc/library/std/src/panicking.rs:579:5
[INFO] [stderr]     14:     0x56151c01b543 - core::panicking::panic_fmt::hf33a1475b4dc5c3e
[INFO] [stderr]                                  at /rustc/84c898d65adf2f39a5a98507f1fe0ce10a2b8dbc/library/core/src/panicking.rs:64:14
[INFO] [stderr]     15:     0x56151c02601e - build_script_build::run::h6ce2697de10025a1
[INFO] [stderr]     16:     0x56151c025750 - build_script_build::use_bundled::h3249abbd25cc5a1f
[INFO] [stderr]     17:     0x56151c024fab - build_script_build::main::h46d095ee3cc48b4c
[INFO] [stderr]     18:     0x56151c027883 - core::ops::function::FnOnce::call_once::h042b0dcc9fa680d0
[INFO] [stderr]     19:     0x56151c020cb9 - std::sys_common::backtrace::__rust_begin_short_backtrace::hc54f9af8c72d8c8b
[INFO] [stderr]     20:     0x56151c01f2a9 - std::rt::lang_start::{{closure}}::h2fb5d4669f79342e
[INFO] [stderr]     21:     0x56151c04024c - core::ops::function::impls::<impl core::ops::function::FnOnce<A> for &F>::call_once::hd6efcd3bec896f2c
[INFO] [stderr]                                  at /rustc/84c898d65adf2f39a5a98507f1fe0ce10a2b8dbc/library/core/src/ops/function.rs:287:13
[INFO] [stderr]     22:     0x56151c04024c - std::panicking::try::do_call::hce04e543bb1f4cbb
[INFO] [stderr]                                  at /rustc/84c898d65adf2f39a5a98507f1fe0ce10a2b8dbc/library/std/src/panicking.rs:487:40
[INFO] [stderr]     23:     0x56151c04024c - std::panicking::try::h3342dd4e1f680968
[INFO] [stderr]                                  at /rustc/84c898d65adf2f39a5a98507f1fe0ce10a2b8dbc/library/std/src/panicking.rs:451:19
[INFO] [stderr]     24:     0x56151c04024c - std::panic::catch_unwind::h148ce1e59ac0cee7
[INFO] [stderr]                                  at /rustc/84c898d65adf2f39a5a98507f1fe0ce10a2b8dbc/library/std/src/panic.rs:140:14
[INFO] [stderr]     25:     0x56151c04024c - std::rt::lang_start_internal::{{closure}}::h25f9dda2057a67fe
[INFO] [stderr]                                  at /rustc/84c898d65adf2f39a5a98507f1fe0ce10a2b8dbc/library/std/src/rt.rs:148:48
[INFO] [stderr]     26:     0x56151c04024c - std::panicking::try::do_call::h7caaaeaf9401650b
[INFO] [stderr]                                  at /rustc/84c898d65adf2f39a5a98507f1fe0ce10a2b8dbc/library/std/src/panicking.rs:487:40
[INFO] [stderr]     27:     0x56151c04024c - std::panicking::try::he7d15285746cbbc2
[INFO] [stderr]                                  at /rustc/84c898d65adf2f39a5a98507f1fe0ce10a2b8dbc/library/std/src/panicking.rs:451:19
[INFO] [stderr]     28:     0x56151c04024c - std::panic::catch_unwind::h89fb4f50c0301fe0
[INFO] [stderr]                                  at /rustc/84c898d65adf2f39a5a98507f1fe0ce10a2b8dbc/library/std/src/panic.rs:140:14
[INFO] [stderr]     29:     0x56151c04024c - std::rt::lang_start_internal::h078acd489417d3c1
[INFO] [stderr]                                  at /rustc/84c898d65adf2f39a5a98507f1fe0ce10a2b8dbc/library/std/src/rt.rs:148:20
[INFO] [stderr]     30:     0x56151c01f287 - std::rt::lang_start::h0ea4a5df0e249aa3
[INFO] [stderr]     31:     0x56151c0264e5 - main
[INFO] [stderr]     32:     0x7f6b34407d90 - <unknown>
[INFO] [stderr]     33:     0x7f6b34407e40 - __libc_start_main
[INFO] [stderr]     34:     0x56151c01bac5 - _start
[INFO] [stderr]     35:                0x0 - <unknown>
[INFO] [stderr] warning: build failed, waiting for other jobs to finish...
[INFO] [stdout] error: aborting due to previous error
[INFO] [stdout] 
[INFO] [stdout] 
[INFO] [stdout] For more information about this error, try `rustc --explain E0642`.
[INFO] [stdout] 
[INFO] [stderr] error: could not compile `rustc-serialize` due to 2 previous errors; 1 warning emitted
[INFO] running `Command { std: "docker" "inspect" "d7104b2aca96248b60531be6b05f44aeb2a81be03990a2b6a4b69eca35854c1c", kill_on_drop: false }`
[INFO] running `Command { std: "docker" "rm" "-f" "d7104b2aca96248b60531be6b05f44aeb2a81be03990a2b6a4b69eca35854c1c", kill_on_drop: false }`
[INFO] [stdout] d7104b2aca96248b60531be6b05f44aeb2a81be03990a2b6a4b69eca35854c1c
