[INFO] cloning repository https://github.com/kernelgonnapanic/pan-samochodzik
[INFO] running `Command { std: "git" "-c" "credential.helper=" "-c" "credential.helper=/workspace/cargo-home/bin/git-credential-null" "clone" "--bare" "https://github.com/kernelgonnapanic/pan-samochodzik" "/workspace/cache/git-repos/https%3A%2F%2Fgithub.com%2Fkernelgonnapanic%2Fpan-samochodzik", kill_on_drop: false }`
[INFO] [stderr] Cloning into bare repository '/workspace/cache/git-repos/https%3A%2F%2Fgithub.com%2Fkernelgonnapanic%2Fpan-samochodzik'...
[INFO] running `Command { std: "git" "rev-parse" "HEAD", kill_on_drop: false }`
[INFO] [stdout] 49f5ac598762d95d87e6b171e504ef99e6ed6f2d
[INFO] documenting kernelgonnapanic/pan-samochodzik against beta-2023-04-20 for beta-1.70-rustdoc-1
[INFO] running `Command { std: "git" "clone" "/workspace/cache/git-repos/https%3A%2F%2Fgithub.com%2Fkernelgonnapanic%2Fpan-samochodzik" "/workspace/builds/worker-4-tc2/source", kill_on_drop: false }`
[INFO] [stderr] Cloning into '/workspace/builds/worker-4-tc2/source'...
[INFO] [stderr] done.
[INFO] validating manifest of git repo https://github.com/kernelgonnapanic/pan-samochodzik on toolchain beta-2023-04-20
[INFO] running `Command { std: CARGO_HOME="/workspace/cargo-home" RUSTUP_HOME="/workspace/rustup-home" "/workspace/cargo-home/bin/cargo" "+beta-2023-04-20" "metadata" "--manifest-path" "Cargo.toml" "--no-deps", kill_on_drop: false }`
[INFO] started tweaking git repo https://github.com/kernelgonnapanic/pan-samochodzik
[INFO] finished tweaking git repo https://github.com/kernelgonnapanic/pan-samochodzik
[INFO] tweaked toml for git repo https://github.com/kernelgonnapanic/pan-samochodzik written to /workspace/builds/worker-4-tc2/source/Cargo.toml
[INFO] crate git repo https://github.com/kernelgonnapanic/pan-samochodzik already has a lockfile, it will not be regenerated
[INFO] running `Command { std: CARGO_HOME="/workspace/cargo-home" RUSTUP_HOME="/workspace/rustup-home" "/workspace/cargo-home/bin/cargo" "+beta-2023-04-20" "fetch" "--manifest-path" "Cargo.toml", kill_on_drop: false }`
[INFO] [stderr]     Updating crates.io index
[INFO] [stderr]  Downloading crates ...
[INFO] [stderr]   Downloaded pistoncore-window v0.27.0
[INFO] [stderr]   Downloaded ncollide v0.13.0
[INFO] [stderr]   Downloaded ncollide_math v0.8.0
[INFO] [stderr]   Downloaded piston v0.32.0
[INFO] [stderr]   Downloaded nalgebra v0.13.0
[INFO] [stderr]   Downloaded ncollide_pipeline v0.12.0
[INFO] [stderr]   Downloaded pistoncore-event_loop v0.32.0
[INFO] [stderr]   Downloaded generic-array v0.8.2
[INFO] [stderr]   Downloaded ncollide_geometry v0.5.0
[INFO] [stderr]   Downloaded ncollide_procedural v0.8.0
[INFO] [stderr]   Downloaded ncollide_utils v0.8.0
[INFO] [stderr]   Downloaded adler32 v1.0.1
[INFO] [stderr]   Downloaded deflate v0.7.15
[INFO] [stderr]   Downloaded wayland-window v0.6.1
[INFO] [stderr]   Downloaded winit v0.7.5
[INFO] [stderr]   Downloaded pistoncore-glutin_window v0.38.0
[INFO] [stderr]   Downloaded ncollide_transformation v0.8.0
[INFO] running `Command { std: "docker" "create" "-v" "/var/lib/crater-agent-workspace/builds/worker-4-tc2/target:/opt/rustwide/target:rw,Z" "-v" "/var/lib/crater-agent-workspace/builds/worker-4-tc2/source:/opt/rustwide/workdir:ro,Z" "-v" "/var/lib/crater-agent-workspace/cargo-home:/opt/rustwide/cargo-home:ro,Z" "-v" "/var/lib/crater-agent-workspace/rustup-home:/opt/rustwide/rustup-home:ro,Z" "-e" "SOURCE_DIR=/opt/rustwide/workdir" "-e" "CARGO_TARGET_DIR=/opt/rustwide/target" "-e" "CARGO_HOME=/opt/rustwide/cargo-home" "-e" "RUSTUP_HOME=/opt/rustwide/rustup-home" "-w" "/opt/rustwide/workdir" "-m" "1610612736" "--user" "0:0" "--network" "none" "ghcr.io/rust-lang/crates-build-env/linux@sha256:5ff2268d62e97bff2cde7d5815dd6ed5b47097566f13b8d0ca110b04b60e07ed" "/opt/rustwide/cargo-home/bin/cargo" "+beta-2023-04-20" "metadata" "--no-deps" "--format-version=1", kill_on_drop: false }`
[INFO] [stdout] 281c8442377f985ac71d19a42c0e98ee5b80214dfbb5045c18d1a700035b2ea8
[INFO] running `Command { std: "docker" "start" "-a" "281c8442377f985ac71d19a42c0e98ee5b80214dfbb5045c18d1a700035b2ea8", kill_on_drop: false }`
[INFO] running `Command { std: "docker" "inspect" "281c8442377f985ac71d19a42c0e98ee5b80214dfbb5045c18d1a700035b2ea8", kill_on_drop: false }`
[INFO] running `Command { std: "docker" "rm" "-f" "281c8442377f985ac71d19a42c0e98ee5b80214dfbb5045c18d1a700035b2ea8", kill_on_drop: false }`
[INFO] [stdout] 281c8442377f985ac71d19a42c0e98ee5b80214dfbb5045c18d1a700035b2ea8
[INFO] running `Command { std: "docker" "create" "-v" "/var/lib/crater-agent-workspace/builds/worker-4-tc2/target:/opt/rustwide/target:rw,Z" "-v" "/var/lib/crater-agent-workspace/builds/worker-4-tc2/source:/opt/rustwide/workdir:ro,Z" "-v" "/var/lib/crater-agent-workspace/cargo-home:/opt/rustwide/cargo-home:ro,Z" "-v" "/var/lib/crater-agent-workspace/rustup-home:/opt/rustwide/rustup-home:ro,Z" "-e" "SOURCE_DIR=/opt/rustwide/workdir" "-e" "CARGO_TARGET_DIR=/opt/rustwide/target" "-e" "CARGO_INCREMENTAL=0" "-e" "RUST_BACKTRACE=full" "-e" "RUSTFLAGS=--cap-lints=warn" "-e" "RUSTDOCFLAGS=--cap-lints=warn" "-e" "CARGO_HOME=/opt/rustwide/cargo-home" "-e" "RUSTUP_HOME=/opt/rustwide/rustup-home" "-w" "/opt/rustwide/workdir" "-m" "1610612736" "--user" "0:0" "--network" "none" "ghcr.io/rust-lang/crates-build-env/linux@sha256:5ff2268d62e97bff2cde7d5815dd6ed5b47097566f13b8d0ca110b04b60e07ed" "/opt/rustwide/cargo-home/bin/cargo" "+beta-2023-04-20" "doc" "--frozen" "--no-deps" "--document-private-items" "--message-format=json", kill_on_drop: false }`
[INFO] [stdout] 90cf394d63ca0e5499f3ff65be56fcada376c3b5dc7aaf6d1999dc3c09c43874
[INFO] running `Command { std: "docker" "start" "-a" "90cf394d63ca0e5499f3ff65be56fcada376c3b5dc7aaf6d1999dc3c09c43874", kill_on_drop: false }`
[INFO] [stderr]     Checking libc v0.2.29
[INFO] [stderr]    Compiling siphasher v0.2.2
[INFO] [stderr]     Checking num-traits v0.1.40
[INFO] [stderr]    Compiling dtoa v0.4.1
[INFO] [stderr]    Compiling serde v0.9.15
[INFO] [stderr]    Compiling itoa v0.3.1
[INFO] [stderr]     Checking odds v0.2.25
[INFO] [stderr]    Compiling typenum v1.9.0
[INFO] [stderr]    Compiling bitflags v0.7.0
[INFO] [stderr]    Compiling bitflags v0.9.1
[INFO] [stderr]    Compiling matrixmultiply v0.1.13
[INFO] [stderr]     Checking rawpointer v0.1.0
[INFO] [stderr]     Checking byteorder v1.1.0
[INFO] [stderr]    Compiling log v0.3.8
[INFO] [stderr]    Compiling xml-rs v0.3.6
[INFO] [stderr]     Checking approx v0.1.1
[INFO] [stderr]    Compiling xml-rs v0.6.1
[INFO] [stderr]    Compiling khronos_api v1.0.1
[INFO] [stderr]    Compiling phf_shared v0.7.21
[INFO] [stderr]     Checking piston-float v0.3.0
[INFO] [stderr]    Compiling rayon-core v1.2.1
[INFO] [stderr]     Checking scopeguard v0.3.2
[INFO] [stderr]     Checking either v1.1.0
[INFO] [stderr]     Checking nodrop v0.1.9
[INFO] [stderr]     Checking piston-viewport v0.3.0
[INFO] [stderr]    Compiling phf v0.7.21
[INFO] [stderr]    Compiling pkg-config v0.3.9
[INFO] [stderr]     Checking shader_version v0.2.2
[INFO] [stderr]    Compiling rand v0.3.16
[INFO] [stderr]     Checking fs2 v0.2.5
[INFO] [stderr]     Checking num_cpus v1.6.2
[INFO] [stderr]     Checking coco v0.1.1
[INFO] [stderr]     Checking num-complex v0.1.40
[INFO] [stderr]     Checking num-integer v0.1.35
[INFO] [stderr]     Checking bitflags v0.8.2
[INFO] [stderr]     Checking futures v0.1.14
[INFO] [stderr]     Checking memmap v0.4.0
[INFO] [stderr]     Checking shared_library v0.1.7
[INFO] [stderr]     Checking adler32 v1.0.1
[INFO] [stderr]     Checking byteorder v0.4.2
[INFO] [stderr]     Checking pistoncore-input v0.18.0
[INFO] [stderr]     Checking lzw v0.10.0
[INFO] [stderr]     Checking deflate v0.7.15
[INFO] [stderr]     Checking num-iter v0.1.34
[INFO] [stderr]     Checking inflate v0.2.0
[INFO] [stderr]     Checking color_quant v1.0.0
[INFO] [stderr]    Compiling gl_generator v0.5.5
[INFO] [stderr]    Compiling wayland-scanner v0.9.9
[INFO] [stderr]    Compiling x11-dl v2.15.0
[INFO] [stderr]     Checking stb_truetype v0.2.1
[INFO] [stderr]     Checking alga v0.5.2
[INFO] [stderr]     Checking gif v0.9.2
[INFO] [stderr]     Checking tempfile v2.1.6
[INFO] [stderr]    Compiling phf_generator v0.7.21
[INFO] [stderr]     Checking num-rational v0.1.39
[INFO] [stderr]    Compiling phf_codegen v0.7.21
[INFO] [stderr]     Checking osmesa-sys v0.1.2
[INFO] [stderr]     Checking enum_primitive v0.1.1
[INFO] [stderr]     Checking arrayvec v0.3.23
[INFO] [stderr]     Checking vecmath v0.3.0
[INFO] [stderr]    Compiling target_build_utils v0.3.1
[INFO] [stderr]     Checking piston-texture v0.5.0
[INFO] [stderr]     Checking interpolation v0.1.0
[INFO] [stderr]     Checking read_color v0.1.0
[INFO] [stderr]     Checking pistoncore-window v0.27.0
[INFO] [stderr]     Checking scoped_threadpool v0.1.7
[INFO] [stderr]    Compiling wayland-client v0.9.9
[INFO] [stderr]     Checking linked-hash-map v0.0.10
[INFO] [stderr]     Checking piston-shaders_graphics2d v0.3.1
[INFO] [stderr]     Checking fnv v1.0.5
[INFO] [stderr]     Checking generic-array v0.8.2
[INFO] [stderr]     Checking pistoncore-event_loop v0.32.0
[INFO] [stderr]     Checking piston2d-graphics v0.21.1
[INFO] [stderr]     Checking nalgebra v0.13.0
[INFO] [stderr]     Checking rusttype v0.2.1
[INFO] [stderr]    Compiling gl v0.6.3
[INFO] [stderr]    Compiling glutin v0.9.2
[INFO] [stderr]     Checking piston v0.32.0
[INFO] [stderr]     Checking png v0.9.0
[INFO] [stderr]     Checking rayon v0.8.2
[INFO] [stdout] error[E0311]: the parameter type `K` may not live long enough
[INFO] [stdout]   --> /opt/rustwide/cargo-home/registry/src/index.crates.io-6f17d22bba15001f/rusttype-0.2.1/src/support/bst/map.rs:81:19
[INFO] [stdout]    |
[INFO] [stdout] 81 |             match node.force() {
[INFO] [stdout]    |                   ^^^^
[INFO] [stdout]    |
[INFO] [stdout] note: the parameter type `K` must be valid for the anonymous lifetime defined here...
[INFO] [stdout]   --> /opt/rustwide/cargo-home/registry/src/index.crates.io-6f17d22bba15001f/rusttype-0.2.1/src/support/bst/map.rs:78:37
[INFO] [stdout]    |
[INFO] [stdout] 78 |                 node: node::NodeRef<marker::Immut, K, V, marker::LeafOrInternal>)
[INFO] [stdout]    |                                     ^^^^^^^^^^^^^
[INFO] [stdout] note: ...so that the type `K` will meet its required lifetime bounds
[INFO] [stdout]   --> /opt/rustwide/cargo-home/registry/src/index.crates.io-6f17d22bba15001f/rusttype-0.2.1/src/support/bst/map.rs:81:19
[INFO] [stdout]    |
[INFO] [stdout] 81 |             match node.force() {
[INFO] [stdout]    |                   ^^^^
[INFO] [stdout] help: consider adding an explicit lifetime bound...
[INFO] [stdout]    |
[INFO] [stdout] 77 ~         fn clone_subtree<'a, K: Clone + 'a, V: Clone>(
[INFO] [stdout] 78 ~                 node: node::NodeRef<marker::Immut<'a>, K, V, marker::LeafOrInternal>)
[INFO] [stdout]    |
[INFO] [stdout] 
[INFO] [stdout] 
[INFO] [stdout] error[E0311]: the parameter type `V` may not live long enough
[INFO] [stdout]   --> /opt/rustwide/cargo-home/registry/src/index.crates.io-6f17d22bba15001f/rusttype-0.2.1/src/support/bst/map.rs:81:19
[INFO] [stdout]    |
[INFO] [stdout] 81 |             match node.force() {
[INFO] [stdout]    |                   ^^^^
[INFO] [stdout]    |
[INFO] [stdout] note: the parameter type `V` must be valid for the anonymous lifetime defined here...
[INFO] [stdout]   --> /opt/rustwide/cargo-home/registry/src/index.crates.io-6f17d22bba15001f/rusttype-0.2.1/src/support/bst/map.rs:78:37
[INFO] [stdout]    |
[INFO] [stdout] 78 |                 node: node::NodeRef<marker::Immut, K, V, marker::LeafOrInternal>)
[INFO] [stdout]    |                                     ^^^^^^^^^^^^^
[INFO] [stdout] note: ...so that the type `V` will meet its required lifetime bounds
[INFO] [stdout]   --> /opt/rustwide/cargo-home/registry/src/index.crates.io-6f17d22bba15001f/rusttype-0.2.1/src/support/bst/map.rs:81:19
[INFO] [stdout]    |
[INFO] [stdout] 81 |             match node.force() {
[INFO] [stdout]    |                   ^^^^
[INFO] [stdout] help: consider adding an explicit lifetime bound...
[INFO] [stdout]    |
[INFO] [stdout] 77 ~         fn clone_subtree<'a, K: Clone, V: Clone + 'a>(
[INFO] [stdout] 78 ~                 node: node::NodeRef<marker::Immut<'a>, K, V, marker::LeafOrInternal>)
[INFO] [stdout]    |
[INFO] [stdout] 
[INFO] [stdout] 
[INFO] [stdout] error: aborting due to 2 previous errors
[INFO] [stdout] 
[INFO] [stdout] 
[INFO] [stdout] For more information about this error, try `rustc --explain E0311`.
[INFO] [stdout] 
[INFO] [stderr] error: could not compile `rusttype` (lib) due to 3 previous errors
[INFO] [stderr] warning: build failed, waiting for other jobs to finish...
[INFO] [stdout] error[E0119]: conflicting implementations of trait `Mul<&_>` for type `translation::Translation<_, _>`
[INFO] [stdout]    --> /opt/rustwide/cargo-home/registry/src/index.crates.io-6f17d22bba15001f/nalgebra-0.13.0/src/geometry/isometry_ops.rs:67:9
[INFO] [stdout]     |
[INFO] [stdout] 67  | /         impl<$($lives ,)* N: Real, D: DimName, R> $Op<$Rhs> for $Lhs
[INFO] [stdout] 68  | |             where R: AlgaRotation<Point<N, D>>,
[INFO] [stdout] 69  | |                   DefaultAllocator: Allocator<N, D> {
[INFO] [stdout] 70  | |             type Output = $Output;
[INFO] [stdout] ...   |
[INFO] [stdout] 75  | |             }
[INFO] [stdout] 76  | |         }
[INFO] [stdout]     | |         ^
[INFO] [stdout]     | |         |
[INFO] [stdout]     | |_________first implementation here
[INFO] [stdout]     |           conflicting implementation for `translation::Translation<_, _>`
[INFO] [stdout] ...
[INFO] [stdout] 281 | / isometry_binop_impl_all!(
[INFO] [stdout] 282 | |     Mul, mul;
[INFO] [stdout] 283 | |     self: Translation<N, D>, right: R, Output = Isometry<N, D, R>;
[INFO] [stdout] 284 | |     [val val] => Isometry::from_parts(self, right);
[INFO] [stdout] ...   |
[INFO] [stdout] 287 | |     [ref ref] => Isometry::from_parts(self.clone(), right.clone());
[INFO] [stdout] 288 | | );
[INFO] [stdout]     | |_- in this macro invocation
[INFO] [stdout]     |
[INFO] [stdout]     = note: downstream crates may implement trait `alga::linear::Rotation<geometry::point::Point<_, _>>` for type `&_`
[INFO] [stdout]     = note: this error originates in the macro `isometry_binop_impl` which comes from the expansion of the macro `isometry_binop_impl_all` (in Nightly builds, run with -Z macro-backtrace for more info)
[INFO] [stdout] 
[INFO] [stdout] 
[INFO] [stdout] error[E0119]: conflicting implementations of trait `Mul<&_>` for type `&translation::Translation<_, _>`
[INFO] [stdout]    --> /opt/rustwide/cargo-home/registry/src/index.crates.io-6f17d22bba15001f/nalgebra-0.13.0/src/geometry/isometry_ops.rs:67:9
[INFO] [stdout]     |
[INFO] [stdout] 67  | /         impl<$($lives ,)* N: Real, D: DimName, R> $Op<$Rhs> for $Lhs
[INFO] [stdout] 68  | |             where R: AlgaRotation<Point<N, D>>,
[INFO] [stdout] 69  | |                   DefaultAllocator: Allocator<N, D> {
[INFO] [stdout] 70  | |             type Output = $Output;
[INFO] [stdout] ...   |
[INFO] [stdout] 75  | |             }
[INFO] [stdout] 76  | |         }
[INFO] [stdout]     | |         ^
[INFO] [stdout]     | |         |
[INFO] [stdout]     | |_________first implementation here
[INFO] [stdout]     |           conflicting implementation for `&translation::Translation<_, _>`
[INFO] [stdout] ...
[INFO] [stdout] 281 | / isometry_binop_impl_all!(
[INFO] [stdout] 282 | |     Mul, mul;
[INFO] [stdout] 283 | |     self: Translation<N, D>, right: R, Output = Isometry<N, D, R>;
[INFO] [stdout] 284 | |     [val val] => Isometry::from_parts(self, right);
[INFO] [stdout] ...   |
[INFO] [stdout] 287 | |     [ref ref] => Isometry::from_parts(self.clone(), right.clone());
[INFO] [stdout] 288 | | );
[INFO] [stdout]     | |_- in this macro invocation
[INFO] [stdout]     |
[INFO] [stdout]     = note: downstream crates may implement trait `alga::linear::Rotation<geometry::point::Point<_, _>>` for type `&_`
[INFO] [stdout]     = note: this error originates in the macro `isometry_binop_impl` which comes from the expansion of the macro `isometry_binop_impl_all` (in Nightly builds, run with -Z macro-backtrace for more info)
[INFO] [stdout] 
[INFO] [stdout] 
[INFO] [stdout] error: aborting due to 2 previous errors
[INFO] [stdout] 
[INFO] [stdout] 
[INFO] [stdout] For more information about this error, try `rustc --explain E0119`.
[INFO] [stdout] 
[INFO] [stderr] error: could not compile `nalgebra` (lib) due to 3 previous errors
[INFO] running `Command { std: "docker" "inspect" "90cf394d63ca0e5499f3ff65be56fcada376c3b5dc7aaf6d1999dc3c09c43874", kill_on_drop: false }`
[INFO] running `Command { std: "docker" "rm" "-f" "90cf394d63ca0e5499f3ff65be56fcada376c3b5dc7aaf6d1999dc3c09c43874", kill_on_drop: false }`
[INFO] [stdout] 90cf394d63ca0e5499f3ff65be56fcada376c3b5dc7aaf6d1999dc3c09c43874
