[INFO] cloning repository https://github.com/keelerm84/github-topic-checker
[INFO] running `Command { std: "git" "-c" "credential.helper=" "-c" "credential.helper=/workspace/cargo-home/bin/git-credential-null" "clone" "--bare" "https://github.com/keelerm84/github-topic-checker" "/workspace/cache/git-repos/https%3A%2F%2Fgithub.com%2Fkeelerm84%2Fgithub-topic-checker", kill_on_drop: false }`
[INFO] [stderr] Cloning into bare repository '/workspace/cache/git-repos/https%3A%2F%2Fgithub.com%2Fkeelerm84%2Fgithub-topic-checker'...
[INFO] running `Command { std: "git" "rev-parse" "HEAD", kill_on_drop: false }`
[INFO] [stdout] 6665c47f97ee310f30709f0ad00c9c936953bfd2
[INFO] documenting keelerm84/github-topic-checker against 1.69.0 for beta-1.70-rustdoc-1
[INFO] running `Command { std: "git" "clone" "/workspace/cache/git-repos/https%3A%2F%2Fgithub.com%2Fkeelerm84%2Fgithub-topic-checker" "/workspace/builds/worker-7-tc1/source", kill_on_drop: false }`
[INFO] [stderr] Cloning into '/workspace/builds/worker-7-tc1/source'...
[INFO] [stderr] done.
[INFO] validating manifest of git repo https://github.com/keelerm84/github-topic-checker on toolchain 1.69.0
[INFO] running `Command { std: CARGO_HOME="/workspace/cargo-home" RUSTUP_HOME="/workspace/rustup-home" "/workspace/cargo-home/bin/cargo" "+1.69.0" "metadata" "--manifest-path" "Cargo.toml" "--no-deps", kill_on_drop: false }`
[INFO] started tweaking git repo https://github.com/keelerm84/github-topic-checker
[INFO] finished tweaking git repo https://github.com/keelerm84/github-topic-checker
[INFO] tweaked toml for git repo https://github.com/keelerm84/github-topic-checker written to /workspace/builds/worker-7-tc1/source/Cargo.toml
[INFO] crate git repo https://github.com/keelerm84/github-topic-checker already has a lockfile, it will not be regenerated
[INFO] running `Command { std: CARGO_HOME="/workspace/cargo-home" RUSTUP_HOME="/workspace/rustup-home" "/workspace/cargo-home/bin/cargo" "+1.69.0" "fetch" "--manifest-path" "Cargo.toml", kill_on_drop: false }`
[INFO] running `Command { std: "docker" "create" "-v" "/var/lib/crater-agent-workspace/builds/worker-7-tc1/target:/opt/rustwide/target:rw,Z" "-v" "/var/lib/crater-agent-workspace/builds/worker-7-tc1/source:/opt/rustwide/workdir:ro,Z" "-v" "/var/lib/crater-agent-workspace/cargo-home:/opt/rustwide/cargo-home:ro,Z" "-v" "/var/lib/crater-agent-workspace/rustup-home:/opt/rustwide/rustup-home:ro,Z" "-e" "SOURCE_DIR=/opt/rustwide/workdir" "-e" "CARGO_TARGET_DIR=/opt/rustwide/target" "-e" "CARGO_HOME=/opt/rustwide/cargo-home" "-e" "RUSTUP_HOME=/opt/rustwide/rustup-home" "-w" "/opt/rustwide/workdir" "-m" "1610612736" "--user" "0:0" "--network" "none" "ghcr.io/rust-lang/crates-build-env/linux@sha256:5ff2268d62e97bff2cde7d5815dd6ed5b47097566f13b8d0ca110b04b60e07ed" "/opt/rustwide/cargo-home/bin/cargo" "+1.69.0" "metadata" "--no-deps" "--format-version=1", kill_on_drop: false }`
[INFO] [stdout] addb27580515c4a860ac0e2577df2dbcd732fa9bb299d22e350803f4f9f2e55b
[INFO] running `Command { std: "docker" "start" "-a" "addb27580515c4a860ac0e2577df2dbcd732fa9bb299d22e350803f4f9f2e55b", kill_on_drop: false }`
[INFO] running `Command { std: "docker" "inspect" "addb27580515c4a860ac0e2577df2dbcd732fa9bb299d22e350803f4f9f2e55b", kill_on_drop: false }`
[INFO] running `Command { std: "docker" "rm" "-f" "addb27580515c4a860ac0e2577df2dbcd732fa9bb299d22e350803f4f9f2e55b", kill_on_drop: false }`
[INFO] [stdout] addb27580515c4a860ac0e2577df2dbcd732fa9bb299d22e350803f4f9f2e55b
[INFO] running `Command { std: "docker" "create" "-v" "/var/lib/crater-agent-workspace/builds/worker-7-tc1/target:/opt/rustwide/target:rw,Z" "-v" "/var/lib/crater-agent-workspace/builds/worker-7-tc1/source:/opt/rustwide/workdir:ro,Z" "-v" "/var/lib/crater-agent-workspace/cargo-home:/opt/rustwide/cargo-home:ro,Z" "-v" "/var/lib/crater-agent-workspace/rustup-home:/opt/rustwide/rustup-home:ro,Z" "-e" "SOURCE_DIR=/opt/rustwide/workdir" "-e" "CARGO_TARGET_DIR=/opt/rustwide/target" "-e" "CARGO_INCREMENTAL=0" "-e" "RUST_BACKTRACE=full" "-e" "RUSTFLAGS=--cap-lints=warn" "-e" "RUSTDOCFLAGS=--cap-lints=warn" "-e" "CARGO_HOME=/opt/rustwide/cargo-home" "-e" "RUSTUP_HOME=/opt/rustwide/rustup-home" "-w" "/opt/rustwide/workdir" "-m" "1610612736" "--user" "0:0" "--network" "none" "ghcr.io/rust-lang/crates-build-env/linux@sha256:5ff2268d62e97bff2cde7d5815dd6ed5b47097566f13b8d0ca110b04b60e07ed" "/opt/rustwide/cargo-home/bin/cargo" "+1.69.0" "doc" "--frozen" "--no-deps" "--document-private-items" "--message-format=json", kill_on_drop: false }`
[INFO] [stdout] f061b828d26717c520a87643ceea605d0470f9b7580b34c578b573407a9387ca
[INFO] running `Command { std: "docker" "start" "-a" "f061b828d26717c520a87643ceea605d0470f9b7580b34c578b573407a9387ca", kill_on_drop: false }`
[INFO] [stderr]     Blocking waiting for file lock on package cache
[INFO] [stderr]    Compiling autocfg v1.0.1
[INFO] [stderr]    Compiling proc-macro2 v1.0.26
[INFO] [stderr]    Compiling libc v0.2.94
[INFO] [stderr]    Compiling unicode-xid v0.2.2
[INFO] [stderr]    Compiling syn v1.0.72
[INFO] [stderr]    Compiling cc v1.0.67
[INFO] [stderr]    Compiling memchr v2.4.0
[INFO] [stderr]     Checking cfg-if v1.0.0
[INFO] [stderr]    Compiling log v0.4.14
[INFO] [stderr]    Compiling serde_derive v1.0.125
[INFO] [stderr]    Compiling serde v1.0.125
[INFO] [stderr]    Compiling pkg-config v0.3.19
[INFO] [stderr]    Compiling ryu v1.0.5
[INFO] [stderr]     Checking pin-project-lite v0.2.6
[INFO] [stderr]     Checking itoa v0.4.7
[INFO] [stderr]     Checking bytes v1.0.1
[INFO] [stderr]     Checking futures-core v0.3.14
[INFO] [stderr]    Compiling serde_json v1.0.64
[INFO] [stderr]    Compiling bitflags v1.2.1
[INFO] [stderr]    Compiling adler v1.0.2
[INFO] [stderr]    Compiling gimli v0.24.0
[INFO] [stderr]    Compiling failure_derive v0.1.8
[INFO] [stderr]    Compiling rustc-demangle v0.1.19
[INFO] [stderr]     Checking lazy_static v1.4.0
[INFO] [stderr]     Checking fnv v1.0.7
[INFO] [stderr]    Compiling tokio v1.5.0
[INFO] [stderr]    Compiling miniz_oxide v0.4.4
[INFO] [stderr]    Compiling indexmap v1.6.2
[INFO] [stderr]     Checking foreign-types-shared v0.1.1
[INFO] [stderr]    Compiling object v0.24.0
[INFO] [stderr]    Compiling openssl v0.10.34
[INFO] [stderr]     Checking matches v0.1.8
[INFO] [stderr]    Compiling void v1.0.2
[INFO] [stderr]     Checking foreign-types v0.3.2
[INFO] [stderr]    Compiling unreachable v1.0.0
[INFO] [stderr]     Checking http v0.2.4
[INFO] [stderr]     Checking tracing-core v0.1.18
[INFO] [stderr]    Compiling native-tls v0.2.7
[INFO] [stderr]     Checking futures-io v0.3.14
[INFO] [stderr]     Checking slab v0.4.3
[INFO] [stderr]    Compiling httparse v1.4.0
[INFO] [stderr]     Checking once_cell v1.7.2
[INFO] [stderr]     Checking tinyvec_macros v0.1.0
[INFO] [stderr]    Compiling quote v1.0.9
[INFO] [stderr]     Checking pin-utils v0.1.0
[INFO] [stderr]    Compiling either v1.6.1
[INFO] [stderr]     Checking futures-task v0.3.14
[INFO] [stderr]    Compiling byteorder v1.4.3
[INFO] [stderr]     Checking hashbrown v0.9.1
[INFO] [stderr]    Compiling ascii v0.9.3
[INFO] [stderr]     Checking mio v0.7.11
[INFO] [stderr]     Checking num_cpus v1.13.0
[INFO] [stderr] thread 'rustc' panicked at 'assertion failed: pos.get() <= self.position()', compiler/rustc_metadata/src/rmeta/encoder.rs:454:9
[INFO] [stdout] error: failed to write /tmp/rustcPQLjh6/lib.rmeta: No space left on device (os error 28)
[INFO] [stdout] 
[INFO] [stdout] 
[INFO] [stderr] LLVM ERROR: IO failure on output stream: No space left on device
[INFO] [stderr] error: could not compile `proc-macro2`
[INFO] [stderr] warning: build failed, waiting for other jobs to finish...
[INFO] [stderr] error: could not compile `libc` due to previous error
[INFO] [stderr] error: could not compile `quote`
[INFO] [stdout] error: linking with `cc` failed: exit status: 1
[INFO] [stdout]   |
[INFO] [stdout]   = note: LC_ALL="C" PATH="/opt/rustwide/rustup-home/toolchains/1.69.0-x86_64-unknown-linux-gnu/lib/rustlib/x86_64-unknown-linux-gnu/bin:/opt/rustwide/cargo-home/bin:/usr/local/sbin:/usr/local/bin:/usr/sbin:/usr/bin:/sbin:/bin" VSLANG="1033" "cc" "-m64" "/tmp/rustcBQxtkj/symbols.o" "/opt/rustwide/target/debug/build/httparse-b596ef5617665d83/build_script_build-b596ef5617665d83.build_script_build.4daff096-cgu.0.rcgu.o" "/opt/rustwide/target/debug/build/httparse-b596ef5617665d83/build_script_build-b596ef5617665d83.build_script_build.4daff096-cgu.1.rcgu.o" "/opt/rustwide/target/debug/build/httparse-b596ef5617665d83/build_script_build-b596ef5617665d83.build_script_build.4daff096-cgu.10.rcgu.o" "/opt/rustwide/target/debug/build/httparse-b596ef5617665d83/build_script_build-b596ef5617665d83.build_script_build.4daff096-cgu.11.rcgu.o" "/opt/rustwide/target/debug/build/httparse-b596ef5617665d83/build_script_build-b596ef5617665d83.build_script_build.4daff096-cgu.12.rcgu.o" "/opt/rustwide/target/debug/build/httparse-b596ef5617665d83/build_script_build-b596ef5617665d83.build_script_build.4daff096-cgu.13.rcgu.o" "/opt/rustwide/target/debug/build/httparse-b596ef5617665d83/build_script_build-b596ef5617665d83.build_script_build.4daff096-cgu.14.rcgu.o" "/opt/rustwide/target/debug/build/httparse-b596ef5617665d83/build_script_build-b596ef5617665d83.build_script_build.4daff096-cgu.15.rcgu.o" "/opt/rustwide/target/debug/build/httparse-b596ef5617665d83/build_script_build-b596ef5617665d83.build_script_build.4daff096-cgu.2.rcgu.o" "/opt/rustwide/target/debug/build/httparse-b596ef5617665d83/build_script_build-b596ef5617665d83.build_script_build.4daff096-cgu.3.rcgu.o" "/opt/rustwide/target/debug/build/httparse-b596ef5617665d83/build_script_build-b596ef5617665d83.build_script_build.4daff096-cgu.4.rcgu.o" "/opt/rustwide/target/debug/build/httparse-b596ef5617665d83/build_script_build-b596ef5617665d83.build_script_build.4daff096-cgu.5.rcgu.o" "/opt/rustwide/target/debug/build/httparse-b596ef5617665d83/build_script_build-b596ef5617665d83.build_script_build.4daff096-cgu.6.rcgu.o" "/opt/rustwide/target/debug/build/httparse-b596ef5617665d83/build_script_build-b596ef5617665d83.build_script_build.4daff096-cgu.7.rcgu.o" "/opt/rustwide/target/debug/build/httparse-b596ef5617665d83/build_script_build-b596ef5617665d83.build_script_build.4daff096-cgu.8.rcgu.o" "/opt/rustwide/target/debug/build/httparse-b596ef5617665d83/build_script_build-b596ef5617665d83.build_script_build.4daff096-cgu.9.rcgu.o" "/opt/rustwide/target/debug/build/httparse-b596ef5617665d83/build_script_build-b596ef5617665d83.3shjvsv13rsial0.rcgu.o" "-Wl,--as-needed" "-L" "/opt/rustwide/target/debug/deps" "-L" "/opt/rustwide/rustup-home/toolchains/1.69.0-x86_64-unknown-linux-gnu/lib/rustlib/x86_64-unknown-linux-gnu/lib" "-Wl,-Bstatic" "/opt/rustwide/rustup-home/toolchains/1.69.0-x86_64-unknown-linux-gnu/lib/rustlib/x86_64-unknown-linux-gnu/lib/libstd-89bc084783fdc439.rlib" "/opt/rustwide/rustup-home/toolchains/1.69.0-x86_64-unknown-linux-gnu/lib/rustlib/x86_64-unknown-linux-gnu/lib/libpanic_unwind-8bee4b287d4367c1.rlib" "/opt/rustwide/rustup-home/toolchains/1.69.0-x86_64-unknown-linux-gnu/lib/rustlib/x86_64-unknown-linux-gnu/lib/libobject-d61707aed80694c0.rlib" "/opt/rustwide/rustup-home/toolchains/1.69.0-x86_64-unknown-linux-gnu/lib/rustlib/x86_64-unknown-linux-gnu/lib/libmemchr-d85366256f22345b.rlib" "/opt/rustwide/rustup-home/toolchains/1.69.0-x86_64-unknown-linux-gnu/lib/rustlib/x86_64-unknown-linux-gnu/lib/libaddr2line-96069b86b8a8cae9.rlib" "/opt/rustwide/rustup-home/toolchains/1.69.0-x86_64-unknown-linux-gnu/lib/rustlib/x86_64-unknown-linux-gnu/lib/libgimli-d19d53abf68dfa6c.rlib" "/opt/rustwide/rustup-home/toolchains/1.69.0-x86_64-unknown-linux-gnu/lib/rustlib/x86_64-unknown-linux-gnu/lib/librustc_demangle-787cbccd19d64ac6.rlib" "/opt/rustwide/rustup-home/toolchains/1.69.0-x86_64-unknown-linux-gnu/lib/rustlib/x86_64-unknown-linux-gnu/lib/libstd_detect-b3837a36b830e0d0.rlib" "/opt/rustwide/rustup-home/toolchains/1.69.0-x86_64-unknown-linux-gnu/lib/rustlib/x86_64-unknown-linux-gnu/lib/libhashbrown-e3deb0e7e3f04966.rlib" "/opt/rustwide/rustup-home/toolchains/1.69.0-x86_64-unknown-linux-gnu/lib/rustlib/x86_64-unknown-linux-gnu/lib/libminiz_oxide-dabbb79c9815def4.rlib" "/opt/rustwide/rustup-home/toolchains/1.69.0-x86_64-unknown-linux-gnu/lib/rustlib/x86_64-unknown-linux-gnu/lib/libadler-305b01f34c9409f2.rlib" "/opt/rustwide/rustup-home/toolchains/1.69.0-x86_64-unknown-linux-gnu/lib/rustlib/x86_64-unknown-linux-gnu/lib/librustc_std_workspace_alloc-f833521df6074e73.rlib" "/opt/rustwide/rustup-home/toolchains/1.69.0-x86_64-unknown-linux-gnu/lib/rustlib/x86_64-unknown-linux-gnu/lib/libunwind-9ac333113350d171.rlib" "/opt/rustwide/rustup-home/toolchains/1.69.0-x86_64-unknown-linux-gnu/lib/rustlib/x86_64-unknown-linux-gnu/lib/libcfg_if-1c126114322d0eee.rlib" "/opt/rustwide/rustup-home/toolchains/1.69.0-x86_64-unknown-linux-gnu/lib/rustlib/x86_64-unknown-linux-gnu/lib/liblibc-bad9164fdeeecf92.rlib" "/opt/rustwide/rustup-home/toolchains/1.69.0-x86_64-unknown-linux-gnu/lib/rustlib/x86_64-unknown-linux-gnu/lib/liballoc-f9374b1e480fa681.rlib" "/opt/rustwide/rustup-home/toolchains/1.69.0-x86_64-unknown-linux-gnu/lib/rustlib/x86_64-unknown-linux-gnu/lib/librustc_std_workspace_core-207f06e41d9603af.rlib" "/opt/rustwide/rustup-home/toolchains/1.69.0-x86_64-unknown-linux-gnu/lib/rustlib/x86_64-unknown-linux-gnu/lib/libcore-7e2768e66e984e85.rlib" "/opt/rustwide/rustup-home/toolchains/1.69.0-x86_64-unknown-linux-gnu/lib/rustlib/x86_64-unknown-linux-gnu/lib/libcompiler_builtins-957b4aff41f8cd46.rlib" "-Wl,-Bdynamic" "-lgcc_s" "-lutil" "-lrt" "-lpthread" "-lm" "-ldl" "-lc" "-Wl,--eh-frame-hdr" "-Wl,-z,noexecstack" "-L" "/opt/rustwide/rustup-home/toolchains/1.69.0-x86_64-unknown-linux-gnu/lib/rustlib/x86_64-unknown-linux-gnu/lib" "-o" "/opt/rustwide/target/debug/build/httparse-b596ef5617665d83/build_script_build-b596ef5617665d83" "-Wl,--gc-sections" "-pie" "-Wl,-z,relro,-z,now" "-nodefaultlibs"
[INFO] [stdout]   = note: /usr/bin/ld: final link failed: No space left on device
[INFO] [stdout]           collect2: error: ld returned 1 exit status
[INFO] [stdout]           
[INFO] [stdout] 
[INFO] [stdout] 
[INFO] [stdout] error: aborting due to previous error
[INFO] [stdout] 
[INFO] [stdout] 
[INFO] [stderr] LLVM ERROR: IO failure on output stream: No space left on device
[INFO] [stderr] LLVM ERROR: IO failure on output stream: No space left on device
[INFO] [stderr] thread 'rustc' panicked at 'assertion failed: pos.get() <= self.position()', compiler/rustc_metadata/src/rmeta/encoder.rs:435:9
[INFO] [stderr] error: could not compile `httparse` due to 2 previous errors
[INFO] [stderr] error: could not compile `byteorder`
[INFO] [stderr] error: could not compile `memchr`
[INFO] [stderr] error: could not compile `ascii`
[INFO] [stderr] thread 'rustc' panicked at 'assertion failed: pos.get() <= self.position()', compiler/rustc_metadata/src/rmeta/encoder.rs:435:9
[INFO] [stdout] error: couldn't create a temp dir: No space left on device (os error 28) at path "/opt/rustwide/target/debug/deps/rmetaXtg2qk"
[INFO] [stdout] 
[INFO] [stdout] 
[INFO] [stdout] error: couldn't create a temp dir: No space left on device (os error 28) at path "/opt/rustwide/target/debug/deps/rmetaGXGfkZ"
[INFO] [stdout] 
[INFO] [stdout] 
[INFO] [stderr] error: could not compile `hashbrown` due to previous error
[INFO] [stderr] error: could not compile `mio` due to previous error
[INFO] [stderr] error: could not compile `miniz_oxide`
[INFO] [stderr] thread 'rustc' panicked at 'assertion failed: pos.get() <= self.position()', compiler/rustc_metadata/src/rmeta/encoder.rs:435:9
[INFO] [stderr] thread 'rustc' panicked at 'assertion failed: pos.get() <= self.position()', compiler/rustc_metadata/src/rmeta/encoder.rs:435:9
[INFO] [stderr] error: could not compile `gimli`
[INFO] [stderr] error: could not compile `http`
[INFO] [stdout] error: couldn't create a temp dir: No space left on device (os error 28) at path "/opt/rustwide/target/debug/deps/rmetaL78Nso"
[INFO] [stdout] 
[INFO] [stdout] 
[INFO] [stdout] error: aborting due to previous error
[INFO] [stdout] 
[INFO] [stdout] 
[INFO] [stderr] error: could not compile `object` due to 2 previous errors
[INFO] running `Command { std: "docker" "inspect" "f061b828d26717c520a87643ceea605d0470f9b7580b34c578b573407a9387ca", kill_on_drop: false }`
[INFO] running `Command { std: "docker" "rm" "-f" "f061b828d26717c520a87643ceea605d0470f9b7580b34c578b573407a9387ca", kill_on_drop: false }`
[INFO] [stdout] f061b828d26717c520a87643ceea605d0470f9b7580b34c578b573407a9387ca
